
{"id":26685,"date":"2024-04-19T10:18:28","date_gmt":"2024-04-19T08:18:28","guid":{"rendered":"https:\/\/ticsalutsocial.atoom.space\/event\/atrevia-cicle-de-dialegs\/"},"modified":"2024-04-19T10:18:28","modified_gmt":"2024-04-19T08:18:28","slug":"atrevia-cicle-de-dialegs","status":"publish","type":"event","link":"https:\/\/ticsalutsocial.atoom.space\/es\/event\/atrevia-cicle-de-dialegs\/","title":{"rendered":"ATREVIA &#8211; Cicle de Di\u00e0legs"},"content":{"rendered":"\n<p>La trobada Cicle de Di\u00e0legs tindr\u00e0 lloc el proper\u00a0<strong>dimarts 30 d&#8217;abril<\/strong>\u00a0en la que professionals de diferents \u00e0mbits de la salut parlaran del present per\u00f2 tamb\u00e9 del futur de la IA.<\/p>\n\n\n\n<p>El Joan Guanyabens, director de la Fundaci\u00f3, participar\u00e0.<\/p>\n\n\n\n<p><strong>Data:<\/strong>&nbsp;30 d&#8217;abril 2024<\/p>\n\n\n\n<p><strong>Hora:&nbsp;<\/strong>9:30h &#8211; 11:00h<\/p>\n\n\n\n<p><strong>Lloc:<\/strong>&nbsp;<a href=\"https:\/\/www.google.es\/maps\/place\/C.+de+Arturo+Soria,+99,+28043+Madrid\/@40.4487116,-3.6531955,17z\/data=!3m1!4b1!4m5!3m4!1s0xd422f2595a0562f:0xe97608409745cf40!8m2!3d40.4487075!4d-3.6510068?hl=es\">Travessera de Les Corts 55. 1 Planta. 08028 Barcelona<\/a><\/p>\n","protected":false},"featured_media":26677,"menu_order":0,"template":"","meta":{"_acf_changed":false,"inline_featured_image":false},"tipus":[],"topic":[],"class_list":["post-26685","event","type-event","status-publish","has-post-thumbnail","hentry"],"acf":{"imatge":26677,"informacio":{"ubicacio":"Travessera de Les Corts 55. 1 Planta. 08028 Barcelona","data":"30\/04\/2024","hora":"","preu":"","inscripcions":"https:\/\/atrevia-24921050.hs-sites-eu1.com\/inscripci%C3%B3-trobadaambjordijuandirectorlavanguardia-0?utm_campaign=Ciclos_Dialogos&utm_source=hs_email&utm_medium=email&utm_content=86109520&_hsenc=p2ANqtz--gzmbm7udpenKT7mWwicpRBt_Oh0XEk7dPaK_KIxVsOatR41uU04zP5iv-WIc0NulMYNj_kTfhliUsy8WJQ3uTlwMpQw"},"programa":{"titol":"","items":false}},"yoast_head":"<!-- This site is optimized with the Yoast SEO plugin v27.1.1 - https:\/\/yoast.com\/product\/yoast-seo-wordpress\/ -->\n<title>ATREVIA - Cicle de Di\u00e0legs - Fundaci\u00f3 TIC Salut i Social<\/title>\n<meta name=\"robots\" content=\"index, follow, max-snippet:-1, max-image-preview:large, max-video-preview:-1\" \/>\n<link rel=\"canonical\" href=\"https:\/\/ticsalutsocial.atoom.space\/es\/event\/atrevia-cicle-de-dialegs\/\" \/>\n<meta property=\"og:locale\" content=\"es_ES\" \/>\n<meta property=\"og:type\" content=\"article\" \/>\n<meta property=\"og:title\" content=\"ATREVIA - Cicle de Di\u00e0legs - Fundaci\u00f3 TIC Salut i Social\" \/>\n<meta property=\"og:description\" content=\"La trobada Cicle de Di\u00e0legs tindr\u00e0 lloc el proper\u00a0dimarts 30 d&#8217;abril\u00a0en la que professionals de diferents \u00e0mbits de la salut parlaran del present per\u00f2 tamb\u00e9 del futur de la IA. El Joan Guanyabens, director de la Fundaci\u00f3, participar\u00e0. Data:&nbsp;30 d&#8217;abril 2024 Hora:&nbsp;9:30h &#8211; 11:00h Lloc:&nbsp;Travessera de Les Corts 55. 1 Planta. 08028 Barcelona\" \/>\n<meta property=\"og:url\" content=\"https:\/\/ticsalutsocial.atoom.space\/es\/event\/atrevia-cicle-de-dialegs\/\" \/>\n<meta property=\"og:site_name\" content=\"Fundaci\u00f3 TIC Salut i Social\" \/>\n<meta name=\"twitter:card\" content=\"summary_large_image\" \/>\n<script type=\"application\/ld+json\" class=\"yoast-schema-graph\">{\"@context\":\"https:\/\/schema.org\",\"@graph\":[{\"@type\":\"WebPage\",\"@id\":\"https:\/\/ticsalutsocial.atoom.space\/es\/event\/atrevia-cicle-de-dialegs\/\",\"url\":\"https:\/\/ticsalutsocial.atoom.space\/es\/event\/atrevia-cicle-de-dialegs\/\",\"name\":\"ATREVIA - Cicle de Di\u00e0legs - Fundaci\u00f3 TIC Salut i Social\",\"isPartOf\":{\"@id\":\"https:\/\/ticsalutsocial.atoom.space\/es\/#website\"},\"primaryImageOfPage\":{\"@id\":\"https:\/\/ticsalutsocial.atoom.space\/es\/event\/atrevia-cicle-de-dialegs\/#primaryimage\"},\"image\":{\"@id\":\"https:\/\/ticsalutsocial.atoom.space\/es\/event\/atrevia-cicle-de-dialegs\/#primaryimage\"},\"thumbnailUrl\":\"https:\/\/ticsalutsocial.atoom.space\/wp-content\/uploads\/2024\/04\/1713456285972.jpg\",\"datePublished\":\"2024-04-19T08:18:28+00:00\",\"breadcrumb\":{\"@id\":\"https:\/\/ticsalutsocial.atoom.space\/es\/event\/atrevia-cicle-de-dialegs\/#breadcrumb\"},\"inLanguage\":\"es\",\"potentialAction\":[{\"@type\":\"ReadAction\",\"target\":[\"https:\/\/ticsalutsocial.atoom.space\/es\/event\/atrevia-cicle-de-dialegs\/\"]}]},{\"@type\":\"ImageObject\",\"inLanguage\":\"es\",\"@id\":\"https:\/\/ticsalutsocial.atoom.space\/es\/event\/atrevia-cicle-de-dialegs\/#primaryimage\",\"url\":\"https:\/\/ticsalutsocial.atoom.space\/wp-content\/uploads\/2024\/04\/1713456285972.jpg\",\"contentUrl\":\"https:\/\/ticsalutsocial.atoom.space\/wp-content\/uploads\/2024\/04\/1713456285972.jpg\",\"width\":1000,\"height\":500},{\"@type\":\"BreadcrumbList\",\"@id\":\"https:\/\/ticsalutsocial.atoom.space\/es\/event\/atrevia-cicle-de-dialegs\/#breadcrumb\",\"itemListElement\":[{\"@type\":\"ListItem\",\"position\":1,\"name\":\"Inici\",\"item\":\"https:\/\/ticsalutsocial.atoom.space\/es\/\"},{\"@type\":\"ListItem\",\"position\":2,\"name\":\"ATREVIA &#8211; Cicle de Di\u00e0legs\"}]},{\"@type\":\"WebSite\",\"@id\":\"https:\/\/ticsalutsocial.atoom.space\/es\/#website\",\"url\":\"https:\/\/ticsalutsocial.atoom.space\/es\/\",\"name\":\"Fundaci\u00f3 TIC Salut i Social\",\"description\":\"\",\"potentialAction\":[{\"@type\":\"SearchAction\",\"target\":{\"@type\":\"EntryPoint\",\"urlTemplate\":\"https:\/\/ticsalutsocial.atoom.space\/es\/?s={search_term_string}\"},\"query-input\":{\"@type\":\"PropertyValueSpecification\",\"valueRequired\":true,\"valueName\":\"search_term_string\"}}],\"inLanguage\":\"es\"}]}<\/script>\n<!-- \/ Yoast SEO plugin. -->","yoast_head_json":{"title":"ATREVIA - Cicle de Di\u00e0legs - Fundaci\u00f3 TIC Salut i Social","robots":{"index":"index","follow":"follow","max-snippet":"max-snippet:-1","max-image-preview":"max-image-preview:large","max-video-preview":"max-video-preview:-1"},"canonical":"https:\/\/ticsalutsocial.atoom.space\/es\/event\/atrevia-cicle-de-dialegs\/","og_locale":"es_ES","og_type":"article","og_title":"ATREVIA - Cicle de Di\u00e0legs - Fundaci\u00f3 TIC Salut i Social","og_description":"La trobada Cicle de Di\u00e0legs tindr\u00e0 lloc el proper\u00a0dimarts 30 d&#8217;abril\u00a0en la que professionals de diferents \u00e0mbits de la salut parlaran del present per\u00f2 tamb\u00e9 del futur de la IA. El Joan Guanyabens, director de la Fundaci\u00f3, participar\u00e0. Data:&nbsp;30 d&#8217;abril 2024 Hora:&nbsp;9:30h &#8211; 11:00h Lloc:&nbsp;Travessera de Les Corts 55. 1 Planta. 08028 Barcelona","og_url":"https:\/\/ticsalutsocial.atoom.space\/es\/event\/atrevia-cicle-de-dialegs\/","og_site_name":"Fundaci\u00f3 TIC Salut i Social","twitter_card":"summary_large_image","schema":{"@context":"https:\/\/schema.org","@graph":[{"@type":"WebPage","@id":"https:\/\/ticsalutsocial.atoom.space\/es\/event\/atrevia-cicle-de-dialegs\/","url":"https:\/\/ticsalutsocial.atoom.space\/es\/event\/atrevia-cicle-de-dialegs\/","name":"ATREVIA - Cicle de Di\u00e0legs - Fundaci\u00f3 TIC Salut i Social","isPartOf":{"@id":"https:\/\/ticsalutsocial.atoom.space\/es\/#website"},"primaryImageOfPage":{"@id":"https:\/\/ticsalutsocial.atoom.space\/es\/event\/atrevia-cicle-de-dialegs\/#primaryimage"},"image":{"@id":"https:\/\/ticsalutsocial.atoom.space\/es\/event\/atrevia-cicle-de-dialegs\/#primaryimage"},"thumbnailUrl":"https:\/\/ticsalutsocial.atoom.space\/wp-content\/uploads\/2024\/04\/1713456285972.jpg","datePublished":"2024-04-19T08:18:28+00:00","breadcrumb":{"@id":"https:\/\/ticsalutsocial.atoom.space\/es\/event\/atrevia-cicle-de-dialegs\/#breadcrumb"},"inLanguage":"es","potentialAction":[{"@type":"ReadAction","target":["https:\/\/ticsalutsocial.atoom.space\/es\/event\/atrevia-cicle-de-dialegs\/"]}]},{"@type":"ImageObject","inLanguage":"es","@id":"https:\/\/ticsalutsocial.atoom.space\/es\/event\/atrevia-cicle-de-dialegs\/#primaryimage","url":"https:\/\/ticsalutsocial.atoom.space\/wp-content\/uploads\/2024\/04\/1713456285972.jpg","contentUrl":"https:\/\/ticsalutsocial.atoom.space\/wp-content\/uploads\/2024\/04\/1713456285972.jpg","width":1000,"height":500},{"@type":"BreadcrumbList","@id":"https:\/\/ticsalutsocial.atoom.space\/es\/event\/atrevia-cicle-de-dialegs\/#breadcrumb","itemListElement":[{"@type":"ListItem","position":1,"name":"Inici","item":"https:\/\/ticsalutsocial.atoom.space\/es\/"},{"@type":"ListItem","position":2,"name":"ATREVIA &#8211; Cicle de Di\u00e0legs"}]},{"@type":"WebSite","@id":"https:\/\/ticsalutsocial.atoom.space\/es\/#website","url":"https:\/\/ticsalutsocial.atoom.space\/es\/","name":"Fundaci\u00f3 TIC Salut i Social","description":"","potentialAction":[{"@type":"SearchAction","target":{"@type":"EntryPoint","urlTemplate":"https:\/\/ticsalutsocial.atoom.space\/es\/?s={search_term_string}"},"query-input":{"@type":"PropertyValueSpecification","valueRequired":true,"valueName":"search_term_string"}}],"inLanguage":"es"}]}},"_links":{"self":[{"href":"https:\/\/ticsalutsocial.atoom.space\/es\/wp-json\/wp\/v2\/event\/26685","targetHints":{"allow":["GET"]}}],"collection":[{"href":"https:\/\/ticsalutsocial.atoom.space\/es\/wp-json\/wp\/v2\/event"}],"about":[{"href":"https:\/\/ticsalutsocial.atoom.space\/es\/wp-json\/wp\/v2\/types\/event"}],"wp:featuredmedia":[{"embeddable":true,"href":"https:\/\/ticsalutsocial.atoom.space\/es\/wp-json\/wp\/v2\/media\/26677"}],"wp:attachment":[{"href":"https:\/\/ticsalutsocial.atoom.space\/es\/wp-json\/wp\/v2\/media?parent=26685"}],"wp:term":[{"taxonomy":"tipus","embeddable":true,"href":"https:\/\/ticsalutsocial.atoom.space\/es\/wp-json\/wp\/v2\/tipus?post=26685"},{"taxonomy":"topic","embeddable":true,"href":"https:\/\/ticsalutsocial.atoom.space\/es\/wp-json\/wp\/v2\/topic?post=26685"}],"curies":[{"name":"wp","href":"https:\/\/api.w.org\/{rel}","templated":true}]}}

ATREVIA &#8211; Cicle de Diàlegs

<p>La trobada Cicle de Diàlegs tindrà lloc el proper <strong>dimarts 30 d&#8217;abril</strong> en la que professionals de diferents àmbits de la salut parlaran del present però també del futur de la IA.</p>



<p>El Joan Guanyabens, director de la Fundació, participarà.</p>



<p><strong>Data:</strong>&nbsp;30 d&#8217;abril 2024</p>



<p><strong>Hora:&nbsp;</strong>9:30h &#8211; 11:00h</p>



<p><strong>Lloc:</strong>&nbsp;<a href="https://www.google.es/maps/place/C.+de+Arturo+Soria,+99,+28043+Madrid/@40.4487116,-3.6531955,17z/data=!3m1!4b1!4m5!3m4!1s0xd422f2595a0562f:0xe97608409745cf40!8m2!3d40.4487075!4d-3.6510068?hl=es">Travessera de Les Corts 55. 1 Planta. 08028 Barcelona</a></p>

<!-- This site is optimized with the Yoast SEO plugin v27.1.1 - https://yoast.com/product/yoast-seo-wordpress/ -->
<title>ATREVIA - Cicle de Diàlegs - Fundació TIC Salut i Social</title>
<meta name="robots" content="index, follow, max-snippet:-1, max-image-preview:large, max-video-preview:-1" />
<link rel="canonical" href="https://ticsalutsocial.atoom.space/es/event/atrevia-cicle-de-dialegs/" />
<meta property="og:locale" content="es_ES" />
<meta property="og:type" content="article" />
<meta property="og:title" content="ATREVIA - Cicle de Diàlegs - Fundació TIC Salut i Social" />
<meta property="og:description" content="La trobada Cicle de Diàlegs tindrà lloc el proper dimarts 30 d&#8217;abril en la que professionals de diferents àmbits de la salut parlaran del present però també del futur de la IA. El Joan Guanyabens, director de la Fundació, participarà. Data:&nbsp;30 d&#8217;abril 2024 Hora:&nbsp;9:30h &#8211; 11:00h Lloc:&nbsp;Travessera de Les Corts 55. 1 Planta. 08028 Barcelona" />
<meta property="og:url" content="https://ticsalutsocial.atoom.space/es/event/atrevia-cicle-de-dialegs/" />
<meta property="og:site_name" content="Fundació TIC Salut i Social" />
<meta name="twitter:card" content="summary_large_image" />
<script type="application/ld+json" class="yoast-schema-graph">{"@context":"https://schema.org","@graph":[{"@type":"WebPage","@id":"https://ticsalutsocial.atoom.space/es/event/atrevia-cicle-de-dialegs/","url":"https://ticsalutsocial.atoom.space/es/event/atrevia-cicle-de-dialegs/","name":"ATREVIA - Cicle de Diàlegs - Fundació TIC Salut i Social","isPartOf":{"@id":"https://ticsalutsocial.atoom.space/es/#website"},"primaryImageOfPage":{"@id":"https://ticsalutsocial.atoom.space/es/event/atrevia-cicle-de-dialegs/#primaryimage"},"image":{"@id":"https://ticsalutsocial.atoom.space/es/event/atrevia-cicle-de-dialegs/#primaryimage"},"thumbnailUrl":"https://ticsalutsocial.atoom.space/wp-content/uploads/2024/04/1713456285972.jpg","datePublished":"2024-04-19T08:18:28+00:00","breadcrumb":{"@id":"https://ticsalutsocial.atoom.space/es/event/atrevia-cicle-de-dialegs/#breadcrumb"},"inLanguage":"es","potentialAction":[{"@type":"ReadAction","target":["https://ticsalutsocial.atoom.space/es/event/atrevia-cicle-de-dialegs/"]}]},{"@type":"ImageObject","inLanguage":"es","@id":"https://ticsalutsocial.atoom.space/es/event/atrevia-cicle-de-dialegs/#primaryimage","url":"https://ticsalutsocial.atoom.space/wp-content/uploads/2024/04/1713456285972.jpg","contentUrl":"https://ticsalutsocial.atoom.space/wp-content/uploads/2024/04/1713456285972.jpg","width":1000,"height":500},{"@type":"BreadcrumbList","@id":"https://ticsalutsocial.atoom.space/es/event/atrevia-cicle-de-dialegs/#breadcrumb","itemListElement":[{"@type":"ListItem","position":1,"name":"Inici","item":"https://ticsalutsocial.atoom.space/es/"},{"@type":"ListItem","position":2,"name":"ATREVIA &#8211; Cicle de Diàlegs"}]},{"@type":"WebSite","@id":"https://ticsalutsocial.atoom.space/es/#website","url":"https://ticsalutsocial.atoom.space/es/","name":"Fundació TIC Salut i Social","description":"","potentialAction":[{"@type":"SearchAction","target":{"@type":"EntryPoint","urlTemplate":"https://ticsalutsocial.atoom.space/es/?s={search_term_string}"},"query-input":{"@type":"PropertyValueSpecification","valueRequired":true,"valueName":"search_term_string"}}],"inLanguage":"es"}]}</script>
<!-- / Yoast SEO plugin. -->

ATREVIA - Cicle de Diàlegs - Fundació TIC Salut i Social

La trobada Cicle de Diàlegs tindrà lloc el proper dimarts 30 d&#8217;abril en la que professionals de diferents àmbits de la salut parlaran del present però també del futur de la IA. El Joan Guanyabens, director de la Fundació, participarà. Data:&nbsp;30 d&#8217;abril 2024 Hora:&nbsp;9:30h &#8211; 11:00h Lloc:&nbsp;Travessera de Les Corts 55. 1 Planta. 08028 Barcelona

Fundació TIC Salut i Social
