
{"id":26703,"date":"2024-04-19T11:22:09","date_gmt":"2024-04-19T09:22:09","guid":{"rendered":"https:\/\/ticsalutsocial.atoom.space\/?post_type=event&#038;p=26703"},"modified":"2024-04-19T11:23:19","modified_gmt":"2024-04-19T09:23:19","slug":"xiv-forum-per-a-la-governanca-de-les-tic-en-salut-2024","status":"publish","type":"event","link":"https:\/\/ticsalutsocial.atoom.space\/es\/event\/xiv-forum-per-a-la-governanca-de-les-tic-en-salut-2024\/","title":{"rendered":"XIV F\u00f2rum per a la Governan\u00e7a de les TIC en salut 2024"},"content":{"rendered":"\n<p>El F\u00f2rum de Governan\u00e7a de les TIC en Salut t\u00e9 per objectiu contribuir al desenvolupament professional especialitzat en inform\u00e0tica de la salut a les institucions, mitjan\u00e7ant la participaci\u00f3 de tots els agents involucrats en la presa de decisions, i en concret, promoure un entorn col\u00b7laboratiu de comunicaci\u00f3 del coneixement i l&#8217;intercanvi d&#8217;informaci\u00f3 cientificot\u00e8cnica entre els professionals i els directius en inform\u00e0tica de la salut.<\/p>\n\n\n\n<p>Tindr\u00e0 lloc el <strong>29 i 30 de maig<\/strong> a <strong>ABBA Playa Gij\u00f3n Hotel, Paseo Doctor Fleming, 37- 33203 Gij\u00f3n-Asturias<\/strong>.<\/p>\n","protected":false},"featured_media":0,"menu_order":0,"template":"","meta":{"_acf_changed":false,"inline_featured_image":false},"tipus":[],"topic":[],"class_list":["post-26703","event","type-event","status-publish","hentry"],"acf":{"informacio":{"ubicacio":"ABBA Playa Gij\u00f3n Hotel, Paseo Doctor Fleming, 37- 33203 Gij\u00f3n-Asturias","data":"29\/05\/2024","hora":"","preu":"","inscripcions":"https:\/\/seis.es\/forogobernanza2024\/"},"programa":{"titol":"","items":false}},"yoast_head":"<!-- This site is optimized with the Yoast SEO plugin v27.1.1 - https:\/\/yoast.com\/product\/yoast-seo-wordpress\/ -->\n<title>XIV F\u00f2rum per a la Governan\u00e7a de les TIC en salut 2024 - Fundaci\u00f3 TIC Salut i Social<\/title>\n<meta name=\"robots\" content=\"index, follow, max-snippet:-1, max-image-preview:large, max-video-preview:-1\" \/>\n<link rel=\"canonical\" href=\"https:\/\/ticsalutsocial.atoom.space\/es\/event\/xiv-forum-per-a-la-governanca-de-les-tic-en-salut-2024\/\" \/>\n<meta property=\"og:locale\" content=\"es_ES\" \/>\n<meta property=\"og:type\" content=\"article\" \/>\n<meta property=\"og:title\" content=\"XIV F\u00f2rum per a la Governan\u00e7a de les TIC en salut 2024 - Fundaci\u00f3 TIC Salut i Social\" \/>\n<meta property=\"og:description\" content=\"El F\u00f2rum de Governan\u00e7a de les TIC en Salut t\u00e9 per objectiu contribuir al desenvolupament professional especialitzat en inform\u00e0tica de la salut a les institucions, mitjan\u00e7ant la participaci\u00f3 de tots els agents involucrats en la presa de decisions, i en concret, promoure un entorn col\u00b7laboratiu de comunicaci\u00f3 del coneixement i l&#8217;intercanvi d&#8217;informaci\u00f3 cientificot\u00e8cnica entre els [&hellip;]\" \/>\n<meta property=\"og:url\" content=\"https:\/\/ticsalutsocial.atoom.space\/es\/event\/xiv-forum-per-a-la-governanca-de-les-tic-en-salut-2024\/\" \/>\n<meta property=\"og:site_name\" content=\"Fundaci\u00f3 TIC Salut i Social\" \/>\n<meta property=\"article:modified_time\" content=\"2024-04-19T09:23:19+00:00\" \/>\n<meta name=\"twitter:card\" content=\"summary_large_image\" \/>\n<script type=\"application\/ld+json\" class=\"yoast-schema-graph\">{\"@context\":\"https:\/\/schema.org\",\"@graph\":[{\"@type\":\"WebPage\",\"@id\":\"https:\/\/ticsalutsocial.atoom.space\/es\/event\/xiv-forum-per-a-la-governanca-de-les-tic-en-salut-2024\/\",\"url\":\"https:\/\/ticsalutsocial.atoom.space\/es\/event\/xiv-forum-per-a-la-governanca-de-les-tic-en-salut-2024\/\",\"name\":\"XIV F\u00f2rum per a la Governan\u00e7a de les TIC en salut 2024 - Fundaci\u00f3 TIC Salut i Social\",\"isPartOf\":{\"@id\":\"https:\/\/ticsalutsocial.atoom.space\/es\/#website\"},\"datePublished\":\"2024-04-19T09:22:09+00:00\",\"dateModified\":\"2024-04-19T09:23:19+00:00\",\"breadcrumb\":{\"@id\":\"https:\/\/ticsalutsocial.atoom.space\/es\/event\/xiv-forum-per-a-la-governanca-de-les-tic-en-salut-2024\/#breadcrumb\"},\"inLanguage\":\"es\",\"potentialAction\":[{\"@type\":\"ReadAction\",\"target\":[\"https:\/\/ticsalutsocial.atoom.space\/es\/event\/xiv-forum-per-a-la-governanca-de-les-tic-en-salut-2024\/\"]}]},{\"@type\":\"BreadcrumbList\",\"@id\":\"https:\/\/ticsalutsocial.atoom.space\/es\/event\/xiv-forum-per-a-la-governanca-de-les-tic-en-salut-2024\/#breadcrumb\",\"itemListElement\":[{\"@type\":\"ListItem\",\"position\":1,\"name\":\"Inici\",\"item\":\"https:\/\/ticsalutsocial.atoom.space\/es\/\"},{\"@type\":\"ListItem\",\"position\":2,\"name\":\"XIV F\u00f2rum per a la Governan\u00e7a de les TIC en salut 2024\"}]},{\"@type\":\"WebSite\",\"@id\":\"https:\/\/ticsalutsocial.atoom.space\/es\/#website\",\"url\":\"https:\/\/ticsalutsocial.atoom.space\/es\/\",\"name\":\"Fundaci\u00f3 TIC Salut i Social\",\"description\":\"\",\"potentialAction\":[{\"@type\":\"SearchAction\",\"target\":{\"@type\":\"EntryPoint\",\"urlTemplate\":\"https:\/\/ticsalutsocial.atoom.space\/es\/?s={search_term_string}\"},\"query-input\":{\"@type\":\"PropertyValueSpecification\",\"valueRequired\":true,\"valueName\":\"search_term_string\"}}],\"inLanguage\":\"es\"}]}<\/script>\n<!-- \/ Yoast SEO plugin. -->","yoast_head_json":{"title":"XIV F\u00f2rum per a la Governan\u00e7a de les TIC en salut 2024 - Fundaci\u00f3 TIC Salut i Social","robots":{"index":"index","follow":"follow","max-snippet":"max-snippet:-1","max-image-preview":"max-image-preview:large","max-video-preview":"max-video-preview:-1"},"canonical":"https:\/\/ticsalutsocial.atoom.space\/es\/event\/xiv-forum-per-a-la-governanca-de-les-tic-en-salut-2024\/","og_locale":"es_ES","og_type":"article","og_title":"XIV F\u00f2rum per a la Governan\u00e7a de les TIC en salut 2024 - Fundaci\u00f3 TIC Salut i Social","og_description":"El F\u00f2rum de Governan\u00e7a de les TIC en Salut t\u00e9 per objectiu contribuir al desenvolupament professional especialitzat en inform\u00e0tica de la salut a les institucions, mitjan\u00e7ant la participaci\u00f3 de tots els agents involucrats en la presa de decisions, i en concret, promoure un entorn col\u00b7laboratiu de comunicaci\u00f3 del coneixement i l&#8217;intercanvi d&#8217;informaci\u00f3 cientificot\u00e8cnica entre els [&hellip;]","og_url":"https:\/\/ticsalutsocial.atoom.space\/es\/event\/xiv-forum-per-a-la-governanca-de-les-tic-en-salut-2024\/","og_site_name":"Fundaci\u00f3 TIC Salut i Social","article_modified_time":"2024-04-19T09:23:19+00:00","twitter_card":"summary_large_image","schema":{"@context":"https:\/\/schema.org","@graph":[{"@type":"WebPage","@id":"https:\/\/ticsalutsocial.atoom.space\/es\/event\/xiv-forum-per-a-la-governanca-de-les-tic-en-salut-2024\/","url":"https:\/\/ticsalutsocial.atoom.space\/es\/event\/xiv-forum-per-a-la-governanca-de-les-tic-en-salut-2024\/","name":"XIV F\u00f2rum per a la Governan\u00e7a de les TIC en salut 2024 - Fundaci\u00f3 TIC Salut i Social","isPartOf":{"@id":"https:\/\/ticsalutsocial.atoom.space\/es\/#website"},"datePublished":"2024-04-19T09:22:09+00:00","dateModified":"2024-04-19T09:23:19+00:00","breadcrumb":{"@id":"https:\/\/ticsalutsocial.atoom.space\/es\/event\/xiv-forum-per-a-la-governanca-de-les-tic-en-salut-2024\/#breadcrumb"},"inLanguage":"es","potentialAction":[{"@type":"ReadAction","target":["https:\/\/ticsalutsocial.atoom.space\/es\/event\/xiv-forum-per-a-la-governanca-de-les-tic-en-salut-2024\/"]}]},{"@type":"BreadcrumbList","@id":"https:\/\/ticsalutsocial.atoom.space\/es\/event\/xiv-forum-per-a-la-governanca-de-les-tic-en-salut-2024\/#breadcrumb","itemListElement":[{"@type":"ListItem","position":1,"name":"Inici","item":"https:\/\/ticsalutsocial.atoom.space\/es\/"},{"@type":"ListItem","position":2,"name":"XIV F\u00f2rum per a la Governan\u00e7a de les TIC en salut 2024"}]},{"@type":"WebSite","@id":"https:\/\/ticsalutsocial.atoom.space\/es\/#website","url":"https:\/\/ticsalutsocial.atoom.space\/es\/","name":"Fundaci\u00f3 TIC Salut i Social","description":"","potentialAction":[{"@type":"SearchAction","target":{"@type":"EntryPoint","urlTemplate":"https:\/\/ticsalutsocial.atoom.space\/es\/?s={search_term_string}"},"query-input":{"@type":"PropertyValueSpecification","valueRequired":true,"valueName":"search_term_string"}}],"inLanguage":"es"}]}},"_links":{"self":[{"href":"https:\/\/ticsalutsocial.atoom.space\/es\/wp-json\/wp\/v2\/event\/26703","targetHints":{"allow":["GET"]}}],"collection":[{"href":"https:\/\/ticsalutsocial.atoom.space\/es\/wp-json\/wp\/v2\/event"}],"about":[{"href":"https:\/\/ticsalutsocial.atoom.space\/es\/wp-json\/wp\/v2\/types\/event"}],"wp:attachment":[{"href":"https:\/\/ticsalutsocial.atoom.space\/es\/wp-json\/wp\/v2\/media?parent=26703"}],"wp:term":[{"taxonomy":"tipus","embeddable":true,"href":"https:\/\/ticsalutsocial.atoom.space\/es\/wp-json\/wp\/v2\/tipus?post=26703"},{"taxonomy":"topic","embeddable":true,"href":"https:\/\/ticsalutsocial.atoom.space\/es\/wp-json\/wp\/v2\/topic?post=26703"}],"curies":[{"name":"wp","href":"https:\/\/api.w.org\/{rel}","templated":true}]}}

XIV Fòrum per a la Governança de les TIC en salut 2024

<p>El Fòrum de Governança de les TIC en Salut té per objectiu contribuir al desenvolupament professional especialitzat en informàtica de la salut a les institucions, mitjançant la participació de tots els agents involucrats en la presa de decisions, i en concret, promoure un entorn col·laboratiu de comunicació del coneixement i l&#8217;intercanvi d&#8217;informació cientificotècnica entre els professionals i els directius en informàtica de la salut.</p>



<p>Tindrà lloc el <strong>29 i 30 de maig</strong> a <strong>ABBA Playa Gijón Hotel, Paseo Doctor Fleming, 37- 33203 Gijón-Asturias</strong>.</p>

ABBA Playa Gijón Hotel, Paseo Doctor Fleming, 37- 33203 Gijón-Asturias

<!-- This site is optimized with the Yoast SEO plugin v27.1.1 - https://yoast.com/product/yoast-seo-wordpress/ -->
<title>XIV Fòrum per a la Governança de les TIC en salut 2024 - Fundació TIC Salut i Social</title>
<meta name="robots" content="index, follow, max-snippet:-1, max-image-preview:large, max-video-preview:-1" />
<link rel="canonical" href="https://ticsalutsocial.atoom.space/es/event/xiv-forum-per-a-la-governanca-de-les-tic-en-salut-2024/" />
<meta property="og:locale" content="es_ES" />
<meta property="og:type" content="article" />
<meta property="og:title" content="XIV Fòrum per a la Governança de les TIC en salut 2024 - Fundació TIC Salut i Social" />
<meta property="og:description" content="El Fòrum de Governança de les TIC en Salut té per objectiu contribuir al desenvolupament professional especialitzat en informàtica de la salut a les institucions, mitjançant la participació de tots els agents involucrats en la presa de decisions, i en concret, promoure un entorn col·laboratiu de comunicació del coneixement i l&#8217;intercanvi d&#8217;informació cientificotècnica entre els [&hellip;]" />
<meta property="og:url" content="https://ticsalutsocial.atoom.space/es/event/xiv-forum-per-a-la-governanca-de-les-tic-en-salut-2024/" />
<meta property="og:site_name" content="Fundació TIC Salut i Social" />
<meta property="article:modified_time" content="2024-04-19T09:23:19+00:00" />
<meta name="twitter:card" content="summary_large_image" />
<script type="application/ld+json" class="yoast-schema-graph">{"@context":"https://schema.org","@graph":[{"@type":"WebPage","@id":"https://ticsalutsocial.atoom.space/es/event/xiv-forum-per-a-la-governanca-de-les-tic-en-salut-2024/","url":"https://ticsalutsocial.atoom.space/es/event/xiv-forum-per-a-la-governanca-de-les-tic-en-salut-2024/","name":"XIV Fòrum per a la Governança de les TIC en salut 2024 - Fundació TIC Salut i Social","isPartOf":{"@id":"https://ticsalutsocial.atoom.space/es/#website"},"datePublished":"2024-04-19T09:22:09+00:00","dateModified":"2024-04-19T09:23:19+00:00","breadcrumb":{"@id":"https://ticsalutsocial.atoom.space/es/event/xiv-forum-per-a-la-governanca-de-les-tic-en-salut-2024/#breadcrumb"},"inLanguage":"es","potentialAction":[{"@type":"ReadAction","target":["https://ticsalutsocial.atoom.space/es/event/xiv-forum-per-a-la-governanca-de-les-tic-en-salut-2024/"]}]},{"@type":"BreadcrumbList","@id":"https://ticsalutsocial.atoom.space/es/event/xiv-forum-per-a-la-governanca-de-les-tic-en-salut-2024/#breadcrumb","itemListElement":[{"@type":"ListItem","position":1,"name":"Inici","item":"https://ticsalutsocial.atoom.space/es/"},{"@type":"ListItem","position":2,"name":"XIV Fòrum per a la Governança de les TIC en salut 2024"}]},{"@type":"WebSite","@id":"https://ticsalutsocial.atoom.space/es/#website","url":"https://ticsalutsocial.atoom.space/es/","name":"Fundació TIC Salut i Social","description":"","potentialAction":[{"@type":"SearchAction","target":{"@type":"EntryPoint","urlTemplate":"https://ticsalutsocial.atoom.space/es/?s={search_term_string}"},"query-input":{"@type":"PropertyValueSpecification","valueRequired":true,"valueName":"search_term_string"}}],"inLanguage":"es"}]}</script>
<!-- / Yoast SEO plugin. -->

XIV Fòrum per a la Governança de les TIC en salut 2024 - Fundació TIC Salut i Social

El Fòrum de Governança de les TIC en Salut té per objectiu contribuir al desenvolupament professional especialitzat en informàtica de la salut a les institucions, mitjançant la participació de tots els agents involucrats en la presa de decisions, i en concret, promoure un entorn col·laboratiu de comunicació del coneixement i l&#8217;intercanvi d&#8217;informació cientificotècnica entre els [&hellip;]

Fundació TIC Salut i Social
