
{"id":26769,"date":"2024-04-19T12:36:53","date_gmt":"2024-04-19T10:36:53","guid":{"rendered":"https:\/\/ticsalutsocial.atoom.space\/?post_type=event&#038;p=26769"},"modified":"2024-04-19T12:38:02","modified_gmt":"2024-04-19T10:38:02","slug":"10e-congres-internacional-de-privacitat-apep-sobre-dades-personals-i-intelligencia-artificial","status":"publish","type":"event","link":"https:\/\/ticsalutsocial.atoom.space\/es\/event\/10e-congres-internacional-de-privacitat-apep-sobre-dades-personals-i-intelligencia-artificial\/","title":{"rendered":"10\u00e8 Congr\u00e9s Internacional de Privacitat APEP sobre dades personals i Intel\u00b7lig\u00e8ncia Artificial"},"content":{"rendered":"\n<p>Aquest any, el 10 Congr\u00e9s Internacional APEP pret\u00e9n ser una celebraci\u00f3 dels \u00e8xits aconseguits i compartits, per\u00f2 tamb\u00e9 una crida a continuar avan\u00e7ant amb companys i autoritats del sector. \u00c9s l&#8217;esdeveniment de refer\u00e8ncia en mat\u00e8ria de privadesa i protecci\u00f3 de dades del qual pots formar part.<\/p>\n\n\n\n<p>Ser\u00e0 el 27 de maig al c\/ Castellana, 81 (Madrid).<\/p>\n","protected":false},"featured_media":26767,"menu_order":0,"template":"","meta":{"_acf_changed":false,"inline_featured_image":false},"tipus":[],"topic":[121],"class_list":["post-26769","event","type-event","status-publish","has-post-thumbnail","hentry","topic-dpd-es"],"acf":{"imatge":26767,"informacio":{"ubicacio":" c\/ Castellana, 81 (Madrid).","data":"27\/05\/2024","hora":"","preu":"","inscripcions":"https:\/\/congreso.apep.es\/"},"programa":{"titol":"","items":false}},"yoast_head":"<!-- This site is optimized with the Yoast SEO plugin v27.1.1 - https:\/\/yoast.com\/product\/yoast-seo-wordpress\/ -->\n<title>10\u00e8 Congr\u00e9s Internacional de Privacitat APEP sobre dades personals i Intel\u00b7lig\u00e8ncia Artificial - Fundaci\u00f3 TIC Salut i Social<\/title>\n<meta name=\"robots\" content=\"index, follow, max-snippet:-1, max-image-preview:large, max-video-preview:-1\" \/>\n<link rel=\"canonical\" href=\"https:\/\/ticsalutsocial.atoom.space\/es\/event\/10e-congres-internacional-de-privacitat-apep-sobre-dades-personals-i-intelligencia-artificial\/\" \/>\n<meta property=\"og:locale\" content=\"es_ES\" \/>\n<meta property=\"og:type\" content=\"article\" \/>\n<meta property=\"og:title\" content=\"10\u00e8 Congr\u00e9s Internacional de Privacitat APEP sobre dades personals i Intel\u00b7lig\u00e8ncia Artificial - Fundaci\u00f3 TIC Salut i Social\" \/>\n<meta property=\"og:description\" content=\"Aquest any, el 10 Congr\u00e9s Internacional APEP pret\u00e9n ser una celebraci\u00f3 dels \u00e8xits aconseguits i compartits, per\u00f2 tamb\u00e9 una crida a continuar avan\u00e7ant amb companys i autoritats del sector. \u00c9s l&#8217;esdeveniment de refer\u00e8ncia en mat\u00e8ria de privadesa i protecci\u00f3 de dades del qual pots formar part. Ser\u00e0 el 27 de maig al c\/ Castellana, 81 [&hellip;]\" \/>\n<meta property=\"og:url\" content=\"https:\/\/ticsalutsocial.atoom.space\/es\/event\/10e-congres-internacional-de-privacitat-apep-sobre-dades-personals-i-intelligencia-artificial\/\" \/>\n<meta property=\"og:site_name\" content=\"Fundaci\u00f3 TIC Salut i Social\" \/>\n<meta property=\"article:modified_time\" content=\"2024-04-19T10:38:02+00:00\" \/>\n<meta property=\"og:image\" content=\"https:\/\/ticsalutsocial.atoom.space\/wp-content\/uploads\/2024\/04\/congres.png\" \/>\n\t<meta property=\"og:image:width\" content=\"1456\" \/>\n\t<meta property=\"og:image:height\" content=\"572\" \/>\n\t<meta property=\"og:image:type\" content=\"image\/png\" \/>\n<meta name=\"twitter:card\" content=\"summary_large_image\" \/>\n<script type=\"application\/ld+json\" class=\"yoast-schema-graph\">{\"@context\":\"https:\/\/schema.org\",\"@graph\":[{\"@type\":\"WebPage\",\"@id\":\"https:\/\/ticsalutsocial.atoom.space\/es\/event\/10e-congres-internacional-de-privacitat-apep-sobre-dades-personals-i-intelligencia-artificial\/\",\"url\":\"https:\/\/ticsalutsocial.atoom.space\/es\/event\/10e-congres-internacional-de-privacitat-apep-sobre-dades-personals-i-intelligencia-artificial\/\",\"name\":\"10\u00e8 Congr\u00e9s Internacional de Privacitat APEP sobre dades personals i Intel\u00b7lig\u00e8ncia Artificial - Fundaci\u00f3 TIC Salut i Social\",\"isPartOf\":{\"@id\":\"https:\/\/ticsalutsocial.atoom.space\/es\/#website\"},\"primaryImageOfPage\":{\"@id\":\"https:\/\/ticsalutsocial.atoom.space\/es\/event\/10e-congres-internacional-de-privacitat-apep-sobre-dades-personals-i-intelligencia-artificial\/#primaryimage\"},\"image\":{\"@id\":\"https:\/\/ticsalutsocial.atoom.space\/es\/event\/10e-congres-internacional-de-privacitat-apep-sobre-dades-personals-i-intelligencia-artificial\/#primaryimage\"},\"thumbnailUrl\":\"https:\/\/ticsalutsocial.atoom.space\/wp-content\/uploads\/2024\/04\/congres.png\",\"datePublished\":\"2024-04-19T10:36:53+00:00\",\"dateModified\":\"2024-04-19T10:38:02+00:00\",\"breadcrumb\":{\"@id\":\"https:\/\/ticsalutsocial.atoom.space\/es\/event\/10e-congres-internacional-de-privacitat-apep-sobre-dades-personals-i-intelligencia-artificial\/#breadcrumb\"},\"inLanguage\":\"es\",\"potentialAction\":[{\"@type\":\"ReadAction\",\"target\":[\"https:\/\/ticsalutsocial.atoom.space\/es\/event\/10e-congres-internacional-de-privacitat-apep-sobre-dades-personals-i-intelligencia-artificial\/\"]}]},{\"@type\":\"ImageObject\",\"inLanguage\":\"es\",\"@id\":\"https:\/\/ticsalutsocial.atoom.space\/es\/event\/10e-congres-internacional-de-privacitat-apep-sobre-dades-personals-i-intelligencia-artificial\/#primaryimage\",\"url\":\"https:\/\/ticsalutsocial.atoom.space\/wp-content\/uploads\/2024\/04\/congres.png\",\"contentUrl\":\"https:\/\/ticsalutsocial.atoom.space\/wp-content\/uploads\/2024\/04\/congres.png\",\"width\":1456,\"height\":572},{\"@type\":\"BreadcrumbList\",\"@id\":\"https:\/\/ticsalutsocial.atoom.space\/es\/event\/10e-congres-internacional-de-privacitat-apep-sobre-dades-personals-i-intelligencia-artificial\/#breadcrumb\",\"itemListElement\":[{\"@type\":\"ListItem\",\"position\":1,\"name\":\"Inici\",\"item\":\"https:\/\/ticsalutsocial.atoom.space\/es\/\"},{\"@type\":\"ListItem\",\"position\":2,\"name\":\"10\u00e8 Congr\u00e9s Internacional de Privacitat APEP sobre dades personals i Intel\u00b7lig\u00e8ncia Artificial\"}]},{\"@type\":\"WebSite\",\"@id\":\"https:\/\/ticsalutsocial.atoom.space\/es\/#website\",\"url\":\"https:\/\/ticsalutsocial.atoom.space\/es\/\",\"name\":\"Fundaci\u00f3 TIC Salut i Social\",\"description\":\"\",\"potentialAction\":[{\"@type\":\"SearchAction\",\"target\":{\"@type\":\"EntryPoint\",\"urlTemplate\":\"https:\/\/ticsalutsocial.atoom.space\/es\/?s={search_term_string}\"},\"query-input\":{\"@type\":\"PropertyValueSpecification\",\"valueRequired\":true,\"valueName\":\"search_term_string\"}}],\"inLanguage\":\"es\"}]}<\/script>\n<!-- \/ Yoast SEO plugin. -->","yoast_head_json":{"title":"10\u00e8 Congr\u00e9s Internacional de Privacitat APEP sobre dades personals i Intel\u00b7lig\u00e8ncia Artificial - Fundaci\u00f3 TIC Salut i Social","robots":{"index":"index","follow":"follow","max-snippet":"max-snippet:-1","max-image-preview":"max-image-preview:large","max-video-preview":"max-video-preview:-1"},"canonical":"https:\/\/ticsalutsocial.atoom.space\/es\/event\/10e-congres-internacional-de-privacitat-apep-sobre-dades-personals-i-intelligencia-artificial\/","og_locale":"es_ES","og_type":"article","og_title":"10\u00e8 Congr\u00e9s Internacional de Privacitat APEP sobre dades personals i Intel\u00b7lig\u00e8ncia Artificial - Fundaci\u00f3 TIC Salut i Social","og_description":"Aquest any, el 10 Congr\u00e9s Internacional APEP pret\u00e9n ser una celebraci\u00f3 dels \u00e8xits aconseguits i compartits, per\u00f2 tamb\u00e9 una crida a continuar avan\u00e7ant amb companys i autoritats del sector. \u00c9s l&#8217;esdeveniment de refer\u00e8ncia en mat\u00e8ria de privadesa i protecci\u00f3 de dades del qual pots formar part. Ser\u00e0 el 27 de maig al c\/ Castellana, 81 [&hellip;]","og_url":"https:\/\/ticsalutsocial.atoom.space\/es\/event\/10e-congres-internacional-de-privacitat-apep-sobre-dades-personals-i-intelligencia-artificial\/","og_site_name":"Fundaci\u00f3 TIC Salut i Social","article_modified_time":"2024-04-19T10:38:02+00:00","og_image":[{"width":1456,"height":572,"url":"https:\/\/ticsalutsocial.atoom.space\/wp-content\/uploads\/2024\/04\/congres.png","type":"image\/png"}],"twitter_card":"summary_large_image","schema":{"@context":"https:\/\/schema.org","@graph":[{"@type":"WebPage","@id":"https:\/\/ticsalutsocial.atoom.space\/es\/event\/10e-congres-internacional-de-privacitat-apep-sobre-dades-personals-i-intelligencia-artificial\/","url":"https:\/\/ticsalutsocial.atoom.space\/es\/event\/10e-congres-internacional-de-privacitat-apep-sobre-dades-personals-i-intelligencia-artificial\/","name":"10\u00e8 Congr\u00e9s Internacional de Privacitat APEP sobre dades personals i Intel\u00b7lig\u00e8ncia Artificial - Fundaci\u00f3 TIC Salut i Social","isPartOf":{"@id":"https:\/\/ticsalutsocial.atoom.space\/es\/#website"},"primaryImageOfPage":{"@id":"https:\/\/ticsalutsocial.atoom.space\/es\/event\/10e-congres-internacional-de-privacitat-apep-sobre-dades-personals-i-intelligencia-artificial\/#primaryimage"},"image":{"@id":"https:\/\/ticsalutsocial.atoom.space\/es\/event\/10e-congres-internacional-de-privacitat-apep-sobre-dades-personals-i-intelligencia-artificial\/#primaryimage"},"thumbnailUrl":"https:\/\/ticsalutsocial.atoom.space\/wp-content\/uploads\/2024\/04\/congres.png","datePublished":"2024-04-19T10:36:53+00:00","dateModified":"2024-04-19T10:38:02+00:00","breadcrumb":{"@id":"https:\/\/ticsalutsocial.atoom.space\/es\/event\/10e-congres-internacional-de-privacitat-apep-sobre-dades-personals-i-intelligencia-artificial\/#breadcrumb"},"inLanguage":"es","potentialAction":[{"@type":"ReadAction","target":["https:\/\/ticsalutsocial.atoom.space\/es\/event\/10e-congres-internacional-de-privacitat-apep-sobre-dades-personals-i-intelligencia-artificial\/"]}]},{"@type":"ImageObject","inLanguage":"es","@id":"https:\/\/ticsalutsocial.atoom.space\/es\/event\/10e-congres-internacional-de-privacitat-apep-sobre-dades-personals-i-intelligencia-artificial\/#primaryimage","url":"https:\/\/ticsalutsocial.atoom.space\/wp-content\/uploads\/2024\/04\/congres.png","contentUrl":"https:\/\/ticsalutsocial.atoom.space\/wp-content\/uploads\/2024\/04\/congres.png","width":1456,"height":572},{"@type":"BreadcrumbList","@id":"https:\/\/ticsalutsocial.atoom.space\/es\/event\/10e-congres-internacional-de-privacitat-apep-sobre-dades-personals-i-intelligencia-artificial\/#breadcrumb","itemListElement":[{"@type":"ListItem","position":1,"name":"Inici","item":"https:\/\/ticsalutsocial.atoom.space\/es\/"},{"@type":"ListItem","position":2,"name":"10\u00e8 Congr\u00e9s Internacional de Privacitat APEP sobre dades personals i Intel\u00b7lig\u00e8ncia Artificial"}]},{"@type":"WebSite","@id":"https:\/\/ticsalutsocial.atoom.space\/es\/#website","url":"https:\/\/ticsalutsocial.atoom.space\/es\/","name":"Fundaci\u00f3 TIC Salut i Social","description":"","potentialAction":[{"@type":"SearchAction","target":{"@type":"EntryPoint","urlTemplate":"https:\/\/ticsalutsocial.atoom.space\/es\/?s={search_term_string}"},"query-input":{"@type":"PropertyValueSpecification","valueRequired":true,"valueName":"search_term_string"}}],"inLanguage":"es"}]}},"_links":{"self":[{"href":"https:\/\/ticsalutsocial.atoom.space\/es\/wp-json\/wp\/v2\/event\/26769","targetHints":{"allow":["GET"]}}],"collection":[{"href":"https:\/\/ticsalutsocial.atoom.space\/es\/wp-json\/wp\/v2\/event"}],"about":[{"href":"https:\/\/ticsalutsocial.atoom.space\/es\/wp-json\/wp\/v2\/types\/event"}],"wp:featuredmedia":[{"embeddable":true,"href":"https:\/\/ticsalutsocial.atoom.space\/es\/wp-json\/wp\/v2\/media\/26767"}],"wp:attachment":[{"href":"https:\/\/ticsalutsocial.atoom.space\/es\/wp-json\/wp\/v2\/media?parent=26769"}],"wp:term":[{"taxonomy":"tipus","embeddable":true,"href":"https:\/\/ticsalutsocial.atoom.space\/es\/wp-json\/wp\/v2\/tipus?post=26769"},{"taxonomy":"topic","embeddable":true,"href":"https:\/\/ticsalutsocial.atoom.space\/es\/wp-json\/wp\/v2\/topic?post=26769"}],"curies":[{"name":"wp","href":"https:\/\/api.w.org\/{rel}","templated":true}]}}

10è Congrés Internacional de Privacitat APEP sobre dades personals i Intel·ligència Artificial

<p>Aquest any, el 10 Congrés Internacional APEP pretén ser una celebració dels èxits aconseguits i compartits, però també una crida a continuar avançant amb companys i autoritats del sector. És l&#8217;esdeveniment de referència en matèria de privadesa i protecció de dades del qual pots formar part.</p>



<p>Serà el 27 de maig al c/ Castellana, 81 (Madrid).</p>

<!-- This site is optimized with the Yoast SEO plugin v27.1.1 - https://yoast.com/product/yoast-seo-wordpress/ -->
<title>10è Congrés Internacional de Privacitat APEP sobre dades personals i Intel·ligència Artificial - Fundació TIC Salut i Social</title>
<meta name="robots" content="index, follow, max-snippet:-1, max-image-preview:large, max-video-preview:-1" />
<link rel="canonical" href="https://ticsalutsocial.atoom.space/es/event/10e-congres-internacional-de-privacitat-apep-sobre-dades-personals-i-intelligencia-artificial/" />
<meta property="og:locale" content="es_ES" />
<meta property="og:type" content="article" />
<meta property="og:title" content="10è Congrés Internacional de Privacitat APEP sobre dades personals i Intel·ligència Artificial - Fundació TIC Salut i Social" />
<meta property="og:description" content="Aquest any, el 10 Congrés Internacional APEP pretén ser una celebració dels èxits aconseguits i compartits, però també una crida a continuar avançant amb companys i autoritats del sector. És l&#8217;esdeveniment de referència en matèria de privadesa i protecció de dades del qual pots formar part. Serà el 27 de maig al c/ Castellana, 81 [&hellip;]" />
<meta property="og:url" content="https://ticsalutsocial.atoom.space/es/event/10e-congres-internacional-de-privacitat-apep-sobre-dades-personals-i-intelligencia-artificial/" />
<meta property="og:site_name" content="Fundació TIC Salut i Social" />
<meta property="article:modified_time" content="2024-04-19T10:38:02+00:00" />
<meta property="og:image" content="https://ticsalutsocial.atoom.space/wp-content/uploads/2024/04/congres.png" />
	<meta property="og:image:width" content="1456" />
	<meta property="og:image:height" content="572" />
	<meta property="og:image:type" content="image/png" />
<meta name="twitter:card" content="summary_large_image" />
<script type="application/ld+json" class="yoast-schema-graph">{"@context":"https://schema.org","@graph":[{"@type":"WebPage","@id":"https://ticsalutsocial.atoom.space/es/event/10e-congres-internacional-de-privacitat-apep-sobre-dades-personals-i-intelligencia-artificial/","url":"https://ticsalutsocial.atoom.space/es/event/10e-congres-internacional-de-privacitat-apep-sobre-dades-personals-i-intelligencia-artificial/","name":"10è Congrés Internacional de Privacitat APEP sobre dades personals i Intel·ligència Artificial - Fundació TIC Salut i Social","isPartOf":{"@id":"https://ticsalutsocial.atoom.space/es/#website"},"primaryImageOfPage":{"@id":"https://ticsalutsocial.atoom.space/es/event/10e-congres-internacional-de-privacitat-apep-sobre-dades-personals-i-intelligencia-artificial/#primaryimage"},"image":{"@id":"https://ticsalutsocial.atoom.space/es/event/10e-congres-internacional-de-privacitat-apep-sobre-dades-personals-i-intelligencia-artificial/#primaryimage"},"thumbnailUrl":"https://ticsalutsocial.atoom.space/wp-content/uploads/2024/04/congres.png","datePublished":"2024-04-19T10:36:53+00:00","dateModified":"2024-04-19T10:38:02+00:00","breadcrumb":{"@id":"https://ticsalutsocial.atoom.space/es/event/10e-congres-internacional-de-privacitat-apep-sobre-dades-personals-i-intelligencia-artificial/#breadcrumb"},"inLanguage":"es","potentialAction":[{"@type":"ReadAction","target":["https://ticsalutsocial.atoom.space/es/event/10e-congres-internacional-de-privacitat-apep-sobre-dades-personals-i-intelligencia-artificial/"]}]},{"@type":"ImageObject","inLanguage":"es","@id":"https://ticsalutsocial.atoom.space/es/event/10e-congres-internacional-de-privacitat-apep-sobre-dades-personals-i-intelligencia-artificial/#primaryimage","url":"https://ticsalutsocial.atoom.space/wp-content/uploads/2024/04/congres.png","contentUrl":"https://ticsalutsocial.atoom.space/wp-content/uploads/2024/04/congres.png","width":1456,"height":572},{"@type":"BreadcrumbList","@id":"https://ticsalutsocial.atoom.space/es/event/10e-congres-internacional-de-privacitat-apep-sobre-dades-personals-i-intelligencia-artificial/#breadcrumb","itemListElement":[{"@type":"ListItem","position":1,"name":"Inici","item":"https://ticsalutsocial.atoom.space/es/"},{"@type":"ListItem","position":2,"name":"10è Congrés Internacional de Privacitat APEP sobre dades personals i Intel·ligència Artificial"}]},{"@type":"WebSite","@id":"https://ticsalutsocial.atoom.space/es/#website","url":"https://ticsalutsocial.atoom.space/es/","name":"Fundació TIC Salut i Social","description":"","potentialAction":[{"@type":"SearchAction","target":{"@type":"EntryPoint","urlTemplate":"https://ticsalutsocial.atoom.space/es/?s={search_term_string}"},"query-input":{"@type":"PropertyValueSpecification","valueRequired":true,"valueName":"search_term_string"}}],"inLanguage":"es"}]}</script>
<!-- / Yoast SEO plugin. -->

10è Congrés Internacional de Privacitat APEP sobre dades personals i Intel·ligència Artificial - Fundació TIC Salut i Social

Aquest any, el 10 Congrés Internacional APEP pretén ser una celebració dels èxits aconseguits i compartits, però també una crida a continuar avançant amb companys i autoritats del sector. És l&#8217;esdeveniment de referència en matèria de privadesa i protecció de dades del qual pots formar part. Serà el 27 de maig al c/ Castellana, 81 [&hellip;]

Fundació TIC Salut i Social
