
{"id":27201,"date":"2024-05-14T09:10:15","date_gmt":"2024-05-14T07:10:15","guid":{"rendered":"https:\/\/ticsalutsocial.atoom.space\/?post_type=event&#038;p=27201"},"modified":"2024-06-28T12:07:09","modified_gmt":"2024-06-28T10:07:09","slug":"xpatient-barcelona-congress-2024","status":"publish","type":"event","link":"https:\/\/ticsalutsocial.atoom.space\/es\/event\/xpatient-barcelona-congress-2024\/","title":{"rendered":"XPATIENT BARCELONA CONGRESS 2024"},"content":{"rendered":"\n<p>Ya se ha abierto la convocatoria de proyectos para el<strong> 9\u00ba Congreso de Experiencia de Paciente XPAtient Barcelona Congress: Evaluaci\u00f3n del futuro<\/strong>, que tendr\u00e1 lugar el mi\u00e9rcoles <strong>18 de septiembre<\/strong> en el paraninfo de la <strong>Facultad de Medicina de la Universidad de Barcelona<\/strong>.<\/p>\n\n\n\n<p>Los proyectos pueden presentarse hasta el <strong>8 de julio de 2024<\/strong> y pueden estar enmarcados en cualquier \u00e1mbito relacionado con la experiencia de paciente, desde la perspectiva asociativa, tecnol\u00f3gica, asistencial o institucional. Los proyectos seleccionados por el comit\u00e9 organizador ser\u00e1n presentados como Proyectos de Referencia o como Proyectos Destacados (presentaci\u00f3n breve) durante el congreso. Los res\u00famenes pueden presentarse en catal\u00e1n, castellano o ingl\u00e9s.<\/p>\n","protected":false},"featured_media":27199,"menu_order":0,"template":"","meta":{"_acf_changed":false,"inline_featured_image":false},"tipus":[],"topic":[],"class_list":["post-27201","event","type-event","status-publish","has-post-thumbnail","hentry"],"acf":{"informacio":{"ubicacio":"Facultat de Medicina de la UB","data":"18\/09\/2024","hora":"","preu":"","inscripcions":"https:\/\/xpatientbcncongress.com\/"},"programa":{"titol":"","items":false},"imatge":27199,"documents":false},"yoast_head":"<!-- This site is optimized with the Yoast SEO plugin v27.1.1 - https:\/\/yoast.com\/product\/yoast-seo-wordpress\/ -->\n<title>XPATIENT BARCELONA CONGRESS 2024 - Fundaci\u00f3 TIC Salut i Social<\/title>\n<meta name=\"robots\" content=\"index, follow, max-snippet:-1, max-image-preview:large, max-video-preview:-1\" \/>\n<link rel=\"canonical\" href=\"https:\/\/ticsalutsocial.atoom.space\/es\/event\/xpatient-barcelona-congress-2024\/\" \/>\n<meta property=\"og:locale\" content=\"es_ES\" \/>\n<meta property=\"og:type\" content=\"article\" \/>\n<meta property=\"og:title\" content=\"XPATIENT BARCELONA CONGRESS 2024 - Fundaci\u00f3 TIC Salut i Social\" \/>\n<meta property=\"og:description\" content=\"Ya se ha abierto la convocatoria de proyectos para el 9\u00ba Congreso de Experiencia de Paciente XPAtient Barcelona Congress: Evaluaci\u00f3n del futuro, que tendr\u00e1 lugar el mi\u00e9rcoles 18 de septiembre en el paraninfo de la Facultad de Medicina de la Universidad de Barcelona. Los proyectos pueden presentarse hasta el 8 de julio de 2024 y [&hellip;]\" \/>\n<meta property=\"og:url\" content=\"https:\/\/ticsalutsocial.atoom.space\/es\/event\/xpatient-barcelona-congress-2024\/\" \/>\n<meta property=\"og:site_name\" content=\"Fundaci\u00f3 TIC Salut i Social\" \/>\n<meta property=\"article:modified_time\" content=\"2024-06-28T10:07:09+00:00\" \/>\n<meta property=\"og:image\" content=\"https:\/\/ticsalutsocial.atoom.space\/wp-content\/uploads\/2024\/05\/baner-congres-XPatient-setembre-20243-scaled.jpg\" \/>\n\t<meta property=\"og:image:width\" content=\"2560\" \/>\n\t<meta property=\"og:image:height\" content=\"1422\" \/>\n\t<meta property=\"og:image:type\" content=\"image\/jpeg\" \/>\n<meta name=\"twitter:card\" content=\"summary_large_image\" \/>\n<meta name=\"twitter:label1\" content=\"Tiempo de lectura\" \/>\n\t<meta name=\"twitter:data1\" content=\"1 minuto\" \/>\n<script type=\"application\/ld+json\" class=\"yoast-schema-graph\">{\"@context\":\"https:\/\/schema.org\",\"@graph\":[{\"@type\":\"WebPage\",\"@id\":\"https:\/\/ticsalutsocial.atoom.space\/es\/event\/xpatient-barcelona-congress-2024\/\",\"url\":\"https:\/\/ticsalutsocial.atoom.space\/es\/event\/xpatient-barcelona-congress-2024\/\",\"name\":\"XPATIENT BARCELONA CONGRESS 2024 - Fundaci\u00f3 TIC Salut i Social\",\"isPartOf\":{\"@id\":\"https:\/\/ticsalutsocial.atoom.space\/es\/#website\"},\"primaryImageOfPage\":{\"@id\":\"https:\/\/ticsalutsocial.atoom.space\/es\/event\/xpatient-barcelona-congress-2024\/#primaryimage\"},\"image\":{\"@id\":\"https:\/\/ticsalutsocial.atoom.space\/es\/event\/xpatient-barcelona-congress-2024\/#primaryimage\"},\"thumbnailUrl\":\"https:\/\/ticsalutsocial.atoom.space\/wp-content\/uploads\/2024\/05\/baner-congres-XPatient-setembre-20243-scaled.jpg\",\"datePublished\":\"2024-05-14T07:10:15+00:00\",\"dateModified\":\"2024-06-28T10:07:09+00:00\",\"breadcrumb\":{\"@id\":\"https:\/\/ticsalutsocial.atoom.space\/es\/event\/xpatient-barcelona-congress-2024\/#breadcrumb\"},\"inLanguage\":\"es\",\"potentialAction\":[{\"@type\":\"ReadAction\",\"target\":[\"https:\/\/ticsalutsocial.atoom.space\/es\/event\/xpatient-barcelona-congress-2024\/\"]}]},{\"@type\":\"ImageObject\",\"inLanguage\":\"es\",\"@id\":\"https:\/\/ticsalutsocial.atoom.space\/es\/event\/xpatient-barcelona-congress-2024\/#primaryimage\",\"url\":\"https:\/\/ticsalutsocial.atoom.space\/wp-content\/uploads\/2024\/05\/baner-congres-XPatient-setembre-20243-scaled.jpg\",\"contentUrl\":\"https:\/\/ticsalutsocial.atoom.space\/wp-content\/uploads\/2024\/05\/baner-congres-XPatient-setembre-20243-scaled.jpg\",\"width\":2560,\"height\":1422},{\"@type\":\"BreadcrumbList\",\"@id\":\"https:\/\/ticsalutsocial.atoom.space\/es\/event\/xpatient-barcelona-congress-2024\/#breadcrumb\",\"itemListElement\":[{\"@type\":\"ListItem\",\"position\":1,\"name\":\"Inici\",\"item\":\"https:\/\/ticsalutsocial.atoom.space\/es\/\"},{\"@type\":\"ListItem\",\"position\":2,\"name\":\"XPATIENT BARCELONA CONGRESS 2024\"}]},{\"@type\":\"WebSite\",\"@id\":\"https:\/\/ticsalutsocial.atoom.space\/es\/#website\",\"url\":\"https:\/\/ticsalutsocial.atoom.space\/es\/\",\"name\":\"Fundaci\u00f3 TIC Salut i Social\",\"description\":\"\",\"potentialAction\":[{\"@type\":\"SearchAction\",\"target\":{\"@type\":\"EntryPoint\",\"urlTemplate\":\"https:\/\/ticsalutsocial.atoom.space\/es\/?s={search_term_string}\"},\"query-input\":{\"@type\":\"PropertyValueSpecification\",\"valueRequired\":true,\"valueName\":\"search_term_string\"}}],\"inLanguage\":\"es\"}]}<\/script>\n<!-- \/ Yoast SEO plugin. -->","yoast_head_json":{"title":"XPATIENT BARCELONA CONGRESS 2024 - Fundaci\u00f3 TIC Salut i Social","robots":{"index":"index","follow":"follow","max-snippet":"max-snippet:-1","max-image-preview":"max-image-preview:large","max-video-preview":"max-video-preview:-1"},"canonical":"https:\/\/ticsalutsocial.atoom.space\/es\/event\/xpatient-barcelona-congress-2024\/","og_locale":"es_ES","og_type":"article","og_title":"XPATIENT BARCELONA CONGRESS 2024 - Fundaci\u00f3 TIC Salut i Social","og_description":"Ya se ha abierto la convocatoria de proyectos para el 9\u00ba Congreso de Experiencia de Paciente XPAtient Barcelona Congress: Evaluaci\u00f3n del futuro, que tendr\u00e1 lugar el mi\u00e9rcoles 18 de septiembre en el paraninfo de la Facultad de Medicina de la Universidad de Barcelona. Los proyectos pueden presentarse hasta el 8 de julio de 2024 y [&hellip;]","og_url":"https:\/\/ticsalutsocial.atoom.space\/es\/event\/xpatient-barcelona-congress-2024\/","og_site_name":"Fundaci\u00f3 TIC Salut i Social","article_modified_time":"2024-06-28T10:07:09+00:00","og_image":[{"width":2560,"height":1422,"url":"https:\/\/ticsalutsocial.atoom.space\/wp-content\/uploads\/2024\/05\/baner-congres-XPatient-setembre-20243-scaled.jpg","type":"image\/jpeg"}],"twitter_card":"summary_large_image","twitter_misc":{"Tiempo de lectura":"1 minuto"},"schema":{"@context":"https:\/\/schema.org","@graph":[{"@type":"WebPage","@id":"https:\/\/ticsalutsocial.atoom.space\/es\/event\/xpatient-barcelona-congress-2024\/","url":"https:\/\/ticsalutsocial.atoom.space\/es\/event\/xpatient-barcelona-congress-2024\/","name":"XPATIENT BARCELONA CONGRESS 2024 - Fundaci\u00f3 TIC Salut i Social","isPartOf":{"@id":"https:\/\/ticsalutsocial.atoom.space\/es\/#website"},"primaryImageOfPage":{"@id":"https:\/\/ticsalutsocial.atoom.space\/es\/event\/xpatient-barcelona-congress-2024\/#primaryimage"},"image":{"@id":"https:\/\/ticsalutsocial.atoom.space\/es\/event\/xpatient-barcelona-congress-2024\/#primaryimage"},"thumbnailUrl":"https:\/\/ticsalutsocial.atoom.space\/wp-content\/uploads\/2024\/05\/baner-congres-XPatient-setembre-20243-scaled.jpg","datePublished":"2024-05-14T07:10:15+00:00","dateModified":"2024-06-28T10:07:09+00:00","breadcrumb":{"@id":"https:\/\/ticsalutsocial.atoom.space\/es\/event\/xpatient-barcelona-congress-2024\/#breadcrumb"},"inLanguage":"es","potentialAction":[{"@type":"ReadAction","target":["https:\/\/ticsalutsocial.atoom.space\/es\/event\/xpatient-barcelona-congress-2024\/"]}]},{"@type":"ImageObject","inLanguage":"es","@id":"https:\/\/ticsalutsocial.atoom.space\/es\/event\/xpatient-barcelona-congress-2024\/#primaryimage","url":"https:\/\/ticsalutsocial.atoom.space\/wp-content\/uploads\/2024\/05\/baner-congres-XPatient-setembre-20243-scaled.jpg","contentUrl":"https:\/\/ticsalutsocial.atoom.space\/wp-content\/uploads\/2024\/05\/baner-congres-XPatient-setembre-20243-scaled.jpg","width":2560,"height":1422},{"@type":"BreadcrumbList","@id":"https:\/\/ticsalutsocial.atoom.space\/es\/event\/xpatient-barcelona-congress-2024\/#breadcrumb","itemListElement":[{"@type":"ListItem","position":1,"name":"Inici","item":"https:\/\/ticsalutsocial.atoom.space\/es\/"},{"@type":"ListItem","position":2,"name":"XPATIENT BARCELONA CONGRESS 2024"}]},{"@type":"WebSite","@id":"https:\/\/ticsalutsocial.atoom.space\/es\/#website","url":"https:\/\/ticsalutsocial.atoom.space\/es\/","name":"Fundaci\u00f3 TIC Salut i Social","description":"","potentialAction":[{"@type":"SearchAction","target":{"@type":"EntryPoint","urlTemplate":"https:\/\/ticsalutsocial.atoom.space\/es\/?s={search_term_string}"},"query-input":{"@type":"PropertyValueSpecification","valueRequired":true,"valueName":"search_term_string"}}],"inLanguage":"es"}]}},"_links":{"self":[{"href":"https:\/\/ticsalutsocial.atoom.space\/es\/wp-json\/wp\/v2\/event\/27201","targetHints":{"allow":["GET"]}}],"collection":[{"href":"https:\/\/ticsalutsocial.atoom.space\/es\/wp-json\/wp\/v2\/event"}],"about":[{"href":"https:\/\/ticsalutsocial.atoom.space\/es\/wp-json\/wp\/v2\/types\/event"}],"wp:featuredmedia":[{"embeddable":true,"href":"https:\/\/ticsalutsocial.atoom.space\/es\/wp-json\/wp\/v2\/media\/27199"}],"wp:attachment":[{"href":"https:\/\/ticsalutsocial.atoom.space\/es\/wp-json\/wp\/v2\/media?parent=27201"}],"wp:term":[{"taxonomy":"tipus","embeddable":true,"href":"https:\/\/ticsalutsocial.atoom.space\/es\/wp-json\/wp\/v2\/tipus?post=27201"},{"taxonomy":"topic","embeddable":true,"href":"https:\/\/ticsalutsocial.atoom.space\/es\/wp-json\/wp\/v2\/topic?post=27201"}],"curies":[{"name":"wp","href":"https:\/\/api.w.org\/{rel}","templated":true}]}}

<p>Ya se ha abierto la convocatoria de proyectos para el<strong> 9º Congreso de Experiencia de Paciente XPAtient Barcelona Congress: Evaluación del futuro</strong>, que tendrá lugar el miércoles <strong>18 de septiembre</strong> en el paraninfo de la <strong>Facultad de Medicina de la Universidad de Barcelona</strong>.</p>



<p>Los proyectos pueden presentarse hasta el <strong>8 de julio de 2024</strong> y pueden estar enmarcados en cualquier ámbito relacionado con la experiencia de paciente, desde la perspectiva asociativa, tecnológica, asistencial o institucional. Los proyectos seleccionados por el comité organizador serán presentados como Proyectos de Referencia o como Proyectos Destacados (presentación breve) durante el congreso. Los resúmenes pueden presentarse en catalán, castellano o inglés.</p>

<!-- This site is optimized with the Yoast SEO plugin v27.1.1 - https://yoast.com/product/yoast-seo-wordpress/ -->
<title>XPATIENT BARCELONA CONGRESS 2024 - Fundació TIC Salut i Social</title>
<meta name="robots" content="index, follow, max-snippet:-1, max-image-preview:large, max-video-preview:-1" />
<link rel="canonical" href="https://ticsalutsocial.atoom.space/es/event/xpatient-barcelona-congress-2024/" />
<meta property="og:locale" content="es_ES" />
<meta property="og:type" content="article" />
<meta property="og:title" content="XPATIENT BARCELONA CONGRESS 2024 - Fundació TIC Salut i Social" />
<meta property="og:description" content="Ya se ha abierto la convocatoria de proyectos para el 9º Congreso de Experiencia de Paciente XPAtient Barcelona Congress: Evaluación del futuro, que tendrá lugar el miércoles 18 de septiembre en el paraninfo de la Facultad de Medicina de la Universidad de Barcelona. Los proyectos pueden presentarse hasta el 8 de julio de 2024 y [&hellip;]" />
<meta property="og:url" content="https://ticsalutsocial.atoom.space/es/event/xpatient-barcelona-congress-2024/" />
<meta property="og:site_name" content="Fundació TIC Salut i Social" />
<meta property="article:modified_time" content="2024-06-28T10:07:09+00:00" />
<meta property="og:image" content="https://ticsalutsocial.atoom.space/wp-content/uploads/2024/05/baner-congres-XPatient-setembre-20243-scaled.jpg" />
	<meta property="og:image:width" content="2560" />
	<meta property="og:image:height" content="1422" />
	<meta property="og:image:type" content="image/jpeg" />
<meta name="twitter:card" content="summary_large_image" />
<meta name="twitter:label1" content="Tiempo de lectura" />
	<meta name="twitter:data1" content="1 minuto" />
<script type="application/ld+json" class="yoast-schema-graph">{"@context":"https://schema.org","@graph":[{"@type":"WebPage","@id":"https://ticsalutsocial.atoom.space/es/event/xpatient-barcelona-congress-2024/","url":"https://ticsalutsocial.atoom.space/es/event/xpatient-barcelona-congress-2024/","name":"XPATIENT BARCELONA CONGRESS 2024 - Fundació TIC Salut i Social","isPartOf":{"@id":"https://ticsalutsocial.atoom.space/es/#website"},"primaryImageOfPage":{"@id":"https://ticsalutsocial.atoom.space/es/event/xpatient-barcelona-congress-2024/#primaryimage"},"image":{"@id":"https://ticsalutsocial.atoom.space/es/event/xpatient-barcelona-congress-2024/#primaryimage"},"thumbnailUrl":"https://ticsalutsocial.atoom.space/wp-content/uploads/2024/05/baner-congres-XPatient-setembre-20243-scaled.jpg","datePublished":"2024-05-14T07:10:15+00:00","dateModified":"2024-06-28T10:07:09+00:00","breadcrumb":{"@id":"https://ticsalutsocial.atoom.space/es/event/xpatient-barcelona-congress-2024/#breadcrumb"},"inLanguage":"es","potentialAction":[{"@type":"ReadAction","target":["https://ticsalutsocial.atoom.space/es/event/xpatient-barcelona-congress-2024/"]}]},{"@type":"ImageObject","inLanguage":"es","@id":"https://ticsalutsocial.atoom.space/es/event/xpatient-barcelona-congress-2024/#primaryimage","url":"https://ticsalutsocial.atoom.space/wp-content/uploads/2024/05/baner-congres-XPatient-setembre-20243-scaled.jpg","contentUrl":"https://ticsalutsocial.atoom.space/wp-content/uploads/2024/05/baner-congres-XPatient-setembre-20243-scaled.jpg","width":2560,"height":1422},{"@type":"BreadcrumbList","@id":"https://ticsalutsocial.atoom.space/es/event/xpatient-barcelona-congress-2024/#breadcrumb","itemListElement":[{"@type":"ListItem","position":1,"name":"Inici","item":"https://ticsalutsocial.atoom.space/es/"},{"@type":"ListItem","position":2,"name":"XPATIENT BARCELONA CONGRESS 2024"}]},{"@type":"WebSite","@id":"https://ticsalutsocial.atoom.space/es/#website","url":"https://ticsalutsocial.atoom.space/es/","name":"Fundació TIC Salut i Social","description":"","potentialAction":[{"@type":"SearchAction","target":{"@type":"EntryPoint","urlTemplate":"https://ticsalutsocial.atoom.space/es/?s={search_term_string}"},"query-input":{"@type":"PropertyValueSpecification","valueRequired":true,"valueName":"search_term_string"}}],"inLanguage":"es"}]}</script>
<!-- / Yoast SEO plugin. -->

XPATIENT BARCELONA CONGRESS 2024 - Fundació TIC Salut i Social

Ya se ha abierto la convocatoria de proyectos para el 9º Congreso de Experiencia de Paciente XPAtient Barcelona Congress: Evaluación del futuro, que tendrá lugar el miércoles 18 de septiembre en el paraninfo de la Facultad de Medicina de la Universidad de Barcelona. Los proyectos pueden presentarse hasta el 8 de julio de 2024 y [&hellip;]

Fundació TIC Salut i Social
