
{"id":27613,"date":"2024-06-10T12:18:18","date_gmt":"2024-06-10T10:18:18","guid":{"rendered":"https:\/\/ticsalutsocial.atoom.space\/event\/5a-jornada-destiu-de-la-professio-farmaceutica\/"},"modified":"2024-06-10T12:21:55","modified_gmt":"2024-06-10T10:21:55","slug":"5a-jornada-destiu-de-la-professio-farmaceutica","status":"publish","type":"event","link":"https:\/\/ticsalutsocial.atoom.space\/es\/event\/5a-jornada-destiu-de-la-professio-farmaceutica\/","title":{"rendered":"5a. Jornada de verano de la Profesi\u00f3n Farmac\u00e9utica"},"content":{"rendered":"\n<p>Este a\u00f1o se reanuda la organizaci\u00f3n de la\u00a0<strong>Jornada de Verano de la Profesi\u00f3n Farmac\u00e9utica<\/strong>, que en su 5a. edici\u00f3n tendr\u00e1 lugar en <strong>Puigcerd\u00e0 <\/strong>el viernes <strong>19 de julio de 2024<\/strong>, en el marco de la Universidad de Verano Ramon Llull.<\/p>\n\n\n\n<p>Esta Jornada, abierta a los farmac\u00e9uticos y farmac\u00e9uticas de las diversas vertientes del ejercicio profesional, mantiene su orientaci\u00f3n en tem\u00e1ticas novedosas en el \u00e1mbito farmac\u00e9utico, ofreciendo un interesante intercambio de conocimientos y experiencias, y un agradable motivo de encuentro entre compa\u00f1eros de profesi\u00f3n , en un entorno privilegiado como es la Cerdanya.<\/p>\n\n\n\n<p>El director de la Fundaci\u00f3n, Joan Guanyabens, participa en la sesi\u00f3n \u00abDIGITALIZACI\u00d3N, INTELIGENCIA ARTIFICIAL Y LA NUEVA REVOLUCI\u00d3N TECNOL\u00d3GICA EN SALUD\u00bb a las 11:05 h.<\/p>\n\n\n\n<p>Consulta el programa <a href=\"https:\/\/www.cofgi.org\/attached\/download\/9668\/ff43b61843f8430b345e9acc13d952bd\" target=\"_blank\" rel=\"noreferrer noopener\">aqu\u00ed<\/a>.<\/p>\n","protected":false},"featured_media":27612,"menu_order":0,"template":"","meta":{"_acf_changed":false,"inline_featured_image":false},"tipus":[],"topic":[],"class_list":["post-27613","event","type-event","status-publish","has-post-thumbnail","hentry"],"acf":{"imatge":27612,"informacio":{"ubicacio":"Sala Sala Pilar Prim. Biblioteca Comtat de Cerdanya","data":"19\/07\/2024","hora":"","preu":"","inscripcions":"https:\/\/www.cofgi.org\/agenda\/detall\/1952"},"programa":{"titol":"","items":false},"documents":false},"yoast_head":"<!-- This site is optimized with the Yoast SEO plugin v27.1.1 - https:\/\/yoast.com\/product\/yoast-seo-wordpress\/ -->\n<title>5a. Jornada de verano de la Profesi\u00f3n Farmac\u00e9utica - Fundaci\u00f3 TIC Salut i Social<\/title>\n<meta name=\"robots\" content=\"index, follow, max-snippet:-1, max-image-preview:large, max-video-preview:-1\" \/>\n<link rel=\"canonical\" href=\"https:\/\/ticsalutsocial.atoom.space\/es\/event\/5a-jornada-destiu-de-la-professio-farmaceutica\/\" \/>\n<meta property=\"og:locale\" content=\"es_ES\" \/>\n<meta property=\"og:type\" content=\"article\" \/>\n<meta property=\"og:title\" content=\"5a. Jornada de verano de la Profesi\u00f3n Farmac\u00e9utica - Fundaci\u00f3 TIC Salut i Social\" \/>\n<meta property=\"og:description\" content=\"Este a\u00f1o se reanuda la organizaci\u00f3n de la\u00a0Jornada de Verano de la Profesi\u00f3n Farmac\u00e9utica, que en su 5a. edici\u00f3n tendr\u00e1 lugar en Puigcerd\u00e0 el viernes 19 de julio de 2024, en el marco de la Universidad de Verano Ramon Llull. Esta Jornada, abierta a los farmac\u00e9uticos y farmac\u00e9uticas de las diversas vertientes del ejercicio profesional, [&hellip;]\" \/>\n<meta property=\"og:url\" content=\"https:\/\/ticsalutsocial.atoom.space\/es\/event\/5a-jornada-destiu-de-la-professio-farmaceutica\/\" \/>\n<meta property=\"og:site_name\" content=\"Fundaci\u00f3 TIC Salut i Social\" \/>\n<meta property=\"article:modified_time\" content=\"2024-06-10T10:21:55+00:00\" \/>\n<meta property=\"og:image\" content=\"https:\/\/ticsalutsocial.atoom.space\/wp-content\/uploads\/2024\/06\/jornada_farma.png\" \/>\n\t<meta property=\"og:image:width\" content=\"476\" \/>\n\t<meta property=\"og:image:height\" content=\"543\" \/>\n\t<meta property=\"og:image:type\" content=\"image\/png\" \/>\n<meta name=\"twitter:card\" content=\"summary_large_image\" \/>\n<meta name=\"twitter:label1\" content=\"Tiempo de lectura\" \/>\n\t<meta name=\"twitter:data1\" content=\"1 minuto\" \/>\n<script type=\"application\/ld+json\" class=\"yoast-schema-graph\">{\"@context\":\"https:\/\/schema.org\",\"@graph\":[{\"@type\":\"WebPage\",\"@id\":\"https:\/\/ticsalutsocial.atoom.space\/es\/event\/5a-jornada-destiu-de-la-professio-farmaceutica\/\",\"url\":\"https:\/\/ticsalutsocial.atoom.space\/es\/event\/5a-jornada-destiu-de-la-professio-farmaceutica\/\",\"name\":\"5a. Jornada de verano de la Profesi\u00f3n Farmac\u00e9utica - Fundaci\u00f3 TIC Salut i Social\",\"isPartOf\":{\"@id\":\"https:\/\/ticsalutsocial.atoom.space\/es\/#website\"},\"primaryImageOfPage\":{\"@id\":\"https:\/\/ticsalutsocial.atoom.space\/es\/event\/5a-jornada-destiu-de-la-professio-farmaceutica\/#primaryimage\"},\"image\":{\"@id\":\"https:\/\/ticsalutsocial.atoom.space\/es\/event\/5a-jornada-destiu-de-la-professio-farmaceutica\/#primaryimage\"},\"thumbnailUrl\":\"https:\/\/ticsalutsocial.atoom.space\/wp-content\/uploads\/2024\/06\/jornada_farma.png\",\"datePublished\":\"2024-06-10T10:18:18+00:00\",\"dateModified\":\"2024-06-10T10:21:55+00:00\",\"breadcrumb\":{\"@id\":\"https:\/\/ticsalutsocial.atoom.space\/es\/event\/5a-jornada-destiu-de-la-professio-farmaceutica\/#breadcrumb\"},\"inLanguage\":\"es\",\"potentialAction\":[{\"@type\":\"ReadAction\",\"target\":[\"https:\/\/ticsalutsocial.atoom.space\/es\/event\/5a-jornada-destiu-de-la-professio-farmaceutica\/\"]}]},{\"@type\":\"ImageObject\",\"inLanguage\":\"es\",\"@id\":\"https:\/\/ticsalutsocial.atoom.space\/es\/event\/5a-jornada-destiu-de-la-professio-farmaceutica\/#primaryimage\",\"url\":\"https:\/\/ticsalutsocial.atoom.space\/wp-content\/uploads\/2024\/06\/jornada_farma.png\",\"contentUrl\":\"https:\/\/ticsalutsocial.atoom.space\/wp-content\/uploads\/2024\/06\/jornada_farma.png\",\"width\":476,\"height\":543},{\"@type\":\"BreadcrumbList\",\"@id\":\"https:\/\/ticsalutsocial.atoom.space\/es\/event\/5a-jornada-destiu-de-la-professio-farmaceutica\/#breadcrumb\",\"itemListElement\":[{\"@type\":\"ListItem\",\"position\":1,\"name\":\"Inici\",\"item\":\"https:\/\/ticsalutsocial.atoom.space\/es\/\"},{\"@type\":\"ListItem\",\"position\":2,\"name\":\"5a. Jornada de verano de la Profesi\u00f3n Farmac\u00e9utica\"}]},{\"@type\":\"WebSite\",\"@id\":\"https:\/\/ticsalutsocial.atoom.space\/es\/#website\",\"url\":\"https:\/\/ticsalutsocial.atoom.space\/es\/\",\"name\":\"Fundaci\u00f3 TIC Salut i Social\",\"description\":\"\",\"potentialAction\":[{\"@type\":\"SearchAction\",\"target\":{\"@type\":\"EntryPoint\",\"urlTemplate\":\"https:\/\/ticsalutsocial.atoom.space\/es\/?s={search_term_string}\"},\"query-input\":{\"@type\":\"PropertyValueSpecification\",\"valueRequired\":true,\"valueName\":\"search_term_string\"}}],\"inLanguage\":\"es\"}]}<\/script>\n<!-- \/ Yoast SEO plugin. -->","yoast_head_json":{"title":"5a. Jornada de verano de la Profesi\u00f3n Farmac\u00e9utica - Fundaci\u00f3 TIC Salut i Social","robots":{"index":"index","follow":"follow","max-snippet":"max-snippet:-1","max-image-preview":"max-image-preview:large","max-video-preview":"max-video-preview:-1"},"canonical":"https:\/\/ticsalutsocial.atoom.space\/es\/event\/5a-jornada-destiu-de-la-professio-farmaceutica\/","og_locale":"es_ES","og_type":"article","og_title":"5a. Jornada de verano de la Profesi\u00f3n Farmac\u00e9utica - Fundaci\u00f3 TIC Salut i Social","og_description":"Este a\u00f1o se reanuda la organizaci\u00f3n de la\u00a0Jornada de Verano de la Profesi\u00f3n Farmac\u00e9utica, que en su 5a. edici\u00f3n tendr\u00e1 lugar en Puigcerd\u00e0 el viernes 19 de julio de 2024, en el marco de la Universidad de Verano Ramon Llull. Esta Jornada, abierta a los farmac\u00e9uticos y farmac\u00e9uticas de las diversas vertientes del ejercicio profesional, [&hellip;]","og_url":"https:\/\/ticsalutsocial.atoom.space\/es\/event\/5a-jornada-destiu-de-la-professio-farmaceutica\/","og_site_name":"Fundaci\u00f3 TIC Salut i Social","article_modified_time":"2024-06-10T10:21:55+00:00","og_image":[{"width":476,"height":543,"url":"https:\/\/ticsalutsocial.atoom.space\/wp-content\/uploads\/2024\/06\/jornada_farma.png","type":"image\/png"}],"twitter_card":"summary_large_image","twitter_misc":{"Tiempo de lectura":"1 minuto"},"schema":{"@context":"https:\/\/schema.org","@graph":[{"@type":"WebPage","@id":"https:\/\/ticsalutsocial.atoom.space\/es\/event\/5a-jornada-destiu-de-la-professio-farmaceutica\/","url":"https:\/\/ticsalutsocial.atoom.space\/es\/event\/5a-jornada-destiu-de-la-professio-farmaceutica\/","name":"5a. Jornada de verano de la Profesi\u00f3n Farmac\u00e9utica - Fundaci\u00f3 TIC Salut i Social","isPartOf":{"@id":"https:\/\/ticsalutsocial.atoom.space\/es\/#website"},"primaryImageOfPage":{"@id":"https:\/\/ticsalutsocial.atoom.space\/es\/event\/5a-jornada-destiu-de-la-professio-farmaceutica\/#primaryimage"},"image":{"@id":"https:\/\/ticsalutsocial.atoom.space\/es\/event\/5a-jornada-destiu-de-la-professio-farmaceutica\/#primaryimage"},"thumbnailUrl":"https:\/\/ticsalutsocial.atoom.space\/wp-content\/uploads\/2024\/06\/jornada_farma.png","datePublished":"2024-06-10T10:18:18+00:00","dateModified":"2024-06-10T10:21:55+00:00","breadcrumb":{"@id":"https:\/\/ticsalutsocial.atoom.space\/es\/event\/5a-jornada-destiu-de-la-professio-farmaceutica\/#breadcrumb"},"inLanguage":"es","potentialAction":[{"@type":"ReadAction","target":["https:\/\/ticsalutsocial.atoom.space\/es\/event\/5a-jornada-destiu-de-la-professio-farmaceutica\/"]}]},{"@type":"ImageObject","inLanguage":"es","@id":"https:\/\/ticsalutsocial.atoom.space\/es\/event\/5a-jornada-destiu-de-la-professio-farmaceutica\/#primaryimage","url":"https:\/\/ticsalutsocial.atoom.space\/wp-content\/uploads\/2024\/06\/jornada_farma.png","contentUrl":"https:\/\/ticsalutsocial.atoom.space\/wp-content\/uploads\/2024\/06\/jornada_farma.png","width":476,"height":543},{"@type":"BreadcrumbList","@id":"https:\/\/ticsalutsocial.atoom.space\/es\/event\/5a-jornada-destiu-de-la-professio-farmaceutica\/#breadcrumb","itemListElement":[{"@type":"ListItem","position":1,"name":"Inici","item":"https:\/\/ticsalutsocial.atoom.space\/es\/"},{"@type":"ListItem","position":2,"name":"5a. Jornada de verano de la Profesi\u00f3n Farmac\u00e9utica"}]},{"@type":"WebSite","@id":"https:\/\/ticsalutsocial.atoom.space\/es\/#website","url":"https:\/\/ticsalutsocial.atoom.space\/es\/","name":"Fundaci\u00f3 TIC Salut i Social","description":"","potentialAction":[{"@type":"SearchAction","target":{"@type":"EntryPoint","urlTemplate":"https:\/\/ticsalutsocial.atoom.space\/es\/?s={search_term_string}"},"query-input":{"@type":"PropertyValueSpecification","valueRequired":true,"valueName":"search_term_string"}}],"inLanguage":"es"}]}},"_links":{"self":[{"href":"https:\/\/ticsalutsocial.atoom.space\/es\/wp-json\/wp\/v2\/event\/27613","targetHints":{"allow":["GET"]}}],"collection":[{"href":"https:\/\/ticsalutsocial.atoom.space\/es\/wp-json\/wp\/v2\/event"}],"about":[{"href":"https:\/\/ticsalutsocial.atoom.space\/es\/wp-json\/wp\/v2\/types\/event"}],"wp:featuredmedia":[{"embeddable":true,"href":"https:\/\/ticsalutsocial.atoom.space\/es\/wp-json\/wp\/v2\/media\/27612"}],"wp:attachment":[{"href":"https:\/\/ticsalutsocial.atoom.space\/es\/wp-json\/wp\/v2\/media?parent=27613"}],"wp:term":[{"taxonomy":"tipus","embeddable":true,"href":"https:\/\/ticsalutsocial.atoom.space\/es\/wp-json\/wp\/v2\/tipus?post=27613"},{"taxonomy":"topic","embeddable":true,"href":"https:\/\/ticsalutsocial.atoom.space\/es\/wp-json\/wp\/v2\/topic?post=27613"}],"curies":[{"name":"wp","href":"https:\/\/api.w.org\/{rel}","templated":true}]}}

5a. Jornada de verano de la Profesión Farmacéutica

<p>Este año se reanuda la organización de la <strong>Jornada de Verano de la Profesión Farmacéutica</strong>, que en su 5a. edición tendrá lugar en <strong>Puigcerdà </strong>el viernes <strong>19 de julio de 2024</strong>, en el marco de la Universidad de Verano Ramon Llull.</p>



<p>Esta Jornada, abierta a los farmacéuticos y farmacéuticas de las diversas vertientes del ejercicio profesional, mantiene su orientación en temáticas novedosas en el ámbito farmacéutico, ofreciendo un interesante intercambio de conocimientos y experiencias, y un agradable motivo de encuentro entre compañeros de profesión , en un entorno privilegiado como es la Cerdanya.</p>



<p>El director de la Fundación, Joan Guanyabens, participa en la sesión «DIGITALIZACIÓN, INTELIGENCIA ARTIFICIAL Y LA NUEVA REVOLUCIÓN TECNOLÓGICA EN SALUD» a las 11:05 h.</p>



<p>Consulta el programa <a href="https://www.cofgi.org/attached/download/9668/ff43b61843f8430b345e9acc13d952bd" target="_blank" rel="noreferrer noopener">aquí</a>.</p>

<!-- This site is optimized with the Yoast SEO plugin v27.1.1 - https://yoast.com/product/yoast-seo-wordpress/ -->
<title>5a. Jornada de verano de la Profesión Farmacéutica - Fundació TIC Salut i Social</title>
<meta name="robots" content="index, follow, max-snippet:-1, max-image-preview:large, max-video-preview:-1" />
<link rel="canonical" href="https://ticsalutsocial.atoom.space/es/event/5a-jornada-destiu-de-la-professio-farmaceutica/" />
<meta property="og:locale" content="es_ES" />
<meta property="og:type" content="article" />
<meta property="og:title" content="5a. Jornada de verano de la Profesión Farmacéutica - Fundació TIC Salut i Social" />
<meta property="og:description" content="Este año se reanuda la organización de la Jornada de Verano de la Profesión Farmacéutica, que en su 5a. edición tendrá lugar en Puigcerdà el viernes 19 de julio de 2024, en el marco de la Universidad de Verano Ramon Llull. Esta Jornada, abierta a los farmacéuticos y farmacéuticas de las diversas vertientes del ejercicio profesional, [&hellip;]" />
<meta property="og:url" content="https://ticsalutsocial.atoom.space/es/event/5a-jornada-destiu-de-la-professio-farmaceutica/" />
<meta property="og:site_name" content="Fundació TIC Salut i Social" />
<meta property="article:modified_time" content="2024-06-10T10:21:55+00:00" />
<meta property="og:image" content="https://ticsalutsocial.atoom.space/wp-content/uploads/2024/06/jornada_farma.png" />
	<meta property="og:image:width" content="476" />
	<meta property="og:image:height" content="543" />
	<meta property="og:image:type" content="image/png" />
<meta name="twitter:card" content="summary_large_image" />
<meta name="twitter:label1" content="Tiempo de lectura" />
	<meta name="twitter:data1" content="1 minuto" />
<script type="application/ld+json" class="yoast-schema-graph">{"@context":"https://schema.org","@graph":[{"@type":"WebPage","@id":"https://ticsalutsocial.atoom.space/es/event/5a-jornada-destiu-de-la-professio-farmaceutica/","url":"https://ticsalutsocial.atoom.space/es/event/5a-jornada-destiu-de-la-professio-farmaceutica/","name":"5a. Jornada de verano de la Profesión Farmacéutica - Fundació TIC Salut i Social","isPartOf":{"@id":"https://ticsalutsocial.atoom.space/es/#website"},"primaryImageOfPage":{"@id":"https://ticsalutsocial.atoom.space/es/event/5a-jornada-destiu-de-la-professio-farmaceutica/#primaryimage"},"image":{"@id":"https://ticsalutsocial.atoom.space/es/event/5a-jornada-destiu-de-la-professio-farmaceutica/#primaryimage"},"thumbnailUrl":"https://ticsalutsocial.atoom.space/wp-content/uploads/2024/06/jornada_farma.png","datePublished":"2024-06-10T10:18:18+00:00","dateModified":"2024-06-10T10:21:55+00:00","breadcrumb":{"@id":"https://ticsalutsocial.atoom.space/es/event/5a-jornada-destiu-de-la-professio-farmaceutica/#breadcrumb"},"inLanguage":"es","potentialAction":[{"@type":"ReadAction","target":["https://ticsalutsocial.atoom.space/es/event/5a-jornada-destiu-de-la-professio-farmaceutica/"]}]},{"@type":"ImageObject","inLanguage":"es","@id":"https://ticsalutsocial.atoom.space/es/event/5a-jornada-destiu-de-la-professio-farmaceutica/#primaryimage","url":"https://ticsalutsocial.atoom.space/wp-content/uploads/2024/06/jornada_farma.png","contentUrl":"https://ticsalutsocial.atoom.space/wp-content/uploads/2024/06/jornada_farma.png","width":476,"height":543},{"@type":"BreadcrumbList","@id":"https://ticsalutsocial.atoom.space/es/event/5a-jornada-destiu-de-la-professio-farmaceutica/#breadcrumb","itemListElement":[{"@type":"ListItem","position":1,"name":"Inici","item":"https://ticsalutsocial.atoom.space/es/"},{"@type":"ListItem","position":2,"name":"5a. Jornada de verano de la Profesión Farmacéutica"}]},{"@type":"WebSite","@id":"https://ticsalutsocial.atoom.space/es/#website","url":"https://ticsalutsocial.atoom.space/es/","name":"Fundació TIC Salut i Social","description":"","potentialAction":[{"@type":"SearchAction","target":{"@type":"EntryPoint","urlTemplate":"https://ticsalutsocial.atoom.space/es/?s={search_term_string}"},"query-input":{"@type":"PropertyValueSpecification","valueRequired":true,"valueName":"search_term_string"}}],"inLanguage":"es"}]}</script>
<!-- / Yoast SEO plugin. -->

5a. Jornada de verano de la Profesión Farmacéutica - Fundació TIC Salut i Social

Este año se reanuda la organización de la Jornada de Verano de la Profesión Farmacéutica, que en su 5a. edición tendrá lugar en Puigcerdà el viernes 19 de julio de 2024, en el marco de la Universidad de Verano Ramon Llull. Esta Jornada, abierta a los farmacéuticos y farmacéuticas de las diversas vertientes del ejercicio profesional, [&hellip;]

Fundació TIC Salut i Social
