
{"id":27684,"date":"2024-06-11T10:43:45","date_gmt":"2024-06-11T08:43:45","guid":{"rendered":"https:\/\/ticsalutsocial.atoom.space\/?post_type=event&#038;p=27684"},"modified":"2024-06-28T11:37:16","modified_gmt":"2024-06-28T09:37:16","slug":"esmorzars-innovadors-en-salut-sessio-1","status":"publish","type":"event","link":"https:\/\/ticsalutsocial.atoom.space\/es\/event\/esmorzars-innovadors-en-salut-sessio-1\/","title":{"rendered":"Desayunos Innovadores en Salud &#8211; Sesi\u00f3n 1"},"content":{"rendered":"\n<p>Tech Barcelona y TIC Salud Social organizan los Desayunos Innovadores en Salud, unas sesiones informativas y networking conectando innovaci\u00f3n y salud. Un encuentro \u00e1gil donde el tejido industrial y el emprendimiento tecnol\u00f3gico podr\u00e1 conocer las necesidades del sistema de salud p\u00fablico a trav\u00e9s de la exposici\u00f3n din\u00e1mica de l\u00edneas de trabajo, proyectos de vanguardia y casos de \u00e9xito transformadores.<\/p>\n\n\n\n<p>La primera sesi\u00f3n, que tendr\u00e1 lugar el martes 2 de julio, en el auditorio del Pier07, se titula &#8216;Programa Salut\/IA&#8217;.<\/p>\n\n\n\n<p>\u00c9ste es el contenido de la sesi\u00f3n:<\/p>\n","protected":false},"featured_media":27734,"menu_order":0,"template":"","meta":{"_acf_changed":true,"inline_featured_image":false},"tipus":[],"topic":[],"class_list":["post-27684","event","type-event","status-publish","has-post-thumbnail","hentry"],"acf":{"informacio":{"ubicacio":"Tech Barcelona Pier07 Auditori","data":"02\/07\/2024","hora":"","preu":"","inscripcions":"https:\/\/forms.zohopublic.eu\/techbarcelona\/form\/TBxTICSalutProgramaSalutIA\/formperma\/D4ML9NTDNHuVbzWbkQvt1r3v3CsNxorMrKI5T0ulzeU"},"programa":{"titol":"Agenda","items":[{"titol":"09:00 \u2013 Apertura puertas","contingut":""},{"titol":"09:15 \u2013 Bienvenida","contingut":""},{"titol":"09:20 \u2013\u00a0Programa para la promoci\u00f3n y el desarrollo de la IA en el Sistema de Salud de Catalunya\u00a0(Programa Salut\/ IA).","contingut":"Susanna Auss\u00f3, Responsable IA Fundaci\u00f3n TIC Salut Social y Secretaria del Programa Salut\/ IA."},{"titol":"10:00 \u2013\u00a0Dinamizaci\u00f3n de pruebas de concepto de Innovaci\u00f3n","contingut":"Llu\u00eds Sancliment, Gestor de dinamizaci\u00f3n de innovaci\u00f3n digital. Direcci\u00f3n de Innovaci\u00f3n Digital del CTTI, Generalitat de Catalunya."},{"titol":"10:15 \u2013 Caso de \u00e9xito: NUCLIA, indexaci\u00f3n autom\u00e1tica mediante IA generativa.","contingut":"Eudald Camprub\u00ed, CEO\u00a0Nuclia."},{"titol":"10:40 \u2013 Preguntas y respuestas","contingut":""}]},"imatge":27734,"documents":false},"yoast_head":"<!-- This site is optimized with the Yoast SEO plugin v27.1.1 - https:\/\/yoast.com\/product\/yoast-seo-wordpress\/ -->\n<title>Desayunos Innovadores en Salud - Sesi\u00f3n 1 - Fundaci\u00f3 TIC Salut i Social<\/title>\n<meta name=\"robots\" content=\"index, follow, max-snippet:-1, max-image-preview:large, max-video-preview:-1\" \/>\n<link rel=\"canonical\" href=\"https:\/\/ticsalutsocial.atoom.space\/es\/event\/esmorzars-innovadors-en-salut-sessio-1\/\" \/>\n<meta property=\"og:locale\" content=\"es_ES\" \/>\n<meta property=\"og:type\" content=\"article\" \/>\n<meta property=\"og:title\" content=\"Desayunos Innovadores en Salud - Sesi\u00f3n 1 - Fundaci\u00f3 TIC Salut i Social\" \/>\n<meta property=\"og:description\" content=\"Tech Barcelona y TIC Salud Social organizan los Desayunos Innovadores en Salud, unas sesiones informativas y networking conectando innovaci\u00f3n y salud. Un encuentro \u00e1gil donde el tejido industrial y el emprendimiento tecnol\u00f3gico podr\u00e1 conocer las necesidades del sistema de salud p\u00fablico a trav\u00e9s de la exposici\u00f3n din\u00e1mica de l\u00edneas de trabajo, proyectos de vanguardia y [&hellip;]\" \/>\n<meta property=\"og:url\" content=\"https:\/\/ticsalutsocial.atoom.space\/es\/event\/esmorzars-innovadors-en-salut-sessio-1\/\" \/>\n<meta property=\"og:site_name\" content=\"Fundaci\u00f3 TIC Salut i Social\" \/>\n<meta property=\"article:modified_time\" content=\"2024-06-28T09:37:16+00:00\" \/>\n<meta property=\"og:image\" content=\"https:\/\/ticsalutsocial.atoom.space\/wp-content\/uploads\/2024\/06\/TBW_Q08-\u2013-38-scaled.jpg\" \/>\n\t<meta property=\"og:image:width\" content=\"2560\" \/>\n\t<meta property=\"og:image:height\" content=\"1440\" \/>\n\t<meta property=\"og:image:type\" content=\"image\/jpeg\" \/>\n<meta name=\"twitter:card\" content=\"summary_large_image\" \/>\n<meta name=\"twitter:label1\" content=\"Tiempo de lectura\" \/>\n\t<meta name=\"twitter:data1\" content=\"1 minuto\" \/>\n<script type=\"application\/ld+json\" class=\"yoast-schema-graph\">{\"@context\":\"https:\/\/schema.org\",\"@graph\":[{\"@type\":\"WebPage\",\"@id\":\"https:\/\/ticsalutsocial.atoom.space\/es\/event\/esmorzars-innovadors-en-salut-sessio-1\/\",\"url\":\"https:\/\/ticsalutsocial.atoom.space\/es\/event\/esmorzars-innovadors-en-salut-sessio-1\/\",\"name\":\"Desayunos Innovadores en Salud - Sesi\u00f3n 1 - Fundaci\u00f3 TIC Salut i Social\",\"isPartOf\":{\"@id\":\"https:\/\/ticsalutsocial.atoom.space\/es\/#website\"},\"primaryImageOfPage\":{\"@id\":\"https:\/\/ticsalutsocial.atoom.space\/es\/event\/esmorzars-innovadors-en-salut-sessio-1\/#primaryimage\"},\"image\":{\"@id\":\"https:\/\/ticsalutsocial.atoom.space\/es\/event\/esmorzars-innovadors-en-salut-sessio-1\/#primaryimage\"},\"thumbnailUrl\":\"https:\/\/ticsalutsocial.atoom.space\/wp-content\/uploads\/2024\/06\/TBW_Q08-\u2013-38-scaled.jpg\",\"datePublished\":\"2024-06-11T08:43:45+00:00\",\"dateModified\":\"2024-06-28T09:37:16+00:00\",\"breadcrumb\":{\"@id\":\"https:\/\/ticsalutsocial.atoom.space\/es\/event\/esmorzars-innovadors-en-salut-sessio-1\/#breadcrumb\"},\"inLanguage\":\"es\",\"potentialAction\":[{\"@type\":\"ReadAction\",\"target\":[\"https:\/\/ticsalutsocial.atoom.space\/es\/event\/esmorzars-innovadors-en-salut-sessio-1\/\"]}]},{\"@type\":\"ImageObject\",\"inLanguage\":\"es\",\"@id\":\"https:\/\/ticsalutsocial.atoom.space\/es\/event\/esmorzars-innovadors-en-salut-sessio-1\/#primaryimage\",\"url\":\"https:\/\/ticsalutsocial.atoom.space\/wp-content\/uploads\/2024\/06\/TBW_Q08-\u2013-38-scaled.jpg\",\"contentUrl\":\"https:\/\/ticsalutsocial.atoom.space\/wp-content\/uploads\/2024\/06\/TBW_Q08-\u2013-38-scaled.jpg\",\"width\":2560,\"height\":1440},{\"@type\":\"BreadcrumbList\",\"@id\":\"https:\/\/ticsalutsocial.atoom.space\/es\/event\/esmorzars-innovadors-en-salut-sessio-1\/#breadcrumb\",\"itemListElement\":[{\"@type\":\"ListItem\",\"position\":1,\"name\":\"Inici\",\"item\":\"https:\/\/ticsalutsocial.atoom.space\/es\/\"},{\"@type\":\"ListItem\",\"position\":2,\"name\":\"Desayunos Innovadores en Salud &#8211; Sesi\u00f3n 1\"}]},{\"@type\":\"WebSite\",\"@id\":\"https:\/\/ticsalutsocial.atoom.space\/es\/#website\",\"url\":\"https:\/\/ticsalutsocial.atoom.space\/es\/\",\"name\":\"Fundaci\u00f3 TIC Salut i Social\",\"description\":\"\",\"potentialAction\":[{\"@type\":\"SearchAction\",\"target\":{\"@type\":\"EntryPoint\",\"urlTemplate\":\"https:\/\/ticsalutsocial.atoom.space\/es\/?s={search_term_string}\"},\"query-input\":{\"@type\":\"PropertyValueSpecification\",\"valueRequired\":true,\"valueName\":\"search_term_string\"}}],\"inLanguage\":\"es\"}]}<\/script>\n<!-- \/ Yoast SEO plugin. -->","yoast_head_json":{"title":"Desayunos Innovadores en Salud - Sesi\u00f3n 1 - Fundaci\u00f3 TIC Salut i Social","robots":{"index":"index","follow":"follow","max-snippet":"max-snippet:-1","max-image-preview":"max-image-preview:large","max-video-preview":"max-video-preview:-1"},"canonical":"https:\/\/ticsalutsocial.atoom.space\/es\/event\/esmorzars-innovadors-en-salut-sessio-1\/","og_locale":"es_ES","og_type":"article","og_title":"Desayunos Innovadores en Salud - Sesi\u00f3n 1 - Fundaci\u00f3 TIC Salut i Social","og_description":"Tech Barcelona y TIC Salud Social organizan los Desayunos Innovadores en Salud, unas sesiones informativas y networking conectando innovaci\u00f3n y salud. Un encuentro \u00e1gil donde el tejido industrial y el emprendimiento tecnol\u00f3gico podr\u00e1 conocer las necesidades del sistema de salud p\u00fablico a trav\u00e9s de la exposici\u00f3n din\u00e1mica de l\u00edneas de trabajo, proyectos de vanguardia y [&hellip;]","og_url":"https:\/\/ticsalutsocial.atoom.space\/es\/event\/esmorzars-innovadors-en-salut-sessio-1\/","og_site_name":"Fundaci\u00f3 TIC Salut i Social","article_modified_time":"2024-06-28T09:37:16+00:00","og_image":[{"width":2560,"height":1440,"url":"https:\/\/ticsalutsocial.atoom.space\/wp-content\/uploads\/2024\/06\/TBW_Q08-\u2013-38-scaled.jpg","type":"image\/jpeg"}],"twitter_card":"summary_large_image","twitter_misc":{"Tiempo de lectura":"1 minuto"},"schema":{"@context":"https:\/\/schema.org","@graph":[{"@type":"WebPage","@id":"https:\/\/ticsalutsocial.atoom.space\/es\/event\/esmorzars-innovadors-en-salut-sessio-1\/","url":"https:\/\/ticsalutsocial.atoom.space\/es\/event\/esmorzars-innovadors-en-salut-sessio-1\/","name":"Desayunos Innovadores en Salud - Sesi\u00f3n 1 - Fundaci\u00f3 TIC Salut i Social","isPartOf":{"@id":"https:\/\/ticsalutsocial.atoom.space\/es\/#website"},"primaryImageOfPage":{"@id":"https:\/\/ticsalutsocial.atoom.space\/es\/event\/esmorzars-innovadors-en-salut-sessio-1\/#primaryimage"},"image":{"@id":"https:\/\/ticsalutsocial.atoom.space\/es\/event\/esmorzars-innovadors-en-salut-sessio-1\/#primaryimage"},"thumbnailUrl":"https:\/\/ticsalutsocial.atoom.space\/wp-content\/uploads\/2024\/06\/TBW_Q08-\u2013-38-scaled.jpg","datePublished":"2024-06-11T08:43:45+00:00","dateModified":"2024-06-28T09:37:16+00:00","breadcrumb":{"@id":"https:\/\/ticsalutsocial.atoom.space\/es\/event\/esmorzars-innovadors-en-salut-sessio-1\/#breadcrumb"},"inLanguage":"es","potentialAction":[{"@type":"ReadAction","target":["https:\/\/ticsalutsocial.atoom.space\/es\/event\/esmorzars-innovadors-en-salut-sessio-1\/"]}]},{"@type":"ImageObject","inLanguage":"es","@id":"https:\/\/ticsalutsocial.atoom.space\/es\/event\/esmorzars-innovadors-en-salut-sessio-1\/#primaryimage","url":"https:\/\/ticsalutsocial.atoom.space\/wp-content\/uploads\/2024\/06\/TBW_Q08-\u2013-38-scaled.jpg","contentUrl":"https:\/\/ticsalutsocial.atoom.space\/wp-content\/uploads\/2024\/06\/TBW_Q08-\u2013-38-scaled.jpg","width":2560,"height":1440},{"@type":"BreadcrumbList","@id":"https:\/\/ticsalutsocial.atoom.space\/es\/event\/esmorzars-innovadors-en-salut-sessio-1\/#breadcrumb","itemListElement":[{"@type":"ListItem","position":1,"name":"Inici","item":"https:\/\/ticsalutsocial.atoom.space\/es\/"},{"@type":"ListItem","position":2,"name":"Desayunos Innovadores en Salud &#8211; Sesi\u00f3n 1"}]},{"@type":"WebSite","@id":"https:\/\/ticsalutsocial.atoom.space\/es\/#website","url":"https:\/\/ticsalutsocial.atoom.space\/es\/","name":"Fundaci\u00f3 TIC Salut i Social","description":"","potentialAction":[{"@type":"SearchAction","target":{"@type":"EntryPoint","urlTemplate":"https:\/\/ticsalutsocial.atoom.space\/es\/?s={search_term_string}"},"query-input":{"@type":"PropertyValueSpecification","valueRequired":true,"valueName":"search_term_string"}}],"inLanguage":"es"}]}},"_links":{"self":[{"href":"https:\/\/ticsalutsocial.atoom.space\/es\/wp-json\/wp\/v2\/event\/27684","targetHints":{"allow":["GET"]}}],"collection":[{"href":"https:\/\/ticsalutsocial.atoom.space\/es\/wp-json\/wp\/v2\/event"}],"about":[{"href":"https:\/\/ticsalutsocial.atoom.space\/es\/wp-json\/wp\/v2\/types\/event"}],"wp:featuredmedia":[{"embeddable":true,"href":"https:\/\/ticsalutsocial.atoom.space\/es\/wp-json\/wp\/v2\/media\/27734"}],"wp:attachment":[{"href":"https:\/\/ticsalutsocial.atoom.space\/es\/wp-json\/wp\/v2\/media?parent=27684"}],"wp:term":[{"taxonomy":"tipus","embeddable":true,"href":"https:\/\/ticsalutsocial.atoom.space\/es\/wp-json\/wp\/v2\/tipus?post=27684"},{"taxonomy":"topic","embeddable":true,"href":"https:\/\/ticsalutsocial.atoom.space\/es\/wp-json\/wp\/v2\/topic?post=27684"}],"curies":[{"name":"wp","href":"https:\/\/api.w.org\/{rel}","templated":true}]}}

Desayunos Innovadores en Salud &#8211; Sesión 1

<p>Tech Barcelona y TIC Salud Social organizan los Desayunos Innovadores en Salud, unas sesiones informativas y networking conectando innovación y salud. Un encuentro ágil donde el tejido industrial y el emprendimiento tecnológico podrá conocer las necesidades del sistema de salud público a través de la exposición dinámica de líneas de trabajo, proyectos de vanguardia y casos de éxito transformadores.</p>



<p>La primera sesión, que tendrá lugar el martes 2 de julio, en el auditorio del Pier07, se titula &#8216;Programa Salut/IA&#8217;.</p>



<p>Éste es el contenido de la sesión:</p>

09:20 – Programa para la promoción y el desarrollo de la IA en el Sistema de Salud de Catalunya (Programa Salut/ IA).

Susanna Aussó, Responsable IA Fundación TIC Salut Social y Secretaria del Programa Salut/ IA.

10:00 – Dinamización de pruebas de concepto de Innovación

Lluís Sancliment, Gestor de dinamización de innovación digital. Dirección de Innovación Digital del CTTI, Generalitat de Catalunya.

10:15 – Caso de éxito: NUCLIA, indexación automática mediante IA generativa.

Eudald Camprubí, CEO Nuclia.

<!-- This site is optimized with the Yoast SEO plugin v27.1.1 - https://yoast.com/product/yoast-seo-wordpress/ -->
<title>Desayunos Innovadores en Salud - Sesión 1 - Fundació TIC Salut i Social</title>
<meta name="robots" content="index, follow, max-snippet:-1, max-image-preview:large, max-video-preview:-1" />
<link rel="canonical" href="https://ticsalutsocial.atoom.space/es/event/esmorzars-innovadors-en-salut-sessio-1/" />
<meta property="og:locale" content="es_ES" />
<meta property="og:type" content="article" />
<meta property="og:title" content="Desayunos Innovadores en Salud - Sesión 1 - Fundació TIC Salut i Social" />
<meta property="og:description" content="Tech Barcelona y TIC Salud Social organizan los Desayunos Innovadores en Salud, unas sesiones informativas y networking conectando innovación y salud. Un encuentro ágil donde el tejido industrial y el emprendimiento tecnológico podrá conocer las necesidades del sistema de salud público a través de la exposición dinámica de líneas de trabajo, proyectos de vanguardia y [&hellip;]" />
<meta property="og:url" content="https://ticsalutsocial.atoom.space/es/event/esmorzars-innovadors-en-salut-sessio-1/" />
<meta property="og:site_name" content="Fundació TIC Salut i Social" />
<meta property="article:modified_time" content="2024-06-28T09:37:16+00:00" />
<meta property="og:image" content="https://ticsalutsocial.atoom.space/wp-content/uploads/2024/06/TBW_Q08-–-38-scaled.jpg" />
	<meta property="og:image:width" content="2560" />
	<meta property="og:image:height" content="1440" />
	<meta property="og:image:type" content="image/jpeg" />
<meta name="twitter:card" content="summary_large_image" />
<meta name="twitter:label1" content="Tiempo de lectura" />
	<meta name="twitter:data1" content="1 minuto" />
<script type="application/ld+json" class="yoast-schema-graph">{"@context":"https://schema.org","@graph":[{"@type":"WebPage","@id":"https://ticsalutsocial.atoom.space/es/event/esmorzars-innovadors-en-salut-sessio-1/","url":"https://ticsalutsocial.atoom.space/es/event/esmorzars-innovadors-en-salut-sessio-1/","name":"Desayunos Innovadores en Salud - Sesión 1 - Fundació TIC Salut i Social","isPartOf":{"@id":"https://ticsalutsocial.atoom.space/es/#website"},"primaryImageOfPage":{"@id":"https://ticsalutsocial.atoom.space/es/event/esmorzars-innovadors-en-salut-sessio-1/#primaryimage"},"image":{"@id":"https://ticsalutsocial.atoom.space/es/event/esmorzars-innovadors-en-salut-sessio-1/#primaryimage"},"thumbnailUrl":"https://ticsalutsocial.atoom.space/wp-content/uploads/2024/06/TBW_Q08-–-38-scaled.jpg","datePublished":"2024-06-11T08:43:45+00:00","dateModified":"2024-06-28T09:37:16+00:00","breadcrumb":{"@id":"https://ticsalutsocial.atoom.space/es/event/esmorzars-innovadors-en-salut-sessio-1/#breadcrumb"},"inLanguage":"es","potentialAction":[{"@type":"ReadAction","target":["https://ticsalutsocial.atoom.space/es/event/esmorzars-innovadors-en-salut-sessio-1/"]}]},{"@type":"ImageObject","inLanguage":"es","@id":"https://ticsalutsocial.atoom.space/es/event/esmorzars-innovadors-en-salut-sessio-1/#primaryimage","url":"https://ticsalutsocial.atoom.space/wp-content/uploads/2024/06/TBW_Q08-–-38-scaled.jpg","contentUrl":"https://ticsalutsocial.atoom.space/wp-content/uploads/2024/06/TBW_Q08-–-38-scaled.jpg","width":2560,"height":1440},{"@type":"BreadcrumbList","@id":"https://ticsalutsocial.atoom.space/es/event/esmorzars-innovadors-en-salut-sessio-1/#breadcrumb","itemListElement":[{"@type":"ListItem","position":1,"name":"Inici","item":"https://ticsalutsocial.atoom.space/es/"},{"@type":"ListItem","position":2,"name":"Desayunos Innovadores en Salud &#8211; Sesión 1"}]},{"@type":"WebSite","@id":"https://ticsalutsocial.atoom.space/es/#website","url":"https://ticsalutsocial.atoom.space/es/","name":"Fundació TIC Salut i Social","description":"","potentialAction":[{"@type":"SearchAction","target":{"@type":"EntryPoint","urlTemplate":"https://ticsalutsocial.atoom.space/es/?s={search_term_string}"},"query-input":{"@type":"PropertyValueSpecification","valueRequired":true,"valueName":"search_term_string"}}],"inLanguage":"es"}]}</script>
<!-- / Yoast SEO plugin. -->

Desayunos Innovadores en Salud - Sesión 1 - Fundació TIC Salut i Social

Tech Barcelona y TIC Salud Social organizan los Desayunos Innovadores en Salud, unas sesiones informativas y networking conectando innovación y salud. Un encuentro ágil donde el tejido industrial y el emprendimiento tecnológico podrá conocer las necesidades del sistema de salud público a través de la exposición dinámica de líneas de trabajo, proyectos de vanguardia y [&hellip;]

Fundació TIC Salut i Social
