
{"id":27877,"date":"2024-07-04T09:39:18","date_gmt":"2024-07-04T07:39:18","guid":{"rendered":"https:\/\/ticsalutsocial.atoom.space\/event\/tech-barcelona-x-tic-salut-social-atencio-integrada-social-i-sanitari\/"},"modified":"2024-08-28T11:52:30","modified_gmt":"2024-08-28T09:52:30","slug":"tech-barcelona-x-tic-salut-social-atencio-integrada-social-i-sanitari","status":"publish","type":"event","link":"https:\/\/ticsalutsocial.atoom.space\/es\/event\/tech-barcelona-x-tic-salut-social-atencio-integrada-social-i-sanitari\/","title":{"rendered":"Tech Barcelona x TIC Salut Social: Atenci\u00f3 Integrada Social i Sanitari"},"content":{"rendered":"\r\n<p>El <strong>26 de setembre<\/strong> se celebra la segona sessi\u00f3 d&#8217;<strong>Esmorzars Innovadors en Salut i Social<\/strong>. Aquesta tractar\u00e0 sobre l&#8217;Atenci\u00f3 Integrada Social i Sanit\u00e0ria.<\/p>\r\n\r\n\r\n\r\n<p>El <strong>Fernando Leeson<\/strong>, director de l&#8217;\u00e0rea de Transformaci\u00f3 Digital de la Fundaci\u00f3, participa a la sessi\u00f3 \u00abLa Fundaci\u00f3 TIC Salut Social i l&#8217;Atenci\u00f3 Integrada\u00bb a les 9:20h.<\/p>\r\n\r\n\r\n\r\n<figure class=\"wp-block-image size-full\"><\/figure>\r\n<p><img loading=\"lazy\" decoding=\"async\" class=\"aligncenter wp-image-28207 size-large\" src=\"https:\/\/ticsalutsocial.atoom.space\/wp-content\/uploads\/2024\/07\/TBW_Q08-\u2013-8-1-2-1024x576.png\" alt=\"\" width=\"1024\" height=\"576\" srcset=\"https:\/\/ticsalutsocial.atoom.space\/wp-content\/uploads\/2024\/07\/TBW_Q08-\u2013-8-1-2-1024x576.png 1024w, https:\/\/ticsalutsocial.atoom.space\/wp-content\/uploads\/2024\/07\/TBW_Q08-\u2013-8-1-2-300x169.png 300w, https:\/\/ticsalutsocial.atoom.space\/wp-content\/uploads\/2024\/07\/TBW_Q08-\u2013-8-1-2-768x432.png 768w, https:\/\/ticsalutsocial.atoom.space\/wp-content\/uploads\/2024\/07\/TBW_Q08-\u2013-8-1-2-1536x864.png 1536w, https:\/\/ticsalutsocial.atoom.space\/wp-content\/uploads\/2024\/07\/TBW_Q08-\u2013-8-1-2-2048x1152.png 2048w\" sizes=\"auto, (max-width: 1024px) 100vw, 1024px\" \/><\/p>\r\n","protected":false},"featured_media":0,"menu_order":0,"template":"","meta":{"_acf_changed":false,"inline_featured_image":false},"tipus":[],"topic":[],"class_list":["post-27877","event","type-event","status-publish","hentry"],"acf":{"imatge":28216,"informacio":{"ubicacio":"Pier01 - Pla\u00e7a de Pau Vila, 1, 08003 BCN","data":"26\/09\/2024","hora":"9:00","preu":"Gratu\u00eft pr\u00e8via inscripci\u00f3","inscripcions":"https:\/\/forms.zohopublic.eu\/techbarcelona\/form\/TBxTICSalutAtenciintegradasocialisanitari\/formperma\/81Sp0S3l4VVb4PLhEinllvtjhLWOIxTiq3wiOmcdoWI"},"programa":{"titol":"","items":false}},"yoast_head":"<!-- This site is optimized with the Yoast SEO plugin v27.1.1 - https:\/\/yoast.com\/product\/yoast-seo-wordpress\/ -->\n<title>Tech Barcelona x TIC Salut Social: Atenci\u00f3 Integrada Social i Sanitari - Fundaci\u00f3 TIC Salut i Social<\/title>\n<meta name=\"robots\" content=\"index, follow, max-snippet:-1, max-image-preview:large, max-video-preview:-1\" \/>\n<link rel=\"canonical\" href=\"https:\/\/ticsalutsocial.atoom.space\/es\/event\/tech-barcelona-x-tic-salut-social-atencio-integrada-social-i-sanitari\/\" \/>\n<meta property=\"og:locale\" content=\"es_ES\" \/>\n<meta property=\"og:type\" content=\"article\" \/>\n<meta property=\"og:title\" content=\"Tech Barcelona x TIC Salut Social: Atenci\u00f3 Integrada Social i Sanitari - Fundaci\u00f3 TIC Salut i Social\" \/>\n<meta property=\"og:description\" content=\"El 26 de setembre se celebra la segona sessi\u00f3 d&#8217;Esmorzars Innovadors en Salut i Social. Aquesta tractar\u00e0 sobre l&#8217;Atenci\u00f3 Integrada Social i Sanit\u00e0ria. El Fernando Leeson, director de l&#8217;\u00e0rea de Transformaci\u00f3 Digital de la Fundaci\u00f3, participa a la sessi\u00f3 \u00abLa Fundaci\u00f3 TIC Salut Social i l&#8217;Atenci\u00f3 Integrada\u00bb a les 9:20h.\" \/>\n<meta property=\"og:url\" content=\"https:\/\/ticsalutsocial.atoom.space\/es\/event\/tech-barcelona-x-tic-salut-social-atencio-integrada-social-i-sanitari\/\" \/>\n<meta property=\"og:site_name\" content=\"Fundaci\u00f3 TIC Salut i Social\" \/>\n<meta property=\"article:modified_time\" content=\"2024-08-28T09:52:30+00:00\" \/>\n<meta name=\"twitter:card\" content=\"summary_large_image\" \/>\n<script type=\"application\/ld+json\" class=\"yoast-schema-graph\">{\"@context\":\"https:\/\/schema.org\",\"@graph\":[{\"@type\":\"WebPage\",\"@id\":\"https:\/\/ticsalutsocial.atoom.space\/es\/event\/tech-barcelona-x-tic-salut-social-atencio-integrada-social-i-sanitari\/\",\"url\":\"https:\/\/ticsalutsocial.atoom.space\/es\/event\/tech-barcelona-x-tic-salut-social-atencio-integrada-social-i-sanitari\/\",\"name\":\"Tech Barcelona x TIC Salut Social: Atenci\u00f3 Integrada Social i Sanitari - Fundaci\u00f3 TIC Salut i Social\",\"isPartOf\":{\"@id\":\"https:\/\/ticsalutsocial.atoom.space\/es\/#website\"},\"datePublished\":\"2024-07-04T07:39:18+00:00\",\"dateModified\":\"2024-08-28T09:52:30+00:00\",\"breadcrumb\":{\"@id\":\"https:\/\/ticsalutsocial.atoom.space\/es\/event\/tech-barcelona-x-tic-salut-social-atencio-integrada-social-i-sanitari\/#breadcrumb\"},\"inLanguage\":\"es\",\"potentialAction\":[{\"@type\":\"ReadAction\",\"target\":[\"https:\/\/ticsalutsocial.atoom.space\/es\/event\/tech-barcelona-x-tic-salut-social-atencio-integrada-social-i-sanitari\/\"]}]},{\"@type\":\"BreadcrumbList\",\"@id\":\"https:\/\/ticsalutsocial.atoom.space\/es\/event\/tech-barcelona-x-tic-salut-social-atencio-integrada-social-i-sanitari\/#breadcrumb\",\"itemListElement\":[{\"@type\":\"ListItem\",\"position\":1,\"name\":\"Inici\",\"item\":\"https:\/\/ticsalutsocial.atoom.space\/es\/\"},{\"@type\":\"ListItem\",\"position\":2,\"name\":\"Tech Barcelona x TIC Salut Social: Atenci\u00f3 Integrada Social i Sanitari\"}]},{\"@type\":\"WebSite\",\"@id\":\"https:\/\/ticsalutsocial.atoom.space\/es\/#website\",\"url\":\"https:\/\/ticsalutsocial.atoom.space\/es\/\",\"name\":\"Fundaci\u00f3 TIC Salut i Social\",\"description\":\"\",\"potentialAction\":[{\"@type\":\"SearchAction\",\"target\":{\"@type\":\"EntryPoint\",\"urlTemplate\":\"https:\/\/ticsalutsocial.atoom.space\/es\/?s={search_term_string}\"},\"query-input\":{\"@type\":\"PropertyValueSpecification\",\"valueRequired\":true,\"valueName\":\"search_term_string\"}}],\"inLanguage\":\"es\"}]}<\/script>\n<!-- \/ Yoast SEO plugin. -->","yoast_head_json":{"title":"Tech Barcelona x TIC Salut Social: Atenci\u00f3 Integrada Social i Sanitari - Fundaci\u00f3 TIC Salut i Social","robots":{"index":"index","follow":"follow","max-snippet":"max-snippet:-1","max-image-preview":"max-image-preview:large","max-video-preview":"max-video-preview:-1"},"canonical":"https:\/\/ticsalutsocial.atoom.space\/es\/event\/tech-barcelona-x-tic-salut-social-atencio-integrada-social-i-sanitari\/","og_locale":"es_ES","og_type":"article","og_title":"Tech Barcelona x TIC Salut Social: Atenci\u00f3 Integrada Social i Sanitari - Fundaci\u00f3 TIC Salut i Social","og_description":"El 26 de setembre se celebra la segona sessi\u00f3 d&#8217;Esmorzars Innovadors en Salut i Social. Aquesta tractar\u00e0 sobre l&#8217;Atenci\u00f3 Integrada Social i Sanit\u00e0ria. El Fernando Leeson, director de l&#8217;\u00e0rea de Transformaci\u00f3 Digital de la Fundaci\u00f3, participa a la sessi\u00f3 \u00abLa Fundaci\u00f3 TIC Salut Social i l&#8217;Atenci\u00f3 Integrada\u00bb a les 9:20h.","og_url":"https:\/\/ticsalutsocial.atoom.space\/es\/event\/tech-barcelona-x-tic-salut-social-atencio-integrada-social-i-sanitari\/","og_site_name":"Fundaci\u00f3 TIC Salut i Social","article_modified_time":"2024-08-28T09:52:30+00:00","twitter_card":"summary_large_image","schema":{"@context":"https:\/\/schema.org","@graph":[{"@type":"WebPage","@id":"https:\/\/ticsalutsocial.atoom.space\/es\/event\/tech-barcelona-x-tic-salut-social-atencio-integrada-social-i-sanitari\/","url":"https:\/\/ticsalutsocial.atoom.space\/es\/event\/tech-barcelona-x-tic-salut-social-atencio-integrada-social-i-sanitari\/","name":"Tech Barcelona x TIC Salut Social: Atenci\u00f3 Integrada Social i Sanitari - Fundaci\u00f3 TIC Salut i Social","isPartOf":{"@id":"https:\/\/ticsalutsocial.atoom.space\/es\/#website"},"datePublished":"2024-07-04T07:39:18+00:00","dateModified":"2024-08-28T09:52:30+00:00","breadcrumb":{"@id":"https:\/\/ticsalutsocial.atoom.space\/es\/event\/tech-barcelona-x-tic-salut-social-atencio-integrada-social-i-sanitari\/#breadcrumb"},"inLanguage":"es","potentialAction":[{"@type":"ReadAction","target":["https:\/\/ticsalutsocial.atoom.space\/es\/event\/tech-barcelona-x-tic-salut-social-atencio-integrada-social-i-sanitari\/"]}]},{"@type":"BreadcrumbList","@id":"https:\/\/ticsalutsocial.atoom.space\/es\/event\/tech-barcelona-x-tic-salut-social-atencio-integrada-social-i-sanitari\/#breadcrumb","itemListElement":[{"@type":"ListItem","position":1,"name":"Inici","item":"https:\/\/ticsalutsocial.atoom.space\/es\/"},{"@type":"ListItem","position":2,"name":"Tech Barcelona x TIC Salut Social: Atenci\u00f3 Integrada Social i Sanitari"}]},{"@type":"WebSite","@id":"https:\/\/ticsalutsocial.atoom.space\/es\/#website","url":"https:\/\/ticsalutsocial.atoom.space\/es\/","name":"Fundaci\u00f3 TIC Salut i Social","description":"","potentialAction":[{"@type":"SearchAction","target":{"@type":"EntryPoint","urlTemplate":"https:\/\/ticsalutsocial.atoom.space\/es\/?s={search_term_string}"},"query-input":{"@type":"PropertyValueSpecification","valueRequired":true,"valueName":"search_term_string"}}],"inLanguage":"es"}]}},"_links":{"self":[{"href":"https:\/\/ticsalutsocial.atoom.space\/es\/wp-json\/wp\/v2\/event\/27877","targetHints":{"allow":["GET"]}}],"collection":[{"href":"https:\/\/ticsalutsocial.atoom.space\/es\/wp-json\/wp\/v2\/event"}],"about":[{"href":"https:\/\/ticsalutsocial.atoom.space\/es\/wp-json\/wp\/v2\/types\/event"}],"wp:attachment":[{"href":"https:\/\/ticsalutsocial.atoom.space\/es\/wp-json\/wp\/v2\/media?parent=27877"}],"wp:term":[{"taxonomy":"tipus","embeddable":true,"href":"https:\/\/ticsalutsocial.atoom.space\/es\/wp-json\/wp\/v2\/tipus?post=27877"},{"taxonomy":"topic","embeddable":true,"href":"https:\/\/ticsalutsocial.atoom.space\/es\/wp-json\/wp\/v2\/topic?post=27877"}],"curies":[{"name":"wp","href":"https:\/\/api.w.org\/{rel}","templated":true}]}}

Tech Barcelona x TIC Salut Social: Atenció Integrada Social i Sanitari

<p>El <strong>26 de setembre</strong> se celebra la segona sessió d&#8217;<strong>Esmorzars Innovadors en Salut i Social</strong>. Aquesta tractarà sobre l&#8217;Atenció Integrada Social i Sanitària.</p>



<p>El <strong>Fernando Leeson</strong>, director de l&#8217;àrea de Transformació Digital de la Fundació, participa a la sessió «La Fundació TIC Salut Social i l&#8217;Atenció Integrada» a les 9:20h.</p>



<figure class="wp-block-image size-full"></figure>
<p><img loading="lazy" decoding="async" class="aligncenter wp-image-28207 size-large" src="https://ticsalutsocial.atoom.space/wp-content/uploads/2024/07/TBW_Q08-–-8-1-2-1024x576.png" alt="" width="1024" height="576" srcset="https://ticsalutsocial.atoom.space/wp-content/uploads/2024/07/TBW_Q08-–-8-1-2-1024x576.png 1024w, https://ticsalutsocial.atoom.space/wp-content/uploads/2024/07/TBW_Q08-–-8-1-2-300x169.png 300w, https://ticsalutsocial.atoom.space/wp-content/uploads/2024/07/TBW_Q08-–-8-1-2-768x432.png 768w, https://ticsalutsocial.atoom.space/wp-content/uploads/2024/07/TBW_Q08-–-8-1-2-1536x864.png 1536w, https://ticsalutsocial.atoom.space/wp-content/uploads/2024/07/TBW_Q08-–-8-1-2-2048x1152.png 2048w" sizes="auto, (max-width: 1024px) 100vw, 1024px" /></p>

Pier01 - Plaça de Pau Vila, 1, 08003 BCN

Gratuït prèvia inscripció

<!-- This site is optimized with the Yoast SEO plugin v27.1.1 - https://yoast.com/product/yoast-seo-wordpress/ -->
<title>Tech Barcelona x TIC Salut Social: Atenció Integrada Social i Sanitari - Fundació TIC Salut i Social</title>
<meta name="robots" content="index, follow, max-snippet:-1, max-image-preview:large, max-video-preview:-1" />
<link rel="canonical" href="https://ticsalutsocial.atoom.space/es/event/tech-barcelona-x-tic-salut-social-atencio-integrada-social-i-sanitari/" />
<meta property="og:locale" content="es_ES" />
<meta property="og:type" content="article" />
<meta property="og:title" content="Tech Barcelona x TIC Salut Social: Atenció Integrada Social i Sanitari - Fundació TIC Salut i Social" />
<meta property="og:description" content="El 26 de setembre se celebra la segona sessió d&#8217;Esmorzars Innovadors en Salut i Social. Aquesta tractarà sobre l&#8217;Atenció Integrada Social i Sanitària. El Fernando Leeson, director de l&#8217;àrea de Transformació Digital de la Fundació, participa a la sessió «La Fundació TIC Salut Social i l&#8217;Atenció Integrada» a les 9:20h." />
<meta property="og:url" content="https://ticsalutsocial.atoom.space/es/event/tech-barcelona-x-tic-salut-social-atencio-integrada-social-i-sanitari/" />
<meta property="og:site_name" content="Fundació TIC Salut i Social" />
<meta property="article:modified_time" content="2024-08-28T09:52:30+00:00" />
<meta name="twitter:card" content="summary_large_image" />
<script type="application/ld+json" class="yoast-schema-graph">{"@context":"https://schema.org","@graph":[{"@type":"WebPage","@id":"https://ticsalutsocial.atoom.space/es/event/tech-barcelona-x-tic-salut-social-atencio-integrada-social-i-sanitari/","url":"https://ticsalutsocial.atoom.space/es/event/tech-barcelona-x-tic-salut-social-atencio-integrada-social-i-sanitari/","name":"Tech Barcelona x TIC Salut Social: Atenció Integrada Social i Sanitari - Fundació TIC Salut i Social","isPartOf":{"@id":"https://ticsalutsocial.atoom.space/es/#website"},"datePublished":"2024-07-04T07:39:18+00:00","dateModified":"2024-08-28T09:52:30+00:00","breadcrumb":{"@id":"https://ticsalutsocial.atoom.space/es/event/tech-barcelona-x-tic-salut-social-atencio-integrada-social-i-sanitari/#breadcrumb"},"inLanguage":"es","potentialAction":[{"@type":"ReadAction","target":["https://ticsalutsocial.atoom.space/es/event/tech-barcelona-x-tic-salut-social-atencio-integrada-social-i-sanitari/"]}]},{"@type":"BreadcrumbList","@id":"https://ticsalutsocial.atoom.space/es/event/tech-barcelona-x-tic-salut-social-atencio-integrada-social-i-sanitari/#breadcrumb","itemListElement":[{"@type":"ListItem","position":1,"name":"Inici","item":"https://ticsalutsocial.atoom.space/es/"},{"@type":"ListItem","position":2,"name":"Tech Barcelona x TIC Salut Social: Atenció Integrada Social i Sanitari"}]},{"@type":"WebSite","@id":"https://ticsalutsocial.atoom.space/es/#website","url":"https://ticsalutsocial.atoom.space/es/","name":"Fundació TIC Salut i Social","description":"","potentialAction":[{"@type":"SearchAction","target":{"@type":"EntryPoint","urlTemplate":"https://ticsalutsocial.atoom.space/es/?s={search_term_string}"},"query-input":{"@type":"PropertyValueSpecification","valueRequired":true,"valueName":"search_term_string"}}],"inLanguage":"es"}]}</script>
<!-- / Yoast SEO plugin. -->

Tech Barcelona x TIC Salut Social: Atenció Integrada Social i Sanitari - Fundació TIC Salut i Social

El 26 de setembre se celebra la segona sessió d&#8217;Esmorzars Innovadors en Salut i Social. Aquesta tractarà sobre l&#8217;Atenció Integrada Social i Sanitària. El Fernando Leeson, director de l&#8217;àrea de Transformació Digital de la Fundació, participa a la sessió «La Fundació TIC Salut Social i l&#8217;Atenció Integrada» a les 9:20h.

Fundació TIC Salut i Social
