
{"id":27934,"date":"2024-07-12T09:27:45","date_gmt":"2024-07-12T07:27:45","guid":{"rendered":"https:\/\/ticsalutsocial.atoom.space\/event\/barcelona-health-innovation-week-2025\/"},"modified":"2025-01-31T14:26:32","modified_gmt":"2025-01-31T12:26:32","slug":"barcelona-health-innovation-week-2025","status":"publish","type":"event","link":"https:\/\/ticsalutsocial.atoom.space\/es\/event\/barcelona-health-innovation-week-2025\/","title":{"rendered":"Barcelona Health Innovation Week 2025"},"content":{"rendered":"\r\n<p>Del 17 al 21 de febrero de 2025, Biocat celebrar\u00e1 el ecosistema vibrante y din\u00e1mico de las ciencias de la vida y la salud que convierte a Barcelona en un centro global de innovaci\u00f3n en salud. Como parte de la presentaci\u00f3n del Informe BioRegion 2024, el evento de este a\u00f1o contar\u00e1 con una amplia variedad de actividades organizadas por todos los actores del ecosistema: startups, scaleups, industria, centros de investigaci\u00f3n, organizaciones de apoyo, asociaciones y consultores.<\/p>\r\n<p>Consulta el programa <a href=\"https:\/\/bcnhealthinnovationweek.biocat.cat\/?utm_source=Mailings%20General&amp;utm_campaign=f7be8e630a-Biocat%20Programs%20%26%20Events%20Juliol%20CAT&amp;utm_medium=email&amp;utm_term=0_c9d6733828-f7be8e630a-128906434&amp;mc_cid=f7be8e630a&amp;mc_eid=5d255a365d#program\" target=\"_blank\" rel=\"noreferrer noopener\">aqu\u00ed<\/a>.<\/p>\r\n","protected":false},"featured_media":0,"menu_order":0,"template":"","meta":{"_acf_changed":false,"inline_featured_image":false},"tipus":[],"topic":[],"class_list":["post-27934","event","type-event","status-publish","hentry"],"acf":{"imatge":27932,"informacio":{"ubicacio":"Auditori AXA \u00b7 Avinguda Diagonal, 547, 08029 Barcelona","data":"17\/02\/2025","hora":"","preu":"","inscripcions":"https:\/\/forms.office.com\/Pages\/ResponsePage.aspx?id=FGTDpEOOmEOic_16sMStfpM4hi6zta1CqCV_dhnw1atUODE2RTA0QTZRVEhaWFhFVFNOVjhYRVJRWS4u"},"programa":{"titol":"","items":false},"documents":false},"yoast_head":"<!-- This site is optimized with the Yoast SEO plugin v27.1.1 - https:\/\/yoast.com\/product\/yoast-seo-wordpress\/ -->\n<title>Barcelona Health Innovation Week 2025 - Fundaci\u00f3 TIC Salut i Social<\/title>\n<meta name=\"robots\" content=\"index, follow, max-snippet:-1, max-image-preview:large, max-video-preview:-1\" \/>\n<link rel=\"canonical\" href=\"https:\/\/ticsalutsocial.atoom.space\/es\/event\/barcelona-health-innovation-week-2025\/\" \/>\n<meta property=\"og:locale\" content=\"es_ES\" \/>\n<meta property=\"og:type\" content=\"article\" \/>\n<meta property=\"og:title\" content=\"Barcelona Health Innovation Week 2025 - Fundaci\u00f3 TIC Salut i Social\" \/>\n<meta property=\"og:description\" content=\"Del 17 al 21 de febrero de 2025, Biocat celebrar\u00e1 el ecosistema vibrante y din\u00e1mico de las ciencias de la vida y la salud que convierte a Barcelona en un centro global de innovaci\u00f3n en salud. Como parte de la presentaci\u00f3n del Informe BioRegion 2024, el evento de este a\u00f1o contar\u00e1 con una amplia variedad [&hellip;]\" \/>\n<meta property=\"og:url\" content=\"https:\/\/ticsalutsocial.atoom.space\/es\/event\/barcelona-health-innovation-week-2025\/\" \/>\n<meta property=\"og:site_name\" content=\"Fundaci\u00f3 TIC Salut i Social\" \/>\n<meta property=\"article:modified_time\" content=\"2025-01-31T12:26:32+00:00\" \/>\n<meta name=\"twitter:card\" content=\"summary_large_image\" \/>\n<meta name=\"twitter:label1\" content=\"Tiempo de lectura\" \/>\n\t<meta name=\"twitter:data1\" content=\"1 minuto\" \/>\n<script type=\"application\/ld+json\" class=\"yoast-schema-graph\">{\"@context\":\"https:\/\/schema.org\",\"@graph\":[{\"@type\":\"WebPage\",\"@id\":\"https:\/\/ticsalutsocial.atoom.space\/es\/event\/barcelona-health-innovation-week-2025\/\",\"url\":\"https:\/\/ticsalutsocial.atoom.space\/es\/event\/barcelona-health-innovation-week-2025\/\",\"name\":\"Barcelona Health Innovation Week 2025 - Fundaci\u00f3 TIC Salut i Social\",\"isPartOf\":{\"@id\":\"https:\/\/ticsalutsocial.atoom.space\/es\/#website\"},\"datePublished\":\"2024-07-12T07:27:45+00:00\",\"dateModified\":\"2025-01-31T12:26:32+00:00\",\"breadcrumb\":{\"@id\":\"https:\/\/ticsalutsocial.atoom.space\/es\/event\/barcelona-health-innovation-week-2025\/#breadcrumb\"},\"inLanguage\":\"es\",\"potentialAction\":[{\"@type\":\"ReadAction\",\"target\":[\"https:\/\/ticsalutsocial.atoom.space\/es\/event\/barcelona-health-innovation-week-2025\/\"]}]},{\"@type\":\"BreadcrumbList\",\"@id\":\"https:\/\/ticsalutsocial.atoom.space\/es\/event\/barcelona-health-innovation-week-2025\/#breadcrumb\",\"itemListElement\":[{\"@type\":\"ListItem\",\"position\":1,\"name\":\"Inici\",\"item\":\"https:\/\/ticsalutsocial.atoom.space\/es\/\"},{\"@type\":\"ListItem\",\"position\":2,\"name\":\"Barcelona Health Innovation Week 2025\"}]},{\"@type\":\"WebSite\",\"@id\":\"https:\/\/ticsalutsocial.atoom.space\/es\/#website\",\"url\":\"https:\/\/ticsalutsocial.atoom.space\/es\/\",\"name\":\"Fundaci\u00f3 TIC Salut i Social\",\"description\":\"\",\"potentialAction\":[{\"@type\":\"SearchAction\",\"target\":{\"@type\":\"EntryPoint\",\"urlTemplate\":\"https:\/\/ticsalutsocial.atoom.space\/es\/?s={search_term_string}\"},\"query-input\":{\"@type\":\"PropertyValueSpecification\",\"valueRequired\":true,\"valueName\":\"search_term_string\"}}],\"inLanguage\":\"es\"}]}<\/script>\n<!-- \/ Yoast SEO plugin. -->","yoast_head_json":{"title":"Barcelona Health Innovation Week 2025 - Fundaci\u00f3 TIC Salut i Social","robots":{"index":"index","follow":"follow","max-snippet":"max-snippet:-1","max-image-preview":"max-image-preview:large","max-video-preview":"max-video-preview:-1"},"canonical":"https:\/\/ticsalutsocial.atoom.space\/es\/event\/barcelona-health-innovation-week-2025\/","og_locale":"es_ES","og_type":"article","og_title":"Barcelona Health Innovation Week 2025 - Fundaci\u00f3 TIC Salut i Social","og_description":"Del 17 al 21 de febrero de 2025, Biocat celebrar\u00e1 el ecosistema vibrante y din\u00e1mico de las ciencias de la vida y la salud que convierte a Barcelona en un centro global de innovaci\u00f3n en salud. Como parte de la presentaci\u00f3n del Informe BioRegion 2024, el evento de este a\u00f1o contar\u00e1 con una amplia variedad [&hellip;]","og_url":"https:\/\/ticsalutsocial.atoom.space\/es\/event\/barcelona-health-innovation-week-2025\/","og_site_name":"Fundaci\u00f3 TIC Salut i Social","article_modified_time":"2025-01-31T12:26:32+00:00","twitter_card":"summary_large_image","twitter_misc":{"Tiempo de lectura":"1 minuto"},"schema":{"@context":"https:\/\/schema.org","@graph":[{"@type":"WebPage","@id":"https:\/\/ticsalutsocial.atoom.space\/es\/event\/barcelona-health-innovation-week-2025\/","url":"https:\/\/ticsalutsocial.atoom.space\/es\/event\/barcelona-health-innovation-week-2025\/","name":"Barcelona Health Innovation Week 2025 - Fundaci\u00f3 TIC Salut i Social","isPartOf":{"@id":"https:\/\/ticsalutsocial.atoom.space\/es\/#website"},"datePublished":"2024-07-12T07:27:45+00:00","dateModified":"2025-01-31T12:26:32+00:00","breadcrumb":{"@id":"https:\/\/ticsalutsocial.atoom.space\/es\/event\/barcelona-health-innovation-week-2025\/#breadcrumb"},"inLanguage":"es","potentialAction":[{"@type":"ReadAction","target":["https:\/\/ticsalutsocial.atoom.space\/es\/event\/barcelona-health-innovation-week-2025\/"]}]},{"@type":"BreadcrumbList","@id":"https:\/\/ticsalutsocial.atoom.space\/es\/event\/barcelona-health-innovation-week-2025\/#breadcrumb","itemListElement":[{"@type":"ListItem","position":1,"name":"Inici","item":"https:\/\/ticsalutsocial.atoom.space\/es\/"},{"@type":"ListItem","position":2,"name":"Barcelona Health Innovation Week 2025"}]},{"@type":"WebSite","@id":"https:\/\/ticsalutsocial.atoom.space\/es\/#website","url":"https:\/\/ticsalutsocial.atoom.space\/es\/","name":"Fundaci\u00f3 TIC Salut i Social","description":"","potentialAction":[{"@type":"SearchAction","target":{"@type":"EntryPoint","urlTemplate":"https:\/\/ticsalutsocial.atoom.space\/es\/?s={search_term_string}"},"query-input":{"@type":"PropertyValueSpecification","valueRequired":true,"valueName":"search_term_string"}}],"inLanguage":"es"}]}},"_links":{"self":[{"href":"https:\/\/ticsalutsocial.atoom.space\/es\/wp-json\/wp\/v2\/event\/27934","targetHints":{"allow":["GET"]}}],"collection":[{"href":"https:\/\/ticsalutsocial.atoom.space\/es\/wp-json\/wp\/v2\/event"}],"about":[{"href":"https:\/\/ticsalutsocial.atoom.space\/es\/wp-json\/wp\/v2\/types\/event"}],"wp:attachment":[{"href":"https:\/\/ticsalutsocial.atoom.space\/es\/wp-json\/wp\/v2\/media?parent=27934"}],"wp:term":[{"taxonomy":"tipus","embeddable":true,"href":"https:\/\/ticsalutsocial.atoom.space\/es\/wp-json\/wp\/v2\/tipus?post=27934"},{"taxonomy":"topic","embeddable":true,"href":"https:\/\/ticsalutsocial.atoom.space\/es\/wp-json\/wp\/v2\/topic?post=27934"}],"curies":[{"name":"wp","href":"https:\/\/api.w.org\/{rel}","templated":true}]}}

<p>Del 17 al 21 de febrero de 2025, Biocat celebrará el ecosistema vibrante y dinámico de las ciencias de la vida y la salud que convierte a Barcelona en un centro global de innovación en salud. Como parte de la presentación del Informe BioRegion 2024, el evento de este año contará con una amplia variedad de actividades organizadas por todos los actores del ecosistema: startups, scaleups, industria, centros de investigación, organizaciones de apoyo, asociaciones y consultores.</p>
<p>Consulta el programa <a href="https://bcnhealthinnovationweek.biocat.cat/?utm_source=Mailings%20General&amp;utm_campaign=f7be8e630a-Biocat%20Programs%20%26%20Events%20Juliol%20CAT&amp;utm_medium=email&amp;utm_term=0_c9d6733828-f7be8e630a-128906434&amp;mc_cid=f7be8e630a&amp;mc_eid=5d255a365d#program" target="_blank" rel="noreferrer noopener">aquí</a>.</p>

<!-- This site is optimized with the Yoast SEO plugin v27.1.1 - https://yoast.com/product/yoast-seo-wordpress/ -->
<title>Barcelona Health Innovation Week 2025 - Fundació TIC Salut i Social</title>
<meta name="robots" content="index, follow, max-snippet:-1, max-image-preview:large, max-video-preview:-1" />
<link rel="canonical" href="https://ticsalutsocial.atoom.space/es/event/barcelona-health-innovation-week-2025/" />
<meta property="og:locale" content="es_ES" />
<meta property="og:type" content="article" />
<meta property="og:title" content="Barcelona Health Innovation Week 2025 - Fundació TIC Salut i Social" />
<meta property="og:description" content="Del 17 al 21 de febrero de 2025, Biocat celebrará el ecosistema vibrante y dinámico de las ciencias de la vida y la salud que convierte a Barcelona en un centro global de innovación en salud. Como parte de la presentación del Informe BioRegion 2024, el evento de este año contará con una amplia variedad [&hellip;]" />
<meta property="og:url" content="https://ticsalutsocial.atoom.space/es/event/barcelona-health-innovation-week-2025/" />
<meta property="og:site_name" content="Fundació TIC Salut i Social" />
<meta property="article:modified_time" content="2025-01-31T12:26:32+00:00" />
<meta name="twitter:card" content="summary_large_image" />
<meta name="twitter:label1" content="Tiempo de lectura" />
	<meta name="twitter:data1" content="1 minuto" />
<script type="application/ld+json" class="yoast-schema-graph">{"@context":"https://schema.org","@graph":[{"@type":"WebPage","@id":"https://ticsalutsocial.atoom.space/es/event/barcelona-health-innovation-week-2025/","url":"https://ticsalutsocial.atoom.space/es/event/barcelona-health-innovation-week-2025/","name":"Barcelona Health Innovation Week 2025 - Fundació TIC Salut i Social","isPartOf":{"@id":"https://ticsalutsocial.atoom.space/es/#website"},"datePublished":"2024-07-12T07:27:45+00:00","dateModified":"2025-01-31T12:26:32+00:00","breadcrumb":{"@id":"https://ticsalutsocial.atoom.space/es/event/barcelona-health-innovation-week-2025/#breadcrumb"},"inLanguage":"es","potentialAction":[{"@type":"ReadAction","target":["https://ticsalutsocial.atoom.space/es/event/barcelona-health-innovation-week-2025/"]}]},{"@type":"BreadcrumbList","@id":"https://ticsalutsocial.atoom.space/es/event/barcelona-health-innovation-week-2025/#breadcrumb","itemListElement":[{"@type":"ListItem","position":1,"name":"Inici","item":"https://ticsalutsocial.atoom.space/es/"},{"@type":"ListItem","position":2,"name":"Barcelona Health Innovation Week 2025"}]},{"@type":"WebSite","@id":"https://ticsalutsocial.atoom.space/es/#website","url":"https://ticsalutsocial.atoom.space/es/","name":"Fundació TIC Salut i Social","description":"","potentialAction":[{"@type":"SearchAction","target":{"@type":"EntryPoint","urlTemplate":"https://ticsalutsocial.atoom.space/es/?s={search_term_string}"},"query-input":{"@type":"PropertyValueSpecification","valueRequired":true,"valueName":"search_term_string"}}],"inLanguage":"es"}]}</script>
<!-- / Yoast SEO plugin. -->

Barcelona Health Innovation Week 2025 - Fundació TIC Salut i Social

Del 17 al 21 de febrero de 2025, Biocat celebrará el ecosistema vibrante y dinámico de las ciencias de la vida y la salud que convierte a Barcelona en un centro global de innovación en salud. Como parte de la presentación del Informe BioRegion 2024, el evento de este año contará con una amplia variedad [&hellip;]

Fundació TIC Salut i Social
