
{"id":27952,"date":"2024-07-15T09:23:01","date_gmt":"2024-07-15T07:23:01","guid":{"rendered":"https:\/\/ticsalutsocial.atoom.space\/?post_type=event&#038;p=27952"},"modified":"2024-07-15T09:24:11","modified_gmt":"2024-07-15T07:24:11","slug":"4d-project-2nd-multiplier-event","status":"publish","type":"event","link":"https:\/\/ticsalutsocial.atoom.space\/es\/event\/4d-project-2nd-multiplier-event\/","title":{"rendered":"4D Project: 2nd\u00a0Multiplier Event"},"content":{"rendered":"\n<p><strong>\u00a0<\/strong>El projecte 4D en la digitalitzaci\u00f3 de l&#8217;aprenentatge a la pr\u00e0ctica pret\u00e9n revolucionar les experi\u00e8ncies d&#8217;aprenentatge en entorns sanitaris mitjan\u00e7ant la integraci\u00f3 de la tecnologia m\u00f2bil en les pr\u00e0ctiques.\u00a0<\/p>\n\n\n\n<p>L&#8217;objectiu del 2nd Multiplier Event\u00a0\u00e9s donar a con\u00e8ixer els resultats de dos components fonamentals del projecte: el Resultat 2, centrat en el disseny i implementaci\u00f3 d&#8217;una aplicaci\u00f3 d&#8217;aprenentatge m\u00f2bil per a l&#8217;aprenentatge basat en la pr\u00e0ctica, i el Resultat 3, centrat en l&#8217;avaluaci\u00f3 i difusi\u00f3 de les millors pr\u00e0ctiques per integrar la tecnologia en les pr\u00e0ctiques.<\/p>\n\n\n\n<p>L&#8217;esdeveniment tindr\u00e0 lloc el 23 d&#8217;octubre de 2024 al TecnoCampus Matar\u00f3-Maresme &#8211; <em>Av.\u00a0Ernest Lluch, 32 | 08302 Matar\u00f3, Barcelona. Espanya.<\/em><\/p>\n","protected":false},"featured_media":27950,"menu_order":0,"template":"","meta":{"_acf_changed":false,"inline_featured_image":false},"tipus":[],"topic":[],"class_list":["post-27952","event","type-event","status-publish","has-post-thumbnail","hentry"],"acf":{"imatge":27950,"informacio":{"ubicacio":"TecnoCampus Matar\u00f3","data":"23\/10\/2024","hora":"","preu":"","inscripcions":"https:\/\/agenda.tecnocampus.cat\/116401\/detail\/projecte-4d-adopcio-de-la-tecnologia-mobil-en-laprenentatge-basat-en-la-practica.html"},"programa":{"titol":"","items":false}},"yoast_head":"<!-- This site is optimized with the Yoast SEO plugin v27.1.1 - https:\/\/yoast.com\/product\/yoast-seo-wordpress\/ -->\n<title>4D Project: 2nd\u00a0Multiplier Event - Fundaci\u00f3 TIC Salut i Social<\/title>\n<meta name=\"robots\" content=\"index, follow, max-snippet:-1, max-image-preview:large, max-video-preview:-1\" \/>\n<link rel=\"canonical\" href=\"https:\/\/ticsalutsocial.atoom.space\/es\/event\/4d-project-2nd-multiplier-event\/\" \/>\n<meta property=\"og:locale\" content=\"es_ES\" \/>\n<meta property=\"og:type\" content=\"article\" \/>\n<meta property=\"og:title\" content=\"4D Project: 2nd\u00a0Multiplier Event - Fundaci\u00f3 TIC Salut i Social\" \/>\n<meta property=\"og:description\" content=\"\u00a0El projecte 4D en la digitalitzaci\u00f3 de l&#8217;aprenentatge a la pr\u00e0ctica pret\u00e9n revolucionar les experi\u00e8ncies d&#8217;aprenentatge en entorns sanitaris mitjan\u00e7ant la integraci\u00f3 de la tecnologia m\u00f2bil en les pr\u00e0ctiques.\u00a0 L&#8217;objectiu del 2nd Multiplier Event\u00a0\u00e9s donar a con\u00e8ixer els resultats de dos components fonamentals del projecte: el Resultat 2, centrat en el disseny i implementaci\u00f3 d&#8217;una [&hellip;]\" \/>\n<meta property=\"og:url\" content=\"https:\/\/ticsalutsocial.atoom.space\/es\/event\/4d-project-2nd-multiplier-event\/\" \/>\n<meta property=\"og:site_name\" content=\"Fundaci\u00f3 TIC Salut i Social\" \/>\n<meta property=\"article:modified_time\" content=\"2024-07-15T07:24:11+00:00\" \/>\n<meta property=\"og:image\" content=\"https:\/\/ticsalutsocial.atoom.space\/wp-content\/uploads\/2024\/07\/172364.png\" \/>\n\t<meta property=\"og:image:width\" content=\"1050\" \/>\n\t<meta property=\"og:image:height\" content=\"600\" \/>\n\t<meta property=\"og:image:type\" content=\"image\/png\" \/>\n<meta name=\"twitter:card\" content=\"summary_large_image\" \/>\n<meta name=\"twitter:label1\" content=\"Tiempo de lectura\" \/>\n\t<meta name=\"twitter:data1\" content=\"1 minuto\" \/>\n<script type=\"application\/ld+json\" class=\"yoast-schema-graph\">{\"@context\":\"https:\/\/schema.org\",\"@graph\":[{\"@type\":\"WebPage\",\"@id\":\"https:\/\/ticsalutsocial.atoom.space\/es\/event\/4d-project-2nd-multiplier-event\/\",\"url\":\"https:\/\/ticsalutsocial.atoom.space\/es\/event\/4d-project-2nd-multiplier-event\/\",\"name\":\"4D Project: 2nd\u00a0Multiplier Event - Fundaci\u00f3 TIC Salut i Social\",\"isPartOf\":{\"@id\":\"https:\/\/ticsalutsocial.atoom.space\/es\/#website\"},\"primaryImageOfPage\":{\"@id\":\"https:\/\/ticsalutsocial.atoom.space\/es\/event\/4d-project-2nd-multiplier-event\/#primaryimage\"},\"image\":{\"@id\":\"https:\/\/ticsalutsocial.atoom.space\/es\/event\/4d-project-2nd-multiplier-event\/#primaryimage\"},\"thumbnailUrl\":\"https:\/\/ticsalutsocial.atoom.space\/wp-content\/uploads\/2024\/07\/172364.png\",\"datePublished\":\"2024-07-15T07:23:01+00:00\",\"dateModified\":\"2024-07-15T07:24:11+00:00\",\"breadcrumb\":{\"@id\":\"https:\/\/ticsalutsocial.atoom.space\/es\/event\/4d-project-2nd-multiplier-event\/#breadcrumb\"},\"inLanguage\":\"es\",\"potentialAction\":[{\"@type\":\"ReadAction\",\"target\":[\"https:\/\/ticsalutsocial.atoom.space\/es\/event\/4d-project-2nd-multiplier-event\/\"]}]},{\"@type\":\"ImageObject\",\"inLanguage\":\"es\",\"@id\":\"https:\/\/ticsalutsocial.atoom.space\/es\/event\/4d-project-2nd-multiplier-event\/#primaryimage\",\"url\":\"https:\/\/ticsalutsocial.atoom.space\/wp-content\/uploads\/2024\/07\/172364.png\",\"contentUrl\":\"https:\/\/ticsalutsocial.atoom.space\/wp-content\/uploads\/2024\/07\/172364.png\",\"width\":1050,\"height\":600},{\"@type\":\"BreadcrumbList\",\"@id\":\"https:\/\/ticsalutsocial.atoom.space\/es\/event\/4d-project-2nd-multiplier-event\/#breadcrumb\",\"itemListElement\":[{\"@type\":\"ListItem\",\"position\":1,\"name\":\"Inici\",\"item\":\"https:\/\/ticsalutsocial.atoom.space\/es\/\"},{\"@type\":\"ListItem\",\"position\":2,\"name\":\"4D Project: 2nd\u00a0Multiplier Event\"}]},{\"@type\":\"WebSite\",\"@id\":\"https:\/\/ticsalutsocial.atoom.space\/es\/#website\",\"url\":\"https:\/\/ticsalutsocial.atoom.space\/es\/\",\"name\":\"Fundaci\u00f3 TIC Salut i Social\",\"description\":\"\",\"potentialAction\":[{\"@type\":\"SearchAction\",\"target\":{\"@type\":\"EntryPoint\",\"urlTemplate\":\"https:\/\/ticsalutsocial.atoom.space\/es\/?s={search_term_string}\"},\"query-input\":{\"@type\":\"PropertyValueSpecification\",\"valueRequired\":true,\"valueName\":\"search_term_string\"}}],\"inLanguage\":\"es\"}]}<\/script>\n<!-- \/ Yoast SEO plugin. -->","yoast_head_json":{"title":"4D Project: 2nd\u00a0Multiplier Event - Fundaci\u00f3 TIC Salut i Social","robots":{"index":"index","follow":"follow","max-snippet":"max-snippet:-1","max-image-preview":"max-image-preview:large","max-video-preview":"max-video-preview:-1"},"canonical":"https:\/\/ticsalutsocial.atoom.space\/es\/event\/4d-project-2nd-multiplier-event\/","og_locale":"es_ES","og_type":"article","og_title":"4D Project: 2nd\u00a0Multiplier Event - Fundaci\u00f3 TIC Salut i Social","og_description":"\u00a0El projecte 4D en la digitalitzaci\u00f3 de l&#8217;aprenentatge a la pr\u00e0ctica pret\u00e9n revolucionar les experi\u00e8ncies d&#8217;aprenentatge en entorns sanitaris mitjan\u00e7ant la integraci\u00f3 de la tecnologia m\u00f2bil en les pr\u00e0ctiques.\u00a0 L&#8217;objectiu del 2nd Multiplier Event\u00a0\u00e9s donar a con\u00e8ixer els resultats de dos components fonamentals del projecte: el Resultat 2, centrat en el disseny i implementaci\u00f3 d&#8217;una [&hellip;]","og_url":"https:\/\/ticsalutsocial.atoom.space\/es\/event\/4d-project-2nd-multiplier-event\/","og_site_name":"Fundaci\u00f3 TIC Salut i Social","article_modified_time":"2024-07-15T07:24:11+00:00","og_image":[{"width":1050,"height":600,"url":"https:\/\/ticsalutsocial.atoom.space\/wp-content\/uploads\/2024\/07\/172364.png","type":"image\/png"}],"twitter_card":"summary_large_image","twitter_misc":{"Tiempo de lectura":"1 minuto"},"schema":{"@context":"https:\/\/schema.org","@graph":[{"@type":"WebPage","@id":"https:\/\/ticsalutsocial.atoom.space\/es\/event\/4d-project-2nd-multiplier-event\/","url":"https:\/\/ticsalutsocial.atoom.space\/es\/event\/4d-project-2nd-multiplier-event\/","name":"4D Project: 2nd\u00a0Multiplier Event - Fundaci\u00f3 TIC Salut i Social","isPartOf":{"@id":"https:\/\/ticsalutsocial.atoom.space\/es\/#website"},"primaryImageOfPage":{"@id":"https:\/\/ticsalutsocial.atoom.space\/es\/event\/4d-project-2nd-multiplier-event\/#primaryimage"},"image":{"@id":"https:\/\/ticsalutsocial.atoom.space\/es\/event\/4d-project-2nd-multiplier-event\/#primaryimage"},"thumbnailUrl":"https:\/\/ticsalutsocial.atoom.space\/wp-content\/uploads\/2024\/07\/172364.png","datePublished":"2024-07-15T07:23:01+00:00","dateModified":"2024-07-15T07:24:11+00:00","breadcrumb":{"@id":"https:\/\/ticsalutsocial.atoom.space\/es\/event\/4d-project-2nd-multiplier-event\/#breadcrumb"},"inLanguage":"es","potentialAction":[{"@type":"ReadAction","target":["https:\/\/ticsalutsocial.atoom.space\/es\/event\/4d-project-2nd-multiplier-event\/"]}]},{"@type":"ImageObject","inLanguage":"es","@id":"https:\/\/ticsalutsocial.atoom.space\/es\/event\/4d-project-2nd-multiplier-event\/#primaryimage","url":"https:\/\/ticsalutsocial.atoom.space\/wp-content\/uploads\/2024\/07\/172364.png","contentUrl":"https:\/\/ticsalutsocial.atoom.space\/wp-content\/uploads\/2024\/07\/172364.png","width":1050,"height":600},{"@type":"BreadcrumbList","@id":"https:\/\/ticsalutsocial.atoom.space\/es\/event\/4d-project-2nd-multiplier-event\/#breadcrumb","itemListElement":[{"@type":"ListItem","position":1,"name":"Inici","item":"https:\/\/ticsalutsocial.atoom.space\/es\/"},{"@type":"ListItem","position":2,"name":"4D Project: 2nd\u00a0Multiplier Event"}]},{"@type":"WebSite","@id":"https:\/\/ticsalutsocial.atoom.space\/es\/#website","url":"https:\/\/ticsalutsocial.atoom.space\/es\/","name":"Fundaci\u00f3 TIC Salut i Social","description":"","potentialAction":[{"@type":"SearchAction","target":{"@type":"EntryPoint","urlTemplate":"https:\/\/ticsalutsocial.atoom.space\/es\/?s={search_term_string}"},"query-input":{"@type":"PropertyValueSpecification","valueRequired":true,"valueName":"search_term_string"}}],"inLanguage":"es"}]}},"_links":{"self":[{"href":"https:\/\/ticsalutsocial.atoom.space\/es\/wp-json\/wp\/v2\/event\/27952","targetHints":{"allow":["GET"]}}],"collection":[{"href":"https:\/\/ticsalutsocial.atoom.space\/es\/wp-json\/wp\/v2\/event"}],"about":[{"href":"https:\/\/ticsalutsocial.atoom.space\/es\/wp-json\/wp\/v2\/types\/event"}],"wp:featuredmedia":[{"embeddable":true,"href":"https:\/\/ticsalutsocial.atoom.space\/es\/wp-json\/wp\/v2\/media\/27950"}],"wp:attachment":[{"href":"https:\/\/ticsalutsocial.atoom.space\/es\/wp-json\/wp\/v2\/media?parent=27952"}],"wp:term":[{"taxonomy":"tipus","embeddable":true,"href":"https:\/\/ticsalutsocial.atoom.space\/es\/wp-json\/wp\/v2\/tipus?post=27952"},{"taxonomy":"topic","embeddable":true,"href":"https:\/\/ticsalutsocial.atoom.space\/es\/wp-json\/wp\/v2\/topic?post=27952"}],"curies":[{"name":"wp","href":"https:\/\/api.w.org\/{rel}","templated":true}]}}

<p><strong> </strong>El projecte 4D en la digitalització de l&#8217;aprenentatge a la pràctica pretén revolucionar les experiències d&#8217;aprenentatge en entorns sanitaris mitjançant la integració de la tecnologia mòbil en les pràctiques. </p>



<p>L&#8217;objectiu del 2nd Multiplier Event és donar a conèixer els resultats de dos components fonamentals del projecte: el Resultat 2, centrat en el disseny i implementació d&#8217;una aplicació d&#8217;aprenentatge mòbil per a l&#8217;aprenentatge basat en la pràctica, i el Resultat 3, centrat en l&#8217;avaluació i difusió de les millors pràctiques per integrar la tecnologia en les pràctiques.</p>



<p>L&#8217;esdeveniment tindrà lloc el 23 d&#8217;octubre de 2024 al TecnoCampus Mataró-Maresme &#8211; <em>Av. Ernest Lluch, 32 | 08302 Mataró, Barcelona. Espanya.</em></p>

TecnoCampus Mataró

<!-- This site is optimized with the Yoast SEO plugin v27.1.1 - https://yoast.com/product/yoast-seo-wordpress/ -->
<title>4D Project: 2nd Multiplier Event - Fundació TIC Salut i Social</title>
<meta name="robots" content="index, follow, max-snippet:-1, max-image-preview:large, max-video-preview:-1" />
<link rel="canonical" href="https://ticsalutsocial.atoom.space/es/event/4d-project-2nd-multiplier-event/" />
<meta property="og:locale" content="es_ES" />
<meta property="og:type" content="article" />
<meta property="og:title" content="4D Project: 2nd Multiplier Event - Fundació TIC Salut i Social" />
<meta property="og:description" content=" El projecte 4D en la digitalització de l&#8217;aprenentatge a la pràctica pretén revolucionar les experiències d&#8217;aprenentatge en entorns sanitaris mitjançant la integració de la tecnologia mòbil en les pràctiques.  L&#8217;objectiu del 2nd Multiplier Event és donar a conèixer els resultats de dos components fonamentals del projecte: el Resultat 2, centrat en el disseny i implementació d&#8217;una [&hellip;]" />
<meta property="og:url" content="https://ticsalutsocial.atoom.space/es/event/4d-project-2nd-multiplier-event/" />
<meta property="og:site_name" content="Fundació TIC Salut i Social" />
<meta property="article:modified_time" content="2024-07-15T07:24:11+00:00" />
<meta property="og:image" content="https://ticsalutsocial.atoom.space/wp-content/uploads/2024/07/172364.png" />
	<meta property="og:image:width" content="1050" />
	<meta property="og:image:height" content="600" />
	<meta property="og:image:type" content="image/png" />
<meta name="twitter:card" content="summary_large_image" />
<meta name="twitter:label1" content="Tiempo de lectura" />
	<meta name="twitter:data1" content="1 minuto" />
<script type="application/ld+json" class="yoast-schema-graph">{"@context":"https://schema.org","@graph":[{"@type":"WebPage","@id":"https://ticsalutsocial.atoom.space/es/event/4d-project-2nd-multiplier-event/","url":"https://ticsalutsocial.atoom.space/es/event/4d-project-2nd-multiplier-event/","name":"4D Project: 2nd Multiplier Event - Fundació TIC Salut i Social","isPartOf":{"@id":"https://ticsalutsocial.atoom.space/es/#website"},"primaryImageOfPage":{"@id":"https://ticsalutsocial.atoom.space/es/event/4d-project-2nd-multiplier-event/#primaryimage"},"image":{"@id":"https://ticsalutsocial.atoom.space/es/event/4d-project-2nd-multiplier-event/#primaryimage"},"thumbnailUrl":"https://ticsalutsocial.atoom.space/wp-content/uploads/2024/07/172364.png","datePublished":"2024-07-15T07:23:01+00:00","dateModified":"2024-07-15T07:24:11+00:00","breadcrumb":{"@id":"https://ticsalutsocial.atoom.space/es/event/4d-project-2nd-multiplier-event/#breadcrumb"},"inLanguage":"es","potentialAction":[{"@type":"ReadAction","target":["https://ticsalutsocial.atoom.space/es/event/4d-project-2nd-multiplier-event/"]}]},{"@type":"ImageObject","inLanguage":"es","@id":"https://ticsalutsocial.atoom.space/es/event/4d-project-2nd-multiplier-event/#primaryimage","url":"https://ticsalutsocial.atoom.space/wp-content/uploads/2024/07/172364.png","contentUrl":"https://ticsalutsocial.atoom.space/wp-content/uploads/2024/07/172364.png","width":1050,"height":600},{"@type":"BreadcrumbList","@id":"https://ticsalutsocial.atoom.space/es/event/4d-project-2nd-multiplier-event/#breadcrumb","itemListElement":[{"@type":"ListItem","position":1,"name":"Inici","item":"https://ticsalutsocial.atoom.space/es/"},{"@type":"ListItem","position":2,"name":"4D Project: 2nd Multiplier Event"}]},{"@type":"WebSite","@id":"https://ticsalutsocial.atoom.space/es/#website","url":"https://ticsalutsocial.atoom.space/es/","name":"Fundació TIC Salut i Social","description":"","potentialAction":[{"@type":"SearchAction","target":{"@type":"EntryPoint","urlTemplate":"https://ticsalutsocial.atoom.space/es/?s={search_term_string}"},"query-input":{"@type":"PropertyValueSpecification","valueRequired":true,"valueName":"search_term_string"}}],"inLanguage":"es"}]}</script>
<!-- / Yoast SEO plugin. -->

4D Project: 2nd Multiplier Event - Fundació TIC Salut i Social

El projecte 4D en la digitalització de l&#8217;aprenentatge a la pràctica pretén revolucionar les experiències d&#8217;aprenentatge en entorns sanitaris mitjançant la integració de la tecnologia mòbil en les pràctiques.  L&#8217;objectiu del 2nd Multiplier Event és donar a conèixer els resultats de dos components fonamentals del projecte: el Resultat 2, centrat en el disseny i implementació d&#8217;una [&hellip;]

Fundació TIC Salut i Social
