
{"id":27958,"date":"2024-07-15T09:36:33","date_gmt":"2024-07-15T07:36:33","guid":{"rendered":"https:\/\/ticsalutsocial.atoom.space\/?post_type=event&#038;p=27958"},"modified":"2024-09-12T14:36:07","modified_gmt":"2024-09-12T12:36:07","slug":"xi-congreso-internacional-de-salud-digital","status":"publish","type":"event","link":"https:\/\/ticsalutsocial.atoom.space\/es\/event\/xi-congreso-internacional-de-salud-digital\/","title":{"rendered":"XI Congreso Internacional de Salud Digital"},"content":{"rendered":"\n<p>La Transformaci\u00f3n Digital de la atenci\u00f3n sanitaria es imprescindible para hacer frente al continuo cambio que experimenta el ecosistema de la salud. Es indiscutible que las tecnolog\u00edas de la informaci\u00f3n y la comunicaci\u00f3n permiten mejorar el autocuidado de la salud, la calidad de la asistencia y optimizar la eficiencia del sistema. Estamos ante un fen\u00f3meno imparable que est\u00e1 transformando por completo el escenario de la salud.<\/p>\n\n\n\n<p>Sin embargo, debemos reflexionar si el escenario actual se adapta a las necesidades presentes y futuras de las y los usuarios, y cu\u00e1les ser\u00edan las estrategias m\u00e1s apropiadas para cubrir esas necesidades en los pr\u00f3ximos a\u00f1os, con el fin de generar valor para pacientes, profesionales, organizaciones sanitarias y la sociedad.<\/p>\n\n\n\n<p>Del 18 al 20 de septiembre, la UIK organiza el <strong>XI Congreso Internacional de Salud Digital<\/strong>, con el objetivo de compartir, aprender y generar redes de conocimiento entre los agentes implicados en la atenci\u00f3n sanitaria y la ciudadan\u00eda.<\/p>\n\n\n\n<p>La responsable de Formaci\u00f3n e Imagen M\u00e9dica de la Fundaci\u00f3n, Elisenda Reixach, participar\u00e1 en la sesi\u00f3n &#8216;Competencias digitales de profesionales sanitarios&#8217;.<\/p>\n\n\n\n<p>Consulta el programa <a href=\"https:\/\/www.uik.eus\/sites\/default\/files\/programa\/2165-es-o18-programa-congreso-salud-digital-2024-ver-02072024.pdf\" target=\"_blank\" rel=\"noreferrer noopener\">aqu\u00ed<\/a>.<\/p>\n","protected":false},"featured_media":27956,"menu_order":0,"template":"","meta":{"_acf_changed":false,"inline_featured_image":false},"tipus":[],"topic":[],"class_list":["post-27958","event","type-event","status-publish","has-post-thumbnail","hentry"],"acf":{"imatge":27956,"informacio":{"ubicacio":"Donostia San Sebasti\u00e1n","data":"18\/09\/2024","hora":"","preu":"","inscripcions":"https:\/\/www.uik.eus\/es\/curso\/xi-congreso-internacional-salud-digital"},"programa":{"titol":"","items":false}},"yoast_head":"<!-- This site is optimized with the Yoast SEO plugin v27.1.1 - https:\/\/yoast.com\/product\/yoast-seo-wordpress\/ -->\n<title>XI Congreso Internacional de Salud Digital - Fundaci\u00f3 TIC Salut i Social<\/title>\n<meta name=\"description\" content=\"Del 18 al 20 de septiembre, la UIK organiza el XI Congreso Internacional de Salud Digital\" \/>\n<meta name=\"robots\" content=\"index, follow, max-snippet:-1, max-image-preview:large, max-video-preview:-1\" \/>\n<link rel=\"canonical\" href=\"https:\/\/ticsalutsocial.atoom.space\/es\/event\/xi-congreso-internacional-de-salud-digital\/\" \/>\n<meta property=\"og:locale\" content=\"es_ES\" \/>\n<meta property=\"og:type\" content=\"article\" \/>\n<meta property=\"og:title\" content=\"XI Congreso Internacional de Salud Digital - Fundaci\u00f3 TIC Salut i Social\" \/>\n<meta property=\"og:description\" content=\"Del 18 al 20 de septiembre, la UIK organiza el XI Congreso Internacional de Salud Digital\" \/>\n<meta property=\"og:url\" content=\"https:\/\/ticsalutsocial.atoom.space\/es\/event\/xi-congreso-internacional-de-salud-digital\/\" \/>\n<meta property=\"og:site_name\" content=\"Fundaci\u00f3 TIC Salut i Social\" \/>\n<meta property=\"article:modified_time\" content=\"2024-09-12T12:36:07+00:00\" \/>\n<meta property=\"og:image\" content=\"https:\/\/ticsalutsocial.atoom.space\/wp-content\/uploads\/2024\/07\/congreso_salud_digital.png\" \/>\n\t<meta property=\"og:image:width\" content=\"1265\" \/>\n\t<meta property=\"og:image:height\" content=\"705\" \/>\n\t<meta property=\"og:image:type\" content=\"image\/png\" \/>\n<meta name=\"twitter:card\" content=\"summary_large_image\" \/>\n<meta name=\"twitter:label1\" content=\"Tiempo de lectura\" \/>\n\t<meta name=\"twitter:data1\" content=\"1 minuto\" \/>\n<script type=\"application\/ld+json\" class=\"yoast-schema-graph\">{\"@context\":\"https:\/\/schema.org\",\"@graph\":[{\"@type\":\"WebPage\",\"@id\":\"https:\/\/ticsalutsocial.atoom.space\/es\/event\/xi-congreso-internacional-de-salud-digital\/\",\"url\":\"https:\/\/ticsalutsocial.atoom.space\/es\/event\/xi-congreso-internacional-de-salud-digital\/\",\"name\":\"XI Congreso Internacional de Salud Digital - Fundaci\u00f3 TIC Salut i Social\",\"isPartOf\":{\"@id\":\"https:\/\/ticsalutsocial.atoom.space\/es\/#website\"},\"primaryImageOfPage\":{\"@id\":\"https:\/\/ticsalutsocial.atoom.space\/es\/event\/xi-congreso-internacional-de-salud-digital\/#primaryimage\"},\"image\":{\"@id\":\"https:\/\/ticsalutsocial.atoom.space\/es\/event\/xi-congreso-internacional-de-salud-digital\/#primaryimage\"},\"thumbnailUrl\":\"https:\/\/ticsalutsocial.atoom.space\/wp-content\/uploads\/2024\/07\/congreso_salud_digital.png\",\"datePublished\":\"2024-07-15T07:36:33+00:00\",\"dateModified\":\"2024-09-12T12:36:07+00:00\",\"description\":\"Del 18 al 20 de septiembre, la UIK organiza el XI Congreso Internacional de Salud Digital\",\"breadcrumb\":{\"@id\":\"https:\/\/ticsalutsocial.atoom.space\/es\/event\/xi-congreso-internacional-de-salud-digital\/#breadcrumb\"},\"inLanguage\":\"es\",\"potentialAction\":[{\"@type\":\"ReadAction\",\"target\":[\"https:\/\/ticsalutsocial.atoom.space\/es\/event\/xi-congreso-internacional-de-salud-digital\/\"]}]},{\"@type\":\"ImageObject\",\"inLanguage\":\"es\",\"@id\":\"https:\/\/ticsalutsocial.atoom.space\/es\/event\/xi-congreso-internacional-de-salud-digital\/#primaryimage\",\"url\":\"https:\/\/ticsalutsocial.atoom.space\/wp-content\/uploads\/2024\/07\/congreso_salud_digital.png\",\"contentUrl\":\"https:\/\/ticsalutsocial.atoom.space\/wp-content\/uploads\/2024\/07\/congreso_salud_digital.png\",\"width\":1265,\"height\":705,\"caption\":\"Del 18 al 20 de septiembre, la UIK organiza el XI Congreso Internacional de Salud Digital\"},{\"@type\":\"BreadcrumbList\",\"@id\":\"https:\/\/ticsalutsocial.atoom.space\/es\/event\/xi-congreso-internacional-de-salud-digital\/#breadcrumb\",\"itemListElement\":[{\"@type\":\"ListItem\",\"position\":1,\"name\":\"Inici\",\"item\":\"https:\/\/ticsalutsocial.atoom.space\/es\/\"},{\"@type\":\"ListItem\",\"position\":2,\"name\":\"XI Congreso Internacional de Salud Digital\"}]},{\"@type\":\"WebSite\",\"@id\":\"https:\/\/ticsalutsocial.atoom.space\/es\/#website\",\"url\":\"https:\/\/ticsalutsocial.atoom.space\/es\/\",\"name\":\"Fundaci\u00f3 TIC Salut i Social\",\"description\":\"\",\"potentialAction\":[{\"@type\":\"SearchAction\",\"target\":{\"@type\":\"EntryPoint\",\"urlTemplate\":\"https:\/\/ticsalutsocial.atoom.space\/es\/?s={search_term_string}\"},\"query-input\":{\"@type\":\"PropertyValueSpecification\",\"valueRequired\":true,\"valueName\":\"search_term_string\"}}],\"inLanguage\":\"es\"}]}<\/script>\n<!-- \/ Yoast SEO plugin. -->","yoast_head_json":{"title":"XI Congreso Internacional de Salud Digital - Fundaci\u00f3 TIC Salut i Social","description":"Del 18 al 20 de septiembre, la UIK organiza el XI Congreso Internacional de Salud Digital","robots":{"index":"index","follow":"follow","max-snippet":"max-snippet:-1","max-image-preview":"max-image-preview:large","max-video-preview":"max-video-preview:-1"},"canonical":"https:\/\/ticsalutsocial.atoom.space\/es\/event\/xi-congreso-internacional-de-salud-digital\/","og_locale":"es_ES","og_type":"article","og_title":"XI Congreso Internacional de Salud Digital - Fundaci\u00f3 TIC Salut i Social","og_description":"Del 18 al 20 de septiembre, la UIK organiza el XI Congreso Internacional de Salud Digital","og_url":"https:\/\/ticsalutsocial.atoom.space\/es\/event\/xi-congreso-internacional-de-salud-digital\/","og_site_name":"Fundaci\u00f3 TIC Salut i Social","article_modified_time":"2024-09-12T12:36:07+00:00","og_image":[{"width":1265,"height":705,"url":"https:\/\/ticsalutsocial.atoom.space\/wp-content\/uploads\/2024\/07\/congreso_salud_digital.png","type":"image\/png"}],"twitter_card":"summary_large_image","twitter_misc":{"Tiempo de lectura":"1 minuto"},"schema":{"@context":"https:\/\/schema.org","@graph":[{"@type":"WebPage","@id":"https:\/\/ticsalutsocial.atoom.space\/es\/event\/xi-congreso-internacional-de-salud-digital\/","url":"https:\/\/ticsalutsocial.atoom.space\/es\/event\/xi-congreso-internacional-de-salud-digital\/","name":"XI Congreso Internacional de Salud Digital - Fundaci\u00f3 TIC Salut i Social","isPartOf":{"@id":"https:\/\/ticsalutsocial.atoom.space\/es\/#website"},"primaryImageOfPage":{"@id":"https:\/\/ticsalutsocial.atoom.space\/es\/event\/xi-congreso-internacional-de-salud-digital\/#primaryimage"},"image":{"@id":"https:\/\/ticsalutsocial.atoom.space\/es\/event\/xi-congreso-internacional-de-salud-digital\/#primaryimage"},"thumbnailUrl":"https:\/\/ticsalutsocial.atoom.space\/wp-content\/uploads\/2024\/07\/congreso_salud_digital.png","datePublished":"2024-07-15T07:36:33+00:00","dateModified":"2024-09-12T12:36:07+00:00","description":"Del 18 al 20 de septiembre, la UIK organiza el XI Congreso Internacional de Salud Digital","breadcrumb":{"@id":"https:\/\/ticsalutsocial.atoom.space\/es\/event\/xi-congreso-internacional-de-salud-digital\/#breadcrumb"},"inLanguage":"es","potentialAction":[{"@type":"ReadAction","target":["https:\/\/ticsalutsocial.atoom.space\/es\/event\/xi-congreso-internacional-de-salud-digital\/"]}]},{"@type":"ImageObject","inLanguage":"es","@id":"https:\/\/ticsalutsocial.atoom.space\/es\/event\/xi-congreso-internacional-de-salud-digital\/#primaryimage","url":"https:\/\/ticsalutsocial.atoom.space\/wp-content\/uploads\/2024\/07\/congreso_salud_digital.png","contentUrl":"https:\/\/ticsalutsocial.atoom.space\/wp-content\/uploads\/2024\/07\/congreso_salud_digital.png","width":1265,"height":705,"caption":"Del 18 al 20 de septiembre, la UIK organiza el XI Congreso Internacional de Salud Digital"},{"@type":"BreadcrumbList","@id":"https:\/\/ticsalutsocial.atoom.space\/es\/event\/xi-congreso-internacional-de-salud-digital\/#breadcrumb","itemListElement":[{"@type":"ListItem","position":1,"name":"Inici","item":"https:\/\/ticsalutsocial.atoom.space\/es\/"},{"@type":"ListItem","position":2,"name":"XI Congreso Internacional de Salud Digital"}]},{"@type":"WebSite","@id":"https:\/\/ticsalutsocial.atoom.space\/es\/#website","url":"https:\/\/ticsalutsocial.atoom.space\/es\/","name":"Fundaci\u00f3 TIC Salut i Social","description":"","potentialAction":[{"@type":"SearchAction","target":{"@type":"EntryPoint","urlTemplate":"https:\/\/ticsalutsocial.atoom.space\/es\/?s={search_term_string}"},"query-input":{"@type":"PropertyValueSpecification","valueRequired":true,"valueName":"search_term_string"}}],"inLanguage":"es"}]}},"_links":{"self":[{"href":"https:\/\/ticsalutsocial.atoom.space\/es\/wp-json\/wp\/v2\/event\/27958","targetHints":{"allow":["GET"]}}],"collection":[{"href":"https:\/\/ticsalutsocial.atoom.space\/es\/wp-json\/wp\/v2\/event"}],"about":[{"href":"https:\/\/ticsalutsocial.atoom.space\/es\/wp-json\/wp\/v2\/types\/event"}],"wp:featuredmedia":[{"embeddable":true,"href":"https:\/\/ticsalutsocial.atoom.space\/es\/wp-json\/wp\/v2\/media\/27956"}],"wp:attachment":[{"href":"https:\/\/ticsalutsocial.atoom.space\/es\/wp-json\/wp\/v2\/media?parent=27958"}],"wp:term":[{"taxonomy":"tipus","embeddable":true,"href":"https:\/\/ticsalutsocial.atoom.space\/es\/wp-json\/wp\/v2\/tipus?post=27958"},{"taxonomy":"topic","embeddable":true,"href":"https:\/\/ticsalutsocial.atoom.space\/es\/wp-json\/wp\/v2\/topic?post=27958"}],"curies":[{"name":"wp","href":"https:\/\/api.w.org\/{rel}","templated":true}]}}

<p>La Transformación Digital de la atención sanitaria es imprescindible para hacer frente al continuo cambio que experimenta el ecosistema de la salud. Es indiscutible que las tecnologías de la información y la comunicación permiten mejorar el autocuidado de la salud, la calidad de la asistencia y optimizar la eficiencia del sistema. Estamos ante un fenómeno imparable que está transformando por completo el escenario de la salud.</p>



<p>Sin embargo, debemos reflexionar si el escenario actual se adapta a las necesidades presentes y futuras de las y los usuarios, y cuáles serían las estrategias más apropiadas para cubrir esas necesidades en los próximos años, con el fin de generar valor para pacientes, profesionales, organizaciones sanitarias y la sociedad.</p>



<p>Del 18 al 20 de septiembre, la UIK organiza el <strong>XI Congreso Internacional de Salud Digital</strong>, con el objetivo de compartir, aprender y generar redes de conocimiento entre los agentes implicados en la atención sanitaria y la ciudadanía.</p>



<p>La responsable de Formación e Imagen Médica de la Fundación, Elisenda Reixach, participará en la sesión &#8216;Competencias digitales de profesionales sanitarios&#8217;.</p>



<p>Consulta el programa <a href="https://www.uik.eus/sites/default/files/programa/2165-es-o18-programa-congreso-salud-digital-2024-ver-02072024.pdf" target="_blank" rel="noreferrer noopener">aquí</a>.</p>

Donostia San Sebastián

<!-- This site is optimized with the Yoast SEO plugin v27.1.1 - https://yoast.com/product/yoast-seo-wordpress/ -->
<title>XI Congreso Internacional de Salud Digital - Fundació TIC Salut i Social</title>
<meta name="description" content="Del 18 al 20 de septiembre, la UIK organiza el XI Congreso Internacional de Salud Digital" />
<meta name="robots" content="index, follow, max-snippet:-1, max-image-preview:large, max-video-preview:-1" />
<link rel="canonical" href="https://ticsalutsocial.atoom.space/es/event/xi-congreso-internacional-de-salud-digital/" />
<meta property="og:locale" content="es_ES" />
<meta property="og:type" content="article" />
<meta property="og:title" content="XI Congreso Internacional de Salud Digital - Fundació TIC Salut i Social" />
<meta property="og:description" content="Del 18 al 20 de septiembre, la UIK organiza el XI Congreso Internacional de Salud Digital" />
<meta property="og:url" content="https://ticsalutsocial.atoom.space/es/event/xi-congreso-internacional-de-salud-digital/" />
<meta property="og:site_name" content="Fundació TIC Salut i Social" />
<meta property="article:modified_time" content="2024-09-12T12:36:07+00:00" />
<meta property="og:image" content="https://ticsalutsocial.atoom.space/wp-content/uploads/2024/07/congreso_salud_digital.png" />
	<meta property="og:image:width" content="1265" />
	<meta property="og:image:height" content="705" />
	<meta property="og:image:type" content="image/png" />
<meta name="twitter:card" content="summary_large_image" />
<meta name="twitter:label1" content="Tiempo de lectura" />
	<meta name="twitter:data1" content="1 minuto" />
<script type="application/ld+json" class="yoast-schema-graph">{"@context":"https://schema.org","@graph":[{"@type":"WebPage","@id":"https://ticsalutsocial.atoom.space/es/event/xi-congreso-internacional-de-salud-digital/","url":"https://ticsalutsocial.atoom.space/es/event/xi-congreso-internacional-de-salud-digital/","name":"XI Congreso Internacional de Salud Digital - Fundació TIC Salut i Social","isPartOf":{"@id":"https://ticsalutsocial.atoom.space/es/#website"},"primaryImageOfPage":{"@id":"https://ticsalutsocial.atoom.space/es/event/xi-congreso-internacional-de-salud-digital/#primaryimage"},"image":{"@id":"https://ticsalutsocial.atoom.space/es/event/xi-congreso-internacional-de-salud-digital/#primaryimage"},"thumbnailUrl":"https://ticsalutsocial.atoom.space/wp-content/uploads/2024/07/congreso_salud_digital.png","datePublished":"2024-07-15T07:36:33+00:00","dateModified":"2024-09-12T12:36:07+00:00","description":"Del 18 al 20 de septiembre, la UIK organiza el XI Congreso Internacional de Salud Digital","breadcrumb":{"@id":"https://ticsalutsocial.atoom.space/es/event/xi-congreso-internacional-de-salud-digital/#breadcrumb"},"inLanguage":"es","potentialAction":[{"@type":"ReadAction","target":["https://ticsalutsocial.atoom.space/es/event/xi-congreso-internacional-de-salud-digital/"]}]},{"@type":"ImageObject","inLanguage":"es","@id":"https://ticsalutsocial.atoom.space/es/event/xi-congreso-internacional-de-salud-digital/#primaryimage","url":"https://ticsalutsocial.atoom.space/wp-content/uploads/2024/07/congreso_salud_digital.png","contentUrl":"https://ticsalutsocial.atoom.space/wp-content/uploads/2024/07/congreso_salud_digital.png","width":1265,"height":705,"caption":"Del 18 al 20 de septiembre, la UIK organiza el XI Congreso Internacional de Salud Digital"},{"@type":"BreadcrumbList","@id":"https://ticsalutsocial.atoom.space/es/event/xi-congreso-internacional-de-salud-digital/#breadcrumb","itemListElement":[{"@type":"ListItem","position":1,"name":"Inici","item":"https://ticsalutsocial.atoom.space/es/"},{"@type":"ListItem","position":2,"name":"XI Congreso Internacional de Salud Digital"}]},{"@type":"WebSite","@id":"https://ticsalutsocial.atoom.space/es/#website","url":"https://ticsalutsocial.atoom.space/es/","name":"Fundació TIC Salut i Social","description":"","potentialAction":[{"@type":"SearchAction","target":{"@type":"EntryPoint","urlTemplate":"https://ticsalutsocial.atoom.space/es/?s={search_term_string}"},"query-input":{"@type":"PropertyValueSpecification","valueRequired":true,"valueName":"search_term_string"}}],"inLanguage":"es"}]}</script>
<!-- / Yoast SEO plugin. -->

XI Congreso Internacional de Salud Digital - Fundació TIC Salut i Social

Fundació TIC Salut i Social
