
{"id":28379,"date":"2024-09-18T08:49:23","date_gmt":"2024-09-18T06:49:23","guid":{"rendered":"https:\/\/ticsalutsocial.atoom.space\/event\/la-transformacio-digital-del-sistema-de-salut\/"},"modified":"2024-09-18T09:09:28","modified_gmt":"2024-09-18T07:09:28","slug":"la-transformacio-digital-del-sistema-de-salut","status":"publish","type":"event","link":"https:\/\/ticsalutsocial.atoom.space\/es\/event\/la-transformacio-digital-del-sistema-de-salut\/","title":{"rendered":"La transformaci\u00f3 digital del sistema de salut"},"content":{"rendered":"\n<p>Organitzadors: El Cercle de Salut i la Societat Catalana de Salut Digital (SCSD)<\/p>\n\n\n\n<figure class=\"wp-block-image size-large\"><img loading=\"lazy\" decoding=\"async\" width=\"725\" height=\"1024\" src=\"https:\/\/ticsalutsocial.atoom.space\/wp-content\/uploads\/2024\/09\/invitacio_jornada2709_page-0001-725x1024.jpg\" alt=\"\" class=\"wp-image-28376\" srcset=\"https:\/\/ticsalutsocial.atoom.space\/wp-content\/uploads\/2024\/09\/invitacio_jornada2709_page-0001-725x1024.jpg 725w, https:\/\/ticsalutsocial.atoom.space\/wp-content\/uploads\/2024\/09\/invitacio_jornada2709_page-0001-212x300.jpg 212w, https:\/\/ticsalutsocial.atoom.space\/wp-content\/uploads\/2024\/09\/invitacio_jornada2709_page-0001-768x1085.jpg 768w, https:\/\/ticsalutsocial.atoom.space\/wp-content\/uploads\/2024\/09\/invitacio_jornada2709_page-0001-1087x1536.jpg 1087w, https:\/\/ticsalutsocial.atoom.space\/wp-content\/uploads\/2024\/09\/invitacio_jornada2709_page-0001.jpg 1241w\" sizes=\"auto, (max-width: 725px) 100vw, 725px\" \/><\/figure>\n\n\n\n<p><\/p>\n","protected":false},"featured_media":0,"menu_order":0,"template":"","meta":{"_acf_changed":true,"inline_featured_image":false},"tipus":[],"topic":[],"class_list":["post-28379","event","type-event","status-publish","hentry"],"acf":{"imatge":28375,"informacio":{"ubicacio":"Acad\u00e8mia de Ci\u00e8ncies M\u00e8diques i de la Salut de Catalunya i de Balears","data":"27\/09\/2024","hora":"","preu":"","inscripcions":"https:\/\/docs.google.com\/forms\/d\/e\/1FAIpQLSfVwp1wjOgdVtrIdF3LyV2vbtas_jqws8J83NZveVsntLwLqg\/viewform"},"programa":{"titol":"","items":false}},"yoast_head":"<!-- This site is optimized with the Yoast SEO plugin v27.1.1 - https:\/\/yoast.com\/product\/yoast-seo-wordpress\/ -->\n<title>La transformaci\u00f3 digital del sistema de salut - Fundaci\u00f3 TIC Salut i Social<\/title>\n<meta name=\"robots\" content=\"index, follow, max-snippet:-1, max-image-preview:large, max-video-preview:-1\" \/>\n<link rel=\"canonical\" href=\"https:\/\/ticsalutsocial.atoom.space\/es\/event\/la-transformacio-digital-del-sistema-de-salut\/\" \/>\n<meta property=\"og:locale\" content=\"es_ES\" \/>\n<meta property=\"og:type\" content=\"article\" \/>\n<meta property=\"og:title\" content=\"La transformaci\u00f3 digital del sistema de salut - Fundaci\u00f3 TIC Salut i Social\" \/>\n<meta property=\"og:description\" content=\"Organitzadors: El Cercle de Salut i la Societat Catalana de Salut Digital (SCSD)\" \/>\n<meta property=\"og:url\" content=\"https:\/\/ticsalutsocial.atoom.space\/es\/event\/la-transformacio-digital-del-sistema-de-salut\/\" \/>\n<meta property=\"og:site_name\" content=\"Fundaci\u00f3 TIC Salut i Social\" \/>\n<meta property=\"article:modified_time\" content=\"2024-09-18T07:09:28+00:00\" \/>\n<meta property=\"og:image\" content=\"https:\/\/ticsalutsocial.atoom.space\/wp-content\/uploads\/2024\/09\/invitacio_jornada2709_page-0001-725x1024.jpg\" \/>\n<meta name=\"twitter:card\" content=\"summary_large_image\" \/>\n<script type=\"application\/ld+json\" class=\"yoast-schema-graph\">{\"@context\":\"https:\/\/schema.org\",\"@graph\":[{\"@type\":\"WebPage\",\"@id\":\"https:\/\/ticsalutsocial.atoom.space\/es\/event\/la-transformacio-digital-del-sistema-de-salut\/\",\"url\":\"https:\/\/ticsalutsocial.atoom.space\/es\/event\/la-transformacio-digital-del-sistema-de-salut\/\",\"name\":\"La transformaci\u00f3 digital del sistema de salut - Fundaci\u00f3 TIC Salut i Social\",\"isPartOf\":{\"@id\":\"https:\/\/ticsalutsocial.atoom.space\/es\/#website\"},\"primaryImageOfPage\":{\"@id\":\"https:\/\/ticsalutsocial.atoom.space\/es\/event\/la-transformacio-digital-del-sistema-de-salut\/#primaryimage\"},\"image\":{\"@id\":\"https:\/\/ticsalutsocial.atoom.space\/es\/event\/la-transformacio-digital-del-sistema-de-salut\/#primaryimage\"},\"thumbnailUrl\":\"https:\/\/ticsalutsocial.atoom.space\/wp-content\/uploads\/2024\/09\/invitacio_jornada2709_page-0001-725x1024.jpg\",\"datePublished\":\"2024-09-18T06:49:23+00:00\",\"dateModified\":\"2024-09-18T07:09:28+00:00\",\"breadcrumb\":{\"@id\":\"https:\/\/ticsalutsocial.atoom.space\/es\/event\/la-transformacio-digital-del-sistema-de-salut\/#breadcrumb\"},\"inLanguage\":\"es\",\"potentialAction\":[{\"@type\":\"ReadAction\",\"target\":[\"https:\/\/ticsalutsocial.atoom.space\/es\/event\/la-transformacio-digital-del-sistema-de-salut\/\"]}]},{\"@type\":\"ImageObject\",\"inLanguage\":\"es\",\"@id\":\"https:\/\/ticsalutsocial.atoom.space\/es\/event\/la-transformacio-digital-del-sistema-de-salut\/#primaryimage\",\"url\":\"https:\/\/ticsalutsocial.atoom.space\/wp-content\/uploads\/2024\/09\/invitacio_jornada2709_page-0001-725x1024.jpg\",\"contentUrl\":\"https:\/\/ticsalutsocial.atoom.space\/wp-content\/uploads\/2024\/09\/invitacio_jornada2709_page-0001-725x1024.jpg\"},{\"@type\":\"BreadcrumbList\",\"@id\":\"https:\/\/ticsalutsocial.atoom.space\/es\/event\/la-transformacio-digital-del-sistema-de-salut\/#breadcrumb\",\"itemListElement\":[{\"@type\":\"ListItem\",\"position\":1,\"name\":\"Inici\",\"item\":\"https:\/\/ticsalutsocial.atoom.space\/es\/\"},{\"@type\":\"ListItem\",\"position\":2,\"name\":\"La transformaci\u00f3 digital del sistema de salut\"}]},{\"@type\":\"WebSite\",\"@id\":\"https:\/\/ticsalutsocial.atoom.space\/es\/#website\",\"url\":\"https:\/\/ticsalutsocial.atoom.space\/es\/\",\"name\":\"Fundaci\u00f3 TIC Salut i Social\",\"description\":\"\",\"potentialAction\":[{\"@type\":\"SearchAction\",\"target\":{\"@type\":\"EntryPoint\",\"urlTemplate\":\"https:\/\/ticsalutsocial.atoom.space\/es\/?s={search_term_string}\"},\"query-input\":{\"@type\":\"PropertyValueSpecification\",\"valueRequired\":true,\"valueName\":\"search_term_string\"}}],\"inLanguage\":\"es\"}]}<\/script>\n<!-- \/ Yoast SEO plugin. -->","yoast_head_json":{"title":"La transformaci\u00f3 digital del sistema de salut - Fundaci\u00f3 TIC Salut i Social","robots":{"index":"index","follow":"follow","max-snippet":"max-snippet:-1","max-image-preview":"max-image-preview:large","max-video-preview":"max-video-preview:-1"},"canonical":"https:\/\/ticsalutsocial.atoom.space\/es\/event\/la-transformacio-digital-del-sistema-de-salut\/","og_locale":"es_ES","og_type":"article","og_title":"La transformaci\u00f3 digital del sistema de salut - Fundaci\u00f3 TIC Salut i Social","og_description":"Organitzadors: El Cercle de Salut i la Societat Catalana de Salut Digital (SCSD)","og_url":"https:\/\/ticsalutsocial.atoom.space\/es\/event\/la-transformacio-digital-del-sistema-de-salut\/","og_site_name":"Fundaci\u00f3 TIC Salut i Social","article_modified_time":"2024-09-18T07:09:28+00:00","og_image":[{"url":"https:\/\/ticsalutsocial.atoom.space\/wp-content\/uploads\/2024\/09\/invitacio_jornada2709_page-0001-725x1024.jpg","type":"","width":"","height":""}],"twitter_card":"summary_large_image","schema":{"@context":"https:\/\/schema.org","@graph":[{"@type":"WebPage","@id":"https:\/\/ticsalutsocial.atoom.space\/es\/event\/la-transformacio-digital-del-sistema-de-salut\/","url":"https:\/\/ticsalutsocial.atoom.space\/es\/event\/la-transformacio-digital-del-sistema-de-salut\/","name":"La transformaci\u00f3 digital del sistema de salut - Fundaci\u00f3 TIC Salut i Social","isPartOf":{"@id":"https:\/\/ticsalutsocial.atoom.space\/es\/#website"},"primaryImageOfPage":{"@id":"https:\/\/ticsalutsocial.atoom.space\/es\/event\/la-transformacio-digital-del-sistema-de-salut\/#primaryimage"},"image":{"@id":"https:\/\/ticsalutsocial.atoom.space\/es\/event\/la-transformacio-digital-del-sistema-de-salut\/#primaryimage"},"thumbnailUrl":"https:\/\/ticsalutsocial.atoom.space\/wp-content\/uploads\/2024\/09\/invitacio_jornada2709_page-0001-725x1024.jpg","datePublished":"2024-09-18T06:49:23+00:00","dateModified":"2024-09-18T07:09:28+00:00","breadcrumb":{"@id":"https:\/\/ticsalutsocial.atoom.space\/es\/event\/la-transformacio-digital-del-sistema-de-salut\/#breadcrumb"},"inLanguage":"es","potentialAction":[{"@type":"ReadAction","target":["https:\/\/ticsalutsocial.atoom.space\/es\/event\/la-transformacio-digital-del-sistema-de-salut\/"]}]},{"@type":"ImageObject","inLanguage":"es","@id":"https:\/\/ticsalutsocial.atoom.space\/es\/event\/la-transformacio-digital-del-sistema-de-salut\/#primaryimage","url":"https:\/\/ticsalutsocial.atoom.space\/wp-content\/uploads\/2024\/09\/invitacio_jornada2709_page-0001-725x1024.jpg","contentUrl":"https:\/\/ticsalutsocial.atoom.space\/wp-content\/uploads\/2024\/09\/invitacio_jornada2709_page-0001-725x1024.jpg"},{"@type":"BreadcrumbList","@id":"https:\/\/ticsalutsocial.atoom.space\/es\/event\/la-transformacio-digital-del-sistema-de-salut\/#breadcrumb","itemListElement":[{"@type":"ListItem","position":1,"name":"Inici","item":"https:\/\/ticsalutsocial.atoom.space\/es\/"},{"@type":"ListItem","position":2,"name":"La transformaci\u00f3 digital del sistema de salut"}]},{"@type":"WebSite","@id":"https:\/\/ticsalutsocial.atoom.space\/es\/#website","url":"https:\/\/ticsalutsocial.atoom.space\/es\/","name":"Fundaci\u00f3 TIC Salut i Social","description":"","potentialAction":[{"@type":"SearchAction","target":{"@type":"EntryPoint","urlTemplate":"https:\/\/ticsalutsocial.atoom.space\/es\/?s={search_term_string}"},"query-input":{"@type":"PropertyValueSpecification","valueRequired":true,"valueName":"search_term_string"}}],"inLanguage":"es"}]}},"_links":{"self":[{"href":"https:\/\/ticsalutsocial.atoom.space\/es\/wp-json\/wp\/v2\/event\/28379","targetHints":{"allow":["GET"]}}],"collection":[{"href":"https:\/\/ticsalutsocial.atoom.space\/es\/wp-json\/wp\/v2\/event"}],"about":[{"href":"https:\/\/ticsalutsocial.atoom.space\/es\/wp-json\/wp\/v2\/types\/event"}],"wp:attachment":[{"href":"https:\/\/ticsalutsocial.atoom.space\/es\/wp-json\/wp\/v2\/media?parent=28379"}],"wp:term":[{"taxonomy":"tipus","embeddable":true,"href":"https:\/\/ticsalutsocial.atoom.space\/es\/wp-json\/wp\/v2\/tipus?post=28379"},{"taxonomy":"topic","embeddable":true,"href":"https:\/\/ticsalutsocial.atoom.space\/es\/wp-json\/wp\/v2\/topic?post=28379"}],"curies":[{"name":"wp","href":"https:\/\/api.w.org\/{rel}","templated":true}]}}

La transformació digital del sistema de salut

Acadèmia de Ciències Mèdiques i de la Salut de Catalunya i de Balears

<!-- This site is optimized with the Yoast SEO plugin v27.1.1 - https://yoast.com/product/yoast-seo-wordpress/ -->
<title>La transformació digital del sistema de salut - Fundació TIC Salut i Social</title>
<meta name="robots" content="index, follow, max-snippet:-1, max-image-preview:large, max-video-preview:-1" />
<link rel="canonical" href="https://ticsalutsocial.atoom.space/es/event/la-transformacio-digital-del-sistema-de-salut/" />
<meta property="og:locale" content="es_ES" />
<meta property="og:type" content="article" />
<meta property="og:title" content="La transformació digital del sistema de salut - Fundació TIC Salut i Social" />
<meta property="og:description" content="Organitzadors: El Cercle de Salut i la Societat Catalana de Salut Digital (SCSD)" />
<meta property="og:url" content="https://ticsalutsocial.atoom.space/es/event/la-transformacio-digital-del-sistema-de-salut/" />
<meta property="og:site_name" content="Fundació TIC Salut i Social" />
<meta property="article:modified_time" content="2024-09-18T07:09:28+00:00" />
<meta property="og:image" content="https://ticsalutsocial.atoom.space/wp-content/uploads/2024/09/invitacio_jornada2709_page-0001-725x1024.jpg" />
<meta name="twitter:card" content="summary_large_image" />
<script type="application/ld+json" class="yoast-schema-graph">{"@context":"https://schema.org","@graph":[{"@type":"WebPage","@id":"https://ticsalutsocial.atoom.space/es/event/la-transformacio-digital-del-sistema-de-salut/","url":"https://ticsalutsocial.atoom.space/es/event/la-transformacio-digital-del-sistema-de-salut/","name":"La transformació digital del sistema de salut - Fundació TIC Salut i Social","isPartOf":{"@id":"https://ticsalutsocial.atoom.space/es/#website"},"primaryImageOfPage":{"@id":"https://ticsalutsocial.atoom.space/es/event/la-transformacio-digital-del-sistema-de-salut/#primaryimage"},"image":{"@id":"https://ticsalutsocial.atoom.space/es/event/la-transformacio-digital-del-sistema-de-salut/#primaryimage"},"thumbnailUrl":"https://ticsalutsocial.atoom.space/wp-content/uploads/2024/09/invitacio_jornada2709_page-0001-725x1024.jpg","datePublished":"2024-09-18T06:49:23+00:00","dateModified":"2024-09-18T07:09:28+00:00","breadcrumb":{"@id":"https://ticsalutsocial.atoom.space/es/event/la-transformacio-digital-del-sistema-de-salut/#breadcrumb"},"inLanguage":"es","potentialAction":[{"@type":"ReadAction","target":["https://ticsalutsocial.atoom.space/es/event/la-transformacio-digital-del-sistema-de-salut/"]}]},{"@type":"ImageObject","inLanguage":"es","@id":"https://ticsalutsocial.atoom.space/es/event/la-transformacio-digital-del-sistema-de-salut/#primaryimage","url":"https://ticsalutsocial.atoom.space/wp-content/uploads/2024/09/invitacio_jornada2709_page-0001-725x1024.jpg","contentUrl":"https://ticsalutsocial.atoom.space/wp-content/uploads/2024/09/invitacio_jornada2709_page-0001-725x1024.jpg"},{"@type":"BreadcrumbList","@id":"https://ticsalutsocial.atoom.space/es/event/la-transformacio-digital-del-sistema-de-salut/#breadcrumb","itemListElement":[{"@type":"ListItem","position":1,"name":"Inici","item":"https://ticsalutsocial.atoom.space/es/"},{"@type":"ListItem","position":2,"name":"La transformació digital del sistema de salut"}]},{"@type":"WebSite","@id":"https://ticsalutsocial.atoom.space/es/#website","url":"https://ticsalutsocial.atoom.space/es/","name":"Fundació TIC Salut i Social","description":"","potentialAction":[{"@type":"SearchAction","target":{"@type":"EntryPoint","urlTemplate":"https://ticsalutsocial.atoom.space/es/?s={search_term_string}"},"query-input":{"@type":"PropertyValueSpecification","valueRequired":true,"valueName":"search_term_string"}}],"inLanguage":"es"}]}</script>
<!-- / Yoast SEO plugin. -->

La transformació digital del sistema de salut - Fundació TIC Salut i Social

Fundació TIC Salut i Social
