
{"id":28435,"date":"2024-09-23T08:59:57","date_gmt":"2024-09-23T06:59:57","guid":{"rendered":"https:\/\/ticsalutsocial.atoom.space\/event\/congreso-compliance-y-salud-de-ascom\/"},"modified":"2024-09-23T09:08:39","modified_gmt":"2024-09-23T07:08:39","slug":"congreso-compliance-y-salud-de-ascom","status":"publish","type":"event","link":"https:\/\/ticsalutsocial.atoom.space\/es\/event\/congreso-compliance-y-salud-de-ascom\/","title":{"rendered":"Congreso Compliance y Salud de ASCOM"},"content":{"rendered":"\n<p>Los profesionales de Compliance en el \u00e1mbito de la salud se reunir\u00e1n en Barcelona el pr\u00f3ximo d\u00eda&nbsp;<strong>24 de octubre<\/strong>&nbsp;para tratar los temas de mayor actualidad e inter\u00e9s en el primer Congreso de Compliance y Salud que organiza la Asociaci\u00f3n Espa\u00f1ola de Compliance a trav\u00e9s de su Grupo ASCOM Compliance en el Sector Farmac\u00e9utico.&nbsp;<\/p>\n\n\n\n<p><strong>La integridad y la \u00e9tica<\/strong>&nbsp;son pilares fundamentales en el \u00e1mbito de la salud, donde el bienestar de los pacientes y la calidad de los servicios tambi\u00e9n dependen de un riguroso cumplimiento de normativas y est\u00e1ndares. En un sector tan delicado y crucial como<strong>&nbsp;la salud, el Compliance no es solo una obligaci\u00f3n legal, sino una responsabilidad moral&nbsp;<\/strong>y profesional.<\/p>\n\n\n\n<p>El Compliance en este sector no solo asegura que las organizaciones y profesionales\u00a0<strong>act\u00faen en conformidad con la legislaci\u00f3n<\/strong>, las regulaciones y las pol\u00edticas internas, sino tambi\u00e9n promueven la transparencia y la \u00e9tica.<\/p>\n\n\n\n<p>Desde la correcta gesti\u00f3n de datos personales y la seguridad del paciente, hasta la prevenci\u00f3n del fraude y la corrupci\u00f3n, el Compliance es esencial para mantener la confianza y la credibilidad en los servicios del sector.<\/p>\n\n\n\n<p>El Director de la Fundaci\u00f3n TIC Salut Social, Joan Guanyabens, participar\u00e1 en la sesi\u00f3n &#8216;<strong>Inteligencia Artifical aplicada a la Salud<\/strong>&#8216;. <\/p>\n","protected":false},"featured_media":28433,"menu_order":0,"template":"","meta":{"_acf_changed":true,"inline_featured_image":false},"tipus":[],"topic":[],"class_list":["post-28435","event","type-event","status-publish","has-post-thumbnail","hentry"],"acf":{"imatge":28433,"informacio":{"ubicacio":"H10 Itaca Barcelona","data":"24\/10\/2024","hora":"","preu":"","inscripcions":"https:\/\/salud.asociacioncompliance.com\/"},"programa":{"titol":"","items":false}},"yoast_head":"<!-- This site is optimized with the Yoast SEO plugin v27.1.1 - https:\/\/yoast.com\/product\/yoast-seo-wordpress\/ -->\n<title>Congreso Compliance y Salud de ASCOM - Fundaci\u00f3 TIC Salut i Social<\/title>\n<meta name=\"robots\" content=\"index, follow, max-snippet:-1, max-image-preview:large, max-video-preview:-1\" \/>\n<link rel=\"canonical\" href=\"https:\/\/ticsalutsocial.atoom.space\/es\/event\/congreso-compliance-y-salud-de-ascom\/\" \/>\n<meta property=\"og:locale\" content=\"es_ES\" \/>\n<meta property=\"og:type\" content=\"article\" \/>\n<meta property=\"og:title\" content=\"Congreso Compliance y Salud de ASCOM - Fundaci\u00f3 TIC Salut i Social\" \/>\n<meta property=\"og:description\" content=\"Los profesionales de Compliance en el \u00e1mbito de la salud se reunir\u00e1n en Barcelona el pr\u00f3ximo d\u00eda&nbsp;24 de octubre&nbsp;para tratar los temas de mayor actualidad e inter\u00e9s en el primer Congreso de Compliance y Salud que organiza la Asociaci\u00f3n Espa\u00f1ola de Compliance a trav\u00e9s de su Grupo ASCOM Compliance en el Sector Farmac\u00e9utico.&nbsp; La integridad [&hellip;]\" \/>\n<meta property=\"og:url\" content=\"https:\/\/ticsalutsocial.atoom.space\/es\/event\/congreso-compliance-y-salud-de-ascom\/\" \/>\n<meta property=\"og:site_name\" content=\"Fundaci\u00f3 TIC Salut i Social\" \/>\n<meta property=\"article:modified_time\" content=\"2024-09-23T07:08:39+00:00\" \/>\n<meta property=\"og:image\" content=\"https:\/\/ticsalutsocial.atoom.space\/wp-content\/uploads\/2024\/09\/Captura-de-pantalla-2024-09-23-a-las-8.59.01.png\" \/>\n\t<meta property=\"og:image:width\" content=\"1920\" \/>\n\t<meta property=\"og:image:height\" content=\"940\" \/>\n\t<meta property=\"og:image:type\" content=\"image\/png\" \/>\n<meta name=\"twitter:card\" content=\"summary_large_image\" \/>\n<meta name=\"twitter:label1\" content=\"Tiempo de lectura\" \/>\n\t<meta name=\"twitter:data1\" content=\"1 minuto\" \/>\n<script type=\"application\/ld+json\" class=\"yoast-schema-graph\">{\"@context\":\"https:\/\/schema.org\",\"@graph\":[{\"@type\":\"WebPage\",\"@id\":\"https:\/\/ticsalutsocial.atoom.space\/es\/event\/congreso-compliance-y-salud-de-ascom\/\",\"url\":\"https:\/\/ticsalutsocial.atoom.space\/es\/event\/congreso-compliance-y-salud-de-ascom\/\",\"name\":\"Congreso Compliance y Salud de ASCOM - Fundaci\u00f3 TIC Salut i Social\",\"isPartOf\":{\"@id\":\"https:\/\/ticsalutsocial.atoom.space\/es\/#website\"},\"primaryImageOfPage\":{\"@id\":\"https:\/\/ticsalutsocial.atoom.space\/es\/event\/congreso-compliance-y-salud-de-ascom\/#primaryimage\"},\"image\":{\"@id\":\"https:\/\/ticsalutsocial.atoom.space\/es\/event\/congreso-compliance-y-salud-de-ascom\/#primaryimage\"},\"thumbnailUrl\":\"https:\/\/ticsalutsocial.atoom.space\/wp-content\/uploads\/2024\/09\/Captura-de-pantalla-2024-09-23-a-las-8.59.01.png\",\"datePublished\":\"2024-09-23T06:59:57+00:00\",\"dateModified\":\"2024-09-23T07:08:39+00:00\",\"breadcrumb\":{\"@id\":\"https:\/\/ticsalutsocial.atoom.space\/es\/event\/congreso-compliance-y-salud-de-ascom\/#breadcrumb\"},\"inLanguage\":\"es\",\"potentialAction\":[{\"@type\":\"ReadAction\",\"target\":[\"https:\/\/ticsalutsocial.atoom.space\/es\/event\/congreso-compliance-y-salud-de-ascom\/\"]}]},{\"@type\":\"ImageObject\",\"inLanguage\":\"es\",\"@id\":\"https:\/\/ticsalutsocial.atoom.space\/es\/event\/congreso-compliance-y-salud-de-ascom\/#primaryimage\",\"url\":\"https:\/\/ticsalutsocial.atoom.space\/wp-content\/uploads\/2024\/09\/Captura-de-pantalla-2024-09-23-a-las-8.59.01.png\",\"contentUrl\":\"https:\/\/ticsalutsocial.atoom.space\/wp-content\/uploads\/2024\/09\/Captura-de-pantalla-2024-09-23-a-las-8.59.01.png\",\"width\":1920,\"height\":940},{\"@type\":\"BreadcrumbList\",\"@id\":\"https:\/\/ticsalutsocial.atoom.space\/es\/event\/congreso-compliance-y-salud-de-ascom\/#breadcrumb\",\"itemListElement\":[{\"@type\":\"ListItem\",\"position\":1,\"name\":\"Inici\",\"item\":\"https:\/\/ticsalutsocial.atoom.space\/es\/\"},{\"@type\":\"ListItem\",\"position\":2,\"name\":\"Congreso Compliance y Salud de ASCOM\"}]},{\"@type\":\"WebSite\",\"@id\":\"https:\/\/ticsalutsocial.atoom.space\/es\/#website\",\"url\":\"https:\/\/ticsalutsocial.atoom.space\/es\/\",\"name\":\"Fundaci\u00f3 TIC Salut i Social\",\"description\":\"\",\"potentialAction\":[{\"@type\":\"SearchAction\",\"target\":{\"@type\":\"EntryPoint\",\"urlTemplate\":\"https:\/\/ticsalutsocial.atoom.space\/es\/?s={search_term_string}\"},\"query-input\":{\"@type\":\"PropertyValueSpecification\",\"valueRequired\":true,\"valueName\":\"search_term_string\"}}],\"inLanguage\":\"es\"}]}<\/script>\n<!-- \/ Yoast SEO plugin. -->","yoast_head_json":{"title":"Congreso Compliance y Salud de ASCOM - Fundaci\u00f3 TIC Salut i Social","robots":{"index":"index","follow":"follow","max-snippet":"max-snippet:-1","max-image-preview":"max-image-preview:large","max-video-preview":"max-video-preview:-1"},"canonical":"https:\/\/ticsalutsocial.atoom.space\/es\/event\/congreso-compliance-y-salud-de-ascom\/","og_locale":"es_ES","og_type":"article","og_title":"Congreso Compliance y Salud de ASCOM - Fundaci\u00f3 TIC Salut i Social","og_description":"Los profesionales de Compliance en el \u00e1mbito de la salud se reunir\u00e1n en Barcelona el pr\u00f3ximo d\u00eda&nbsp;24 de octubre&nbsp;para tratar los temas de mayor actualidad e inter\u00e9s en el primer Congreso de Compliance y Salud que organiza la Asociaci\u00f3n Espa\u00f1ola de Compliance a trav\u00e9s de su Grupo ASCOM Compliance en el Sector Farmac\u00e9utico.&nbsp; La integridad [&hellip;]","og_url":"https:\/\/ticsalutsocial.atoom.space\/es\/event\/congreso-compliance-y-salud-de-ascom\/","og_site_name":"Fundaci\u00f3 TIC Salut i Social","article_modified_time":"2024-09-23T07:08:39+00:00","og_image":[{"width":1920,"height":940,"url":"https:\/\/ticsalutsocial.atoom.space\/wp-content\/uploads\/2024\/09\/Captura-de-pantalla-2024-09-23-a-las-8.59.01.png","type":"image\/png"}],"twitter_card":"summary_large_image","twitter_misc":{"Tiempo de lectura":"1 minuto"},"schema":{"@context":"https:\/\/schema.org","@graph":[{"@type":"WebPage","@id":"https:\/\/ticsalutsocial.atoom.space\/es\/event\/congreso-compliance-y-salud-de-ascom\/","url":"https:\/\/ticsalutsocial.atoom.space\/es\/event\/congreso-compliance-y-salud-de-ascom\/","name":"Congreso Compliance y Salud de ASCOM - Fundaci\u00f3 TIC Salut i Social","isPartOf":{"@id":"https:\/\/ticsalutsocial.atoom.space\/es\/#website"},"primaryImageOfPage":{"@id":"https:\/\/ticsalutsocial.atoom.space\/es\/event\/congreso-compliance-y-salud-de-ascom\/#primaryimage"},"image":{"@id":"https:\/\/ticsalutsocial.atoom.space\/es\/event\/congreso-compliance-y-salud-de-ascom\/#primaryimage"},"thumbnailUrl":"https:\/\/ticsalutsocial.atoom.space\/wp-content\/uploads\/2024\/09\/Captura-de-pantalla-2024-09-23-a-las-8.59.01.png","datePublished":"2024-09-23T06:59:57+00:00","dateModified":"2024-09-23T07:08:39+00:00","breadcrumb":{"@id":"https:\/\/ticsalutsocial.atoom.space\/es\/event\/congreso-compliance-y-salud-de-ascom\/#breadcrumb"},"inLanguage":"es","potentialAction":[{"@type":"ReadAction","target":["https:\/\/ticsalutsocial.atoom.space\/es\/event\/congreso-compliance-y-salud-de-ascom\/"]}]},{"@type":"ImageObject","inLanguage":"es","@id":"https:\/\/ticsalutsocial.atoom.space\/es\/event\/congreso-compliance-y-salud-de-ascom\/#primaryimage","url":"https:\/\/ticsalutsocial.atoom.space\/wp-content\/uploads\/2024\/09\/Captura-de-pantalla-2024-09-23-a-las-8.59.01.png","contentUrl":"https:\/\/ticsalutsocial.atoom.space\/wp-content\/uploads\/2024\/09\/Captura-de-pantalla-2024-09-23-a-las-8.59.01.png","width":1920,"height":940},{"@type":"BreadcrumbList","@id":"https:\/\/ticsalutsocial.atoom.space\/es\/event\/congreso-compliance-y-salud-de-ascom\/#breadcrumb","itemListElement":[{"@type":"ListItem","position":1,"name":"Inici","item":"https:\/\/ticsalutsocial.atoom.space\/es\/"},{"@type":"ListItem","position":2,"name":"Congreso Compliance y Salud de ASCOM"}]},{"@type":"WebSite","@id":"https:\/\/ticsalutsocial.atoom.space\/es\/#website","url":"https:\/\/ticsalutsocial.atoom.space\/es\/","name":"Fundaci\u00f3 TIC Salut i Social","description":"","potentialAction":[{"@type":"SearchAction","target":{"@type":"EntryPoint","urlTemplate":"https:\/\/ticsalutsocial.atoom.space\/es\/?s={search_term_string}"},"query-input":{"@type":"PropertyValueSpecification","valueRequired":true,"valueName":"search_term_string"}}],"inLanguage":"es"}]}},"_links":{"self":[{"href":"https:\/\/ticsalutsocial.atoom.space\/es\/wp-json\/wp\/v2\/event\/28435","targetHints":{"allow":["GET"]}}],"collection":[{"href":"https:\/\/ticsalutsocial.atoom.space\/es\/wp-json\/wp\/v2\/event"}],"about":[{"href":"https:\/\/ticsalutsocial.atoom.space\/es\/wp-json\/wp\/v2\/types\/event"}],"wp:featuredmedia":[{"embeddable":true,"href":"https:\/\/ticsalutsocial.atoom.space\/es\/wp-json\/wp\/v2\/media\/28433"}],"wp:attachment":[{"href":"https:\/\/ticsalutsocial.atoom.space\/es\/wp-json\/wp\/v2\/media?parent=28435"}],"wp:term":[{"taxonomy":"tipus","embeddable":true,"href":"https:\/\/ticsalutsocial.atoom.space\/es\/wp-json\/wp\/v2\/tipus?post=28435"},{"taxonomy":"topic","embeddable":true,"href":"https:\/\/ticsalutsocial.atoom.space\/es\/wp-json\/wp\/v2\/topic?post=28435"}],"curies":[{"name":"wp","href":"https:\/\/api.w.org\/{rel}","templated":true}]}}

<p>Los profesionales de Compliance en el ámbito de la salud se reunirán en Barcelona el próximo día&nbsp;<strong>24 de octubre</strong>&nbsp;para tratar los temas de mayor actualidad e interés en el primer Congreso de Compliance y Salud que organiza la Asociación Española de Compliance a través de su Grupo ASCOM Compliance en el Sector Farmacéutico.&nbsp;</p>



<p><strong>La integridad y la ética</strong>&nbsp;son pilares fundamentales en el ámbito de la salud, donde el bienestar de los pacientes y la calidad de los servicios también dependen de un riguroso cumplimiento de normativas y estándares. En un sector tan delicado y crucial como<strong>&nbsp;la salud, el Compliance no es solo una obligación legal, sino una responsabilidad moral&nbsp;</strong>y profesional.</p>



<p>El Compliance en este sector no solo asegura que las organizaciones y profesionales <strong>actúen en conformidad con la legislación</strong>, las regulaciones y las políticas internas, sino también promueven la transparencia y la ética.</p>



<p>Desde la correcta gestión de datos personales y la seguridad del paciente, hasta la prevención del fraude y la corrupción, el Compliance es esencial para mantener la confianza y la credibilidad en los servicios del sector.</p>



<p>El Director de la Fundación TIC Salut Social, Joan Guanyabens, participará en la sesión &#8216;<strong>Inteligencia Artifical aplicada a la Salud</strong>&#8216;. </p>

<!-- This site is optimized with the Yoast SEO plugin v27.1.1 - https://yoast.com/product/yoast-seo-wordpress/ -->
<title>Congreso Compliance y Salud de ASCOM - Fundació TIC Salut i Social</title>
<meta name="robots" content="index, follow, max-snippet:-1, max-image-preview:large, max-video-preview:-1" />
<link rel="canonical" href="https://ticsalutsocial.atoom.space/es/event/congreso-compliance-y-salud-de-ascom/" />
<meta property="og:locale" content="es_ES" />
<meta property="og:type" content="article" />
<meta property="og:title" content="Congreso Compliance y Salud de ASCOM - Fundació TIC Salut i Social" />
<meta property="og:description" content="Los profesionales de Compliance en el ámbito de la salud se reunirán en Barcelona el próximo día&nbsp;24 de octubre&nbsp;para tratar los temas de mayor actualidad e interés en el primer Congreso de Compliance y Salud que organiza la Asociación Española de Compliance a través de su Grupo ASCOM Compliance en el Sector Farmacéutico.&nbsp; La integridad [&hellip;]" />
<meta property="og:url" content="https://ticsalutsocial.atoom.space/es/event/congreso-compliance-y-salud-de-ascom/" />
<meta property="og:site_name" content="Fundació TIC Salut i Social" />
<meta property="article:modified_time" content="2024-09-23T07:08:39+00:00" />
<meta property="og:image" content="https://ticsalutsocial.atoom.space/wp-content/uploads/2024/09/Captura-de-pantalla-2024-09-23-a-las-8.59.01.png" />
	<meta property="og:image:width" content="1920" />
	<meta property="og:image:height" content="940" />
	<meta property="og:image:type" content="image/png" />
<meta name="twitter:card" content="summary_large_image" />
<meta name="twitter:label1" content="Tiempo de lectura" />
	<meta name="twitter:data1" content="1 minuto" />
<script type="application/ld+json" class="yoast-schema-graph">{"@context":"https://schema.org","@graph":[{"@type":"WebPage","@id":"https://ticsalutsocial.atoom.space/es/event/congreso-compliance-y-salud-de-ascom/","url":"https://ticsalutsocial.atoom.space/es/event/congreso-compliance-y-salud-de-ascom/","name":"Congreso Compliance y Salud de ASCOM - Fundació TIC Salut i Social","isPartOf":{"@id":"https://ticsalutsocial.atoom.space/es/#website"},"primaryImageOfPage":{"@id":"https://ticsalutsocial.atoom.space/es/event/congreso-compliance-y-salud-de-ascom/#primaryimage"},"image":{"@id":"https://ticsalutsocial.atoom.space/es/event/congreso-compliance-y-salud-de-ascom/#primaryimage"},"thumbnailUrl":"https://ticsalutsocial.atoom.space/wp-content/uploads/2024/09/Captura-de-pantalla-2024-09-23-a-las-8.59.01.png","datePublished":"2024-09-23T06:59:57+00:00","dateModified":"2024-09-23T07:08:39+00:00","breadcrumb":{"@id":"https://ticsalutsocial.atoom.space/es/event/congreso-compliance-y-salud-de-ascom/#breadcrumb"},"inLanguage":"es","potentialAction":[{"@type":"ReadAction","target":["https://ticsalutsocial.atoom.space/es/event/congreso-compliance-y-salud-de-ascom/"]}]},{"@type":"ImageObject","inLanguage":"es","@id":"https://ticsalutsocial.atoom.space/es/event/congreso-compliance-y-salud-de-ascom/#primaryimage","url":"https://ticsalutsocial.atoom.space/wp-content/uploads/2024/09/Captura-de-pantalla-2024-09-23-a-las-8.59.01.png","contentUrl":"https://ticsalutsocial.atoom.space/wp-content/uploads/2024/09/Captura-de-pantalla-2024-09-23-a-las-8.59.01.png","width":1920,"height":940},{"@type":"BreadcrumbList","@id":"https://ticsalutsocial.atoom.space/es/event/congreso-compliance-y-salud-de-ascom/#breadcrumb","itemListElement":[{"@type":"ListItem","position":1,"name":"Inici","item":"https://ticsalutsocial.atoom.space/es/"},{"@type":"ListItem","position":2,"name":"Congreso Compliance y Salud de ASCOM"}]},{"@type":"WebSite","@id":"https://ticsalutsocial.atoom.space/es/#website","url":"https://ticsalutsocial.atoom.space/es/","name":"Fundació TIC Salut i Social","description":"","potentialAction":[{"@type":"SearchAction","target":{"@type":"EntryPoint","urlTemplate":"https://ticsalutsocial.atoom.space/es/?s={search_term_string}"},"query-input":{"@type":"PropertyValueSpecification","valueRequired":true,"valueName":"search_term_string"}}],"inLanguage":"es"}]}</script>
<!-- / Yoast SEO plugin. -->

Congreso Compliance y Salud de ASCOM - Fundació TIC Salut i Social

Los profesionales de Compliance en el ámbito de la salud se reunirán en Barcelona el próximo día&nbsp;24 de octubre&nbsp;para tratar los temas de mayor actualidad e interés en el primer Congreso de Compliance y Salud que organiza la Asociación Española de Compliance a través de su Grupo ASCOM Compliance en el Sector Farmacéutico.&nbsp; La integridad [&hellip;]

Fundació TIC Salut i Social
