
{"id":28815,"date":"2024-10-18T09:20:27","date_gmt":"2024-10-18T07:20:27","guid":{"rendered":"https:\/\/ticsalutsocial.atoom.space\/event\/presentacio-de-linforme-de-la-bioregio-2024\/"},"modified":"2024-10-18T09:34:59","modified_gmt":"2024-10-18T07:34:59","slug":"presentacio-de-linforme-de-la-bioregio-2024","status":"publish","type":"event","link":"https:\/\/ticsalutsocial.atoom.space\/es\/event\/presentacio-de-linforme-de-la-bioregio-2024\/","title":{"rendered":"Presentaci\u00f3n del Informe de la BioRegi\u00f3n 2024"},"content":{"rendered":"\n<p>La presentaci\u00f3n del Informe de la BioRegi\u00f3n 2024 tendr\u00e1 lugar el pr\u00f3ximo 17 de febrero de 2025. El documento recoge los principales indicadores de innovaci\u00f3n y los datos macroecon\u00f3micos del sector de las ciencias de la vida y la salud en Catalu\u00f1a actualizados hasta diciembre de 2024, incluyendo las cifras de inversi\u00f3n.<a href=\"javascript:void(0)\"><\/a><a href=\"https:\/\/www.biocat.cat\/#x\" target=\"_blank\" rel=\"noreferrer noopener\"><\/a><\/p>\n\n\n\n<p><a href=\"https:\/\/www.biocat.cat\/es\/actualidad\/agenda\/presentacion-del-informe-de-la-bioregion-2024?mc_cid=016df1cdf1&amp;mc_eid=5d255a365d&amp;utm_campaign=016df1cdf1-Biocat%20Programs%20%26%20Events%20Octubre%20CAT&amp;utm_medium=email&amp;utm_source=Mailings%20General&amp;utm_term=0_c9d6733828-016df1cdf1-128906434\" target=\"_blank\" rel=\"noreferrer noopener\">M\u00e9s informaci\u00f3n<\/a><\/p>\n\n\n\n<p><\/p>\n","protected":false},"featured_media":0,"menu_order":0,"template":"","meta":{"_acf_changed":false,"inline_featured_image":false},"tipus":[],"topic":[117],"class_list":["post-28815","event","type-event","status-publish","hentry","topic-jornadas"],"acf":{"imatge":28812,"informacio":{"ubicacio":"Auditori L'illa, Barcelona","data":"17\/02\/2025","hora":"9:30h","preu":"","inscripcions":"https:\/\/www.eventbrite.es\/e\/presentation-of-the-2024-bioregion-of-catalonia-report-tickets-1041975104587?utm-campaign=social&utm-content=attendeeshare&utm-medium=discovery&utm-term=listing&utm-source=cp&aff=ebdsshcopyurl"},"programa":{"titol":"","items":false},"documents":false},"yoast_head":"<!-- This site is optimized with the Yoast SEO plugin v27.1.1 - https:\/\/yoast.com\/product\/yoast-seo-wordpress\/ -->\n<title>Presentaci\u00f3n del Informe de la BioRegi\u00f3n 2024 - Fundaci\u00f3 TIC Salut i Social<\/title>\n<meta name=\"robots\" content=\"index, follow, max-snippet:-1, max-image-preview:large, max-video-preview:-1\" \/>\n<link rel=\"canonical\" href=\"https:\/\/ticsalutsocial.atoom.space\/es\/event\/presentacio-de-linforme-de-la-bioregio-2024\/\" \/>\n<meta property=\"og:locale\" content=\"es_ES\" \/>\n<meta property=\"og:type\" content=\"article\" \/>\n<meta property=\"og:title\" content=\"Presentaci\u00f3n del Informe de la BioRegi\u00f3n 2024 - Fundaci\u00f3 TIC Salut i Social\" \/>\n<meta property=\"og:description\" content=\"La presentaci\u00f3n del Informe de la BioRegi\u00f3n 2024 tendr\u00e1 lugar el pr\u00f3ximo 17 de febrero de 2025. El documento recoge los principales indicadores de innovaci\u00f3n y los datos macroecon\u00f3micos del sector de las ciencias de la vida y la salud en Catalu\u00f1a actualizados hasta diciembre de 2024, incluyendo las cifras de inversi\u00f3n. M\u00e9s informaci\u00f3n\" \/>\n<meta property=\"og:url\" content=\"https:\/\/ticsalutsocial.atoom.space\/es\/event\/presentacio-de-linforme-de-la-bioregio-2024\/\" \/>\n<meta property=\"og:site_name\" content=\"Fundaci\u00f3 TIC Salut i Social\" \/>\n<meta property=\"article:modified_time\" content=\"2024-10-18T07:34:59+00:00\" \/>\n<meta name=\"twitter:card\" content=\"summary_large_image\" \/>\n<meta name=\"twitter:label1\" content=\"Tiempo de lectura\" \/>\n\t<meta name=\"twitter:data1\" content=\"1 minuto\" \/>\n<script type=\"application\/ld+json\" class=\"yoast-schema-graph\">{\"@context\":\"https:\/\/schema.org\",\"@graph\":[{\"@type\":\"WebPage\",\"@id\":\"https:\/\/ticsalutsocial.atoom.space\/es\/event\/presentacio-de-linforme-de-la-bioregio-2024\/\",\"url\":\"https:\/\/ticsalutsocial.atoom.space\/es\/event\/presentacio-de-linforme-de-la-bioregio-2024\/\",\"name\":\"Presentaci\u00f3n del Informe de la BioRegi\u00f3n 2024 - Fundaci\u00f3 TIC Salut i Social\",\"isPartOf\":{\"@id\":\"https:\/\/ticsalutsocial.atoom.space\/es\/#website\"},\"datePublished\":\"2024-10-18T07:20:27+00:00\",\"dateModified\":\"2024-10-18T07:34:59+00:00\",\"breadcrumb\":{\"@id\":\"https:\/\/ticsalutsocial.atoom.space\/es\/event\/presentacio-de-linforme-de-la-bioregio-2024\/#breadcrumb\"},\"inLanguage\":\"es\",\"potentialAction\":[{\"@type\":\"ReadAction\",\"target\":[\"https:\/\/ticsalutsocial.atoom.space\/es\/event\/presentacio-de-linforme-de-la-bioregio-2024\/\"]}]},{\"@type\":\"BreadcrumbList\",\"@id\":\"https:\/\/ticsalutsocial.atoom.space\/es\/event\/presentacio-de-linforme-de-la-bioregio-2024\/#breadcrumb\",\"itemListElement\":[{\"@type\":\"ListItem\",\"position\":1,\"name\":\"Inici\",\"item\":\"https:\/\/ticsalutsocial.atoom.space\/es\/\"},{\"@type\":\"ListItem\",\"position\":2,\"name\":\"Presentaci\u00f3n del Informe de la BioRegi\u00f3n 2024\"}]},{\"@type\":\"WebSite\",\"@id\":\"https:\/\/ticsalutsocial.atoom.space\/es\/#website\",\"url\":\"https:\/\/ticsalutsocial.atoom.space\/es\/\",\"name\":\"Fundaci\u00f3 TIC Salut i Social\",\"description\":\"\",\"potentialAction\":[{\"@type\":\"SearchAction\",\"target\":{\"@type\":\"EntryPoint\",\"urlTemplate\":\"https:\/\/ticsalutsocial.atoom.space\/es\/?s={search_term_string}\"},\"query-input\":{\"@type\":\"PropertyValueSpecification\",\"valueRequired\":true,\"valueName\":\"search_term_string\"}}],\"inLanguage\":\"es\"}]}<\/script>\n<!-- \/ Yoast SEO plugin. -->","yoast_head_json":{"title":"Presentaci\u00f3n del Informe de la BioRegi\u00f3n 2024 - Fundaci\u00f3 TIC Salut i Social","robots":{"index":"index","follow":"follow","max-snippet":"max-snippet:-1","max-image-preview":"max-image-preview:large","max-video-preview":"max-video-preview:-1"},"canonical":"https:\/\/ticsalutsocial.atoom.space\/es\/event\/presentacio-de-linforme-de-la-bioregio-2024\/","og_locale":"es_ES","og_type":"article","og_title":"Presentaci\u00f3n del Informe de la BioRegi\u00f3n 2024 - Fundaci\u00f3 TIC Salut i Social","og_description":"La presentaci\u00f3n del Informe de la BioRegi\u00f3n 2024 tendr\u00e1 lugar el pr\u00f3ximo 17 de febrero de 2025. El documento recoge los principales indicadores de innovaci\u00f3n y los datos macroecon\u00f3micos del sector de las ciencias de la vida y la salud en Catalu\u00f1a actualizados hasta diciembre de 2024, incluyendo las cifras de inversi\u00f3n. M\u00e9s informaci\u00f3n","og_url":"https:\/\/ticsalutsocial.atoom.space\/es\/event\/presentacio-de-linforme-de-la-bioregio-2024\/","og_site_name":"Fundaci\u00f3 TIC Salut i Social","article_modified_time":"2024-10-18T07:34:59+00:00","twitter_card":"summary_large_image","twitter_misc":{"Tiempo de lectura":"1 minuto"},"schema":{"@context":"https:\/\/schema.org","@graph":[{"@type":"WebPage","@id":"https:\/\/ticsalutsocial.atoom.space\/es\/event\/presentacio-de-linforme-de-la-bioregio-2024\/","url":"https:\/\/ticsalutsocial.atoom.space\/es\/event\/presentacio-de-linforme-de-la-bioregio-2024\/","name":"Presentaci\u00f3n del Informe de la BioRegi\u00f3n 2024 - Fundaci\u00f3 TIC Salut i Social","isPartOf":{"@id":"https:\/\/ticsalutsocial.atoom.space\/es\/#website"},"datePublished":"2024-10-18T07:20:27+00:00","dateModified":"2024-10-18T07:34:59+00:00","breadcrumb":{"@id":"https:\/\/ticsalutsocial.atoom.space\/es\/event\/presentacio-de-linforme-de-la-bioregio-2024\/#breadcrumb"},"inLanguage":"es","potentialAction":[{"@type":"ReadAction","target":["https:\/\/ticsalutsocial.atoom.space\/es\/event\/presentacio-de-linforme-de-la-bioregio-2024\/"]}]},{"@type":"BreadcrumbList","@id":"https:\/\/ticsalutsocial.atoom.space\/es\/event\/presentacio-de-linforme-de-la-bioregio-2024\/#breadcrumb","itemListElement":[{"@type":"ListItem","position":1,"name":"Inici","item":"https:\/\/ticsalutsocial.atoom.space\/es\/"},{"@type":"ListItem","position":2,"name":"Presentaci\u00f3n del Informe de la BioRegi\u00f3n 2024"}]},{"@type":"WebSite","@id":"https:\/\/ticsalutsocial.atoom.space\/es\/#website","url":"https:\/\/ticsalutsocial.atoom.space\/es\/","name":"Fundaci\u00f3 TIC Salut i Social","description":"","potentialAction":[{"@type":"SearchAction","target":{"@type":"EntryPoint","urlTemplate":"https:\/\/ticsalutsocial.atoom.space\/es\/?s={search_term_string}"},"query-input":{"@type":"PropertyValueSpecification","valueRequired":true,"valueName":"search_term_string"}}],"inLanguage":"es"}]}},"_links":{"self":[{"href":"https:\/\/ticsalutsocial.atoom.space\/es\/wp-json\/wp\/v2\/event\/28815","targetHints":{"allow":["GET"]}}],"collection":[{"href":"https:\/\/ticsalutsocial.atoom.space\/es\/wp-json\/wp\/v2\/event"}],"about":[{"href":"https:\/\/ticsalutsocial.atoom.space\/es\/wp-json\/wp\/v2\/types\/event"}],"wp:attachment":[{"href":"https:\/\/ticsalutsocial.atoom.space\/es\/wp-json\/wp\/v2\/media?parent=28815"}],"wp:term":[{"taxonomy":"tipus","embeddable":true,"href":"https:\/\/ticsalutsocial.atoom.space\/es\/wp-json\/wp\/v2\/tipus?post=28815"},{"taxonomy":"topic","embeddable":true,"href":"https:\/\/ticsalutsocial.atoom.space\/es\/wp-json\/wp\/v2\/topic?post=28815"}],"curies":[{"name":"wp","href":"https:\/\/api.w.org\/{rel}","templated":true}]}}

Presentación del Informe de la BioRegión 2024

<p>La presentación del Informe de la BioRegión 2024 tendrá lugar el próximo 17 de febrero de 2025. El documento recoge los principales indicadores de innovación y los datos macroeconómicos del sector de las ciencias de la vida y la salud en Cataluña actualizados hasta diciembre de 2024, incluyendo las cifras de inversión.<a href="javascript:void(0)"></a><a href="https://www.biocat.cat/#x" target="_blank" rel="noreferrer noopener"></a></p>



<p><a href="https://www.biocat.cat/es/actualidad/agenda/presentacion-del-informe-de-la-bioregion-2024?mc_cid=016df1cdf1&amp;mc_eid=5d255a365d&amp;utm_campaign=016df1cdf1-Biocat%20Programs%20%26%20Events%20Octubre%20CAT&amp;utm_medium=email&amp;utm_source=Mailings%20General&amp;utm_term=0_c9d6733828-016df1cdf1-128906434" target="_blank" rel="noreferrer noopener">Més información</a></p>



<p></p>

<!-- This site is optimized with the Yoast SEO plugin v27.1.1 - https://yoast.com/product/yoast-seo-wordpress/ -->
<title>Presentación del Informe de la BioRegión 2024 - Fundació TIC Salut i Social</title>
<meta name="robots" content="index, follow, max-snippet:-1, max-image-preview:large, max-video-preview:-1" />
<link rel="canonical" href="https://ticsalutsocial.atoom.space/es/event/presentacio-de-linforme-de-la-bioregio-2024/" />
<meta property="og:locale" content="es_ES" />
<meta property="og:type" content="article" />
<meta property="og:title" content="Presentación del Informe de la BioRegión 2024 - Fundació TIC Salut i Social" />
<meta property="og:description" content="La presentación del Informe de la BioRegión 2024 tendrá lugar el próximo 17 de febrero de 2025. El documento recoge los principales indicadores de innovación y los datos macroeconómicos del sector de las ciencias de la vida y la salud en Cataluña actualizados hasta diciembre de 2024, incluyendo las cifras de inversión. Més información" />
<meta property="og:url" content="https://ticsalutsocial.atoom.space/es/event/presentacio-de-linforme-de-la-bioregio-2024/" />
<meta property="og:site_name" content="Fundació TIC Salut i Social" />
<meta property="article:modified_time" content="2024-10-18T07:34:59+00:00" />
<meta name="twitter:card" content="summary_large_image" />
<meta name="twitter:label1" content="Tiempo de lectura" />
	<meta name="twitter:data1" content="1 minuto" />
<script type="application/ld+json" class="yoast-schema-graph">{"@context":"https://schema.org","@graph":[{"@type":"WebPage","@id":"https://ticsalutsocial.atoom.space/es/event/presentacio-de-linforme-de-la-bioregio-2024/","url":"https://ticsalutsocial.atoom.space/es/event/presentacio-de-linforme-de-la-bioregio-2024/","name":"Presentación del Informe de la BioRegión 2024 - Fundació TIC Salut i Social","isPartOf":{"@id":"https://ticsalutsocial.atoom.space/es/#website"},"datePublished":"2024-10-18T07:20:27+00:00","dateModified":"2024-10-18T07:34:59+00:00","breadcrumb":{"@id":"https://ticsalutsocial.atoom.space/es/event/presentacio-de-linforme-de-la-bioregio-2024/#breadcrumb"},"inLanguage":"es","potentialAction":[{"@type":"ReadAction","target":["https://ticsalutsocial.atoom.space/es/event/presentacio-de-linforme-de-la-bioregio-2024/"]}]},{"@type":"BreadcrumbList","@id":"https://ticsalutsocial.atoom.space/es/event/presentacio-de-linforme-de-la-bioregio-2024/#breadcrumb","itemListElement":[{"@type":"ListItem","position":1,"name":"Inici","item":"https://ticsalutsocial.atoom.space/es/"},{"@type":"ListItem","position":2,"name":"Presentación del Informe de la BioRegión 2024"}]},{"@type":"WebSite","@id":"https://ticsalutsocial.atoom.space/es/#website","url":"https://ticsalutsocial.atoom.space/es/","name":"Fundació TIC Salut i Social","description":"","potentialAction":[{"@type":"SearchAction","target":{"@type":"EntryPoint","urlTemplate":"https://ticsalutsocial.atoom.space/es/?s={search_term_string}"},"query-input":{"@type":"PropertyValueSpecification","valueRequired":true,"valueName":"search_term_string"}}],"inLanguage":"es"}]}</script>
<!-- / Yoast SEO plugin. -->

Presentación del Informe de la BioRegión 2024 - Fundació TIC Salut i Social

La presentación del Informe de la BioRegión 2024 tendrá lugar el próximo 17 de febrero de 2025. El documento recoge los principales indicadores de innovación y los datos macroeconómicos del sector de las ciencias de la vida y la salud en Cataluña actualizados hasta diciembre de 2024, incluyendo las cifras de inversión. Més información

Fundació TIC Salut i Social
