
{"id":28860,"date":"2024-10-18T11:38:10","date_gmt":"2024-10-18T09:38:10","guid":{"rendered":"https:\/\/ticsalutsocial.atoom.space\/?post_type=event&#038;p=28860"},"modified":"2025-04-14T12:58:30","modified_gmt":"2025-04-14T10:58:30","slug":"25th-international-conference-on-integrated-care-icic-2025","status":"publish","type":"event","link":"https:\/\/ticsalutsocial.atoom.space\/es\/event\/25th-international-conference-on-integrated-care-icic-2025\/","title":{"rendered":"25th International Conference on Integrated Care &#8211; ICIC 2025"},"content":{"rendered":"<p class=\"\" data-start=\"960\" data-end=\"1444\">La <strong data-start=\"963\" data-end=\"1030\">25\u00aa Conferencia Internacional sobre Atenci\u00f3n Integrada (ICIC25)<\/strong>, organizada en colaboraci\u00f3n con la <a href=\"http:\/\/La 25\u00aa Conferencia Internacional sobre Atenci\u00f3n Integrada (ICIC25), organizada en colaboraci\u00f3n con la Fundaci\u00f3n Internacional para la Atenci\u00f3n Integrada (IFIC), el International Journal of Integrated Care (IJIC), el Servicio de Salud de Portugal, la Escuela Nacional de Salud P\u00fablica de NOVA, la Asociaci\u00f3n Portuguesa de Atenci\u00f3n Integrada y la Presidencia de la Rep\u00fablica Portuguesa, se celebrar\u00e1 en el CCB de Lisboa, del 14 al 16 de mayo de 2025.  Bajo el lema &quot;Sinergias entre salud y atenci\u00f3n: aprovechando la atenci\u00f3n integrada para un futuro sostenible&quot;, la conferencia reunir\u00e1 a l\u00edderes, investigadores, profesionales cl\u00ednicos, gestores, representantes comunitarios, pacientes y personas cuidadoras de todo el mundo implicados en el dise\u00f1o y la prestaci\u00f3n de atenci\u00f3n sanitaria y social integrada.\"><strong data-start=\"1066\" data-end=\"1127\">Fundaci\u00f3n Internacional para la Atenci\u00f3n Integrada (IFIC)<\/strong><\/a>, el <a href=\"https:\/\/ijic.org\/\"><strong data-start=\"1132\" data-end=\"1183\">International Journal of Integrated Care (IJIC)<\/strong><\/a>, el <strong data-start=\"1188\" data-end=\"1221\">Servicio de Salud de Portugal<\/strong>, la <a href=\"https:\/\/www.ensp.unl.pt\/\"><strong data-start=\"1226\" data-end=\"1271\">Escuela Nacional de Salud P\u00fablica de NOVA<\/strong><\/a>, la <a href=\"https:\/\/www.pafic.pt\/\"><strong data-start=\"1276\" data-end=\"1323\">Asociaci\u00f3n Portuguesa de Atenci\u00f3n Integrada<\/strong><\/a> y la <a href=\"https:\/\/www.presidencia.pt\/presidente-da-republica\/a-presidencia\/simbolos-nacionais\/ficheiros\/\"><strong data-start=\"1329\" data-end=\"1371\">Presidencia de la Rep\u00fablica Portuguesa<\/strong><\/a>, se celebrar\u00e1 en el <a href=\"https:\/\/www.ccb.pt\/\"><strong data-start=\"1392\" data-end=\"1409\">CCB de Lisboa<\/strong><\/a>, del <strong data-start=\"1415\" data-end=\"1443\">14 al 16 de mayo de 2025<\/strong>.<\/p>\n<p class=\"\" data-start=\"1446\" data-end=\"1804\">Bajo el lema <strong data-start=\"1459\" data-end=\"1559\">\u00abSinergias entre salud y atenci\u00f3n: aprovechando la atenci\u00f3n integrada para un futuro sostenible\u00bb<\/strong>, la conferencia reunir\u00e1 a l\u00edderes, investigadores, profesionales cl\u00ednicos, gestores, representantes comunitarios, pacientes y personas cuidadoras de todo el mundo implicados en el dise\u00f1o y la prestaci\u00f3n de atenci\u00f3n sanitaria y social integrada.<\/p>\n","protected":false},"featured_media":0,"menu_order":0,"template":"","meta":{"_acf_changed":false,"inline_featured_image":false},"tipus":[],"topic":[117],"class_list":["post-28860","event","type-event","status-publish","hentry","topic-jornadas"],"acf":{"informacio":{"ubicacio":"Centro Cultural de Bel\u00e9m, Lisboa","data":"14\/05\/2025","hora":"","preu":"","inscripcions":"https:\/\/abbey.eventsair.com\/icic25\/registration-form\/Site\/Register"},"programa":{"titol":"","items":false},"documents":false},"yoast_head":"<!-- This site is optimized with the Yoast SEO plugin v27.1.1 - https:\/\/yoast.com\/product\/yoast-seo-wordpress\/ -->\n<title>25th International Conference on Integrated Care - ICIC 2025 - Fundaci\u00f3 TIC Salut i Social<\/title>\n<meta name=\"robots\" content=\"index, follow, max-snippet:-1, max-image-preview:large, max-video-preview:-1\" \/>\n<link rel=\"canonical\" href=\"https:\/\/ticsalutsocial.atoom.space\/es\/event\/25th-international-conference-on-integrated-care-icic-2025\/\" \/>\n<meta property=\"og:locale\" content=\"es_ES\" \/>\n<meta property=\"og:type\" content=\"article\" \/>\n<meta property=\"og:title\" content=\"25th International Conference on Integrated Care - ICIC 2025 - Fundaci\u00f3 TIC Salut i Social\" \/>\n<meta property=\"og:description\" content=\"La 25\u00aa Conferencia Internacional sobre Atenci\u00f3n Integrada (ICIC25), organizada en colaboraci\u00f3n con la Fundaci\u00f3n Internacional para la Atenci\u00f3n Integrada (IFIC), el International Journal of Integrated Care (IJIC), el Servicio de Salud de Portugal, la Escuela Nacional de Salud P\u00fablica de NOVA, la Asociaci\u00f3n Portuguesa de Atenci\u00f3n Integrada y la Presidencia de la Rep\u00fablica Portuguesa, se [&hellip;]\" \/>\n<meta property=\"og:url\" content=\"https:\/\/ticsalutsocial.atoom.space\/es\/event\/25th-international-conference-on-integrated-care-icic-2025\/\" \/>\n<meta property=\"og:site_name\" content=\"Fundaci\u00f3 TIC Salut i Social\" \/>\n<meta property=\"article:modified_time\" content=\"2025-04-14T10:58:30+00:00\" \/>\n<meta name=\"twitter:card\" content=\"summary_large_image\" \/>\n<meta name=\"twitter:label1\" content=\"Tiempo de lectura\" \/>\n\t<meta name=\"twitter:data1\" content=\"1 minuto\" \/>\n<script type=\"application\/ld+json\" class=\"yoast-schema-graph\">{\"@context\":\"https:\/\/schema.org\",\"@graph\":[{\"@type\":\"WebPage\",\"@id\":\"https:\/\/ticsalutsocial.atoom.space\/es\/event\/25th-international-conference-on-integrated-care-icic-2025\/\",\"url\":\"https:\/\/ticsalutsocial.atoom.space\/es\/event\/25th-international-conference-on-integrated-care-icic-2025\/\",\"name\":\"25th International Conference on Integrated Care - ICIC 2025 - Fundaci\u00f3 TIC Salut i Social\",\"isPartOf\":{\"@id\":\"https:\/\/ticsalutsocial.atoom.space\/es\/#website\"},\"datePublished\":\"2024-10-18T09:38:10+00:00\",\"dateModified\":\"2025-04-14T10:58:30+00:00\",\"breadcrumb\":{\"@id\":\"https:\/\/ticsalutsocial.atoom.space\/es\/event\/25th-international-conference-on-integrated-care-icic-2025\/#breadcrumb\"},\"inLanguage\":\"es\",\"potentialAction\":[{\"@type\":\"ReadAction\",\"target\":[\"https:\/\/ticsalutsocial.atoom.space\/es\/event\/25th-international-conference-on-integrated-care-icic-2025\/\"]}]},{\"@type\":\"BreadcrumbList\",\"@id\":\"https:\/\/ticsalutsocial.atoom.space\/es\/event\/25th-international-conference-on-integrated-care-icic-2025\/#breadcrumb\",\"itemListElement\":[{\"@type\":\"ListItem\",\"position\":1,\"name\":\"Inici\",\"item\":\"https:\/\/ticsalutsocial.atoom.space\/es\/\"},{\"@type\":\"ListItem\",\"position\":2,\"name\":\"25th International Conference on Integrated Care &#8211; ICIC 2025\"}]},{\"@type\":\"WebSite\",\"@id\":\"https:\/\/ticsalutsocial.atoom.space\/es\/#website\",\"url\":\"https:\/\/ticsalutsocial.atoom.space\/es\/\",\"name\":\"Fundaci\u00f3 TIC Salut i Social\",\"description\":\"\",\"potentialAction\":[{\"@type\":\"SearchAction\",\"target\":{\"@type\":\"EntryPoint\",\"urlTemplate\":\"https:\/\/ticsalutsocial.atoom.space\/es\/?s={search_term_string}\"},\"query-input\":{\"@type\":\"PropertyValueSpecification\",\"valueRequired\":true,\"valueName\":\"search_term_string\"}}],\"inLanguage\":\"es\"}]}<\/script>\n<!-- \/ Yoast SEO plugin. -->","yoast_head_json":{"title":"25th International Conference on Integrated Care - ICIC 2025 - Fundaci\u00f3 TIC Salut i Social","robots":{"index":"index","follow":"follow","max-snippet":"max-snippet:-1","max-image-preview":"max-image-preview:large","max-video-preview":"max-video-preview:-1"},"canonical":"https:\/\/ticsalutsocial.atoom.space\/es\/event\/25th-international-conference-on-integrated-care-icic-2025\/","og_locale":"es_ES","og_type":"article","og_title":"25th International Conference on Integrated Care - ICIC 2025 - Fundaci\u00f3 TIC Salut i Social","og_description":"La 25\u00aa Conferencia Internacional sobre Atenci\u00f3n Integrada (ICIC25), organizada en colaboraci\u00f3n con la Fundaci\u00f3n Internacional para la Atenci\u00f3n Integrada (IFIC), el International Journal of Integrated Care (IJIC), el Servicio de Salud de Portugal, la Escuela Nacional de Salud P\u00fablica de NOVA, la Asociaci\u00f3n Portuguesa de Atenci\u00f3n Integrada y la Presidencia de la Rep\u00fablica Portuguesa, se [&hellip;]","og_url":"https:\/\/ticsalutsocial.atoom.space\/es\/event\/25th-international-conference-on-integrated-care-icic-2025\/","og_site_name":"Fundaci\u00f3 TIC Salut i Social","article_modified_time":"2025-04-14T10:58:30+00:00","twitter_card":"summary_large_image","twitter_misc":{"Tiempo de lectura":"1 minuto"},"schema":{"@context":"https:\/\/schema.org","@graph":[{"@type":"WebPage","@id":"https:\/\/ticsalutsocial.atoom.space\/es\/event\/25th-international-conference-on-integrated-care-icic-2025\/","url":"https:\/\/ticsalutsocial.atoom.space\/es\/event\/25th-international-conference-on-integrated-care-icic-2025\/","name":"25th International Conference on Integrated Care - ICIC 2025 - Fundaci\u00f3 TIC Salut i Social","isPartOf":{"@id":"https:\/\/ticsalutsocial.atoom.space\/es\/#website"},"datePublished":"2024-10-18T09:38:10+00:00","dateModified":"2025-04-14T10:58:30+00:00","breadcrumb":{"@id":"https:\/\/ticsalutsocial.atoom.space\/es\/event\/25th-international-conference-on-integrated-care-icic-2025\/#breadcrumb"},"inLanguage":"es","potentialAction":[{"@type":"ReadAction","target":["https:\/\/ticsalutsocial.atoom.space\/es\/event\/25th-international-conference-on-integrated-care-icic-2025\/"]}]},{"@type":"BreadcrumbList","@id":"https:\/\/ticsalutsocial.atoom.space\/es\/event\/25th-international-conference-on-integrated-care-icic-2025\/#breadcrumb","itemListElement":[{"@type":"ListItem","position":1,"name":"Inici","item":"https:\/\/ticsalutsocial.atoom.space\/es\/"},{"@type":"ListItem","position":2,"name":"25th International Conference on Integrated Care &#8211; ICIC 2025"}]},{"@type":"WebSite","@id":"https:\/\/ticsalutsocial.atoom.space\/es\/#website","url":"https:\/\/ticsalutsocial.atoom.space\/es\/","name":"Fundaci\u00f3 TIC Salut i Social","description":"","potentialAction":[{"@type":"SearchAction","target":{"@type":"EntryPoint","urlTemplate":"https:\/\/ticsalutsocial.atoom.space\/es\/?s={search_term_string}"},"query-input":{"@type":"PropertyValueSpecification","valueRequired":true,"valueName":"search_term_string"}}],"inLanguage":"es"}]}},"_links":{"self":[{"href":"https:\/\/ticsalutsocial.atoom.space\/es\/wp-json\/wp\/v2\/event\/28860","targetHints":{"allow":["GET"]}}],"collection":[{"href":"https:\/\/ticsalutsocial.atoom.space\/es\/wp-json\/wp\/v2\/event"}],"about":[{"href":"https:\/\/ticsalutsocial.atoom.space\/es\/wp-json\/wp\/v2\/types\/event"}],"wp:attachment":[{"href":"https:\/\/ticsalutsocial.atoom.space\/es\/wp-json\/wp\/v2\/media?parent=28860"}],"wp:term":[{"taxonomy":"tipus","embeddable":true,"href":"https:\/\/ticsalutsocial.atoom.space\/es\/wp-json\/wp\/v2\/tipus?post=28860"},{"taxonomy":"topic","embeddable":true,"href":"https:\/\/ticsalutsocial.atoom.space\/es\/wp-json\/wp\/v2\/topic?post=28860"}],"curies":[{"name":"wp","href":"https:\/\/api.w.org\/{rel}","templated":true}]}}

<p class="" data-start="960" data-end="1444">La <strong data-start="963" data-end="1030">25ª Conferencia Internacional sobre Atención Integrada (ICIC25)</strong>, organizada en colaboración con la <a href="http://La 25ª Conferencia Internacional sobre Atención Integrada (ICIC25), organizada en colaboración con la Fundación Internacional para la Atención Integrada (IFIC), el International Journal of Integrated Care (IJIC), el Servicio de Salud de Portugal, la Escuela Nacional de Salud Pública de NOVA, la Asociación Portuguesa de Atención Integrada y la Presidencia de la República Portuguesa, se celebrará en el CCB de Lisboa, del 14 al 16 de mayo de 2025.  Bajo el lema &quot;Sinergias entre salud y atención: aprovechando la atención integrada para un futuro sostenible&quot;, la conferencia reunirá a líderes, investigadores, profesionales clínicos, gestores, representantes comunitarios, pacientes y personas cuidadoras de todo el mundo implicados en el diseño y la prestación de atención sanitaria y social integrada."><strong data-start="1066" data-end="1127">Fundación Internacional para la Atención Integrada (IFIC)</strong></a>, el <a href="https://ijic.org/"><strong data-start="1132" data-end="1183">International Journal of Integrated Care (IJIC)</strong></a>, el <strong data-start="1188" data-end="1221">Servicio de Salud de Portugal</strong>, la <a href="https://www.ensp.unl.pt/"><strong data-start="1226" data-end="1271">Escuela Nacional de Salud Pública de NOVA</strong></a>, la <a href="https://www.pafic.pt/"><strong data-start="1276" data-end="1323">Asociación Portuguesa de Atención Integrada</strong></a> y la <a href="https://www.presidencia.pt/presidente-da-republica/a-presidencia/simbolos-nacionais/ficheiros/"><strong data-start="1329" data-end="1371">Presidencia de la República Portuguesa</strong></a>, se celebrará en el <a href="https://www.ccb.pt/"><strong data-start="1392" data-end="1409">CCB de Lisboa</strong></a>, del <strong data-start="1415" data-end="1443">14 al 16 de mayo de 2025</strong>.</p>
<p class="" data-start="1446" data-end="1804">Bajo el lema <strong data-start="1459" data-end="1559">«Sinergias entre salud y atención: aprovechando la atención integrada para un futuro sostenible»</strong>, la conferencia reunirá a líderes, investigadores, profesionales clínicos, gestores, representantes comunitarios, pacientes y personas cuidadoras de todo el mundo implicados en el diseño y la prestación de atención sanitaria y social integrada.</p>

Centro Cultural de Belém, Lisboa

<!-- This site is optimized with the Yoast SEO plugin v27.1.1 - https://yoast.com/product/yoast-seo-wordpress/ -->
<title>25th International Conference on Integrated Care - ICIC 2025 - Fundació TIC Salut i Social</title>
<meta name="robots" content="index, follow, max-snippet:-1, max-image-preview:large, max-video-preview:-1" />
<link rel="canonical" href="https://ticsalutsocial.atoom.space/es/event/25th-international-conference-on-integrated-care-icic-2025/" />
<meta property="og:locale" content="es_ES" />
<meta property="og:type" content="article" />
<meta property="og:title" content="25th International Conference on Integrated Care - ICIC 2025 - Fundació TIC Salut i Social" />
<meta property="og:description" content="La 25ª Conferencia Internacional sobre Atención Integrada (ICIC25), organizada en colaboración con la Fundación Internacional para la Atención Integrada (IFIC), el International Journal of Integrated Care (IJIC), el Servicio de Salud de Portugal, la Escuela Nacional de Salud Pública de NOVA, la Asociación Portuguesa de Atención Integrada y la Presidencia de la República Portuguesa, se [&hellip;]" />
<meta property="og:url" content="https://ticsalutsocial.atoom.space/es/event/25th-international-conference-on-integrated-care-icic-2025/" />
<meta property="og:site_name" content="Fundació TIC Salut i Social" />
<meta property="article:modified_time" content="2025-04-14T10:58:30+00:00" />
<meta name="twitter:card" content="summary_large_image" />
<meta name="twitter:label1" content="Tiempo de lectura" />
	<meta name="twitter:data1" content="1 minuto" />
<script type="application/ld+json" class="yoast-schema-graph">{"@context":"https://schema.org","@graph":[{"@type":"WebPage","@id":"https://ticsalutsocial.atoom.space/es/event/25th-international-conference-on-integrated-care-icic-2025/","url":"https://ticsalutsocial.atoom.space/es/event/25th-international-conference-on-integrated-care-icic-2025/","name":"25th International Conference on Integrated Care - ICIC 2025 - Fundació TIC Salut i Social","isPartOf":{"@id":"https://ticsalutsocial.atoom.space/es/#website"},"datePublished":"2024-10-18T09:38:10+00:00","dateModified":"2025-04-14T10:58:30+00:00","breadcrumb":{"@id":"https://ticsalutsocial.atoom.space/es/event/25th-international-conference-on-integrated-care-icic-2025/#breadcrumb"},"inLanguage":"es","potentialAction":[{"@type":"ReadAction","target":["https://ticsalutsocial.atoom.space/es/event/25th-international-conference-on-integrated-care-icic-2025/"]}]},{"@type":"BreadcrumbList","@id":"https://ticsalutsocial.atoom.space/es/event/25th-international-conference-on-integrated-care-icic-2025/#breadcrumb","itemListElement":[{"@type":"ListItem","position":1,"name":"Inici","item":"https://ticsalutsocial.atoom.space/es/"},{"@type":"ListItem","position":2,"name":"25th International Conference on Integrated Care &#8211; ICIC 2025"}]},{"@type":"WebSite","@id":"https://ticsalutsocial.atoom.space/es/#website","url":"https://ticsalutsocial.atoom.space/es/","name":"Fundació TIC Salut i Social","description":"","potentialAction":[{"@type":"SearchAction","target":{"@type":"EntryPoint","urlTemplate":"https://ticsalutsocial.atoom.space/es/?s={search_term_string}"},"query-input":{"@type":"PropertyValueSpecification","valueRequired":true,"valueName":"search_term_string"}}],"inLanguage":"es"}]}</script>
<!-- / Yoast SEO plugin. -->

25th International Conference on Integrated Care - ICIC 2025 - Fundació TIC Salut i Social

La 25ª Conferencia Internacional sobre Atención Integrada (ICIC25), organizada en colaboración con la Fundación Internacional para la Atención Integrada (IFIC), el International Journal of Integrated Care (IJIC), el Servicio de Salud de Portugal, la Escuela Nacional de Salud Pública de NOVA, la Asociación Portuguesa de Atención Integrada y la Presidencia de la República Portuguesa, se [&hellip;]

Fundació TIC Salut i Social
