
{"id":28863,"date":"2024-10-22T08:41:49","date_gmt":"2024-10-22T06:41:49","guid":{"rendered":"https:\/\/ticsalutsocial.atoom.space\/?post_type=event&#038;p=28863"},"modified":"2024-10-22T09:09:20","modified_gmt":"2024-10-22T07:09:20","slug":"ehtel-2024-symposium","status":"publish","type":"event","link":"https:\/\/ticsalutsocial.atoom.space\/es\/event\/ehtel-2024-symposium\/","title":{"rendered":"EHTEL 2024 Symposium"},"content":{"rendered":"<p>El 2024 EHTEL Symposium llega el pr\u00f3ximo 4 de diciembre.<\/p>\n<p>Dirigido a proveedores de servicios sanitario, empresas TIC, hubs de innovaci\u00f3n, startups, profesionales sanitarios, asociaciones u organizaciones de prestaci\u00f3n de servicios se trata de la jornada anual de EHTEL d\u00f3nde se abord\u00e1:<\/p>\n<ul>\n<li>Conferencias magistrales: \u00abGestionando la agenda pol\u00edtica de transformaci\u00f3n digital a nivel estatal\u00bb e \u00abIniciativas de la UE y la agenda pol\u00edtica digital de la UE\u00bb.<\/li>\n<li>Mirada retrospectiva: trayectorias de despliegue y lecciones aprendidas.<\/li>\n<li>Transformando la prestaci\u00f3n de servicios de salud y cuidados.<\/li>\n<li>Hacia una infraestructura habilitadora para el EHDS (Espacio Europeo de Datos de Salud).<\/li>\n<li>Habilidades para la escalabilidad.<\/li>\n<li>IA para la salud de la poblaci\u00f3n.<\/li>\n<li>Cruzando fronteras entre pol\u00edtica e implementaci\u00f3n.<\/li>\n<\/ul>\n<p>Consulta el programa completo <a href=\"https:\/\/ehtel.eu\/2024-symposium\/agenda.html\" target=\"_blank\" rel=\"noopener\">aqu\u00ed.<\/a><\/p>\n","protected":false},"featured_media":0,"menu_order":0,"template":"","meta":{"_acf_changed":false,"inline_featured_image":false},"tipus":[],"topic":[],"class_list":["post-28863","event","type-event","status-publish","hentry"],"acf":{"informacio":{"ubicacio":"Scotland House, Rdpt. Robert Schuman 6, 1040, Bruselas, B\u00e9lgica","data":"04\/12\/2024","hora":"9:00","preu":"","inscripcions":"https:\/\/www.tickettailor.com\/events\/ehtel\/1301240"},"programa":{"titol":"","items":false},"documents":false},"yoast_head":"<!-- This site is optimized with the Yoast SEO plugin v27.1.1 - https:\/\/yoast.com\/product\/yoast-seo-wordpress\/ -->\n<title>EHTEL 2024 Symposium - Fundaci\u00f3 TIC Salut i Social<\/title>\n<meta name=\"robots\" content=\"index, follow, max-snippet:-1, max-image-preview:large, max-video-preview:-1\" \/>\n<link rel=\"canonical\" href=\"https:\/\/ticsalutsocial.atoom.space\/es\/event\/ehtel-2024-symposium\/\" \/>\n<meta property=\"og:locale\" content=\"es_ES\" \/>\n<meta property=\"og:type\" content=\"article\" \/>\n<meta property=\"og:title\" content=\"EHTEL 2024 Symposium - Fundaci\u00f3 TIC Salut i Social\" \/>\n<meta property=\"og:description\" content=\"El 2024 EHTEL Symposium llega el pr\u00f3ximo 4 de diciembre. Dirigido a proveedores de servicios sanitario, empresas TIC, hubs de innovaci\u00f3n, startups, profesionales sanitarios, asociaciones u organizaciones de prestaci\u00f3n de servicios se trata de la jornada anual de EHTEL d\u00f3nde se abord\u00e1: Conferencias magistrales: \u00abGestionando la agenda pol\u00edtica de transformaci\u00f3n digital a nivel estatal\u00bb e [&hellip;]\" \/>\n<meta property=\"og:url\" content=\"https:\/\/ticsalutsocial.atoom.space\/es\/event\/ehtel-2024-symposium\/\" \/>\n<meta property=\"og:site_name\" content=\"Fundaci\u00f3 TIC Salut i Social\" \/>\n<meta property=\"article:modified_time\" content=\"2024-10-22T07:09:20+00:00\" \/>\n<meta name=\"twitter:card\" content=\"summary_large_image\" \/>\n<meta name=\"twitter:label1\" content=\"Tiempo de lectura\" \/>\n\t<meta name=\"twitter:data1\" content=\"1 minuto\" \/>\n<script type=\"application\/ld+json\" class=\"yoast-schema-graph\">{\"@context\":\"https:\/\/schema.org\",\"@graph\":[{\"@type\":\"WebPage\",\"@id\":\"https:\/\/ticsalutsocial.atoom.space\/es\/event\/ehtel-2024-symposium\/\",\"url\":\"https:\/\/ticsalutsocial.atoom.space\/es\/event\/ehtel-2024-symposium\/\",\"name\":\"EHTEL 2024 Symposium - Fundaci\u00f3 TIC Salut i Social\",\"isPartOf\":{\"@id\":\"https:\/\/ticsalutsocial.atoom.space\/es\/#website\"},\"datePublished\":\"2024-10-22T06:41:49+00:00\",\"dateModified\":\"2024-10-22T07:09:20+00:00\",\"breadcrumb\":{\"@id\":\"https:\/\/ticsalutsocial.atoom.space\/es\/event\/ehtel-2024-symposium\/#breadcrumb\"},\"inLanguage\":\"es\",\"potentialAction\":[{\"@type\":\"ReadAction\",\"target\":[\"https:\/\/ticsalutsocial.atoom.space\/es\/event\/ehtel-2024-symposium\/\"]}]},{\"@type\":\"BreadcrumbList\",\"@id\":\"https:\/\/ticsalutsocial.atoom.space\/es\/event\/ehtel-2024-symposium\/#breadcrumb\",\"itemListElement\":[{\"@type\":\"ListItem\",\"position\":1,\"name\":\"Inici\",\"item\":\"https:\/\/ticsalutsocial.atoom.space\/es\/\"},{\"@type\":\"ListItem\",\"position\":2,\"name\":\"EHTEL 2024 Symposium\"}]},{\"@type\":\"WebSite\",\"@id\":\"https:\/\/ticsalutsocial.atoom.space\/es\/#website\",\"url\":\"https:\/\/ticsalutsocial.atoom.space\/es\/\",\"name\":\"Fundaci\u00f3 TIC Salut i Social\",\"description\":\"\",\"potentialAction\":[{\"@type\":\"SearchAction\",\"target\":{\"@type\":\"EntryPoint\",\"urlTemplate\":\"https:\/\/ticsalutsocial.atoom.space\/es\/?s={search_term_string}\"},\"query-input\":{\"@type\":\"PropertyValueSpecification\",\"valueRequired\":true,\"valueName\":\"search_term_string\"}}],\"inLanguage\":\"es\"}]}<\/script>\n<!-- \/ Yoast SEO plugin. -->","yoast_head_json":{"title":"EHTEL 2024 Symposium - Fundaci\u00f3 TIC Salut i Social","robots":{"index":"index","follow":"follow","max-snippet":"max-snippet:-1","max-image-preview":"max-image-preview:large","max-video-preview":"max-video-preview:-1"},"canonical":"https:\/\/ticsalutsocial.atoom.space\/es\/event\/ehtel-2024-symposium\/","og_locale":"es_ES","og_type":"article","og_title":"EHTEL 2024 Symposium - Fundaci\u00f3 TIC Salut i Social","og_description":"El 2024 EHTEL Symposium llega el pr\u00f3ximo 4 de diciembre. Dirigido a proveedores de servicios sanitario, empresas TIC, hubs de innovaci\u00f3n, startups, profesionales sanitarios, asociaciones u organizaciones de prestaci\u00f3n de servicios se trata de la jornada anual de EHTEL d\u00f3nde se abord\u00e1: Conferencias magistrales: \u00abGestionando la agenda pol\u00edtica de transformaci\u00f3n digital a nivel estatal\u00bb e [&hellip;]","og_url":"https:\/\/ticsalutsocial.atoom.space\/es\/event\/ehtel-2024-symposium\/","og_site_name":"Fundaci\u00f3 TIC Salut i Social","article_modified_time":"2024-10-22T07:09:20+00:00","twitter_card":"summary_large_image","twitter_misc":{"Tiempo de lectura":"1 minuto"},"schema":{"@context":"https:\/\/schema.org","@graph":[{"@type":"WebPage","@id":"https:\/\/ticsalutsocial.atoom.space\/es\/event\/ehtel-2024-symposium\/","url":"https:\/\/ticsalutsocial.atoom.space\/es\/event\/ehtel-2024-symposium\/","name":"EHTEL 2024 Symposium - Fundaci\u00f3 TIC Salut i Social","isPartOf":{"@id":"https:\/\/ticsalutsocial.atoom.space\/es\/#website"},"datePublished":"2024-10-22T06:41:49+00:00","dateModified":"2024-10-22T07:09:20+00:00","breadcrumb":{"@id":"https:\/\/ticsalutsocial.atoom.space\/es\/event\/ehtel-2024-symposium\/#breadcrumb"},"inLanguage":"es","potentialAction":[{"@type":"ReadAction","target":["https:\/\/ticsalutsocial.atoom.space\/es\/event\/ehtel-2024-symposium\/"]}]},{"@type":"BreadcrumbList","@id":"https:\/\/ticsalutsocial.atoom.space\/es\/event\/ehtel-2024-symposium\/#breadcrumb","itemListElement":[{"@type":"ListItem","position":1,"name":"Inici","item":"https:\/\/ticsalutsocial.atoom.space\/es\/"},{"@type":"ListItem","position":2,"name":"EHTEL 2024 Symposium"}]},{"@type":"WebSite","@id":"https:\/\/ticsalutsocial.atoom.space\/es\/#website","url":"https:\/\/ticsalutsocial.atoom.space\/es\/","name":"Fundaci\u00f3 TIC Salut i Social","description":"","potentialAction":[{"@type":"SearchAction","target":{"@type":"EntryPoint","urlTemplate":"https:\/\/ticsalutsocial.atoom.space\/es\/?s={search_term_string}"},"query-input":{"@type":"PropertyValueSpecification","valueRequired":true,"valueName":"search_term_string"}}],"inLanguage":"es"}]}},"_links":{"self":[{"href":"https:\/\/ticsalutsocial.atoom.space\/es\/wp-json\/wp\/v2\/event\/28863","targetHints":{"allow":["GET"]}}],"collection":[{"href":"https:\/\/ticsalutsocial.atoom.space\/es\/wp-json\/wp\/v2\/event"}],"about":[{"href":"https:\/\/ticsalutsocial.atoom.space\/es\/wp-json\/wp\/v2\/types\/event"}],"wp:attachment":[{"href":"https:\/\/ticsalutsocial.atoom.space\/es\/wp-json\/wp\/v2\/media?parent=28863"}],"wp:term":[{"taxonomy":"tipus","embeddable":true,"href":"https:\/\/ticsalutsocial.atoom.space\/es\/wp-json\/wp\/v2\/tipus?post=28863"},{"taxonomy":"topic","embeddable":true,"href":"https:\/\/ticsalutsocial.atoom.space\/es\/wp-json\/wp\/v2\/topic?post=28863"}],"curies":[{"name":"wp","href":"https:\/\/api.w.org\/{rel}","templated":true}]}}

<p>El 2024 EHTEL Symposium llega el próximo 4 de diciembre.</p>
<p>Dirigido a proveedores de servicios sanitario, empresas TIC, hubs de innovación, startups, profesionales sanitarios, asociaciones u organizaciones de prestación de servicios se trata de la jornada anual de EHTEL dónde se abordá:</p>
<ul>
<li>Conferencias magistrales: «Gestionando la agenda política de transformación digital a nivel estatal» e «Iniciativas de la UE y la agenda política digital de la UE».</li>
<li>Mirada retrospectiva: trayectorias de despliegue y lecciones aprendidas.</li>
<li>Transformando la prestación de servicios de salud y cuidados.</li>
<li>Hacia una infraestructura habilitadora para el EHDS (Espacio Europeo de Datos de Salud).</li>
<li>Habilidades para la escalabilidad.</li>
<li>IA para la salud de la población.</li>
<li>Cruzando fronteras entre política e implementación.</li>
</ul>
<p>Consulta el programa completo <a href="https://ehtel.eu/2024-symposium/agenda.html" target="_blank" rel="noopener">aquí.</a></p>

Scotland House, Rdpt. Robert Schuman 6, 1040, Bruselas, Bélgica

<!-- This site is optimized with the Yoast SEO plugin v27.1.1 - https://yoast.com/product/yoast-seo-wordpress/ -->
<title>EHTEL 2024 Symposium - Fundació TIC Salut i Social</title>
<meta name="robots" content="index, follow, max-snippet:-1, max-image-preview:large, max-video-preview:-1" />
<link rel="canonical" href="https://ticsalutsocial.atoom.space/es/event/ehtel-2024-symposium/" />
<meta property="og:locale" content="es_ES" />
<meta property="og:type" content="article" />
<meta property="og:title" content="EHTEL 2024 Symposium - Fundació TIC Salut i Social" />
<meta property="og:description" content="El 2024 EHTEL Symposium llega el próximo 4 de diciembre. Dirigido a proveedores de servicios sanitario, empresas TIC, hubs de innovación, startups, profesionales sanitarios, asociaciones u organizaciones de prestación de servicios se trata de la jornada anual de EHTEL dónde se abordá: Conferencias magistrales: «Gestionando la agenda política de transformación digital a nivel estatal» e [&hellip;]" />
<meta property="og:url" content="https://ticsalutsocial.atoom.space/es/event/ehtel-2024-symposium/" />
<meta property="og:site_name" content="Fundació TIC Salut i Social" />
<meta property="article:modified_time" content="2024-10-22T07:09:20+00:00" />
<meta name="twitter:card" content="summary_large_image" />
<meta name="twitter:label1" content="Tiempo de lectura" />
	<meta name="twitter:data1" content="1 minuto" />
<script type="application/ld+json" class="yoast-schema-graph">{"@context":"https://schema.org","@graph":[{"@type":"WebPage","@id":"https://ticsalutsocial.atoom.space/es/event/ehtel-2024-symposium/","url":"https://ticsalutsocial.atoom.space/es/event/ehtel-2024-symposium/","name":"EHTEL 2024 Symposium - Fundació TIC Salut i Social","isPartOf":{"@id":"https://ticsalutsocial.atoom.space/es/#website"},"datePublished":"2024-10-22T06:41:49+00:00","dateModified":"2024-10-22T07:09:20+00:00","breadcrumb":{"@id":"https://ticsalutsocial.atoom.space/es/event/ehtel-2024-symposium/#breadcrumb"},"inLanguage":"es","potentialAction":[{"@type":"ReadAction","target":["https://ticsalutsocial.atoom.space/es/event/ehtel-2024-symposium/"]}]},{"@type":"BreadcrumbList","@id":"https://ticsalutsocial.atoom.space/es/event/ehtel-2024-symposium/#breadcrumb","itemListElement":[{"@type":"ListItem","position":1,"name":"Inici","item":"https://ticsalutsocial.atoom.space/es/"},{"@type":"ListItem","position":2,"name":"EHTEL 2024 Symposium"}]},{"@type":"WebSite","@id":"https://ticsalutsocial.atoom.space/es/#website","url":"https://ticsalutsocial.atoom.space/es/","name":"Fundació TIC Salut i Social","description":"","potentialAction":[{"@type":"SearchAction","target":{"@type":"EntryPoint","urlTemplate":"https://ticsalutsocial.atoom.space/es/?s={search_term_string}"},"query-input":{"@type":"PropertyValueSpecification","valueRequired":true,"valueName":"search_term_string"}}],"inLanguage":"es"}]}</script>
<!-- / Yoast SEO plugin. -->

EHTEL 2024 Symposium - Fundació TIC Salut i Social

El 2024 EHTEL Symposium llega el próximo 4 de diciembre. Dirigido a proveedores de servicios sanitario, empresas TIC, hubs de innovación, startups, profesionales sanitarios, asociaciones u organizaciones de prestación de servicios se trata de la jornada anual de EHTEL dónde se abordá: Conferencias magistrales: «Gestionando la agenda política de transformación digital a nivel estatal» e [&hellip;]

Fundació TIC Salut i Social
