
{"id":28870,"date":"2024-10-22T11:37:00","date_gmt":"2024-10-22T09:37:00","guid":{"rendered":"https:\/\/ticsalutsocial.atoom.space\/?post_type=event&#038;p=28870"},"modified":"2024-10-22T11:47:15","modified_gmt":"2024-10-22T09:47:15","slug":"smart-city-expo-world-congress","status":"publish","type":"event","link":"https:\/\/ticsalutsocial.atoom.space\/es\/event\/smart-city-expo-world-congress\/","title":{"rendered":"Smart City Expo World Congress"},"content":{"rendered":"\n<p>Smart City Expo World Congress es el evento m\u00e1s grande y m\u00e1s influyente del mundo sobre la innovaci\u00f3n urbana.<\/p>\n\n\n\n<p>Celebrado en Barcelona desde 2011, cada a\u00f1o, re\u00fane a l\u00edderes de empresas, gobiernos y organizaciones globales para avanzar las ciudades hacia un futuro mejor. Su objetivo es colectivizar la innovaci\u00f3n urbana en todo el mundo y empoderar a las ciudades para hacer frente a los retos cr\u00edticos a los que se enfrentan hoy.<\/p>\n\n\n\n<p>El mi\u00e9rcoles 6 de noviembre por la ma\u00f1ana, se presentar\u00e1 el reto del Programa Salut\/IA y la <a href=\"https:\/\/iasalut.cat\/es\/noticia\/publicada-la-licitacio-per-trobar-solucions-basades-en-intel%c2%b7ligencia-artificial-per-a-la-prevencio-de-la-retinopatia\/\" target=\"_blank\" rel=\"noreferrer noopener\">licitaci\u00f3n para encontrar soluciones basadas en inteligencia artificial para la prevenci\u00f3n de la retinopat\u00eda diab\u00e9tica en la atenci\u00f3n primaria<\/a>, en una sesi\u00f3n espec\u00edfica sobre compra p\u00fablica de innovaci\u00f3n conducida por ACCI\u00d3.<\/p>\n\n\n\n<p><a href=\"https:\/\/www.smartcityexpo.com\/\" target=\"_blank\" rel=\"noreferrer noopener\">M\u00e1s informaci\u00f3n<\/a><\/p>\n","protected":false},"featured_media":0,"menu_order":0,"template":"","meta":{"_acf_changed":false,"inline_featured_image":false},"tipus":[],"topic":[],"class_list":["post-28870","event","type-event","status-publish","hentry"],"acf":{"imatge":28871,"informacio":{"ubicacio":"Fira Barcelona- recinte Montju\u00efc","data":"05\/11\/2024","hora":"","preu":"","inscripcions":"https:\/\/www.smartcityexpo.com\/passes-and-prices\/"},"programa":{"titol":"","items":false},"documents":false},"yoast_head":"<!-- This site is optimized with the Yoast SEO plugin v27.1.1 - https:\/\/yoast.com\/product\/yoast-seo-wordpress\/ -->\n<title>Smart City Expo World Congress - Fundaci\u00f3 TIC Salut i Social<\/title>\n<meta name=\"description\" content=\"Smart City Expo World Congress \u00e9s l&#039;esdeveniment m\u00e9s gran i m\u00e9s influent del m\u00f3n sobre la innovaci\u00f3 urbana.\" \/>\n<meta name=\"robots\" content=\"index, follow, max-snippet:-1, max-image-preview:large, max-video-preview:-1\" \/>\n<link rel=\"canonical\" href=\"https:\/\/ticsalutsocial.atoom.space\/es\/event\/smart-city-expo-world-congress\/\" \/>\n<meta property=\"og:locale\" content=\"es_ES\" \/>\n<meta property=\"og:type\" content=\"article\" \/>\n<meta property=\"og:title\" content=\"Smart City Expo World Congress - Fundaci\u00f3 TIC Salut i Social\" \/>\n<meta property=\"og:description\" content=\"Smart City Expo World Congress \u00e9s l&#039;esdeveniment m\u00e9s gran i m\u00e9s influent del m\u00f3n sobre la innovaci\u00f3 urbana.\" \/>\n<meta property=\"og:url\" content=\"https:\/\/ticsalutsocial.atoom.space\/es\/event\/smart-city-expo-world-congress\/\" \/>\n<meta property=\"og:site_name\" content=\"Fundaci\u00f3 TIC Salut i Social\" \/>\n<meta property=\"article:modified_time\" content=\"2024-10-22T09:47:15+00:00\" \/>\n<meta name=\"twitter:card\" content=\"summary_large_image\" \/>\n<meta name=\"twitter:label1\" content=\"Tiempo de lectura\" \/>\n\t<meta name=\"twitter:data1\" content=\"1 minuto\" \/>\n<script type=\"application\/ld+json\" class=\"yoast-schema-graph\">{\"@context\":\"https:\/\/schema.org\",\"@graph\":[{\"@type\":\"WebPage\",\"@id\":\"https:\/\/ticsalutsocial.atoom.space\/es\/event\/smart-city-expo-world-congress\/\",\"url\":\"https:\/\/ticsalutsocial.atoom.space\/es\/event\/smart-city-expo-world-congress\/\",\"name\":\"Smart City Expo World Congress - Fundaci\u00f3 TIC Salut i Social\",\"isPartOf\":{\"@id\":\"https:\/\/ticsalutsocial.atoom.space\/es\/#website\"},\"datePublished\":\"2024-10-22T09:37:00+00:00\",\"dateModified\":\"2024-10-22T09:47:15+00:00\",\"description\":\"Smart City Expo World Congress \u00e9s l'esdeveniment m\u00e9s gran i m\u00e9s influent del m\u00f3n sobre la innovaci\u00f3 urbana.\",\"breadcrumb\":{\"@id\":\"https:\/\/ticsalutsocial.atoom.space\/es\/event\/smart-city-expo-world-congress\/#breadcrumb\"},\"inLanguage\":\"es\",\"potentialAction\":[{\"@type\":\"ReadAction\",\"target\":[\"https:\/\/ticsalutsocial.atoom.space\/es\/event\/smart-city-expo-world-congress\/\"]}]},{\"@type\":\"BreadcrumbList\",\"@id\":\"https:\/\/ticsalutsocial.atoom.space\/es\/event\/smart-city-expo-world-congress\/#breadcrumb\",\"itemListElement\":[{\"@type\":\"ListItem\",\"position\":1,\"name\":\"Inici\",\"item\":\"https:\/\/ticsalutsocial.atoom.space\/es\/\"},{\"@type\":\"ListItem\",\"position\":2,\"name\":\"Smart City Expo World Congress\"}]},{\"@type\":\"WebSite\",\"@id\":\"https:\/\/ticsalutsocial.atoom.space\/es\/#website\",\"url\":\"https:\/\/ticsalutsocial.atoom.space\/es\/\",\"name\":\"Fundaci\u00f3 TIC Salut i Social\",\"description\":\"\",\"potentialAction\":[{\"@type\":\"SearchAction\",\"target\":{\"@type\":\"EntryPoint\",\"urlTemplate\":\"https:\/\/ticsalutsocial.atoom.space\/es\/?s={search_term_string}\"},\"query-input\":{\"@type\":\"PropertyValueSpecification\",\"valueRequired\":true,\"valueName\":\"search_term_string\"}}],\"inLanguage\":\"es\"}]}<\/script>\n<!-- \/ Yoast SEO plugin. -->","yoast_head_json":{"title":"Smart City Expo World Congress - Fundaci\u00f3 TIC Salut i Social","description":"Smart City Expo World Congress \u00e9s l'esdeveniment m\u00e9s gran i m\u00e9s influent del m\u00f3n sobre la innovaci\u00f3 urbana.","robots":{"index":"index","follow":"follow","max-snippet":"max-snippet:-1","max-image-preview":"max-image-preview:large","max-video-preview":"max-video-preview:-1"},"canonical":"https:\/\/ticsalutsocial.atoom.space\/es\/event\/smart-city-expo-world-congress\/","og_locale":"es_ES","og_type":"article","og_title":"Smart City Expo World Congress - Fundaci\u00f3 TIC Salut i Social","og_description":"Smart City Expo World Congress \u00e9s l'esdeveniment m\u00e9s gran i m\u00e9s influent del m\u00f3n sobre la innovaci\u00f3 urbana.","og_url":"https:\/\/ticsalutsocial.atoom.space\/es\/event\/smart-city-expo-world-congress\/","og_site_name":"Fundaci\u00f3 TIC Salut i Social","article_modified_time":"2024-10-22T09:47:15+00:00","twitter_card":"summary_large_image","twitter_misc":{"Tiempo de lectura":"1 minuto"},"schema":{"@context":"https:\/\/schema.org","@graph":[{"@type":"WebPage","@id":"https:\/\/ticsalutsocial.atoom.space\/es\/event\/smart-city-expo-world-congress\/","url":"https:\/\/ticsalutsocial.atoom.space\/es\/event\/smart-city-expo-world-congress\/","name":"Smart City Expo World Congress - Fundaci\u00f3 TIC Salut i Social","isPartOf":{"@id":"https:\/\/ticsalutsocial.atoom.space\/es\/#website"},"datePublished":"2024-10-22T09:37:00+00:00","dateModified":"2024-10-22T09:47:15+00:00","description":"Smart City Expo World Congress \u00e9s l'esdeveniment m\u00e9s gran i m\u00e9s influent del m\u00f3n sobre la innovaci\u00f3 urbana.","breadcrumb":{"@id":"https:\/\/ticsalutsocial.atoom.space\/es\/event\/smart-city-expo-world-congress\/#breadcrumb"},"inLanguage":"es","potentialAction":[{"@type":"ReadAction","target":["https:\/\/ticsalutsocial.atoom.space\/es\/event\/smart-city-expo-world-congress\/"]}]},{"@type":"BreadcrumbList","@id":"https:\/\/ticsalutsocial.atoom.space\/es\/event\/smart-city-expo-world-congress\/#breadcrumb","itemListElement":[{"@type":"ListItem","position":1,"name":"Inici","item":"https:\/\/ticsalutsocial.atoom.space\/es\/"},{"@type":"ListItem","position":2,"name":"Smart City Expo World Congress"}]},{"@type":"WebSite","@id":"https:\/\/ticsalutsocial.atoom.space\/es\/#website","url":"https:\/\/ticsalutsocial.atoom.space\/es\/","name":"Fundaci\u00f3 TIC Salut i Social","description":"","potentialAction":[{"@type":"SearchAction","target":{"@type":"EntryPoint","urlTemplate":"https:\/\/ticsalutsocial.atoom.space\/es\/?s={search_term_string}"},"query-input":{"@type":"PropertyValueSpecification","valueRequired":true,"valueName":"search_term_string"}}],"inLanguage":"es"}]}},"_links":{"self":[{"href":"https:\/\/ticsalutsocial.atoom.space\/es\/wp-json\/wp\/v2\/event\/28870","targetHints":{"allow":["GET"]}}],"collection":[{"href":"https:\/\/ticsalutsocial.atoom.space\/es\/wp-json\/wp\/v2\/event"}],"about":[{"href":"https:\/\/ticsalutsocial.atoom.space\/es\/wp-json\/wp\/v2\/types\/event"}],"wp:attachment":[{"href":"https:\/\/ticsalutsocial.atoom.space\/es\/wp-json\/wp\/v2\/media?parent=28870"}],"wp:term":[{"taxonomy":"tipus","embeddable":true,"href":"https:\/\/ticsalutsocial.atoom.space\/es\/wp-json\/wp\/v2\/tipus?post=28870"},{"taxonomy":"topic","embeddable":true,"href":"https:\/\/ticsalutsocial.atoom.space\/es\/wp-json\/wp\/v2\/topic?post=28870"}],"curies":[{"name":"wp","href":"https:\/\/api.w.org\/{rel}","templated":true}]}}

<p>Smart City Expo World Congress es el evento más grande y más influyente del mundo sobre la innovación urbana.</p>



<p>Celebrado en Barcelona desde 2011, cada año, reúne a líderes de empresas, gobiernos y organizaciones globales para avanzar las ciudades hacia un futuro mejor. Su objetivo es colectivizar la innovación urbana en todo el mundo y empoderar a las ciudades para hacer frente a los retos críticos a los que se enfrentan hoy.</p>



<p>El miércoles 6 de noviembre por la mañana, se presentará el reto del Programa Salut/IA y la <a href="https://iasalut.cat/es/noticia/publicada-la-licitacio-per-trobar-solucions-basades-en-intel%c2%b7ligencia-artificial-per-a-la-prevencio-de-la-retinopatia/" target="_blank" rel="noreferrer noopener">licitación para encontrar soluciones basadas en inteligencia artificial para la prevención de la retinopatía diabética en la atención primaria</a>, en una sesión específica sobre compra pública de innovación conducida por ACCIÓ.</p>



<p><a href="https://www.smartcityexpo.com/" target="_blank" rel="noreferrer noopener">Más información</a></p>

Fira Barcelona- recinte Montjuïc

<!-- This site is optimized with the Yoast SEO plugin v27.1.1 - https://yoast.com/product/yoast-seo-wordpress/ -->
<title>Smart City Expo World Congress - Fundació TIC Salut i Social</title>
<meta name="description" content="Smart City Expo World Congress és l&#039;esdeveniment més gran i més influent del món sobre la innovació urbana." />
<meta name="robots" content="index, follow, max-snippet:-1, max-image-preview:large, max-video-preview:-1" />
<link rel="canonical" href="https://ticsalutsocial.atoom.space/es/event/smart-city-expo-world-congress/" />
<meta property="og:locale" content="es_ES" />
<meta property="og:type" content="article" />
<meta property="og:title" content="Smart City Expo World Congress - Fundació TIC Salut i Social" />
<meta property="og:description" content="Smart City Expo World Congress és l&#039;esdeveniment més gran i més influent del món sobre la innovació urbana." />
<meta property="og:url" content="https://ticsalutsocial.atoom.space/es/event/smart-city-expo-world-congress/" />
<meta property="og:site_name" content="Fundació TIC Salut i Social" />
<meta property="article:modified_time" content="2024-10-22T09:47:15+00:00" />
<meta name="twitter:card" content="summary_large_image" />
<meta name="twitter:label1" content="Tiempo de lectura" />
	<meta name="twitter:data1" content="1 minuto" />
<script type="application/ld+json" class="yoast-schema-graph">{"@context":"https://schema.org","@graph":[{"@type":"WebPage","@id":"https://ticsalutsocial.atoom.space/es/event/smart-city-expo-world-congress/","url":"https://ticsalutsocial.atoom.space/es/event/smart-city-expo-world-congress/","name":"Smart City Expo World Congress - Fundació TIC Salut i Social","isPartOf":{"@id":"https://ticsalutsocial.atoom.space/es/#website"},"datePublished":"2024-10-22T09:37:00+00:00","dateModified":"2024-10-22T09:47:15+00:00","description":"Smart City Expo World Congress és l'esdeveniment més gran i més influent del món sobre la innovació urbana.","breadcrumb":{"@id":"https://ticsalutsocial.atoom.space/es/event/smart-city-expo-world-congress/#breadcrumb"},"inLanguage":"es","potentialAction":[{"@type":"ReadAction","target":["https://ticsalutsocial.atoom.space/es/event/smart-city-expo-world-congress/"]}]},{"@type":"BreadcrumbList","@id":"https://ticsalutsocial.atoom.space/es/event/smart-city-expo-world-congress/#breadcrumb","itemListElement":[{"@type":"ListItem","position":1,"name":"Inici","item":"https://ticsalutsocial.atoom.space/es/"},{"@type":"ListItem","position":2,"name":"Smart City Expo World Congress"}]},{"@type":"WebSite","@id":"https://ticsalutsocial.atoom.space/es/#website","url":"https://ticsalutsocial.atoom.space/es/","name":"Fundació TIC Salut i Social","description":"","potentialAction":[{"@type":"SearchAction","target":{"@type":"EntryPoint","urlTemplate":"https://ticsalutsocial.atoom.space/es/?s={search_term_string}"},"query-input":{"@type":"PropertyValueSpecification","valueRequired":true,"valueName":"search_term_string"}}],"inLanguage":"es"}]}</script>
<!-- / Yoast SEO plugin. -->

Smart City Expo World Congress - Fundació TIC Salut i Social

Smart City Expo World Congress és l'esdeveniment més gran i més influent del món sobre la innovació urbana.

Fundació TIC Salut i Social
