
{"id":28951,"date":"2024-10-24T09:57:09","date_gmt":"2024-10-24T07:57:09","guid":{"rendered":"https:\/\/ticsalutsocial.atoom.space\/event\/tech-barcelona-x-tic-salut-social-atencio-digital-personalitzada-i-medicina-de-precisio\/"},"modified":"2024-10-24T10:13:32","modified_gmt":"2024-10-24T08:13:32","slug":"tech-barcelona-x-tic-salut-social-atencio-digital-personalitzada-i-medicina-de-precisio","status":"publish","type":"event","link":"https:\/\/ticsalutsocial.atoom.space\/es\/event\/tech-barcelona-x-tic-salut-social-atencio-digital-personalitzada-i-medicina-de-precisio\/","title":{"rendered":"Tech Barcelona x TIC Salut Social: Atenci\u00f3n digital personalizada y medicina de precisi\u00f3n"},"content":{"rendered":"<p>El <strong>5 de noviembre<\/strong> se celebra la tercera sesi\u00f3n de Desayunos Innovadores en Salud y Social. En esta ocasi\u00f3n abordaremos la Atenci\u00f3n digital personalizada y la medicina de precisi\u00f3n.<\/p>\n<p>N\u00faria Abdon, Responsable de Atenci\u00f3n Digital Personalizada de la Fundaci\u00f3n, y Ariadna Tigri, Responsable del Programa de Enfermedades Minoritarias del \u00c1rea Asistencial del Servicio Catal\u00e1n de la Salud, os acercar\u00e1n los detalles sobre la estrategia y el estado del arte a trav\u00e9s del siguiente programa:<\/p>\n<p>09:00 &#8211; Apertura de puertas<\/p>\n<p>09:15 &#8211; Bienvenida<\/p>\n<p>09:20 &#8211; Modelo de Atenci\u00f3n a las enfermedades minoritarias en Catalu\u00f1a.<\/p>\n<p>Ariadna Tigri Santi\u00f1a, Responsable del Programa de Enfermedades Minoritarias, \u00c1rea Asistencial Servicio Catal\u00e1n de la Salud.<\/p>\n<p>09:50 \u2013 Proyecto UNICAS \/ UNIQUES y el uso de datos \u00f3micos.<\/p>\n<p>N\u00faria Abdon, Responsable de Atenci\u00f3n Digital Personalizada, Fundaci\u00f3n TIC Salut Social.<\/p>\n<p>10:20 \u2013 Preguntas y Respuestas<\/p>\n<p>11:00 &#8211; Fin de la sesi\u00f3n<\/p>\n","protected":false},"featured_media":0,"menu_order":0,"template":"","meta":{"_acf_changed":false,"inline_featured_image":false},"tipus":[],"topic":[117,130],"class_list":["post-28951","event","type-event","status-publish","hentry","topic-jornadas","topic-la-fundacion"],"acf":{"informacio":{"ubicacio":"Auditorio Pier 07 - Tech Barcelona","data":"05\/11\/2024","hora":"9:00 - 11:00","preu":"Gratu\u00eft ","inscripcions":"https:\/\/forms.zohopublic.eu\/techbarcelona\/form\/TBxTICSalutAtencidigitalpersonalitzadaimedicinadep\/formperma\/iHWIaAr-8M2dFI7c0J2cSsZPyky7z8jdkAtbjNXn3f0"},"programa":{"titol":"","items":false},"documents":false},"yoast_head":"<!-- This site is optimized with the Yoast SEO plugin v27.1.1 - https:\/\/yoast.com\/product\/yoast-seo-wordpress\/ -->\n<title>Tech Barcelona x TIC Salut Social: Atenci\u00f3n digital personalizada y medicina de precisi\u00f3n - Fundaci\u00f3 TIC Salut i Social<\/title>\n<meta name=\"robots\" content=\"index, follow, max-snippet:-1, max-image-preview:large, max-video-preview:-1\" \/>\n<link rel=\"canonical\" href=\"https:\/\/ticsalutsocial.atoom.space\/es\/event\/tech-barcelona-x-tic-salut-social-atencio-digital-personalitzada-i-medicina-de-precisio\/\" \/>\n<meta property=\"og:locale\" content=\"es_ES\" \/>\n<meta property=\"og:type\" content=\"article\" \/>\n<meta property=\"og:title\" content=\"Tech Barcelona x TIC Salut Social: Atenci\u00f3n digital personalizada y medicina de precisi\u00f3n - Fundaci\u00f3 TIC Salut i Social\" \/>\n<meta property=\"og:description\" content=\"El 5 de noviembre se celebra la tercera sesi\u00f3n de Desayunos Innovadores en Salud y Social. En esta ocasi\u00f3n abordaremos la Atenci\u00f3n digital personalizada y la medicina de precisi\u00f3n. N\u00faria Abdon, Responsable de Atenci\u00f3n Digital Personalizada de la Fundaci\u00f3n, y Ariadna Tigri, Responsable del Programa de Enfermedades Minoritarias del \u00c1rea Asistencial del Servicio Catal\u00e1n de [&hellip;]\" \/>\n<meta property=\"og:url\" content=\"https:\/\/ticsalutsocial.atoom.space\/es\/event\/tech-barcelona-x-tic-salut-social-atencio-digital-personalitzada-i-medicina-de-precisio\/\" \/>\n<meta property=\"og:site_name\" content=\"Fundaci\u00f3 TIC Salut i Social\" \/>\n<meta property=\"article:modified_time\" content=\"2024-10-24T08:13:32+00:00\" \/>\n<meta name=\"twitter:card\" content=\"summary_large_image\" \/>\n<meta name=\"twitter:label1\" content=\"Tiempo de lectura\" \/>\n\t<meta name=\"twitter:data1\" content=\"1 minuto\" \/>\n<script type=\"application\/ld+json\" class=\"yoast-schema-graph\">{\"@context\":\"https:\/\/schema.org\",\"@graph\":[{\"@type\":\"WebPage\",\"@id\":\"https:\/\/ticsalutsocial.atoom.space\/es\/event\/tech-barcelona-x-tic-salut-social-atencio-digital-personalitzada-i-medicina-de-precisio\/\",\"url\":\"https:\/\/ticsalutsocial.atoom.space\/es\/event\/tech-barcelona-x-tic-salut-social-atencio-digital-personalitzada-i-medicina-de-precisio\/\",\"name\":\"Tech Barcelona x TIC Salut Social: Atenci\u00f3n digital personalizada y medicina de precisi\u00f3n - Fundaci\u00f3 TIC Salut i Social\",\"isPartOf\":{\"@id\":\"https:\/\/ticsalutsocial.atoom.space\/es\/#website\"},\"datePublished\":\"2024-10-24T07:57:09+00:00\",\"dateModified\":\"2024-10-24T08:13:32+00:00\",\"breadcrumb\":{\"@id\":\"https:\/\/ticsalutsocial.atoom.space\/es\/event\/tech-barcelona-x-tic-salut-social-atencio-digital-personalitzada-i-medicina-de-precisio\/#breadcrumb\"},\"inLanguage\":\"es\",\"potentialAction\":[{\"@type\":\"ReadAction\",\"target\":[\"https:\/\/ticsalutsocial.atoom.space\/es\/event\/tech-barcelona-x-tic-salut-social-atencio-digital-personalitzada-i-medicina-de-precisio\/\"]}]},{\"@type\":\"BreadcrumbList\",\"@id\":\"https:\/\/ticsalutsocial.atoom.space\/es\/event\/tech-barcelona-x-tic-salut-social-atencio-digital-personalitzada-i-medicina-de-precisio\/#breadcrumb\",\"itemListElement\":[{\"@type\":\"ListItem\",\"position\":1,\"name\":\"Inici\",\"item\":\"https:\/\/ticsalutsocial.atoom.space\/es\/\"},{\"@type\":\"ListItem\",\"position\":2,\"name\":\"Tech Barcelona x TIC Salut Social: Atenci\u00f3n digital personalizada y medicina de precisi\u00f3n\"}]},{\"@type\":\"WebSite\",\"@id\":\"https:\/\/ticsalutsocial.atoom.space\/es\/#website\",\"url\":\"https:\/\/ticsalutsocial.atoom.space\/es\/\",\"name\":\"Fundaci\u00f3 TIC Salut i Social\",\"description\":\"\",\"potentialAction\":[{\"@type\":\"SearchAction\",\"target\":{\"@type\":\"EntryPoint\",\"urlTemplate\":\"https:\/\/ticsalutsocial.atoom.space\/es\/?s={search_term_string}\"},\"query-input\":{\"@type\":\"PropertyValueSpecification\",\"valueRequired\":true,\"valueName\":\"search_term_string\"}}],\"inLanguage\":\"es\"}]}<\/script>\n<!-- \/ Yoast SEO plugin. -->","yoast_head_json":{"title":"Tech Barcelona x TIC Salut Social: Atenci\u00f3n digital personalizada y medicina de precisi\u00f3n - Fundaci\u00f3 TIC Salut i Social","robots":{"index":"index","follow":"follow","max-snippet":"max-snippet:-1","max-image-preview":"max-image-preview:large","max-video-preview":"max-video-preview:-1"},"canonical":"https:\/\/ticsalutsocial.atoom.space\/es\/event\/tech-barcelona-x-tic-salut-social-atencio-digital-personalitzada-i-medicina-de-precisio\/","og_locale":"es_ES","og_type":"article","og_title":"Tech Barcelona x TIC Salut Social: Atenci\u00f3n digital personalizada y medicina de precisi\u00f3n - Fundaci\u00f3 TIC Salut i Social","og_description":"El 5 de noviembre se celebra la tercera sesi\u00f3n de Desayunos Innovadores en Salud y Social. En esta ocasi\u00f3n abordaremos la Atenci\u00f3n digital personalizada y la medicina de precisi\u00f3n. N\u00faria Abdon, Responsable de Atenci\u00f3n Digital Personalizada de la Fundaci\u00f3n, y Ariadna Tigri, Responsable del Programa de Enfermedades Minoritarias del \u00c1rea Asistencial del Servicio Catal\u00e1n de [&hellip;]","og_url":"https:\/\/ticsalutsocial.atoom.space\/es\/event\/tech-barcelona-x-tic-salut-social-atencio-digital-personalitzada-i-medicina-de-precisio\/","og_site_name":"Fundaci\u00f3 TIC Salut i Social","article_modified_time":"2024-10-24T08:13:32+00:00","twitter_card":"summary_large_image","twitter_misc":{"Tiempo de lectura":"1 minuto"},"schema":{"@context":"https:\/\/schema.org","@graph":[{"@type":"WebPage","@id":"https:\/\/ticsalutsocial.atoom.space\/es\/event\/tech-barcelona-x-tic-salut-social-atencio-digital-personalitzada-i-medicina-de-precisio\/","url":"https:\/\/ticsalutsocial.atoom.space\/es\/event\/tech-barcelona-x-tic-salut-social-atencio-digital-personalitzada-i-medicina-de-precisio\/","name":"Tech Barcelona x TIC Salut Social: Atenci\u00f3n digital personalizada y medicina de precisi\u00f3n - Fundaci\u00f3 TIC Salut i Social","isPartOf":{"@id":"https:\/\/ticsalutsocial.atoom.space\/es\/#website"},"datePublished":"2024-10-24T07:57:09+00:00","dateModified":"2024-10-24T08:13:32+00:00","breadcrumb":{"@id":"https:\/\/ticsalutsocial.atoom.space\/es\/event\/tech-barcelona-x-tic-salut-social-atencio-digital-personalitzada-i-medicina-de-precisio\/#breadcrumb"},"inLanguage":"es","potentialAction":[{"@type":"ReadAction","target":["https:\/\/ticsalutsocial.atoom.space\/es\/event\/tech-barcelona-x-tic-salut-social-atencio-digital-personalitzada-i-medicina-de-precisio\/"]}]},{"@type":"BreadcrumbList","@id":"https:\/\/ticsalutsocial.atoom.space\/es\/event\/tech-barcelona-x-tic-salut-social-atencio-digital-personalitzada-i-medicina-de-precisio\/#breadcrumb","itemListElement":[{"@type":"ListItem","position":1,"name":"Inici","item":"https:\/\/ticsalutsocial.atoom.space\/es\/"},{"@type":"ListItem","position":2,"name":"Tech Barcelona x TIC Salut Social: Atenci\u00f3n digital personalizada y medicina de precisi\u00f3n"}]},{"@type":"WebSite","@id":"https:\/\/ticsalutsocial.atoom.space\/es\/#website","url":"https:\/\/ticsalutsocial.atoom.space\/es\/","name":"Fundaci\u00f3 TIC Salut i Social","description":"","potentialAction":[{"@type":"SearchAction","target":{"@type":"EntryPoint","urlTemplate":"https:\/\/ticsalutsocial.atoom.space\/es\/?s={search_term_string}"},"query-input":{"@type":"PropertyValueSpecification","valueRequired":true,"valueName":"search_term_string"}}],"inLanguage":"es"}]}},"_links":{"self":[{"href":"https:\/\/ticsalutsocial.atoom.space\/es\/wp-json\/wp\/v2\/event\/28951","targetHints":{"allow":["GET"]}}],"collection":[{"href":"https:\/\/ticsalutsocial.atoom.space\/es\/wp-json\/wp\/v2\/event"}],"about":[{"href":"https:\/\/ticsalutsocial.atoom.space\/es\/wp-json\/wp\/v2\/types\/event"}],"wp:attachment":[{"href":"https:\/\/ticsalutsocial.atoom.space\/es\/wp-json\/wp\/v2\/media?parent=28951"}],"wp:term":[{"taxonomy":"tipus","embeddable":true,"href":"https:\/\/ticsalutsocial.atoom.space\/es\/wp-json\/wp\/v2\/tipus?post=28951"},{"taxonomy":"topic","embeddable":true,"href":"https:\/\/ticsalutsocial.atoom.space\/es\/wp-json\/wp\/v2\/topic?post=28951"}],"curies":[{"name":"wp","href":"https:\/\/api.w.org\/{rel}","templated":true}]}}

Tech Barcelona x TIC Salut Social: Atención digital personalizada y medicina de precisión

<p>El <strong>5 de noviembre</strong> se celebra la tercera sesión de Desayunos Innovadores en Salud y Social. En esta ocasión abordaremos la Atención digital personalizada y la medicina de precisión.</p>
<p>Núria Abdon, Responsable de Atención Digital Personalizada de la Fundación, y Ariadna Tigri, Responsable del Programa de Enfermedades Minoritarias del Área Asistencial del Servicio Catalán de la Salud, os acercarán los detalles sobre la estrategia y el estado del arte a través del siguiente programa:</p>
<p>09:00 &#8211; Apertura de puertas</p>
<p>09:15 &#8211; Bienvenida</p>
<p>09:20 &#8211; Modelo de Atención a las enfermedades minoritarias en Cataluña.</p>
<p>Ariadna Tigri Santiña, Responsable del Programa de Enfermedades Minoritarias, Área Asistencial Servicio Catalán de la Salud.</p>
<p>09:50 – Proyecto UNICAS / UNIQUES y el uso de datos ómicos.</p>
<p>Núria Abdon, Responsable de Atención Digital Personalizada, Fundación TIC Salut Social.</p>
<p>10:20 – Preguntas y Respuestas</p>
<p>11:00 &#8211; Fin de la sesión</p>

Gratuït

<!-- This site is optimized with the Yoast SEO plugin v27.1.1 - https://yoast.com/product/yoast-seo-wordpress/ -->
<title>Tech Barcelona x TIC Salut Social: Atención digital personalizada y medicina de precisión - Fundació TIC Salut i Social</title>
<meta name="robots" content="index, follow, max-snippet:-1, max-image-preview:large, max-video-preview:-1" />
<link rel="canonical" href="https://ticsalutsocial.atoom.space/es/event/tech-barcelona-x-tic-salut-social-atencio-digital-personalitzada-i-medicina-de-precisio/" />
<meta property="og:locale" content="es_ES" />
<meta property="og:type" content="article" />
<meta property="og:title" content="Tech Barcelona x TIC Salut Social: Atención digital personalizada y medicina de precisión - Fundació TIC Salut i Social" />
<meta property="og:description" content="El 5 de noviembre se celebra la tercera sesión de Desayunos Innovadores en Salud y Social. En esta ocasión abordaremos la Atención digital personalizada y la medicina de precisión. Núria Abdon, Responsable de Atención Digital Personalizada de la Fundación, y Ariadna Tigri, Responsable del Programa de Enfermedades Minoritarias del Área Asistencial del Servicio Catalán de [&hellip;]" />
<meta property="og:url" content="https://ticsalutsocial.atoom.space/es/event/tech-barcelona-x-tic-salut-social-atencio-digital-personalitzada-i-medicina-de-precisio/" />
<meta property="og:site_name" content="Fundació TIC Salut i Social" />
<meta property="article:modified_time" content="2024-10-24T08:13:32+00:00" />
<meta name="twitter:card" content="summary_large_image" />
<meta name="twitter:label1" content="Tiempo de lectura" />
	<meta name="twitter:data1" content="1 minuto" />
<script type="application/ld+json" class="yoast-schema-graph">{"@context":"https://schema.org","@graph":[{"@type":"WebPage","@id":"https://ticsalutsocial.atoom.space/es/event/tech-barcelona-x-tic-salut-social-atencio-digital-personalitzada-i-medicina-de-precisio/","url":"https://ticsalutsocial.atoom.space/es/event/tech-barcelona-x-tic-salut-social-atencio-digital-personalitzada-i-medicina-de-precisio/","name":"Tech Barcelona x TIC Salut Social: Atención digital personalizada y medicina de precisión - Fundació TIC Salut i Social","isPartOf":{"@id":"https://ticsalutsocial.atoom.space/es/#website"},"datePublished":"2024-10-24T07:57:09+00:00","dateModified":"2024-10-24T08:13:32+00:00","breadcrumb":{"@id":"https://ticsalutsocial.atoom.space/es/event/tech-barcelona-x-tic-salut-social-atencio-digital-personalitzada-i-medicina-de-precisio/#breadcrumb"},"inLanguage":"es","potentialAction":[{"@type":"ReadAction","target":["https://ticsalutsocial.atoom.space/es/event/tech-barcelona-x-tic-salut-social-atencio-digital-personalitzada-i-medicina-de-precisio/"]}]},{"@type":"BreadcrumbList","@id":"https://ticsalutsocial.atoom.space/es/event/tech-barcelona-x-tic-salut-social-atencio-digital-personalitzada-i-medicina-de-precisio/#breadcrumb","itemListElement":[{"@type":"ListItem","position":1,"name":"Inici","item":"https://ticsalutsocial.atoom.space/es/"},{"@type":"ListItem","position":2,"name":"Tech Barcelona x TIC Salut Social: Atención digital personalizada y medicina de precisión"}]},{"@type":"WebSite","@id":"https://ticsalutsocial.atoom.space/es/#website","url":"https://ticsalutsocial.atoom.space/es/","name":"Fundació TIC Salut i Social","description":"","potentialAction":[{"@type":"SearchAction","target":{"@type":"EntryPoint","urlTemplate":"https://ticsalutsocial.atoom.space/es/?s={search_term_string}"},"query-input":{"@type":"PropertyValueSpecification","valueRequired":true,"valueName":"search_term_string"}}],"inLanguage":"es"}]}</script>
<!-- / Yoast SEO plugin. -->

Tech Barcelona x TIC Salut Social: Atención digital personalizada y medicina de precisión - Fundació TIC Salut i Social

El 5 de noviembre se celebra la tercera sesión de Desayunos Innovadores en Salud y Social. En esta ocasión abordaremos la Atención digital personalizada y la medicina de precisión. Núria Abdon, Responsable de Atención Digital Personalizada de la Fundación, y Ariadna Tigri, Responsable del Programa de Enfermedades Minoritarias del Área Asistencial del Servicio Catalán de [&hellip;]

Fundació TIC Salut i Social
