
{"id":29020,"date":"2024-10-30T10:36:19","date_gmt":"2024-10-30T08:36:19","guid":{"rendered":"https:\/\/ticsalutsocial.atoom.space\/event\/2nd-european-ehr-exchange-format-expert-summit\/"},"modified":"2024-10-30T10:46:40","modified_gmt":"2024-10-30T08:46:40","slug":"2nd-european-ehr-exchange-format-expert-summit","status":"publish","type":"event","link":"https:\/\/ticsalutsocial.atoom.space\/es\/event\/2nd-european-ehr-exchange-format-expert-summit\/","title":{"rendered":"2nd European EHR Exchange Format Expert Summit"},"content":{"rendered":"\n<p>En nom del projecte xShare, us convidem a registrar-vos ara a la\u00a02a cimera europea d&#8217;experts en format d&#8217;intercanvi d&#8217;EHR que tindr\u00e0 lloc el 13 de novembre de 2024 a Brussel\u00b7les i en l\u00ednia.<\/p>\n\n\n\n<p>Uneix-te a XpanDH per a aquest important esdeveniment en col\u00b7laboraci\u00f3 amb la Comissi\u00f3 Europea, el projecte Xt-EHR i el projecte xShare. A les discussions explorarem el futur de la interoperabilitat sanit\u00e0ria i els formats d&#8217;intercanvi de registres electr\u00f2nics de salut. Tant si esteu a Brussel\u00b7les com si participeu en l\u00ednia, aquesta cimera \u00e9s una oportunitat essencial per participar amb els \u00faltims aven\u00e7os en tecnologia sanit\u00e0ria. <\/p>\n\n\n\n<h3 class=\"wp-block-heading\"><a href=\"https:\/\/ec.europa.eu\/eusurvey\/runner\/5590e6a0-5fb0-3231-2622-9563c2c81191\" target=\"_blank\" rel=\"noreferrer noopener\">INSCRIU-TE AQU\u00cd FINS EL 4 DE NOVEMBRE PER A LA PARTICIPACI\u00d3 EN L\u00cdNIA<\/a><\/h3>\n\n\n\n<p><\/p>\n","protected":false},"featured_media":0,"menu_order":0,"template":"","meta":{"_acf_changed":false,"inline_featured_image":false},"tipus":[84],"topic":[],"class_list":["post-29020","event","type-event","status-publish","hentry","tipus-oficina-interoperabilidad"],"acf":{"imatge":29018,"informacio":{"ubicacio":"Brussels and online","data":"13\/11\/2024","hora":"","preu":"","inscripcions":"https:\/\/ec.europa.eu\/eusurvey\/runner\/5590e6a0-5fb0-3231-2622-9563c2c81191"},"programa":{"titol":"","items":false}},"yoast_head":"<!-- This site is optimized with the Yoast SEO plugin v27.1.1 - https:\/\/yoast.com\/product\/yoast-seo-wordpress\/ -->\n<title>2nd European EHR Exchange Format Expert Summit - Fundaci\u00f3 TIC Salut i Social<\/title>\n<meta name=\"robots\" content=\"index, follow, max-snippet:-1, max-image-preview:large, max-video-preview:-1\" \/>\n<link rel=\"canonical\" href=\"https:\/\/ticsalutsocial.atoom.space\/es\/event\/2nd-european-ehr-exchange-format-expert-summit\/\" \/>\n<meta property=\"og:locale\" content=\"es_ES\" \/>\n<meta property=\"og:type\" content=\"article\" \/>\n<meta property=\"og:title\" content=\"2nd European EHR Exchange Format Expert Summit - Fundaci\u00f3 TIC Salut i Social\" \/>\n<meta property=\"og:description\" content=\"En nom del projecte xShare, us convidem a registrar-vos ara a la\u00a02a cimera europea d&#8217;experts en format d&#8217;intercanvi d&#8217;EHR que tindr\u00e0 lloc el 13 de novembre de 2024 a Brussel\u00b7les i en l\u00ednia. Uneix-te a XpanDH per a aquest important esdeveniment en col\u00b7laboraci\u00f3 amb la Comissi\u00f3 Europea, el projecte Xt-EHR i el projecte xShare. A [&hellip;]\" \/>\n<meta property=\"og:url\" content=\"https:\/\/ticsalutsocial.atoom.space\/es\/event\/2nd-european-ehr-exchange-format-expert-summit\/\" \/>\n<meta property=\"og:site_name\" content=\"Fundaci\u00f3 TIC Salut i Social\" \/>\n<meta property=\"article:modified_time\" content=\"2024-10-30T08:46:40+00:00\" \/>\n<meta name=\"twitter:card\" content=\"summary_large_image\" \/>\n<meta name=\"twitter:label1\" content=\"Tiempo de lectura\" \/>\n\t<meta name=\"twitter:data1\" content=\"1 minuto\" \/>\n<script type=\"application\/ld+json\" class=\"yoast-schema-graph\">{\"@context\":\"https:\/\/schema.org\",\"@graph\":[{\"@type\":\"WebPage\",\"@id\":\"https:\/\/ticsalutsocial.atoom.space\/es\/event\/2nd-european-ehr-exchange-format-expert-summit\/\",\"url\":\"https:\/\/ticsalutsocial.atoom.space\/es\/event\/2nd-european-ehr-exchange-format-expert-summit\/\",\"name\":\"2nd European EHR Exchange Format Expert Summit - Fundaci\u00f3 TIC Salut i Social\",\"isPartOf\":{\"@id\":\"https:\/\/ticsalutsocial.atoom.space\/es\/#website\"},\"datePublished\":\"2024-10-30T08:36:19+00:00\",\"dateModified\":\"2024-10-30T08:46:40+00:00\",\"breadcrumb\":{\"@id\":\"https:\/\/ticsalutsocial.atoom.space\/es\/event\/2nd-european-ehr-exchange-format-expert-summit\/#breadcrumb\"},\"inLanguage\":\"es\",\"potentialAction\":[{\"@type\":\"ReadAction\",\"target\":[\"https:\/\/ticsalutsocial.atoom.space\/es\/event\/2nd-european-ehr-exchange-format-expert-summit\/\"]}]},{\"@type\":\"BreadcrumbList\",\"@id\":\"https:\/\/ticsalutsocial.atoom.space\/es\/event\/2nd-european-ehr-exchange-format-expert-summit\/#breadcrumb\",\"itemListElement\":[{\"@type\":\"ListItem\",\"position\":1,\"name\":\"Inici\",\"item\":\"https:\/\/ticsalutsocial.atoom.space\/es\/\"},{\"@type\":\"ListItem\",\"position\":2,\"name\":\"2nd European EHR Exchange Format Expert Summit\"}]},{\"@type\":\"WebSite\",\"@id\":\"https:\/\/ticsalutsocial.atoom.space\/es\/#website\",\"url\":\"https:\/\/ticsalutsocial.atoom.space\/es\/\",\"name\":\"Fundaci\u00f3 TIC Salut i Social\",\"description\":\"\",\"potentialAction\":[{\"@type\":\"SearchAction\",\"target\":{\"@type\":\"EntryPoint\",\"urlTemplate\":\"https:\/\/ticsalutsocial.atoom.space\/es\/?s={search_term_string}\"},\"query-input\":{\"@type\":\"PropertyValueSpecification\",\"valueRequired\":true,\"valueName\":\"search_term_string\"}}],\"inLanguage\":\"es\"}]}<\/script>\n<!-- \/ Yoast SEO plugin. -->","yoast_head_json":{"title":"2nd European EHR Exchange Format Expert Summit - Fundaci\u00f3 TIC Salut i Social","robots":{"index":"index","follow":"follow","max-snippet":"max-snippet:-1","max-image-preview":"max-image-preview:large","max-video-preview":"max-video-preview:-1"},"canonical":"https:\/\/ticsalutsocial.atoom.space\/es\/event\/2nd-european-ehr-exchange-format-expert-summit\/","og_locale":"es_ES","og_type":"article","og_title":"2nd European EHR Exchange Format Expert Summit - Fundaci\u00f3 TIC Salut i Social","og_description":"En nom del projecte xShare, us convidem a registrar-vos ara a la\u00a02a cimera europea d&#8217;experts en format d&#8217;intercanvi d&#8217;EHR que tindr\u00e0 lloc el 13 de novembre de 2024 a Brussel\u00b7les i en l\u00ednia. Uneix-te a XpanDH per a aquest important esdeveniment en col\u00b7laboraci\u00f3 amb la Comissi\u00f3 Europea, el projecte Xt-EHR i el projecte xShare. A [&hellip;]","og_url":"https:\/\/ticsalutsocial.atoom.space\/es\/event\/2nd-european-ehr-exchange-format-expert-summit\/","og_site_name":"Fundaci\u00f3 TIC Salut i Social","article_modified_time":"2024-10-30T08:46:40+00:00","twitter_card":"summary_large_image","twitter_misc":{"Tiempo de lectura":"1 minuto"},"schema":{"@context":"https:\/\/schema.org","@graph":[{"@type":"WebPage","@id":"https:\/\/ticsalutsocial.atoom.space\/es\/event\/2nd-european-ehr-exchange-format-expert-summit\/","url":"https:\/\/ticsalutsocial.atoom.space\/es\/event\/2nd-european-ehr-exchange-format-expert-summit\/","name":"2nd European EHR Exchange Format Expert Summit - Fundaci\u00f3 TIC Salut i Social","isPartOf":{"@id":"https:\/\/ticsalutsocial.atoom.space\/es\/#website"},"datePublished":"2024-10-30T08:36:19+00:00","dateModified":"2024-10-30T08:46:40+00:00","breadcrumb":{"@id":"https:\/\/ticsalutsocial.atoom.space\/es\/event\/2nd-european-ehr-exchange-format-expert-summit\/#breadcrumb"},"inLanguage":"es","potentialAction":[{"@type":"ReadAction","target":["https:\/\/ticsalutsocial.atoom.space\/es\/event\/2nd-european-ehr-exchange-format-expert-summit\/"]}]},{"@type":"BreadcrumbList","@id":"https:\/\/ticsalutsocial.atoom.space\/es\/event\/2nd-european-ehr-exchange-format-expert-summit\/#breadcrumb","itemListElement":[{"@type":"ListItem","position":1,"name":"Inici","item":"https:\/\/ticsalutsocial.atoom.space\/es\/"},{"@type":"ListItem","position":2,"name":"2nd European EHR Exchange Format Expert Summit"}]},{"@type":"WebSite","@id":"https:\/\/ticsalutsocial.atoom.space\/es\/#website","url":"https:\/\/ticsalutsocial.atoom.space\/es\/","name":"Fundaci\u00f3 TIC Salut i Social","description":"","potentialAction":[{"@type":"SearchAction","target":{"@type":"EntryPoint","urlTemplate":"https:\/\/ticsalutsocial.atoom.space\/es\/?s={search_term_string}"},"query-input":{"@type":"PropertyValueSpecification","valueRequired":true,"valueName":"search_term_string"}}],"inLanguage":"es"}]}},"_links":{"self":[{"href":"https:\/\/ticsalutsocial.atoom.space\/es\/wp-json\/wp\/v2\/event\/29020","targetHints":{"allow":["GET"]}}],"collection":[{"href":"https:\/\/ticsalutsocial.atoom.space\/es\/wp-json\/wp\/v2\/event"}],"about":[{"href":"https:\/\/ticsalutsocial.atoom.space\/es\/wp-json\/wp\/v2\/types\/event"}],"wp:attachment":[{"href":"https:\/\/ticsalutsocial.atoom.space\/es\/wp-json\/wp\/v2\/media?parent=29020"}],"wp:term":[{"taxonomy":"tipus","embeddable":true,"href":"https:\/\/ticsalutsocial.atoom.space\/es\/wp-json\/wp\/v2\/tipus?post=29020"},{"taxonomy":"topic","embeddable":true,"href":"https:\/\/ticsalutsocial.atoom.space\/es\/wp-json\/wp\/v2\/topic?post=29020"}],"curies":[{"name":"wp","href":"https:\/\/api.w.org\/{rel}","templated":true}]}}

<p>En nom del projecte xShare, us convidem a registrar-vos ara a la 2a cimera europea d&#8217;experts en format d&#8217;intercanvi d&#8217;EHR que tindrà lloc el 13 de novembre de 2024 a Brussel·les i en línia.</p>



<p>Uneix-te a XpanDH per a aquest important esdeveniment en col·laboració amb la Comissió Europea, el projecte Xt-EHR i el projecte xShare. A les discussions explorarem el futur de la interoperabilitat sanitària i els formats d&#8217;intercanvi de registres electrònics de salut. Tant si esteu a Brussel·les com si participeu en línia, aquesta cimera és una oportunitat essencial per participar amb els últims avenços en tecnologia sanitària. </p>



<h3 class="wp-block-heading"><a href="https://ec.europa.eu/eusurvey/runner/5590e6a0-5fb0-3231-2622-9563c2c81191" target="_blank" rel="noreferrer noopener">INSCRIU-TE AQUÍ FINS EL 4 DE NOVEMBRE PER A LA PARTICIPACIÓ EN LÍNIA</a></h3>



<p></p>

<!-- This site is optimized with the Yoast SEO plugin v27.1.1 - https://yoast.com/product/yoast-seo-wordpress/ -->
<title>2nd European EHR Exchange Format Expert Summit - Fundació TIC Salut i Social</title>
<meta name="robots" content="index, follow, max-snippet:-1, max-image-preview:large, max-video-preview:-1" />
<link rel="canonical" href="https://ticsalutsocial.atoom.space/es/event/2nd-european-ehr-exchange-format-expert-summit/" />
<meta property="og:locale" content="es_ES" />
<meta property="og:type" content="article" />
<meta property="og:title" content="2nd European EHR Exchange Format Expert Summit - Fundació TIC Salut i Social" />
<meta property="og:description" content="En nom del projecte xShare, us convidem a registrar-vos ara a la 2a cimera europea d&#8217;experts en format d&#8217;intercanvi d&#8217;EHR que tindrà lloc el 13 de novembre de 2024 a Brussel·les i en línia. Uneix-te a XpanDH per a aquest important esdeveniment en col·laboració amb la Comissió Europea, el projecte Xt-EHR i el projecte xShare. A [&hellip;]" />
<meta property="og:url" content="https://ticsalutsocial.atoom.space/es/event/2nd-european-ehr-exchange-format-expert-summit/" />
<meta property="og:site_name" content="Fundació TIC Salut i Social" />
<meta property="article:modified_time" content="2024-10-30T08:46:40+00:00" />
<meta name="twitter:card" content="summary_large_image" />
<meta name="twitter:label1" content="Tiempo de lectura" />
	<meta name="twitter:data1" content="1 minuto" />
<script type="application/ld+json" class="yoast-schema-graph">{"@context":"https://schema.org","@graph":[{"@type":"WebPage","@id":"https://ticsalutsocial.atoom.space/es/event/2nd-european-ehr-exchange-format-expert-summit/","url":"https://ticsalutsocial.atoom.space/es/event/2nd-european-ehr-exchange-format-expert-summit/","name":"2nd European EHR Exchange Format Expert Summit - Fundació TIC Salut i Social","isPartOf":{"@id":"https://ticsalutsocial.atoom.space/es/#website"},"datePublished":"2024-10-30T08:36:19+00:00","dateModified":"2024-10-30T08:46:40+00:00","breadcrumb":{"@id":"https://ticsalutsocial.atoom.space/es/event/2nd-european-ehr-exchange-format-expert-summit/#breadcrumb"},"inLanguage":"es","potentialAction":[{"@type":"ReadAction","target":["https://ticsalutsocial.atoom.space/es/event/2nd-european-ehr-exchange-format-expert-summit/"]}]},{"@type":"BreadcrumbList","@id":"https://ticsalutsocial.atoom.space/es/event/2nd-european-ehr-exchange-format-expert-summit/#breadcrumb","itemListElement":[{"@type":"ListItem","position":1,"name":"Inici","item":"https://ticsalutsocial.atoom.space/es/"},{"@type":"ListItem","position":2,"name":"2nd European EHR Exchange Format Expert Summit"}]},{"@type":"WebSite","@id":"https://ticsalutsocial.atoom.space/es/#website","url":"https://ticsalutsocial.atoom.space/es/","name":"Fundació TIC Salut i Social","description":"","potentialAction":[{"@type":"SearchAction","target":{"@type":"EntryPoint","urlTemplate":"https://ticsalutsocial.atoom.space/es/?s={search_term_string}"},"query-input":{"@type":"PropertyValueSpecification","valueRequired":true,"valueName":"search_term_string"}}],"inLanguage":"es"}]}</script>
<!-- / Yoast SEO plugin. -->

2nd European EHR Exchange Format Expert Summit - Fundació TIC Salut i Social

En nom del projecte xShare, us convidem a registrar-vos ara a la 2a cimera europea d&#8217;experts en format d&#8217;intercanvi d&#8217;EHR que tindrà lloc el 13 de novembre de 2024 a Brussel·les i en línia. Uneix-te a XpanDH per a aquest important esdeveniment en col·laboració amb la Comissió Europea, el projecte Xt-EHR i el projecte xShare. A [&hellip;]

Fundació TIC Salut i Social
