
{"id":29031,"date":"2024-11-04T14:45:43","date_gmt":"2024-11-04T12:45:43","guid":{"rendered":"https:\/\/ticsalutsocial.atoom.space\/event\/intelligencia-artificial-en-recerca-biomedica\/"},"modified":"2024-11-04T14:53:30","modified_gmt":"2024-11-04T12:53:30","slug":"intelligencia-artificial-en-recerca-biomedica","status":"publish","type":"event","link":"https:\/\/ticsalutsocial.atoom.space\/es\/event\/intelligencia-artificial-en-recerca-biomedica\/","title":{"rendered":"Inteligencia artificial en investigaci\u00f3n biom\u00e9dica"},"content":{"rendered":"<p>La Universitat de Vic &#8211; Universitat de Catalunya Central ofrece un ciclo de sesiones informativas sobre la investigaci\u00f3n y el papel transformador de la inteligencia artificial.<\/p>\n<p>C\u00f3mo se aplica esta tecnolog\u00eda al an\u00e1lisis de datos \u00f3micos, al an\u00e1lisis de otros datos e imagen, y a la inform\u00e1tica m\u00e9dica.<\/p>\n","protected":false},"featured_media":0,"menu_order":0,"template":"","meta":{"_acf_changed":false,"inline_featured_image":false},"tipus":[879],"topic":[117],"class_list":["post-29031","event","type-event","status-publish","hentry","tipus-inteligencia-artificial","topic-jornadas"],"acf":{"imatge":29029,"informacio":{"ubicacio":"Can Baumann. Ctra. de Roda, 70  08500 Vic (Barcelona).","data":"15\/11\/2024","hora":"10:00 a 12:45","preu":"Gratuito previa inscripci\u00f3n","inscripcions":"https:\/\/forms.office.com\/Pages\/ResponsePage.aspx?id=WIOVhPdrukyZF4Ti0KJsRIedfw_crYxJq8Eq-m-geZFURDJLRE5OUFVCMzREQ0NIWDlQRkdMUjNZNC4u&origin=QRCode"},"programa":{"titol":"","items":false},"documents":false},"yoast_head":"<!-- This site is optimized with the Yoast SEO plugin v27.1.1 - https:\/\/yoast.com\/product\/yoast-seo-wordpress\/ -->\n<title>Inteligencia artificial en investigaci\u00f3n biom\u00e9dica - Fundaci\u00f3 TIC Salut i Social<\/title>\n<meta name=\"robots\" content=\"index, follow, max-snippet:-1, max-image-preview:large, max-video-preview:-1\" \/>\n<link rel=\"canonical\" href=\"https:\/\/ticsalutsocial.atoom.space\/es\/event\/intelligencia-artificial-en-recerca-biomedica\/\" \/>\n<meta property=\"og:locale\" content=\"es_ES\" \/>\n<meta property=\"og:type\" content=\"article\" \/>\n<meta property=\"og:title\" content=\"Inteligencia artificial en investigaci\u00f3n biom\u00e9dica - Fundaci\u00f3 TIC Salut i Social\" \/>\n<meta property=\"og:description\" content=\"La Universitat de Vic &#8211; Universitat de Catalunya Central ofrece un ciclo de sesiones informativas sobre la investigaci\u00f3n y el papel transformador de la inteligencia artificial. C\u00f3mo se aplica esta tecnolog\u00eda al an\u00e1lisis de datos \u00f3micos, al an\u00e1lisis de otros datos e imagen, y a la inform\u00e1tica m\u00e9dica.\" \/>\n<meta property=\"og:url\" content=\"https:\/\/ticsalutsocial.atoom.space\/es\/event\/intelligencia-artificial-en-recerca-biomedica\/\" \/>\n<meta property=\"og:site_name\" content=\"Fundaci\u00f3 TIC Salut i Social\" \/>\n<meta property=\"article:modified_time\" content=\"2024-11-04T12:53:30+00:00\" \/>\n<meta name=\"twitter:card\" content=\"summary_large_image\" \/>\n<meta name=\"twitter:label1\" content=\"Tiempo de lectura\" \/>\n\t<meta name=\"twitter:data1\" content=\"1 minuto\" \/>\n<script type=\"application\/ld+json\" class=\"yoast-schema-graph\">{\"@context\":\"https:\/\/schema.org\",\"@graph\":[{\"@type\":\"WebPage\",\"@id\":\"https:\/\/ticsalutsocial.atoom.space\/es\/event\/intelligencia-artificial-en-recerca-biomedica\/\",\"url\":\"https:\/\/ticsalutsocial.atoom.space\/es\/event\/intelligencia-artificial-en-recerca-biomedica\/\",\"name\":\"Inteligencia artificial en investigaci\u00f3n biom\u00e9dica - Fundaci\u00f3 TIC Salut i Social\",\"isPartOf\":{\"@id\":\"https:\/\/ticsalutsocial.atoom.space\/es\/#website\"},\"datePublished\":\"2024-11-04T12:45:43+00:00\",\"dateModified\":\"2024-11-04T12:53:30+00:00\",\"breadcrumb\":{\"@id\":\"https:\/\/ticsalutsocial.atoom.space\/es\/event\/intelligencia-artificial-en-recerca-biomedica\/#breadcrumb\"},\"inLanguage\":\"es\",\"potentialAction\":[{\"@type\":\"ReadAction\",\"target\":[\"https:\/\/ticsalutsocial.atoom.space\/es\/event\/intelligencia-artificial-en-recerca-biomedica\/\"]}]},{\"@type\":\"BreadcrumbList\",\"@id\":\"https:\/\/ticsalutsocial.atoom.space\/es\/event\/intelligencia-artificial-en-recerca-biomedica\/#breadcrumb\",\"itemListElement\":[{\"@type\":\"ListItem\",\"position\":1,\"name\":\"Inici\",\"item\":\"https:\/\/ticsalutsocial.atoom.space\/es\/\"},{\"@type\":\"ListItem\",\"position\":2,\"name\":\"Inteligencia artificial en investigaci\u00f3n biom\u00e9dica\"}]},{\"@type\":\"WebSite\",\"@id\":\"https:\/\/ticsalutsocial.atoom.space\/es\/#website\",\"url\":\"https:\/\/ticsalutsocial.atoom.space\/es\/\",\"name\":\"Fundaci\u00f3 TIC Salut i Social\",\"description\":\"\",\"potentialAction\":[{\"@type\":\"SearchAction\",\"target\":{\"@type\":\"EntryPoint\",\"urlTemplate\":\"https:\/\/ticsalutsocial.atoom.space\/es\/?s={search_term_string}\"},\"query-input\":{\"@type\":\"PropertyValueSpecification\",\"valueRequired\":true,\"valueName\":\"search_term_string\"}}],\"inLanguage\":\"es\"}]}<\/script>\n<!-- \/ Yoast SEO plugin. -->","yoast_head_json":{"title":"Inteligencia artificial en investigaci\u00f3n biom\u00e9dica - Fundaci\u00f3 TIC Salut i Social","robots":{"index":"index","follow":"follow","max-snippet":"max-snippet:-1","max-image-preview":"max-image-preview:large","max-video-preview":"max-video-preview:-1"},"canonical":"https:\/\/ticsalutsocial.atoom.space\/es\/event\/intelligencia-artificial-en-recerca-biomedica\/","og_locale":"es_ES","og_type":"article","og_title":"Inteligencia artificial en investigaci\u00f3n biom\u00e9dica - Fundaci\u00f3 TIC Salut i Social","og_description":"La Universitat de Vic &#8211; Universitat de Catalunya Central ofrece un ciclo de sesiones informativas sobre la investigaci\u00f3n y el papel transformador de la inteligencia artificial. C\u00f3mo se aplica esta tecnolog\u00eda al an\u00e1lisis de datos \u00f3micos, al an\u00e1lisis de otros datos e imagen, y a la inform\u00e1tica m\u00e9dica.","og_url":"https:\/\/ticsalutsocial.atoom.space\/es\/event\/intelligencia-artificial-en-recerca-biomedica\/","og_site_name":"Fundaci\u00f3 TIC Salut i Social","article_modified_time":"2024-11-04T12:53:30+00:00","twitter_card":"summary_large_image","twitter_misc":{"Tiempo de lectura":"1 minuto"},"schema":{"@context":"https:\/\/schema.org","@graph":[{"@type":"WebPage","@id":"https:\/\/ticsalutsocial.atoom.space\/es\/event\/intelligencia-artificial-en-recerca-biomedica\/","url":"https:\/\/ticsalutsocial.atoom.space\/es\/event\/intelligencia-artificial-en-recerca-biomedica\/","name":"Inteligencia artificial en investigaci\u00f3n biom\u00e9dica - Fundaci\u00f3 TIC Salut i Social","isPartOf":{"@id":"https:\/\/ticsalutsocial.atoom.space\/es\/#website"},"datePublished":"2024-11-04T12:45:43+00:00","dateModified":"2024-11-04T12:53:30+00:00","breadcrumb":{"@id":"https:\/\/ticsalutsocial.atoom.space\/es\/event\/intelligencia-artificial-en-recerca-biomedica\/#breadcrumb"},"inLanguage":"es","potentialAction":[{"@type":"ReadAction","target":["https:\/\/ticsalutsocial.atoom.space\/es\/event\/intelligencia-artificial-en-recerca-biomedica\/"]}]},{"@type":"BreadcrumbList","@id":"https:\/\/ticsalutsocial.atoom.space\/es\/event\/intelligencia-artificial-en-recerca-biomedica\/#breadcrumb","itemListElement":[{"@type":"ListItem","position":1,"name":"Inici","item":"https:\/\/ticsalutsocial.atoom.space\/es\/"},{"@type":"ListItem","position":2,"name":"Inteligencia artificial en investigaci\u00f3n biom\u00e9dica"}]},{"@type":"WebSite","@id":"https:\/\/ticsalutsocial.atoom.space\/es\/#website","url":"https:\/\/ticsalutsocial.atoom.space\/es\/","name":"Fundaci\u00f3 TIC Salut i Social","description":"","potentialAction":[{"@type":"SearchAction","target":{"@type":"EntryPoint","urlTemplate":"https:\/\/ticsalutsocial.atoom.space\/es\/?s={search_term_string}"},"query-input":{"@type":"PropertyValueSpecification","valueRequired":true,"valueName":"search_term_string"}}],"inLanguage":"es"}]}},"_links":{"self":[{"href":"https:\/\/ticsalutsocial.atoom.space\/es\/wp-json\/wp\/v2\/event\/29031","targetHints":{"allow":["GET"]}}],"collection":[{"href":"https:\/\/ticsalutsocial.atoom.space\/es\/wp-json\/wp\/v2\/event"}],"about":[{"href":"https:\/\/ticsalutsocial.atoom.space\/es\/wp-json\/wp\/v2\/types\/event"}],"wp:attachment":[{"href":"https:\/\/ticsalutsocial.atoom.space\/es\/wp-json\/wp\/v2\/media?parent=29031"}],"wp:term":[{"taxonomy":"tipus","embeddable":true,"href":"https:\/\/ticsalutsocial.atoom.space\/es\/wp-json\/wp\/v2\/tipus?post=29031"},{"taxonomy":"topic","embeddable":true,"href":"https:\/\/ticsalutsocial.atoom.space\/es\/wp-json\/wp\/v2\/topic?post=29031"}],"curies":[{"name":"wp","href":"https:\/\/api.w.org\/{rel}","templated":true}]}}

Inteligencia artificial en investigación biomédica

<p>La Universitat de Vic &#8211; Universitat de Catalunya Central ofrece un ciclo de sesiones informativas sobre la investigación y el papel transformador de la inteligencia artificial.</p>
<p>Cómo se aplica esta tecnología al análisis de datos ómicos, al análisis de otros datos e imagen, y a la informática médica.</p>

Gratuito previa inscripción

<!-- This site is optimized with the Yoast SEO plugin v27.1.1 - https://yoast.com/product/yoast-seo-wordpress/ -->
<title>Inteligencia artificial en investigación biomédica - Fundació TIC Salut i Social</title>
<meta name="robots" content="index, follow, max-snippet:-1, max-image-preview:large, max-video-preview:-1" />
<link rel="canonical" href="https://ticsalutsocial.atoom.space/es/event/intelligencia-artificial-en-recerca-biomedica/" />
<meta property="og:locale" content="es_ES" />
<meta property="og:type" content="article" />
<meta property="og:title" content="Inteligencia artificial en investigación biomédica - Fundació TIC Salut i Social" />
<meta property="og:description" content="La Universitat de Vic &#8211; Universitat de Catalunya Central ofrece un ciclo de sesiones informativas sobre la investigación y el papel transformador de la inteligencia artificial. Cómo se aplica esta tecnología al análisis de datos ómicos, al análisis de otros datos e imagen, y a la informática médica." />
<meta property="og:url" content="https://ticsalutsocial.atoom.space/es/event/intelligencia-artificial-en-recerca-biomedica/" />
<meta property="og:site_name" content="Fundació TIC Salut i Social" />
<meta property="article:modified_time" content="2024-11-04T12:53:30+00:00" />
<meta name="twitter:card" content="summary_large_image" />
<meta name="twitter:label1" content="Tiempo de lectura" />
	<meta name="twitter:data1" content="1 minuto" />
<script type="application/ld+json" class="yoast-schema-graph">{"@context":"https://schema.org","@graph":[{"@type":"WebPage","@id":"https://ticsalutsocial.atoom.space/es/event/intelligencia-artificial-en-recerca-biomedica/","url":"https://ticsalutsocial.atoom.space/es/event/intelligencia-artificial-en-recerca-biomedica/","name":"Inteligencia artificial en investigación biomédica - Fundació TIC Salut i Social","isPartOf":{"@id":"https://ticsalutsocial.atoom.space/es/#website"},"datePublished":"2024-11-04T12:45:43+00:00","dateModified":"2024-11-04T12:53:30+00:00","breadcrumb":{"@id":"https://ticsalutsocial.atoom.space/es/event/intelligencia-artificial-en-recerca-biomedica/#breadcrumb"},"inLanguage":"es","potentialAction":[{"@type":"ReadAction","target":["https://ticsalutsocial.atoom.space/es/event/intelligencia-artificial-en-recerca-biomedica/"]}]},{"@type":"BreadcrumbList","@id":"https://ticsalutsocial.atoom.space/es/event/intelligencia-artificial-en-recerca-biomedica/#breadcrumb","itemListElement":[{"@type":"ListItem","position":1,"name":"Inici","item":"https://ticsalutsocial.atoom.space/es/"},{"@type":"ListItem","position":2,"name":"Inteligencia artificial en investigación biomédica"}]},{"@type":"WebSite","@id":"https://ticsalutsocial.atoom.space/es/#website","url":"https://ticsalutsocial.atoom.space/es/","name":"Fundació TIC Salut i Social","description":"","potentialAction":[{"@type":"SearchAction","target":{"@type":"EntryPoint","urlTemplate":"https://ticsalutsocial.atoom.space/es/?s={search_term_string}"},"query-input":{"@type":"PropertyValueSpecification","valueRequired":true,"valueName":"search_term_string"}}],"inLanguage":"es"}]}</script>
<!-- / Yoast SEO plugin. -->

Inteligencia artificial en investigación biomédica - Fundació TIC Salut i Social

La Universitat de Vic &#8211; Universitat de Catalunya Central ofrece un ciclo de sesiones informativas sobre la investigación y el papel transformador de la inteligencia artificial. Cómo se aplica esta tecnología al análisis de datos ómicos, al análisis de otros datos e imagen, y a la informática médica.

Fundació TIC Salut i Social
