
{"id":29061,"date":"2024-02-19T16:23:26","date_gmt":"2024-02-19T14:23:26","guid":{"rendered":"https:\/\/ticsalutsocial.atoom.space\/event\/ii-congres-catala-de-gestio-clinica-i-sanitaria\/"},"modified":"2024-02-19T16:23:26","modified_gmt":"2024-02-19T14:23:26","slug":"ii-congres-catala-de-gestio-clinica-i-sanitaria","status":"publish","type":"event","link":"https:\/\/ticsalutsocial.atoom.space\/es\/event\/ii-congres-catala-de-gestio-clinica-i-sanitaria\/","title":{"rendered":"II Congr\u00e9s Catal\u00e0 de Gesti\u00f3 Cl\u00ednica i Sanit\u00e0ria"},"content":{"rendered":"\n<p>El <strong>II Congr\u00e9s Catal\u00e0 de Gesti\u00f3 Cl\u00ednica i Sanit\u00e0ria<\/strong> torna el <strong>21 i 22 de novembre<\/strong>, despr\u00e9s de l&#8217;\u00e8xit obtingut fa dos anys, per abordar, a trav\u00e9s d\u2019un programa de confer\u00e8ncies, debats i de presentaci\u00f3 d\u2019experi\u00e8ncies, sis temes que, en un context social i cient\u00edfic de grans canvis, son un gran repte per al nostre sistema de salut.<\/p>\n\n\n\n<p>El director de la Fundaci\u00f3 TIC Salut Social, Joan Guanyabens, participar\u00e0 a la sessi\u00f3: &#8216;La digitalitzaci\u00f3 de les organitzacions i la intel\u00b7lig\u00e8ncia artificial al servei de la gesti\u00f3&#8217;.<\/p>\n\n\n\n<p><a href=\"https:\/\/congresgestiosanitaria.com\/\" target=\"_blank\" rel=\"noreferrer noopener\">M\u00e9s informaci\u00f3<\/a><\/p>\n","protected":false},"featured_media":25493,"menu_order":0,"template":"","meta":{"_acf_changed":false,"inline_featured_image":false},"tipus":[879],"topic":[117],"class_list":["post-29061","event","type-event","status-publish","has-post-thumbnail","hentry","tipus-inteligencia-artificial","topic-jornadas"],"acf":{"imatge":25493,"informacio":{"ubicacio":"Centre de Congressos i Convencions - Hotel Meli\u00e0 Sitges","data":"21\/11\/2024","hora":"","preu":"","inscripcions":"https:\/\/congresgestiosanitaria.com\/"},"programa":{"titol":"","items":false}},"yoast_head":"<!-- This site is optimized with the Yoast SEO plugin v27.1.1 - https:\/\/yoast.com\/product\/yoast-seo-wordpress\/ -->\n<title>II Congr\u00e9s Catal\u00e0 de Gesti\u00f3 Cl\u00ednica i Sanit\u00e0ria - Fundaci\u00f3 TIC Salut i Social<\/title>\n<meta name=\"robots\" content=\"index, follow, max-snippet:-1, max-image-preview:large, max-video-preview:-1\" \/>\n<link rel=\"canonical\" href=\"https:\/\/ticsalutsocial.atoom.space\/es\/event\/ii-congres-catala-de-gestio-clinica-i-sanitaria\/\" \/>\n<meta property=\"og:locale\" content=\"es_ES\" \/>\n<meta property=\"og:type\" content=\"article\" \/>\n<meta property=\"og:title\" content=\"II Congr\u00e9s Catal\u00e0 de Gesti\u00f3 Cl\u00ednica i Sanit\u00e0ria - Fundaci\u00f3 TIC Salut i Social\" \/>\n<meta property=\"og:description\" content=\"El II Congr\u00e9s Catal\u00e0 de Gesti\u00f3 Cl\u00ednica i Sanit\u00e0ria torna el 21 i 22 de novembre, despr\u00e9s de l&#8217;\u00e8xit obtingut fa dos anys, per abordar, a trav\u00e9s d\u2019un programa de confer\u00e8ncies, debats i de presentaci\u00f3 d\u2019experi\u00e8ncies, sis temes que, en un context social i cient\u00edfic de grans canvis, son un gran repte per al nostre [&hellip;]\" \/>\n<meta property=\"og:url\" content=\"https:\/\/ticsalutsocial.atoom.space\/es\/event\/ii-congres-catala-de-gestio-clinica-i-sanitaria\/\" \/>\n<meta property=\"og:site_name\" content=\"Fundaci\u00f3 TIC Salut i Social\" \/>\n<meta name=\"twitter:card\" content=\"summary_large_image\" \/>\n<meta name=\"twitter:label1\" content=\"Tiempo de lectura\" \/>\n\t<meta name=\"twitter:data1\" content=\"1 minuto\" \/>\n<script type=\"application\/ld+json\" class=\"yoast-schema-graph\">{\"@context\":\"https:\/\/schema.org\",\"@graph\":[{\"@type\":\"WebPage\",\"@id\":\"https:\/\/ticsalutsocial.atoom.space\/es\/event\/ii-congres-catala-de-gestio-clinica-i-sanitaria\/\",\"url\":\"https:\/\/ticsalutsocial.atoom.space\/es\/event\/ii-congres-catala-de-gestio-clinica-i-sanitaria\/\",\"name\":\"II Congr\u00e9s Catal\u00e0 de Gesti\u00f3 Cl\u00ednica i Sanit\u00e0ria - Fundaci\u00f3 TIC Salut i Social\",\"isPartOf\":{\"@id\":\"https:\/\/ticsalutsocial.atoom.space\/es\/#website\"},\"primaryImageOfPage\":{\"@id\":\"https:\/\/ticsalutsocial.atoom.space\/es\/event\/ii-congres-catala-de-gestio-clinica-i-sanitaria\/#primaryimage\"},\"image\":{\"@id\":\"https:\/\/ticsalutsocial.atoom.space\/es\/event\/ii-congres-catala-de-gestio-clinica-i-sanitaria\/#primaryimage\"},\"thumbnailUrl\":\"https:\/\/ticsalutsocial.atoom.space\/wp-content\/uploads\/2024\/02\/gestio_sanitaria.png\",\"datePublished\":\"2024-02-19T14:23:26+00:00\",\"breadcrumb\":{\"@id\":\"https:\/\/ticsalutsocial.atoom.space\/es\/event\/ii-congres-catala-de-gestio-clinica-i-sanitaria\/#breadcrumb\"},\"inLanguage\":\"es\",\"potentialAction\":[{\"@type\":\"ReadAction\",\"target\":[\"https:\/\/ticsalutsocial.atoom.space\/es\/event\/ii-congres-catala-de-gestio-clinica-i-sanitaria\/\"]}]},{\"@type\":\"ImageObject\",\"inLanguage\":\"es\",\"@id\":\"https:\/\/ticsalutsocial.atoom.space\/es\/event\/ii-congres-catala-de-gestio-clinica-i-sanitaria\/#primaryimage\",\"url\":\"https:\/\/ticsalutsocial.atoom.space\/wp-content\/uploads\/2024\/02\/gestio_sanitaria.png\",\"contentUrl\":\"https:\/\/ticsalutsocial.atoom.space\/wp-content\/uploads\/2024\/02\/gestio_sanitaria.png\",\"width\":1504,\"height\":756},{\"@type\":\"BreadcrumbList\",\"@id\":\"https:\/\/ticsalutsocial.atoom.space\/es\/event\/ii-congres-catala-de-gestio-clinica-i-sanitaria\/#breadcrumb\",\"itemListElement\":[{\"@type\":\"ListItem\",\"position\":1,\"name\":\"Inici\",\"item\":\"https:\/\/ticsalutsocial.atoom.space\/es\/\"},{\"@type\":\"ListItem\",\"position\":2,\"name\":\"II Congr\u00e9s Catal\u00e0 de Gesti\u00f3 Cl\u00ednica i Sanit\u00e0ria\"}]},{\"@type\":\"WebSite\",\"@id\":\"https:\/\/ticsalutsocial.atoom.space\/es\/#website\",\"url\":\"https:\/\/ticsalutsocial.atoom.space\/es\/\",\"name\":\"Fundaci\u00f3 TIC Salut i Social\",\"description\":\"\",\"potentialAction\":[{\"@type\":\"SearchAction\",\"target\":{\"@type\":\"EntryPoint\",\"urlTemplate\":\"https:\/\/ticsalutsocial.atoom.space\/es\/?s={search_term_string}\"},\"query-input\":{\"@type\":\"PropertyValueSpecification\",\"valueRequired\":true,\"valueName\":\"search_term_string\"}}],\"inLanguage\":\"es\"}]}<\/script>\n<!-- \/ Yoast SEO plugin. -->","yoast_head_json":{"title":"II Congr\u00e9s Catal\u00e0 de Gesti\u00f3 Cl\u00ednica i Sanit\u00e0ria - Fundaci\u00f3 TIC Salut i Social","robots":{"index":"index","follow":"follow","max-snippet":"max-snippet:-1","max-image-preview":"max-image-preview:large","max-video-preview":"max-video-preview:-1"},"canonical":"https:\/\/ticsalutsocial.atoom.space\/es\/event\/ii-congres-catala-de-gestio-clinica-i-sanitaria\/","og_locale":"es_ES","og_type":"article","og_title":"II Congr\u00e9s Catal\u00e0 de Gesti\u00f3 Cl\u00ednica i Sanit\u00e0ria - Fundaci\u00f3 TIC Salut i Social","og_description":"El II Congr\u00e9s Catal\u00e0 de Gesti\u00f3 Cl\u00ednica i Sanit\u00e0ria torna el 21 i 22 de novembre, despr\u00e9s de l&#8217;\u00e8xit obtingut fa dos anys, per abordar, a trav\u00e9s d\u2019un programa de confer\u00e8ncies, debats i de presentaci\u00f3 d\u2019experi\u00e8ncies, sis temes que, en un context social i cient\u00edfic de grans canvis, son un gran repte per al nostre [&hellip;]","og_url":"https:\/\/ticsalutsocial.atoom.space\/es\/event\/ii-congres-catala-de-gestio-clinica-i-sanitaria\/","og_site_name":"Fundaci\u00f3 TIC Salut i Social","twitter_card":"summary_large_image","twitter_misc":{"Tiempo de lectura":"1 minuto"},"schema":{"@context":"https:\/\/schema.org","@graph":[{"@type":"WebPage","@id":"https:\/\/ticsalutsocial.atoom.space\/es\/event\/ii-congres-catala-de-gestio-clinica-i-sanitaria\/","url":"https:\/\/ticsalutsocial.atoom.space\/es\/event\/ii-congres-catala-de-gestio-clinica-i-sanitaria\/","name":"II Congr\u00e9s Catal\u00e0 de Gesti\u00f3 Cl\u00ednica i Sanit\u00e0ria - Fundaci\u00f3 TIC Salut i Social","isPartOf":{"@id":"https:\/\/ticsalutsocial.atoom.space\/es\/#website"},"primaryImageOfPage":{"@id":"https:\/\/ticsalutsocial.atoom.space\/es\/event\/ii-congres-catala-de-gestio-clinica-i-sanitaria\/#primaryimage"},"image":{"@id":"https:\/\/ticsalutsocial.atoom.space\/es\/event\/ii-congres-catala-de-gestio-clinica-i-sanitaria\/#primaryimage"},"thumbnailUrl":"https:\/\/ticsalutsocial.atoom.space\/wp-content\/uploads\/2024\/02\/gestio_sanitaria.png","datePublished":"2024-02-19T14:23:26+00:00","breadcrumb":{"@id":"https:\/\/ticsalutsocial.atoom.space\/es\/event\/ii-congres-catala-de-gestio-clinica-i-sanitaria\/#breadcrumb"},"inLanguage":"es","potentialAction":[{"@type":"ReadAction","target":["https:\/\/ticsalutsocial.atoom.space\/es\/event\/ii-congres-catala-de-gestio-clinica-i-sanitaria\/"]}]},{"@type":"ImageObject","inLanguage":"es","@id":"https:\/\/ticsalutsocial.atoom.space\/es\/event\/ii-congres-catala-de-gestio-clinica-i-sanitaria\/#primaryimage","url":"https:\/\/ticsalutsocial.atoom.space\/wp-content\/uploads\/2024\/02\/gestio_sanitaria.png","contentUrl":"https:\/\/ticsalutsocial.atoom.space\/wp-content\/uploads\/2024\/02\/gestio_sanitaria.png","width":1504,"height":756},{"@type":"BreadcrumbList","@id":"https:\/\/ticsalutsocial.atoom.space\/es\/event\/ii-congres-catala-de-gestio-clinica-i-sanitaria\/#breadcrumb","itemListElement":[{"@type":"ListItem","position":1,"name":"Inici","item":"https:\/\/ticsalutsocial.atoom.space\/es\/"},{"@type":"ListItem","position":2,"name":"II Congr\u00e9s Catal\u00e0 de Gesti\u00f3 Cl\u00ednica i Sanit\u00e0ria"}]},{"@type":"WebSite","@id":"https:\/\/ticsalutsocial.atoom.space\/es\/#website","url":"https:\/\/ticsalutsocial.atoom.space\/es\/","name":"Fundaci\u00f3 TIC Salut i Social","description":"","potentialAction":[{"@type":"SearchAction","target":{"@type":"EntryPoint","urlTemplate":"https:\/\/ticsalutsocial.atoom.space\/es\/?s={search_term_string}"},"query-input":{"@type":"PropertyValueSpecification","valueRequired":true,"valueName":"search_term_string"}}],"inLanguage":"es"}]}},"_links":{"self":[{"href":"https:\/\/ticsalutsocial.atoom.space\/es\/wp-json\/wp\/v2\/event\/29061","targetHints":{"allow":["GET"]}}],"collection":[{"href":"https:\/\/ticsalutsocial.atoom.space\/es\/wp-json\/wp\/v2\/event"}],"about":[{"href":"https:\/\/ticsalutsocial.atoom.space\/es\/wp-json\/wp\/v2\/types\/event"}],"wp:featuredmedia":[{"embeddable":true,"href":"https:\/\/ticsalutsocial.atoom.space\/es\/wp-json\/wp\/v2\/media\/25493"}],"wp:attachment":[{"href":"https:\/\/ticsalutsocial.atoom.space\/es\/wp-json\/wp\/v2\/media?parent=29061"}],"wp:term":[{"taxonomy":"tipus","embeddable":true,"href":"https:\/\/ticsalutsocial.atoom.space\/es\/wp-json\/wp\/v2\/tipus?post=29061"},{"taxonomy":"topic","embeddable":true,"href":"https:\/\/ticsalutsocial.atoom.space\/es\/wp-json\/wp\/v2\/topic?post=29061"}],"curies":[{"name":"wp","href":"https:\/\/api.w.org\/{rel}","templated":true}]}}

II Congrés Català de Gestió Clínica i Sanitària

<p>El <strong>II Congrés Català de Gestió Clínica i Sanitària</strong> torna el <strong>21 i 22 de novembre</strong>, després de l&#8217;èxit obtingut fa dos anys, per abordar, a través d’un programa de conferències, debats i de presentació d’experiències, sis temes que, en un context social i científic de grans canvis, son un gran repte per al nostre sistema de salut.</p>



<p>El director de la Fundació TIC Salut Social, Joan Guanyabens, participarà a la sessió: &#8216;La digitalització de les organitzacions i la intel·ligència artificial al servei de la gestió&#8217;.</p>



<p><a href="https://congresgestiosanitaria.com/" target="_blank" rel="noreferrer noopener">Més informació</a></p>

Centre de Congressos i Convencions - Hotel Melià Sitges

<!-- This site is optimized with the Yoast SEO plugin v27.1.1 - https://yoast.com/product/yoast-seo-wordpress/ -->
<title>II Congrés Català de Gestió Clínica i Sanitària - Fundació TIC Salut i Social</title>
<meta name="robots" content="index, follow, max-snippet:-1, max-image-preview:large, max-video-preview:-1" />
<link rel="canonical" href="https://ticsalutsocial.atoom.space/es/event/ii-congres-catala-de-gestio-clinica-i-sanitaria/" />
<meta property="og:locale" content="es_ES" />
<meta property="og:type" content="article" />
<meta property="og:title" content="II Congrés Català de Gestió Clínica i Sanitària - Fundació TIC Salut i Social" />
<meta property="og:description" content="El II Congrés Català de Gestió Clínica i Sanitària torna el 21 i 22 de novembre, després de l&#8217;èxit obtingut fa dos anys, per abordar, a través d’un programa de conferències, debats i de presentació d’experiències, sis temes que, en un context social i científic de grans canvis, son un gran repte per al nostre [&hellip;]" />
<meta property="og:url" content="https://ticsalutsocial.atoom.space/es/event/ii-congres-catala-de-gestio-clinica-i-sanitaria/" />
<meta property="og:site_name" content="Fundació TIC Salut i Social" />
<meta name="twitter:card" content="summary_large_image" />
<meta name="twitter:label1" content="Tiempo de lectura" />
	<meta name="twitter:data1" content="1 minuto" />
<script type="application/ld+json" class="yoast-schema-graph">{"@context":"https://schema.org","@graph":[{"@type":"WebPage","@id":"https://ticsalutsocial.atoom.space/es/event/ii-congres-catala-de-gestio-clinica-i-sanitaria/","url":"https://ticsalutsocial.atoom.space/es/event/ii-congres-catala-de-gestio-clinica-i-sanitaria/","name":"II Congrés Català de Gestió Clínica i Sanitària - Fundació TIC Salut i Social","isPartOf":{"@id":"https://ticsalutsocial.atoom.space/es/#website"},"primaryImageOfPage":{"@id":"https://ticsalutsocial.atoom.space/es/event/ii-congres-catala-de-gestio-clinica-i-sanitaria/#primaryimage"},"image":{"@id":"https://ticsalutsocial.atoom.space/es/event/ii-congres-catala-de-gestio-clinica-i-sanitaria/#primaryimage"},"thumbnailUrl":"https://ticsalutsocial.atoom.space/wp-content/uploads/2024/02/gestio_sanitaria.png","datePublished":"2024-02-19T14:23:26+00:00","breadcrumb":{"@id":"https://ticsalutsocial.atoom.space/es/event/ii-congres-catala-de-gestio-clinica-i-sanitaria/#breadcrumb"},"inLanguage":"es","potentialAction":[{"@type":"ReadAction","target":["https://ticsalutsocial.atoom.space/es/event/ii-congres-catala-de-gestio-clinica-i-sanitaria/"]}]},{"@type":"ImageObject","inLanguage":"es","@id":"https://ticsalutsocial.atoom.space/es/event/ii-congres-catala-de-gestio-clinica-i-sanitaria/#primaryimage","url":"https://ticsalutsocial.atoom.space/wp-content/uploads/2024/02/gestio_sanitaria.png","contentUrl":"https://ticsalutsocial.atoom.space/wp-content/uploads/2024/02/gestio_sanitaria.png","width":1504,"height":756},{"@type":"BreadcrumbList","@id":"https://ticsalutsocial.atoom.space/es/event/ii-congres-catala-de-gestio-clinica-i-sanitaria/#breadcrumb","itemListElement":[{"@type":"ListItem","position":1,"name":"Inici","item":"https://ticsalutsocial.atoom.space/es/"},{"@type":"ListItem","position":2,"name":"II Congrés Català de Gestió Clínica i Sanitària"}]},{"@type":"WebSite","@id":"https://ticsalutsocial.atoom.space/es/#website","url":"https://ticsalutsocial.atoom.space/es/","name":"Fundació TIC Salut i Social","description":"","potentialAction":[{"@type":"SearchAction","target":{"@type":"EntryPoint","urlTemplate":"https://ticsalutsocial.atoom.space/es/?s={search_term_string}"},"query-input":{"@type":"PropertyValueSpecification","valueRequired":true,"valueName":"search_term_string"}}],"inLanguage":"es"}]}</script>
<!-- / Yoast SEO plugin. -->

II Congrés Català de Gestió Clínica i Sanitària - Fundació TIC Salut i Social

El II Congrés Català de Gestió Clínica i Sanitària torna el 21 i 22 de novembre, després de l&#8217;èxit obtingut fa dos anys, per abordar, a través d’un programa de conferències, debats i de presentació d’experiències, sis temes que, en un context social i científic de grans canvis, son un gran repte per al nostre [&hellip;]

Fundació TIC Salut i Social
