
{"id":29397,"date":"2024-12-10T16:55:51","date_gmt":"2024-12-10T14:55:51","guid":{"rendered":"https:\/\/ticsalutsocial.atoom.space\/event\/dijous-innovadors-myhealtheu-el-teu-compte-corrent-de-dades-de-salut\/"},"modified":"2024-12-10T16:55:51","modified_gmt":"2024-12-10T14:55:51","slug":"dijous-innovadors-myhealtheu-el-teu-compte-corrent-de-dades-de-salut","status":"publish","type":"event","link":"https:\/\/ticsalutsocial.atoom.space\/es\/event\/dijous-innovadors-myhealtheu-el-teu-compte-corrent-de-dades-de-salut\/","title":{"rendered":"Dijous innovadors- MyHealth@eu: el teu compte corrent de dades de salut"},"content":{"rendered":"\n<p>La nova sessi\u00f3 dels Dijous Innovadors, organitzada per innovaci\u00f3 del Consorci de Salut i Social de Catalunya, tindr\u00e0 lloc el pr\u00f2xim\u00a0<strong>12\/12, de 19 a 21 h,<\/strong>\u00a0al restaurant La Pau (carrer J. Anselm Clav\u00e9 19, Barcelona) amb <strong>Joan Guanyabens<\/strong>, Director de la Fundaci\u00f3 TIC Salut Social.<\/p>\n\n\n\n<p><strong>Programa de la sessi\u00f3:<\/strong><\/p>\n\n\n\n<p><strong>Moderaci\u00f3:<\/strong>&nbsp;Antoni Gilabert, director de l\u2019\u00c0rea d\u2019Innovaci\u00f3 i Partenariat del CSC, i Joan Cornet, director general d\u2019InnoHealth Academy<\/p>\n\n\n\n<ul class=\"wp-block-list\">\n<li><strong>19.00 h.<\/strong>\u00a0Benvinguda i presentaci\u00f3 de la jornada.<\/li>\n\n\n\n<li><strong>19.10 h.<\/strong>\u00a0\u00abMyHealth@eu: el teu compte corrent de dades de salut\u00bb a c\u00e0rrec de Joan Guanyabens, Director de la Fundaci\u00f3 TIC Salut Social.<br><em>Es dinamitzar\u00e0 amb un col\u00b7loqui amb els assistents a partir de preguntes proposades pel ponent.<\/em><\/li>\n<\/ul>\n\n\n\n<p><strong>20.00 h.<\/strong>&nbsp;Sopar i cloenda.<\/p>\n","protected":false},"featured_media":0,"menu_order":0,"template":"","meta":{"_acf_changed":false,"inline_featured_image":false},"tipus":[],"topic":[117],"class_list":["post-29397","event","type-event","status-publish","hentry","topic-jornadas"],"acf":{"imatge":29395,"informacio":{"ubicacio":"Restaurant La Pau (carrer J. Anselm Clav\u00e9 19, Barcelona)","data":"12\/12\/2024","hora":"19:00 - 21:00 h","preu":"","inscripcions":"https:\/\/crm.consorci.org\/form\/dijousinnovadors_121224"},"programa":{"titol":"","items":false}},"yoast_head":"<!-- This site is optimized with the Yoast SEO plugin v27.1.1 - https:\/\/yoast.com\/product\/yoast-seo-wordpress\/ -->\n<title>Dijous innovadors- MyHealth@eu: el teu compte corrent de dades de salut - Fundaci\u00f3 TIC Salut i Social<\/title>\n<meta name=\"robots\" content=\"index, follow, max-snippet:-1, max-image-preview:large, max-video-preview:-1\" \/>\n<link rel=\"canonical\" href=\"https:\/\/ticsalutsocial.atoom.space\/es\/event\/dijous-innovadors-myhealtheu-el-teu-compte-corrent-de-dades-de-salut\/\" \/>\n<meta property=\"og:locale\" content=\"es_ES\" \/>\n<meta property=\"og:type\" content=\"article\" \/>\n<meta property=\"og:title\" content=\"Dijous innovadors- MyHealth@eu: el teu compte corrent de dades de salut - Fundaci\u00f3 TIC Salut i Social\" \/>\n<meta property=\"og:description\" content=\"La nova sessi\u00f3 dels Dijous Innovadors, organitzada per innovaci\u00f3 del Consorci de Salut i Social de Catalunya, tindr\u00e0 lloc el pr\u00f2xim\u00a012\/12, de 19 a 21 h,\u00a0al restaurant La Pau (carrer J. Anselm Clav\u00e9 19, Barcelona) amb Joan Guanyabens, Director de la Fundaci\u00f3 TIC Salut Social. Programa de la sessi\u00f3: Moderaci\u00f3:&nbsp;Antoni Gilabert, director de l\u2019\u00c0rea d\u2019Innovaci\u00f3 [&hellip;]\" \/>\n<meta property=\"og:url\" content=\"https:\/\/ticsalutsocial.atoom.space\/es\/event\/dijous-innovadors-myhealtheu-el-teu-compte-corrent-de-dades-de-salut\/\" \/>\n<meta property=\"og:site_name\" content=\"Fundaci\u00f3 TIC Salut i Social\" \/>\n<meta name=\"twitter:card\" content=\"summary_large_image\" \/>\n<meta name=\"twitter:label1\" content=\"Tiempo de lectura\" \/>\n\t<meta name=\"twitter:data1\" content=\"1 minuto\" \/>\n<script type=\"application\/ld+json\" class=\"yoast-schema-graph\">{\"@context\":\"https:\/\/schema.org\",\"@graph\":[{\"@type\":\"WebPage\",\"@id\":\"https:\/\/ticsalutsocial.atoom.space\/es\/event\/dijous-innovadors-myhealtheu-el-teu-compte-corrent-de-dades-de-salut\/\",\"url\":\"https:\/\/ticsalutsocial.atoom.space\/es\/event\/dijous-innovadors-myhealtheu-el-teu-compte-corrent-de-dades-de-salut\/\",\"name\":\"Dijous innovadors- MyHealth@eu: el teu compte corrent de dades de salut - Fundaci\u00f3 TIC Salut i Social\",\"isPartOf\":{\"@id\":\"https:\/\/ticsalutsocial.atoom.space\/es\/#website\"},\"datePublished\":\"2024-12-10T14:55:51+00:00\",\"breadcrumb\":{\"@id\":\"https:\/\/ticsalutsocial.atoom.space\/es\/event\/dijous-innovadors-myhealtheu-el-teu-compte-corrent-de-dades-de-salut\/#breadcrumb\"},\"inLanguage\":\"es\",\"potentialAction\":[{\"@type\":\"ReadAction\",\"target\":[\"https:\/\/ticsalutsocial.atoom.space\/es\/event\/dijous-innovadors-myhealtheu-el-teu-compte-corrent-de-dades-de-salut\/\"]}]},{\"@type\":\"BreadcrumbList\",\"@id\":\"https:\/\/ticsalutsocial.atoom.space\/es\/event\/dijous-innovadors-myhealtheu-el-teu-compte-corrent-de-dades-de-salut\/#breadcrumb\",\"itemListElement\":[{\"@type\":\"ListItem\",\"position\":1,\"name\":\"Inici\",\"item\":\"https:\/\/ticsalutsocial.atoom.space\/es\/\"},{\"@type\":\"ListItem\",\"position\":2,\"name\":\"Dijous innovadors- MyHealth@eu: el teu compte corrent de dades de salut\"}]},{\"@type\":\"WebSite\",\"@id\":\"https:\/\/ticsalutsocial.atoom.space\/es\/#website\",\"url\":\"https:\/\/ticsalutsocial.atoom.space\/es\/\",\"name\":\"Fundaci\u00f3 TIC Salut i Social\",\"description\":\"\",\"potentialAction\":[{\"@type\":\"SearchAction\",\"target\":{\"@type\":\"EntryPoint\",\"urlTemplate\":\"https:\/\/ticsalutsocial.atoom.space\/es\/?s={search_term_string}\"},\"query-input\":{\"@type\":\"PropertyValueSpecification\",\"valueRequired\":true,\"valueName\":\"search_term_string\"}}],\"inLanguage\":\"es\"}]}<\/script>\n<!-- \/ Yoast SEO plugin. -->","yoast_head_json":{"title":"Dijous innovadors- MyHealth@eu: el teu compte corrent de dades de salut - Fundaci\u00f3 TIC Salut i Social","robots":{"index":"index","follow":"follow","max-snippet":"max-snippet:-1","max-image-preview":"max-image-preview:large","max-video-preview":"max-video-preview:-1"},"canonical":"https:\/\/ticsalutsocial.atoom.space\/es\/event\/dijous-innovadors-myhealtheu-el-teu-compte-corrent-de-dades-de-salut\/","og_locale":"es_ES","og_type":"article","og_title":"Dijous innovadors- MyHealth@eu: el teu compte corrent de dades de salut - Fundaci\u00f3 TIC Salut i Social","og_description":"La nova sessi\u00f3 dels Dijous Innovadors, organitzada per innovaci\u00f3 del Consorci de Salut i Social de Catalunya, tindr\u00e0 lloc el pr\u00f2xim\u00a012\/12, de 19 a 21 h,\u00a0al restaurant La Pau (carrer J. Anselm Clav\u00e9 19, Barcelona) amb Joan Guanyabens, Director de la Fundaci\u00f3 TIC Salut Social. Programa de la sessi\u00f3: Moderaci\u00f3:&nbsp;Antoni Gilabert, director de l\u2019\u00c0rea d\u2019Innovaci\u00f3 [&hellip;]","og_url":"https:\/\/ticsalutsocial.atoom.space\/es\/event\/dijous-innovadors-myhealtheu-el-teu-compte-corrent-de-dades-de-salut\/","og_site_name":"Fundaci\u00f3 TIC Salut i Social","twitter_card":"summary_large_image","twitter_misc":{"Tiempo de lectura":"1 minuto"},"schema":{"@context":"https:\/\/schema.org","@graph":[{"@type":"WebPage","@id":"https:\/\/ticsalutsocial.atoom.space\/es\/event\/dijous-innovadors-myhealtheu-el-teu-compte-corrent-de-dades-de-salut\/","url":"https:\/\/ticsalutsocial.atoom.space\/es\/event\/dijous-innovadors-myhealtheu-el-teu-compte-corrent-de-dades-de-salut\/","name":"Dijous innovadors- MyHealth@eu: el teu compte corrent de dades de salut - Fundaci\u00f3 TIC Salut i Social","isPartOf":{"@id":"https:\/\/ticsalutsocial.atoom.space\/es\/#website"},"datePublished":"2024-12-10T14:55:51+00:00","breadcrumb":{"@id":"https:\/\/ticsalutsocial.atoom.space\/es\/event\/dijous-innovadors-myhealtheu-el-teu-compte-corrent-de-dades-de-salut\/#breadcrumb"},"inLanguage":"es","potentialAction":[{"@type":"ReadAction","target":["https:\/\/ticsalutsocial.atoom.space\/es\/event\/dijous-innovadors-myhealtheu-el-teu-compte-corrent-de-dades-de-salut\/"]}]},{"@type":"BreadcrumbList","@id":"https:\/\/ticsalutsocial.atoom.space\/es\/event\/dijous-innovadors-myhealtheu-el-teu-compte-corrent-de-dades-de-salut\/#breadcrumb","itemListElement":[{"@type":"ListItem","position":1,"name":"Inici","item":"https:\/\/ticsalutsocial.atoom.space\/es\/"},{"@type":"ListItem","position":2,"name":"Dijous innovadors- MyHealth@eu: el teu compte corrent de dades de salut"}]},{"@type":"WebSite","@id":"https:\/\/ticsalutsocial.atoom.space\/es\/#website","url":"https:\/\/ticsalutsocial.atoom.space\/es\/","name":"Fundaci\u00f3 TIC Salut i Social","description":"","potentialAction":[{"@type":"SearchAction","target":{"@type":"EntryPoint","urlTemplate":"https:\/\/ticsalutsocial.atoom.space\/es\/?s={search_term_string}"},"query-input":{"@type":"PropertyValueSpecification","valueRequired":true,"valueName":"search_term_string"}}],"inLanguage":"es"}]}},"_links":{"self":[{"href":"https:\/\/ticsalutsocial.atoom.space\/es\/wp-json\/wp\/v2\/event\/29397","targetHints":{"allow":["GET"]}}],"collection":[{"href":"https:\/\/ticsalutsocial.atoom.space\/es\/wp-json\/wp\/v2\/event"}],"about":[{"href":"https:\/\/ticsalutsocial.atoom.space\/es\/wp-json\/wp\/v2\/types\/event"}],"wp:attachment":[{"href":"https:\/\/ticsalutsocial.atoom.space\/es\/wp-json\/wp\/v2\/media?parent=29397"}],"wp:term":[{"taxonomy":"tipus","embeddable":true,"href":"https:\/\/ticsalutsocial.atoom.space\/es\/wp-json\/wp\/v2\/tipus?post=29397"},{"taxonomy":"topic","embeddable":true,"href":"https:\/\/ticsalutsocial.atoom.space\/es\/wp-json\/wp\/v2\/topic?post=29397"}],"curies":[{"name":"wp","href":"https:\/\/api.w.org\/{rel}","templated":true}]}}

<p>La nova sessió dels Dijous Innovadors, organitzada per innovació del Consorci de Salut i Social de Catalunya, tindrà lloc el pròxim <strong>12/12, de 19 a 21 h,</strong> al restaurant La Pau (carrer J. Anselm Clavé 19, Barcelona) amb <strong>Joan Guanyabens</strong>, Director de la Fundació TIC Salut Social.</p>



<p><strong>Programa de la sessió:</strong></p>



<p><strong>Moderació:</strong>&nbsp;Antoni Gilabert, director de l’Àrea d’Innovació i Partenariat del CSC, i Joan Cornet, director general d’InnoHealth Academy</p>



<ul class="wp-block-list">
<li><strong>19.00 h.</strong> Benvinguda i presentació de la jornada.</li>



<li><strong>19.10 h.</strong> «MyHealth@eu: el teu compte corrent de dades de salut» a càrrec de Joan Guanyabens, Director de la Fundació TIC Salut Social.<br><em>Es dinamitzarà amb un col·loqui amb els assistents a partir de preguntes proposades pel ponent.</em></li>
</ul>



<p><strong>20.00 h.</strong>&nbsp;Sopar i cloenda.</p>

Restaurant La Pau (carrer J. Anselm Clavé 19, Barcelona)

<!-- This site is optimized with the Yoast SEO plugin v27.1.1 - https://yoast.com/product/yoast-seo-wordpress/ -->
<title>Dijous innovadors- MyHealth@eu: el teu compte corrent de dades de salut - Fundació TIC Salut i Social</title>
<meta name="robots" content="index, follow, max-snippet:-1, max-image-preview:large, max-video-preview:-1" />
<link rel="canonical" href="https://ticsalutsocial.atoom.space/es/event/dijous-innovadors-myhealtheu-el-teu-compte-corrent-de-dades-de-salut/" />
<meta property="og:locale" content="es_ES" />
<meta property="og:type" content="article" />
<meta property="og:title" content="Dijous innovadors- MyHealth@eu: el teu compte corrent de dades de salut - Fundació TIC Salut i Social" />
<meta property="og:description" content="La nova sessió dels Dijous Innovadors, organitzada per innovació del Consorci de Salut i Social de Catalunya, tindrà lloc el pròxim 12/12, de 19 a 21 h, al restaurant La Pau (carrer J. Anselm Clavé 19, Barcelona) amb Joan Guanyabens, Director de la Fundació TIC Salut Social. Programa de la sessió: Moderació:&nbsp;Antoni Gilabert, director de l’Àrea d’Innovació [&hellip;]" />
<meta property="og:url" content="https://ticsalutsocial.atoom.space/es/event/dijous-innovadors-myhealtheu-el-teu-compte-corrent-de-dades-de-salut/" />
<meta property="og:site_name" content="Fundació TIC Salut i Social" />
<meta name="twitter:card" content="summary_large_image" />
<meta name="twitter:label1" content="Tiempo de lectura" />
	<meta name="twitter:data1" content="1 minuto" />
<script type="application/ld+json" class="yoast-schema-graph">{"@context":"https://schema.org","@graph":[{"@type":"WebPage","@id":"https://ticsalutsocial.atoom.space/es/event/dijous-innovadors-myhealtheu-el-teu-compte-corrent-de-dades-de-salut/","url":"https://ticsalutsocial.atoom.space/es/event/dijous-innovadors-myhealtheu-el-teu-compte-corrent-de-dades-de-salut/","name":"Dijous innovadors- MyHealth@eu: el teu compte corrent de dades de salut - Fundació TIC Salut i Social","isPartOf":{"@id":"https://ticsalutsocial.atoom.space/es/#website"},"datePublished":"2024-12-10T14:55:51+00:00","breadcrumb":{"@id":"https://ticsalutsocial.atoom.space/es/event/dijous-innovadors-myhealtheu-el-teu-compte-corrent-de-dades-de-salut/#breadcrumb"},"inLanguage":"es","potentialAction":[{"@type":"ReadAction","target":["https://ticsalutsocial.atoom.space/es/event/dijous-innovadors-myhealtheu-el-teu-compte-corrent-de-dades-de-salut/"]}]},{"@type":"BreadcrumbList","@id":"https://ticsalutsocial.atoom.space/es/event/dijous-innovadors-myhealtheu-el-teu-compte-corrent-de-dades-de-salut/#breadcrumb","itemListElement":[{"@type":"ListItem","position":1,"name":"Inici","item":"https://ticsalutsocial.atoom.space/es/"},{"@type":"ListItem","position":2,"name":"Dijous innovadors- MyHealth@eu: el teu compte corrent de dades de salut"}]},{"@type":"WebSite","@id":"https://ticsalutsocial.atoom.space/es/#website","url":"https://ticsalutsocial.atoom.space/es/","name":"Fundació TIC Salut i Social","description":"","potentialAction":[{"@type":"SearchAction","target":{"@type":"EntryPoint","urlTemplate":"https://ticsalutsocial.atoom.space/es/?s={search_term_string}"},"query-input":{"@type":"PropertyValueSpecification","valueRequired":true,"valueName":"search_term_string"}}],"inLanguage":"es"}]}</script>
<!-- / Yoast SEO plugin. -->

Dijous innovadors- MyHealth@eu: el teu compte corrent de dades de salut - Fundació TIC Salut i Social

La nova sessió dels Dijous Innovadors, organitzada per innovació del Consorci de Salut i Social de Catalunya, tindrà lloc el pròxim 12/12, de 19 a 21 h, al restaurant La Pau (carrer J. Anselm Clavé 19, Barcelona) amb Joan Guanyabens, Director de la Fundació TIC Salut Social. Programa de la sessió: Moderació:&nbsp;Antoni Gilabert, director de l’Àrea d’Innovació [&hellip;]

Fundació TIC Salut i Social
