
{"id":29732,"date":"2024-12-20T13:20:51","date_gmt":"2024-12-20T11:20:51","guid":{"rendered":"https:\/\/ticsalutsocial.atoom.space\/event\/jornada-dactualitzacio-en-dolor-xxv-edicio-intelligencia-artificial-aplicada-al-pacient-amb-dolor\/"},"modified":"2024-12-20T14:59:17","modified_gmt":"2024-12-20T12:59:17","slug":"jornada-dactualitzacio-en-dolor-xxv-edicio-intelligencia-artificial-aplicada-al-pacient-amb-dolor","status":"publish","type":"event","link":"https:\/\/ticsalutsocial.atoom.space\/es\/event\/jornada-dactualitzacio-en-dolor-xxv-edicio-intelligencia-artificial-aplicada-al-pacient-amb-dolor\/","title":{"rendered":"Jornada d&#8217;Actualitzaci\u00f3 en Dolor XXV Edici\u00f3. Intel\u00b7lig\u00e8ncia artificial aplicada al pacient amb dolor"},"content":{"rendered":"\n<p>El Hospital de Sant Pau y la Santa Creu organiza la XXV edici\u00f3n de la Jornada de Dolor de Sant Pau, que este a\u00f1o cuenta con un motivo especial: la celebraci\u00f3n del 25\u00ba aniversario de estas jornadas.<\/p>\n\n\n\n<p>El evento se centrar\u00e1 en el impacto de la inteligencia artificial (IA) en el sistema de salud, una tecnolog\u00eda que est\u00e1 revolucionando la atenci\u00f3n sanitaria. La IA permite a los profesionales trabajar con mayor eficiencia, mejorar y personalizar diagn\u00f3sticos y tratamientos, as\u00ed como centrarse m\u00e1s en el paciente. Su capacidad para analizar grandes vol\u00famenes de datos e identificar patrones la convierte en una herramienta fundamental para la sostenibilidad del sistema sanitario, reduciendo la carga administrativa y abriendo nuevas oportunidades.<\/p>\n\n\n\n<p>La jornada explorar\u00e1 c\u00f3mo los profesionales que tratan pacientes con dolor pueden aprovechar estas herramientas para mejorar la eficiencia y la toma de decisiones cl\u00ednicas, contribuyendo as\u00ed al bienestar de los pacientes.<\/p>\n\n\n\n<p>El Director de la Fundaci\u00f3n TIC Salut Social, <strong>Joan Guanyabens<\/strong>, participar\u00e1 con la presentaci\u00f3n &#8216;Inteligencia artificial y salud&#8217;, y la responsable del \u00c1rea de Inteligencia Artificial y Secretaria T\u00e9cnica del Programa Salut\/IA, Susanna Auss\u00f3 , hablar\u00e1 sobre gu\u00edas de regulaci\u00f3n aplicables a la IA.<\/p>\n\n\n\n<p><a href=\"https:\/\/www.santpau.cat\/documents\/125011\/0\/Programa+Jornada+Dolor+2025+v4.pdf\/b02ca053-d293-8fd2-c62a-1fff95fbf0a8?t=1733903158496\" target=\"_blank\" rel=\"noreferrer noopener\">M\u00e1s informaci\u00f3n y programa<\/a><\/p>\n","protected":false},"featured_media":29730,"menu_order":0,"template":"","meta":{"_acf_changed":false,"inline_featured_image":false},"tipus":[879],"topic":[],"class_list":["post-29732","event","type-event","status-publish","has-post-thumbnail","hentry","tipus-inteligencia-artificial"],"acf":{"imatge":29730,"informacio":{"ubicacio":"Recinte Modernista de Sant Pau","data":"20\/03\/2024","hora":"","preu":"","inscripcions":""},"programa":{"titol":"","items":false},"documents":false},"yoast_head":"<!-- This site is optimized with the Yoast SEO plugin v27.1.1 - https:\/\/yoast.com\/product\/yoast-seo-wordpress\/ -->\n<title>Jornada d&#039;Actualitzaci\u00f3 en Dolor XXV Edici\u00f3. Intel\u00b7lig\u00e8ncia artificial aplicada al pacient amb dolor - Fundaci\u00f3 TIC Salut i Social<\/title>\n<meta name=\"robots\" content=\"index, follow, max-snippet:-1, max-image-preview:large, max-video-preview:-1\" \/>\n<link rel=\"canonical\" href=\"https:\/\/ticsalutsocial.atoom.space\/es\/event\/jornada-dactualitzacio-en-dolor-xxv-edicio-intelligencia-artificial-aplicada-al-pacient-amb-dolor\/\" \/>\n<meta property=\"og:locale\" content=\"es_ES\" \/>\n<meta property=\"og:type\" content=\"article\" \/>\n<meta property=\"og:title\" content=\"Jornada d&#039;Actualitzaci\u00f3 en Dolor XXV Edici\u00f3. Intel\u00b7lig\u00e8ncia artificial aplicada al pacient amb dolor - Fundaci\u00f3 TIC Salut i Social\" \/>\n<meta property=\"og:description\" content=\"El Hospital de Sant Pau y la Santa Creu organiza la XXV edici\u00f3n de la Jornada de Dolor de Sant Pau, que este a\u00f1o cuenta con un motivo especial: la celebraci\u00f3n del 25\u00ba aniversario de estas jornadas. El evento se centrar\u00e1 en el impacto de la inteligencia artificial (IA) en el sistema de salud, una [&hellip;]\" \/>\n<meta property=\"og:url\" content=\"https:\/\/ticsalutsocial.atoom.space\/es\/event\/jornada-dactualitzacio-en-dolor-xxv-edicio-intelligencia-artificial-aplicada-al-pacient-amb-dolor\/\" \/>\n<meta property=\"og:site_name\" content=\"Fundaci\u00f3 TIC Salut i Social\" \/>\n<meta property=\"article:modified_time\" content=\"2024-12-20T12:59:17+00:00\" \/>\n<meta property=\"og:image\" content=\"https:\/\/ticsalutsocial.atoom.space\/wp-content\/uploads\/2024\/12\/Captura-de-pantalla-2024-12-20-a-las-12.18.25-1024x674.png\" \/>\n\t<meta property=\"og:image:width\" content=\"1024\" \/>\n\t<meta property=\"og:image:height\" content=\"674\" \/>\n\t<meta property=\"og:image:type\" content=\"image\/png\" \/>\n<meta name=\"twitter:card\" content=\"summary_large_image\" \/>\n<meta name=\"twitter:label1\" content=\"Tiempo de lectura\" \/>\n\t<meta name=\"twitter:data1\" content=\"2 minutos\" \/>\n<script type=\"application\/ld+json\" class=\"yoast-schema-graph\">{\"@context\":\"https:\/\/schema.org\",\"@graph\":[{\"@type\":\"WebPage\",\"@id\":\"https:\/\/ticsalutsocial.atoom.space\/es\/event\/jornada-dactualitzacio-en-dolor-xxv-edicio-intelligencia-artificial-aplicada-al-pacient-amb-dolor\/\",\"url\":\"https:\/\/ticsalutsocial.atoom.space\/es\/event\/jornada-dactualitzacio-en-dolor-xxv-edicio-intelligencia-artificial-aplicada-al-pacient-amb-dolor\/\",\"name\":\"Jornada d'Actualitzaci\u00f3 en Dolor XXV Edici\u00f3. Intel\u00b7lig\u00e8ncia artificial aplicada al pacient amb dolor - Fundaci\u00f3 TIC Salut i Social\",\"isPartOf\":{\"@id\":\"https:\/\/ticsalutsocial.atoom.space\/es\/#website\"},\"primaryImageOfPage\":{\"@id\":\"https:\/\/ticsalutsocial.atoom.space\/es\/event\/jornada-dactualitzacio-en-dolor-xxv-edicio-intelligencia-artificial-aplicada-al-pacient-amb-dolor\/#primaryimage\"},\"image\":{\"@id\":\"https:\/\/ticsalutsocial.atoom.space\/es\/event\/jornada-dactualitzacio-en-dolor-xxv-edicio-intelligencia-artificial-aplicada-al-pacient-amb-dolor\/#primaryimage\"},\"thumbnailUrl\":\"https:\/\/ticsalutsocial.atoom.space\/wp-content\/uploads\/2024\/12\/Captura-de-pantalla-2024-12-20-a-las-12.18.25.png\",\"datePublished\":\"2024-12-20T11:20:51+00:00\",\"dateModified\":\"2024-12-20T12:59:17+00:00\",\"breadcrumb\":{\"@id\":\"https:\/\/ticsalutsocial.atoom.space\/es\/event\/jornada-dactualitzacio-en-dolor-xxv-edicio-intelligencia-artificial-aplicada-al-pacient-amb-dolor\/#breadcrumb\"},\"inLanguage\":\"es\",\"potentialAction\":[{\"@type\":\"ReadAction\",\"target\":[\"https:\/\/ticsalutsocial.atoom.space\/es\/event\/jornada-dactualitzacio-en-dolor-xxv-edicio-intelligencia-artificial-aplicada-al-pacient-amb-dolor\/\"]}]},{\"@type\":\"ImageObject\",\"inLanguage\":\"es\",\"@id\":\"https:\/\/ticsalutsocial.atoom.space\/es\/event\/jornada-dactualitzacio-en-dolor-xxv-edicio-intelligencia-artificial-aplicada-al-pacient-amb-dolor\/#primaryimage\",\"url\":\"https:\/\/ticsalutsocial.atoom.space\/wp-content\/uploads\/2024\/12\/Captura-de-pantalla-2024-12-20-a-las-12.18.25.png\",\"contentUrl\":\"https:\/\/ticsalutsocial.atoom.space\/wp-content\/uploads\/2024\/12\/Captura-de-pantalla-2024-12-20-a-las-12.18.25.png\",\"width\":2700,\"height\":1778},{\"@type\":\"BreadcrumbList\",\"@id\":\"https:\/\/ticsalutsocial.atoom.space\/es\/event\/jornada-dactualitzacio-en-dolor-xxv-edicio-intelligencia-artificial-aplicada-al-pacient-amb-dolor\/#breadcrumb\",\"itemListElement\":[{\"@type\":\"ListItem\",\"position\":1,\"name\":\"Inici\",\"item\":\"https:\/\/ticsalutsocial.atoom.space\/es\/\"},{\"@type\":\"ListItem\",\"position\":2,\"name\":\"Jornada d&#8217;Actualitzaci\u00f3 en Dolor XXV Edici\u00f3. Intel\u00b7lig\u00e8ncia artificial aplicada al pacient amb dolor\"}]},{\"@type\":\"WebSite\",\"@id\":\"https:\/\/ticsalutsocial.atoom.space\/es\/#website\",\"url\":\"https:\/\/ticsalutsocial.atoom.space\/es\/\",\"name\":\"Fundaci\u00f3 TIC Salut i Social\",\"description\":\"\",\"potentialAction\":[{\"@type\":\"SearchAction\",\"target\":{\"@type\":\"EntryPoint\",\"urlTemplate\":\"https:\/\/ticsalutsocial.atoom.space\/es\/?s={search_term_string}\"},\"query-input\":{\"@type\":\"PropertyValueSpecification\",\"valueRequired\":true,\"valueName\":\"search_term_string\"}}],\"inLanguage\":\"es\"}]}<\/script>\n<!-- \/ Yoast SEO plugin. -->","yoast_head_json":{"title":"Jornada d'Actualitzaci\u00f3 en Dolor XXV Edici\u00f3. Intel\u00b7lig\u00e8ncia artificial aplicada al pacient amb dolor - Fundaci\u00f3 TIC Salut i Social","robots":{"index":"index","follow":"follow","max-snippet":"max-snippet:-1","max-image-preview":"max-image-preview:large","max-video-preview":"max-video-preview:-1"},"canonical":"https:\/\/ticsalutsocial.atoom.space\/es\/event\/jornada-dactualitzacio-en-dolor-xxv-edicio-intelligencia-artificial-aplicada-al-pacient-amb-dolor\/","og_locale":"es_ES","og_type":"article","og_title":"Jornada d'Actualitzaci\u00f3 en Dolor XXV Edici\u00f3. Intel\u00b7lig\u00e8ncia artificial aplicada al pacient amb dolor - Fundaci\u00f3 TIC Salut i Social","og_description":"El Hospital de Sant Pau y la Santa Creu organiza la XXV edici\u00f3n de la Jornada de Dolor de Sant Pau, que este a\u00f1o cuenta con un motivo especial: la celebraci\u00f3n del 25\u00ba aniversario de estas jornadas. El evento se centrar\u00e1 en el impacto de la inteligencia artificial (IA) en el sistema de salud, una [&hellip;]","og_url":"https:\/\/ticsalutsocial.atoom.space\/es\/event\/jornada-dactualitzacio-en-dolor-xxv-edicio-intelligencia-artificial-aplicada-al-pacient-amb-dolor\/","og_site_name":"Fundaci\u00f3 TIC Salut i Social","article_modified_time":"2024-12-20T12:59:17+00:00","og_image":[{"width":1024,"height":674,"url":"https:\/\/ticsalutsocial.atoom.space\/wp-content\/uploads\/2024\/12\/Captura-de-pantalla-2024-12-20-a-las-12.18.25-1024x674.png","type":"image\/png"}],"twitter_card":"summary_large_image","twitter_misc":{"Tiempo de lectura":"2 minutos"},"schema":{"@context":"https:\/\/schema.org","@graph":[{"@type":"WebPage","@id":"https:\/\/ticsalutsocial.atoom.space\/es\/event\/jornada-dactualitzacio-en-dolor-xxv-edicio-intelligencia-artificial-aplicada-al-pacient-amb-dolor\/","url":"https:\/\/ticsalutsocial.atoom.space\/es\/event\/jornada-dactualitzacio-en-dolor-xxv-edicio-intelligencia-artificial-aplicada-al-pacient-amb-dolor\/","name":"Jornada d'Actualitzaci\u00f3 en Dolor XXV Edici\u00f3. Intel\u00b7lig\u00e8ncia artificial aplicada al pacient amb dolor - Fundaci\u00f3 TIC Salut i Social","isPartOf":{"@id":"https:\/\/ticsalutsocial.atoom.space\/es\/#website"},"primaryImageOfPage":{"@id":"https:\/\/ticsalutsocial.atoom.space\/es\/event\/jornada-dactualitzacio-en-dolor-xxv-edicio-intelligencia-artificial-aplicada-al-pacient-amb-dolor\/#primaryimage"},"image":{"@id":"https:\/\/ticsalutsocial.atoom.space\/es\/event\/jornada-dactualitzacio-en-dolor-xxv-edicio-intelligencia-artificial-aplicada-al-pacient-amb-dolor\/#primaryimage"},"thumbnailUrl":"https:\/\/ticsalutsocial.atoom.space\/wp-content\/uploads\/2024\/12\/Captura-de-pantalla-2024-12-20-a-las-12.18.25.png","datePublished":"2024-12-20T11:20:51+00:00","dateModified":"2024-12-20T12:59:17+00:00","breadcrumb":{"@id":"https:\/\/ticsalutsocial.atoom.space\/es\/event\/jornada-dactualitzacio-en-dolor-xxv-edicio-intelligencia-artificial-aplicada-al-pacient-amb-dolor\/#breadcrumb"},"inLanguage":"es","potentialAction":[{"@type":"ReadAction","target":["https:\/\/ticsalutsocial.atoom.space\/es\/event\/jornada-dactualitzacio-en-dolor-xxv-edicio-intelligencia-artificial-aplicada-al-pacient-amb-dolor\/"]}]},{"@type":"ImageObject","inLanguage":"es","@id":"https:\/\/ticsalutsocial.atoom.space\/es\/event\/jornada-dactualitzacio-en-dolor-xxv-edicio-intelligencia-artificial-aplicada-al-pacient-amb-dolor\/#primaryimage","url":"https:\/\/ticsalutsocial.atoom.space\/wp-content\/uploads\/2024\/12\/Captura-de-pantalla-2024-12-20-a-las-12.18.25.png","contentUrl":"https:\/\/ticsalutsocial.atoom.space\/wp-content\/uploads\/2024\/12\/Captura-de-pantalla-2024-12-20-a-las-12.18.25.png","width":2700,"height":1778},{"@type":"BreadcrumbList","@id":"https:\/\/ticsalutsocial.atoom.space\/es\/event\/jornada-dactualitzacio-en-dolor-xxv-edicio-intelligencia-artificial-aplicada-al-pacient-amb-dolor\/#breadcrumb","itemListElement":[{"@type":"ListItem","position":1,"name":"Inici","item":"https:\/\/ticsalutsocial.atoom.space\/es\/"},{"@type":"ListItem","position":2,"name":"Jornada d&#8217;Actualitzaci\u00f3 en Dolor XXV Edici\u00f3. Intel\u00b7lig\u00e8ncia artificial aplicada al pacient amb dolor"}]},{"@type":"WebSite","@id":"https:\/\/ticsalutsocial.atoom.space\/es\/#website","url":"https:\/\/ticsalutsocial.atoom.space\/es\/","name":"Fundaci\u00f3 TIC Salut i Social","description":"","potentialAction":[{"@type":"SearchAction","target":{"@type":"EntryPoint","urlTemplate":"https:\/\/ticsalutsocial.atoom.space\/es\/?s={search_term_string}"},"query-input":{"@type":"PropertyValueSpecification","valueRequired":true,"valueName":"search_term_string"}}],"inLanguage":"es"}]}},"_links":{"self":[{"href":"https:\/\/ticsalutsocial.atoom.space\/es\/wp-json\/wp\/v2\/event\/29732","targetHints":{"allow":["GET"]}}],"collection":[{"href":"https:\/\/ticsalutsocial.atoom.space\/es\/wp-json\/wp\/v2\/event"}],"about":[{"href":"https:\/\/ticsalutsocial.atoom.space\/es\/wp-json\/wp\/v2\/types\/event"}],"wp:featuredmedia":[{"embeddable":true,"href":"https:\/\/ticsalutsocial.atoom.space\/es\/wp-json\/wp\/v2\/media\/29730"}],"wp:attachment":[{"href":"https:\/\/ticsalutsocial.atoom.space\/es\/wp-json\/wp\/v2\/media?parent=29732"}],"wp:term":[{"taxonomy":"tipus","embeddable":true,"href":"https:\/\/ticsalutsocial.atoom.space\/es\/wp-json\/wp\/v2\/tipus?post=29732"},{"taxonomy":"topic","embeddable":true,"href":"https:\/\/ticsalutsocial.atoom.space\/es\/wp-json\/wp\/v2\/topic?post=29732"}],"curies":[{"name":"wp","href":"https:\/\/api.w.org\/{rel}","templated":true}]}}

Jornada d&#8217;Actualització en Dolor XXV Edició. Intel·ligència artificial aplicada al pacient amb dolor

<p>El Hospital de Sant Pau y la Santa Creu organiza la XXV edición de la Jornada de Dolor de Sant Pau, que este año cuenta con un motivo especial: la celebración del 25º aniversario de estas jornadas.</p>



<p>El evento se centrará en el impacto de la inteligencia artificial (IA) en el sistema de salud, una tecnología que está revolucionando la atención sanitaria. La IA permite a los profesionales trabajar con mayor eficiencia, mejorar y personalizar diagnósticos y tratamientos, así como centrarse más en el paciente. Su capacidad para analizar grandes volúmenes de datos e identificar patrones la convierte en una herramienta fundamental para la sostenibilidad del sistema sanitario, reduciendo la carga administrativa y abriendo nuevas oportunidades.</p>



<p>La jornada explorará cómo los profesionales que tratan pacientes con dolor pueden aprovechar estas herramientas para mejorar la eficiencia y la toma de decisiones clínicas, contribuyendo así al bienestar de los pacientes.</p>



<p>El Director de la Fundación TIC Salut Social, <strong>Joan Guanyabens</strong>, participará con la presentación &#8216;Inteligencia artificial y salud&#8217;, y la responsable del Área de Inteligencia Artificial y Secretaria Técnica del Programa Salut/IA, Susanna Aussó , hablará sobre guías de regulación aplicables a la IA.</p>



<p><a href="https://www.santpau.cat/documents/125011/0/Programa+Jornada+Dolor+2025+v4.pdf/b02ca053-d293-8fd2-c62a-1fff95fbf0a8?t=1733903158496" target="_blank" rel="noreferrer noopener">Más información y programa</a></p>

<!-- This site is optimized with the Yoast SEO plugin v27.1.1 - https://yoast.com/product/yoast-seo-wordpress/ -->
<title>Jornada d&#039;Actualització en Dolor XXV Edició. Intel·ligència artificial aplicada al pacient amb dolor - Fundació TIC Salut i Social</title>
<meta name="robots" content="index, follow, max-snippet:-1, max-image-preview:large, max-video-preview:-1" />
<link rel="canonical" href="https://ticsalutsocial.atoom.space/es/event/jornada-dactualitzacio-en-dolor-xxv-edicio-intelligencia-artificial-aplicada-al-pacient-amb-dolor/" />
<meta property="og:locale" content="es_ES" />
<meta property="og:type" content="article" />
<meta property="og:title" content="Jornada d&#039;Actualització en Dolor XXV Edició. Intel·ligència artificial aplicada al pacient amb dolor - Fundació TIC Salut i Social" />
<meta property="og:description" content="El Hospital de Sant Pau y la Santa Creu organiza la XXV edición de la Jornada de Dolor de Sant Pau, que este año cuenta con un motivo especial: la celebración del 25º aniversario de estas jornadas. El evento se centrará en el impacto de la inteligencia artificial (IA) en el sistema de salud, una [&hellip;]" />
<meta property="og:url" content="https://ticsalutsocial.atoom.space/es/event/jornada-dactualitzacio-en-dolor-xxv-edicio-intelligencia-artificial-aplicada-al-pacient-amb-dolor/" />
<meta property="og:site_name" content="Fundació TIC Salut i Social" />
<meta property="article:modified_time" content="2024-12-20T12:59:17+00:00" />
<meta property="og:image" content="https://ticsalutsocial.atoom.space/wp-content/uploads/2024/12/Captura-de-pantalla-2024-12-20-a-las-12.18.25-1024x674.png" />
	<meta property="og:image:width" content="1024" />
	<meta property="og:image:height" content="674" />
	<meta property="og:image:type" content="image/png" />
<meta name="twitter:card" content="summary_large_image" />
<meta name="twitter:label1" content="Tiempo de lectura" />
	<meta name="twitter:data1" content="2 minutos" />
<script type="application/ld+json" class="yoast-schema-graph">{"@context":"https://schema.org","@graph":[{"@type":"WebPage","@id":"https://ticsalutsocial.atoom.space/es/event/jornada-dactualitzacio-en-dolor-xxv-edicio-intelligencia-artificial-aplicada-al-pacient-amb-dolor/","url":"https://ticsalutsocial.atoom.space/es/event/jornada-dactualitzacio-en-dolor-xxv-edicio-intelligencia-artificial-aplicada-al-pacient-amb-dolor/","name":"Jornada d'Actualització en Dolor XXV Edició. Intel·ligència artificial aplicada al pacient amb dolor - Fundació TIC Salut i Social","isPartOf":{"@id":"https://ticsalutsocial.atoom.space/es/#website"},"primaryImageOfPage":{"@id":"https://ticsalutsocial.atoom.space/es/event/jornada-dactualitzacio-en-dolor-xxv-edicio-intelligencia-artificial-aplicada-al-pacient-amb-dolor/#primaryimage"},"image":{"@id":"https://ticsalutsocial.atoom.space/es/event/jornada-dactualitzacio-en-dolor-xxv-edicio-intelligencia-artificial-aplicada-al-pacient-amb-dolor/#primaryimage"},"thumbnailUrl":"https://ticsalutsocial.atoom.space/wp-content/uploads/2024/12/Captura-de-pantalla-2024-12-20-a-las-12.18.25.png","datePublished":"2024-12-20T11:20:51+00:00","dateModified":"2024-12-20T12:59:17+00:00","breadcrumb":{"@id":"https://ticsalutsocial.atoom.space/es/event/jornada-dactualitzacio-en-dolor-xxv-edicio-intelligencia-artificial-aplicada-al-pacient-amb-dolor/#breadcrumb"},"inLanguage":"es","potentialAction":[{"@type":"ReadAction","target":["https://ticsalutsocial.atoom.space/es/event/jornada-dactualitzacio-en-dolor-xxv-edicio-intelligencia-artificial-aplicada-al-pacient-amb-dolor/"]}]},{"@type":"ImageObject","inLanguage":"es","@id":"https://ticsalutsocial.atoom.space/es/event/jornada-dactualitzacio-en-dolor-xxv-edicio-intelligencia-artificial-aplicada-al-pacient-amb-dolor/#primaryimage","url":"https://ticsalutsocial.atoom.space/wp-content/uploads/2024/12/Captura-de-pantalla-2024-12-20-a-las-12.18.25.png","contentUrl":"https://ticsalutsocial.atoom.space/wp-content/uploads/2024/12/Captura-de-pantalla-2024-12-20-a-las-12.18.25.png","width":2700,"height":1778},{"@type":"BreadcrumbList","@id":"https://ticsalutsocial.atoom.space/es/event/jornada-dactualitzacio-en-dolor-xxv-edicio-intelligencia-artificial-aplicada-al-pacient-amb-dolor/#breadcrumb","itemListElement":[{"@type":"ListItem","position":1,"name":"Inici","item":"https://ticsalutsocial.atoom.space/es/"},{"@type":"ListItem","position":2,"name":"Jornada d&#8217;Actualització en Dolor XXV Edició. Intel·ligència artificial aplicada al pacient amb dolor"}]},{"@type":"WebSite","@id":"https://ticsalutsocial.atoom.space/es/#website","url":"https://ticsalutsocial.atoom.space/es/","name":"Fundació TIC Salut i Social","description":"","potentialAction":[{"@type":"SearchAction","target":{"@type":"EntryPoint","urlTemplate":"https://ticsalutsocial.atoom.space/es/?s={search_term_string}"},"query-input":{"@type":"PropertyValueSpecification","valueRequired":true,"valueName":"search_term_string"}}],"inLanguage":"es"}]}</script>
<!-- / Yoast SEO plugin. -->

Jornada d'Actualització en Dolor XXV Edició. Intel·ligència artificial aplicada al pacient amb dolor - Fundació TIC Salut i Social

El Hospital de Sant Pau y la Santa Creu organiza la XXV edición de la Jornada de Dolor de Sant Pau, que este año cuenta con un motivo especial: la celebración del 25º aniversario de estas jornadas. El evento se centrará en el impacto de la inteligencia artificial (IA) en el sistema de salud, una [&hellip;]

Fundació TIC Salut i Social
