
{"id":29945,"date":"2025-01-08T12:05:42","date_gmt":"2025-01-08T10:05:42","guid":{"rendered":"https:\/\/ticsalutsocial.atoom.space\/event\/4yfn-2025\/"},"modified":"2025-01-08T12:15:20","modified_gmt":"2025-01-08T10:15:20","slug":"4yfn-2025","status":"publish","type":"event","link":"https:\/\/ticsalutsocial.atoom.space\/es\/event\/4yfn-2025\/","title":{"rendered":"4YFN 2025"},"content":{"rendered":"<p>Del 3 al 6 de marzo se celebra el 4YFN 2025. 4YFN es un evento de innovaci\u00f3n y emprendimiento en el \u00e1mbito tecnol\u00f3gico que tiene lugar durante el Mobile World Congress (MWC), proporcionando una plataforma para conectar empresas, inversores y compa\u00f1\u00edas l\u00edderes.<\/p>\n<p>&nbsp;<\/p>\n<p>Fundaci\u00f3n TIC Salut Social organiza conjuntamente con BIOCAT. Acompa\u00f1ando junto al Departamento de Salud, Departamento de Derechos Sociales e Inclusion, ACCI\u00d3 y el Ayuntamiento de Barcelona, acompa\u00f1a a una docena de startups del sector salud a darse a conocer en el Catalonia Health Innovation Ecosystem Pavilion. \u00a1Vis\u00edtanos!<\/p>\n<p><a href=\"https:\/\/www.4yfn.com\/agenda?date=2025-03-03\" target=\"_blank\" rel=\"noopener\">M\u00e1s informaci\u00f3n<\/a><\/p>\n<p>\u00a1Vis\u00edtanos!<\/p>\n","protected":false},"featured_media":0,"menu_order":0,"template":"","meta":{"_acf_changed":false,"inline_featured_image":false},"tipus":[],"topic":[],"class_list":["post-29945","event","type-event","status-publish","hentry"],"acf":{"imatge":29939,"informacio":{"ubicacio":"Fira Gran Via, L'Hospitalet de Llobregat, Barcelona (Hall 8.0 - 8.1- North Entrance)","data":"03\/03\/2025","hora":"del 9:00 a 17:00","preu":"","inscripcions":""},"programa":{"titol":"","items":false},"documents":false},"yoast_head":"<!-- This site is optimized with the Yoast SEO plugin v27.1.1 - https:\/\/yoast.com\/product\/yoast-seo-wordpress\/ -->\n<title>4YFN 2025 - Fundaci\u00f3 TIC Salut i Social<\/title>\n<meta name=\"robots\" content=\"index, follow, max-snippet:-1, max-image-preview:large, max-video-preview:-1\" \/>\n<link rel=\"canonical\" href=\"https:\/\/ticsalutsocial.atoom.space\/es\/event\/4yfn-2025\/\" \/>\n<meta property=\"og:locale\" content=\"es_ES\" \/>\n<meta property=\"og:type\" content=\"article\" \/>\n<meta property=\"og:title\" content=\"4YFN 2025 - Fundaci\u00f3 TIC Salut i Social\" \/>\n<meta property=\"og:description\" content=\"Del 3 al 6 de marzo se celebra el 4YFN 2025. 4YFN es un evento de innovaci\u00f3n y emprendimiento en el \u00e1mbito tecnol\u00f3gico que tiene lugar durante el Mobile World Congress (MWC), proporcionando una plataforma para conectar empresas, inversores y compa\u00f1\u00edas l\u00edderes. &nbsp; Fundaci\u00f3n TIC Salut Social organiza conjuntamente con BIOCAT. Acompa\u00f1ando junto al Departamento [&hellip;]\" \/>\n<meta property=\"og:url\" content=\"https:\/\/ticsalutsocial.atoom.space\/es\/event\/4yfn-2025\/\" \/>\n<meta property=\"og:site_name\" content=\"Fundaci\u00f3 TIC Salut i Social\" \/>\n<meta property=\"article:modified_time\" content=\"2025-01-08T10:15:20+00:00\" \/>\n<meta name=\"twitter:card\" content=\"summary_large_image\" \/>\n<meta name=\"twitter:label1\" content=\"Tiempo de lectura\" \/>\n\t<meta name=\"twitter:data1\" content=\"1 minuto\" \/>\n<script type=\"application\/ld+json\" class=\"yoast-schema-graph\">{\"@context\":\"https:\/\/schema.org\",\"@graph\":[{\"@type\":\"WebPage\",\"@id\":\"https:\/\/ticsalutsocial.atoom.space\/es\/event\/4yfn-2025\/\",\"url\":\"https:\/\/ticsalutsocial.atoom.space\/es\/event\/4yfn-2025\/\",\"name\":\"4YFN 2025 - Fundaci\u00f3 TIC Salut i Social\",\"isPartOf\":{\"@id\":\"https:\/\/ticsalutsocial.atoom.space\/es\/#website\"},\"datePublished\":\"2025-01-08T10:05:42+00:00\",\"dateModified\":\"2025-01-08T10:15:20+00:00\",\"breadcrumb\":{\"@id\":\"https:\/\/ticsalutsocial.atoom.space\/es\/event\/4yfn-2025\/#breadcrumb\"},\"inLanguage\":\"es\",\"potentialAction\":[{\"@type\":\"ReadAction\",\"target\":[\"https:\/\/ticsalutsocial.atoom.space\/es\/event\/4yfn-2025\/\"]}]},{\"@type\":\"BreadcrumbList\",\"@id\":\"https:\/\/ticsalutsocial.atoom.space\/es\/event\/4yfn-2025\/#breadcrumb\",\"itemListElement\":[{\"@type\":\"ListItem\",\"position\":1,\"name\":\"Inici\",\"item\":\"https:\/\/ticsalutsocial.atoom.space\/es\/\"},{\"@type\":\"ListItem\",\"position\":2,\"name\":\"4YFN 2025\"}]},{\"@type\":\"WebSite\",\"@id\":\"https:\/\/ticsalutsocial.atoom.space\/es\/#website\",\"url\":\"https:\/\/ticsalutsocial.atoom.space\/es\/\",\"name\":\"Fundaci\u00f3 TIC Salut i Social\",\"description\":\"\",\"potentialAction\":[{\"@type\":\"SearchAction\",\"target\":{\"@type\":\"EntryPoint\",\"urlTemplate\":\"https:\/\/ticsalutsocial.atoom.space\/es\/?s={search_term_string}\"},\"query-input\":{\"@type\":\"PropertyValueSpecification\",\"valueRequired\":true,\"valueName\":\"search_term_string\"}}],\"inLanguage\":\"es\"}]}<\/script>\n<!-- \/ Yoast SEO plugin. -->","yoast_head_json":{"title":"4YFN 2025 - Fundaci\u00f3 TIC Salut i Social","robots":{"index":"index","follow":"follow","max-snippet":"max-snippet:-1","max-image-preview":"max-image-preview:large","max-video-preview":"max-video-preview:-1"},"canonical":"https:\/\/ticsalutsocial.atoom.space\/es\/event\/4yfn-2025\/","og_locale":"es_ES","og_type":"article","og_title":"4YFN 2025 - Fundaci\u00f3 TIC Salut i Social","og_description":"Del 3 al 6 de marzo se celebra el 4YFN 2025. 4YFN es un evento de innovaci\u00f3n y emprendimiento en el \u00e1mbito tecnol\u00f3gico que tiene lugar durante el Mobile World Congress (MWC), proporcionando una plataforma para conectar empresas, inversores y compa\u00f1\u00edas l\u00edderes. &nbsp; Fundaci\u00f3n TIC Salut Social organiza conjuntamente con BIOCAT. Acompa\u00f1ando junto al Departamento [&hellip;]","og_url":"https:\/\/ticsalutsocial.atoom.space\/es\/event\/4yfn-2025\/","og_site_name":"Fundaci\u00f3 TIC Salut i Social","article_modified_time":"2025-01-08T10:15:20+00:00","twitter_card":"summary_large_image","twitter_misc":{"Tiempo de lectura":"1 minuto"},"schema":{"@context":"https:\/\/schema.org","@graph":[{"@type":"WebPage","@id":"https:\/\/ticsalutsocial.atoom.space\/es\/event\/4yfn-2025\/","url":"https:\/\/ticsalutsocial.atoom.space\/es\/event\/4yfn-2025\/","name":"4YFN 2025 - Fundaci\u00f3 TIC Salut i Social","isPartOf":{"@id":"https:\/\/ticsalutsocial.atoom.space\/es\/#website"},"datePublished":"2025-01-08T10:05:42+00:00","dateModified":"2025-01-08T10:15:20+00:00","breadcrumb":{"@id":"https:\/\/ticsalutsocial.atoom.space\/es\/event\/4yfn-2025\/#breadcrumb"},"inLanguage":"es","potentialAction":[{"@type":"ReadAction","target":["https:\/\/ticsalutsocial.atoom.space\/es\/event\/4yfn-2025\/"]}]},{"@type":"BreadcrumbList","@id":"https:\/\/ticsalutsocial.atoom.space\/es\/event\/4yfn-2025\/#breadcrumb","itemListElement":[{"@type":"ListItem","position":1,"name":"Inici","item":"https:\/\/ticsalutsocial.atoom.space\/es\/"},{"@type":"ListItem","position":2,"name":"4YFN 2025"}]},{"@type":"WebSite","@id":"https:\/\/ticsalutsocial.atoom.space\/es\/#website","url":"https:\/\/ticsalutsocial.atoom.space\/es\/","name":"Fundaci\u00f3 TIC Salut i Social","description":"","potentialAction":[{"@type":"SearchAction","target":{"@type":"EntryPoint","urlTemplate":"https:\/\/ticsalutsocial.atoom.space\/es\/?s={search_term_string}"},"query-input":{"@type":"PropertyValueSpecification","valueRequired":true,"valueName":"search_term_string"}}],"inLanguage":"es"}]}},"_links":{"self":[{"href":"https:\/\/ticsalutsocial.atoom.space\/es\/wp-json\/wp\/v2\/event\/29945","targetHints":{"allow":["GET"]}}],"collection":[{"href":"https:\/\/ticsalutsocial.atoom.space\/es\/wp-json\/wp\/v2\/event"}],"about":[{"href":"https:\/\/ticsalutsocial.atoom.space\/es\/wp-json\/wp\/v2\/types\/event"}],"wp:attachment":[{"href":"https:\/\/ticsalutsocial.atoom.space\/es\/wp-json\/wp\/v2\/media?parent=29945"}],"wp:term":[{"taxonomy":"tipus","embeddable":true,"href":"https:\/\/ticsalutsocial.atoom.space\/es\/wp-json\/wp\/v2\/tipus?post=29945"},{"taxonomy":"topic","embeddable":true,"href":"https:\/\/ticsalutsocial.atoom.space\/es\/wp-json\/wp\/v2\/topic?post=29945"}],"curies":[{"name":"wp","href":"https:\/\/api.w.org\/{rel}","templated":true}]}}

<p>Del 3 al 6 de marzo se celebra el 4YFN 2025. 4YFN es un evento de innovación y emprendimiento en el ámbito tecnológico que tiene lugar durante el Mobile World Congress (MWC), proporcionando una plataforma para conectar empresas, inversores y compañías líderes.</p>
<p>&nbsp;</p>
<p>Fundación TIC Salut Social organiza conjuntamente con BIOCAT. Acompañando junto al Departamento de Salud, Departamento de Derechos Sociales e Inclusion, ACCIÓ y el Ayuntamiento de Barcelona, acompaña a una docena de startups del sector salud a darse a conocer en el Catalonia Health Innovation Ecosystem Pavilion. ¡Visítanos!</p>
<p><a href="https://www.4yfn.com/agenda?date=2025-03-03" target="_blank" rel="noopener">Más información</a></p>
<p>¡Visítanos!</p>

<!-- This site is optimized with the Yoast SEO plugin v27.1.1 - https://yoast.com/product/yoast-seo-wordpress/ -->
<title>4YFN 2025 - Fundació TIC Salut i Social</title>
<meta name="robots" content="index, follow, max-snippet:-1, max-image-preview:large, max-video-preview:-1" />
<link rel="canonical" href="https://ticsalutsocial.atoom.space/es/event/4yfn-2025/" />
<meta property="og:locale" content="es_ES" />
<meta property="og:type" content="article" />
<meta property="og:title" content="4YFN 2025 - Fundació TIC Salut i Social" />
<meta property="og:description" content="Del 3 al 6 de marzo se celebra el 4YFN 2025. 4YFN es un evento de innovación y emprendimiento en el ámbito tecnológico que tiene lugar durante el Mobile World Congress (MWC), proporcionando una plataforma para conectar empresas, inversores y compañías líderes. &nbsp; Fundación TIC Salut Social organiza conjuntamente con BIOCAT. Acompañando junto al Departamento [&hellip;]" />
<meta property="og:url" content="https://ticsalutsocial.atoom.space/es/event/4yfn-2025/" />
<meta property="og:site_name" content="Fundació TIC Salut i Social" />
<meta property="article:modified_time" content="2025-01-08T10:15:20+00:00" />
<meta name="twitter:card" content="summary_large_image" />
<meta name="twitter:label1" content="Tiempo de lectura" />
	<meta name="twitter:data1" content="1 minuto" />
<script type="application/ld+json" class="yoast-schema-graph">{"@context":"https://schema.org","@graph":[{"@type":"WebPage","@id":"https://ticsalutsocial.atoom.space/es/event/4yfn-2025/","url":"https://ticsalutsocial.atoom.space/es/event/4yfn-2025/","name":"4YFN 2025 - Fundació TIC Salut i Social","isPartOf":{"@id":"https://ticsalutsocial.atoom.space/es/#website"},"datePublished":"2025-01-08T10:05:42+00:00","dateModified":"2025-01-08T10:15:20+00:00","breadcrumb":{"@id":"https://ticsalutsocial.atoom.space/es/event/4yfn-2025/#breadcrumb"},"inLanguage":"es","potentialAction":[{"@type":"ReadAction","target":["https://ticsalutsocial.atoom.space/es/event/4yfn-2025/"]}]},{"@type":"BreadcrumbList","@id":"https://ticsalutsocial.atoom.space/es/event/4yfn-2025/#breadcrumb","itemListElement":[{"@type":"ListItem","position":1,"name":"Inici","item":"https://ticsalutsocial.atoom.space/es/"},{"@type":"ListItem","position":2,"name":"4YFN 2025"}]},{"@type":"WebSite","@id":"https://ticsalutsocial.atoom.space/es/#website","url":"https://ticsalutsocial.atoom.space/es/","name":"Fundació TIC Salut i Social","description":"","potentialAction":[{"@type":"SearchAction","target":{"@type":"EntryPoint","urlTemplate":"https://ticsalutsocial.atoom.space/es/?s={search_term_string}"},"query-input":{"@type":"PropertyValueSpecification","valueRequired":true,"valueName":"search_term_string"}}],"inLanguage":"es"}]}</script>
<!-- / Yoast SEO plugin. -->

4YFN 2025 - Fundació TIC Salut i Social

Del 3 al 6 de marzo se celebra el 4YFN 2025. 4YFN es un evento de innovación y emprendimiento en el ámbito tecnológico que tiene lugar durante el Mobile World Congress (MWC), proporcionando una plataforma para conectar empresas, inversores y compañías líderes. &nbsp; Fundación TIC Salut Social organiza conjuntamente con BIOCAT. Acompañando junto al Departamento [&hellip;]

Fundació TIC Salut i Social
