
{"id":29963,"date":"2025-01-10T09:55:49","date_gmt":"2025-01-10T07:55:49","guid":{"rendered":"https:\/\/ticsalutsocial.atoom.space\/event\/techbcn-x-tic-salut-social-com-integrar-la-teva-app-al-sistema-de-salut-de-catalunya\/"},"modified":"2025-01-10T10:01:36","modified_gmt":"2025-01-10T08:01:36","slug":"techbcn-x-tic-salut-social-com-integrar-la-teva-app-al-sistema-de-salut-de-catalunya","status":"publish","type":"event","link":"https:\/\/ticsalutsocial.atoom.space\/es\/event\/techbcn-x-tic-salut-social-com-integrar-la-teva-app-al-sistema-de-salut-de-catalunya\/","title":{"rendered":"TechBCN X TIC Salut Social: C\u00f3mo integrar tu app en el Sistema de Salud de Catalu\u00f1a"},"content":{"rendered":"<p><strong>Tech Barcelona y TIC Salut Social<\/strong> organizan los &#8216;Desayunos Innovadores en Salud&#8217;, unas sesiones informativas y de networking que conectan innovaci\u00f3n y salud. Una reuni\u00f3n \u00e1gil donde el tejido industrial y la emprendedur\u00eda tecnol\u00f3gica podr\u00e1n conocer las necesidades del sistema de salud p\u00fablico a trav\u00e9s de la exposici\u00f3n din\u00e1mica de l\u00edneas de trabajo, proyectos de vanguardia y casos de \u00e9xito transformadores.<\/p>\n<p>&nbsp;<\/p>\n<h3>PROGRAMA<\/h3>\n<p class=\"x_MsoNormal\"><b><span data-olk-copy-source=\"MessageBody\">09:00 \u2013 Apertura de puertas<\/span><\/b><\/p>\n<p class=\"x_MsoNormal\"><b>09:15 \u2013 Bienvenida\u202f<\/b><\/p>\n<p class=\"x_MsoNormal\"><b>09:20 \u2013 El Servicio de Certificaci\u00f3n de Apps m\u00f3viles: itinerario de integraci\u00f3n de tu activo digital<\/b><\/p>\n<p class=\"x_MsoNormal\">Carme Pratdep\u00e0dua. Responsable de Activos digitales para la ciudadan\u00eda. Fundaci\u00f3 TIC Salut Social.<\/p>\n<p class=\"x_MsoNormal\"><b>09:50 \u2013 Gu\u00eda de desarrollo de activos digitales para la ciutadan\u00eda<\/b><\/p>\n<p class=\"x_MsoNormal\">Berta Llebot. T\u00e9cnica de projectes de innovaci\u00f3n en salud digital. Fundaci\u00f3 TIC Salut Social<\/p>\n<p class=\"x_MsoNormal\"><b>10:20 \u2013 Q&amp;A<\/b><\/p>\n<p class=\"x_MsoNormal\"><b>11:00 \u2013 Fin de la sesi\u00f3n<\/b><\/p>\n","protected":false},"featured_media":0,"menu_order":0,"template":"","meta":{"_acf_changed":false,"inline_featured_image":false},"tipus":[],"topic":[],"class_list":["post-29963","event","type-event","status-publish","hentry"],"acf":{"imatge":29961,"informacio":{"ubicacio":"Pier 07 Auditorium - Tech Barcelona (Via Laietana 26, Barcelona)","data":"14\/01\/2025","hora":"9:00","preu":"Gratuito previa inscripci\u00f3n","inscripcions":"https:\/\/forms.zohopublic.eu\/techbarcelona\/form\/TBxTICSalutIVComintegrarlatevaAppalSistemadeSalutd\/formperma\/qN4LCoUwA9GSOJ33lX4WZJtsq_PKEV8lmq7RzoJ5oFY"},"programa":{"titol":"","items":false},"documents":false},"yoast_head":"<!-- This site is optimized with the Yoast SEO plugin v27.1.1 - https:\/\/yoast.com\/product\/yoast-seo-wordpress\/ -->\n<title>TechBCN X TIC Salut Social: C\u00f3mo integrar tu app en el Sistema de Salud de Catalu\u00f1a - Fundaci\u00f3 TIC Salut i Social<\/title>\n<meta name=\"robots\" content=\"index, follow, max-snippet:-1, max-image-preview:large, max-video-preview:-1\" \/>\n<link rel=\"canonical\" href=\"https:\/\/ticsalutsocial.atoom.space\/es\/event\/techbcn-x-tic-salut-social-com-integrar-la-teva-app-al-sistema-de-salut-de-catalunya\/\" \/>\n<meta property=\"og:locale\" content=\"es_ES\" \/>\n<meta property=\"og:type\" content=\"article\" \/>\n<meta property=\"og:title\" content=\"TechBCN X TIC Salut Social: C\u00f3mo integrar tu app en el Sistema de Salud de Catalu\u00f1a - Fundaci\u00f3 TIC Salut i Social\" \/>\n<meta property=\"og:description\" content=\"Tech Barcelona y TIC Salut Social organizan los &#8216;Desayunos Innovadores en Salud&#8217;, unas sesiones informativas y de networking que conectan innovaci\u00f3n y salud. Una reuni\u00f3n \u00e1gil donde el tejido industrial y la emprendedur\u00eda tecnol\u00f3gica podr\u00e1n conocer las necesidades del sistema de salud p\u00fablico a trav\u00e9s de la exposici\u00f3n din\u00e1mica de l\u00edneas de trabajo, proyectos de [&hellip;]\" \/>\n<meta property=\"og:url\" content=\"https:\/\/ticsalutsocial.atoom.space\/es\/event\/techbcn-x-tic-salut-social-com-integrar-la-teva-app-al-sistema-de-salut-de-catalunya\/\" \/>\n<meta property=\"og:site_name\" content=\"Fundaci\u00f3 TIC Salut i Social\" \/>\n<meta property=\"article:modified_time\" content=\"2025-01-10T08:01:36+00:00\" \/>\n<meta name=\"twitter:card\" content=\"summary_large_image\" \/>\n<meta name=\"twitter:label1\" content=\"Tiempo de lectura\" \/>\n\t<meta name=\"twitter:data1\" content=\"1 minuto\" \/>\n<script type=\"application\/ld+json\" class=\"yoast-schema-graph\">{\"@context\":\"https:\/\/schema.org\",\"@graph\":[{\"@type\":\"WebPage\",\"@id\":\"https:\/\/ticsalutsocial.atoom.space\/es\/event\/techbcn-x-tic-salut-social-com-integrar-la-teva-app-al-sistema-de-salut-de-catalunya\/\",\"url\":\"https:\/\/ticsalutsocial.atoom.space\/es\/event\/techbcn-x-tic-salut-social-com-integrar-la-teva-app-al-sistema-de-salut-de-catalunya\/\",\"name\":\"TechBCN X TIC Salut Social: C\u00f3mo integrar tu app en el Sistema de Salud de Catalu\u00f1a - Fundaci\u00f3 TIC Salut i Social\",\"isPartOf\":{\"@id\":\"https:\/\/ticsalutsocial.atoom.space\/es\/#website\"},\"datePublished\":\"2025-01-10T07:55:49+00:00\",\"dateModified\":\"2025-01-10T08:01:36+00:00\",\"breadcrumb\":{\"@id\":\"https:\/\/ticsalutsocial.atoom.space\/es\/event\/techbcn-x-tic-salut-social-com-integrar-la-teva-app-al-sistema-de-salut-de-catalunya\/#breadcrumb\"},\"inLanguage\":\"es\",\"potentialAction\":[{\"@type\":\"ReadAction\",\"target\":[\"https:\/\/ticsalutsocial.atoom.space\/es\/event\/techbcn-x-tic-salut-social-com-integrar-la-teva-app-al-sistema-de-salut-de-catalunya\/\"]}]},{\"@type\":\"BreadcrumbList\",\"@id\":\"https:\/\/ticsalutsocial.atoom.space\/es\/event\/techbcn-x-tic-salut-social-com-integrar-la-teva-app-al-sistema-de-salut-de-catalunya\/#breadcrumb\",\"itemListElement\":[{\"@type\":\"ListItem\",\"position\":1,\"name\":\"Inici\",\"item\":\"https:\/\/ticsalutsocial.atoom.space\/es\/\"},{\"@type\":\"ListItem\",\"position\":2,\"name\":\"TechBCN X TIC Salut Social: C\u00f3mo integrar tu app en el Sistema de Salud de Catalu\u00f1a\"}]},{\"@type\":\"WebSite\",\"@id\":\"https:\/\/ticsalutsocial.atoom.space\/es\/#website\",\"url\":\"https:\/\/ticsalutsocial.atoom.space\/es\/\",\"name\":\"Fundaci\u00f3 TIC Salut i Social\",\"description\":\"\",\"potentialAction\":[{\"@type\":\"SearchAction\",\"target\":{\"@type\":\"EntryPoint\",\"urlTemplate\":\"https:\/\/ticsalutsocial.atoom.space\/es\/?s={search_term_string}\"},\"query-input\":{\"@type\":\"PropertyValueSpecification\",\"valueRequired\":true,\"valueName\":\"search_term_string\"}}],\"inLanguage\":\"es\"}]}<\/script>\n<!-- \/ Yoast SEO plugin. -->","yoast_head_json":{"title":"TechBCN X TIC Salut Social: C\u00f3mo integrar tu app en el Sistema de Salud de Catalu\u00f1a - Fundaci\u00f3 TIC Salut i Social","robots":{"index":"index","follow":"follow","max-snippet":"max-snippet:-1","max-image-preview":"max-image-preview:large","max-video-preview":"max-video-preview:-1"},"canonical":"https:\/\/ticsalutsocial.atoom.space\/es\/event\/techbcn-x-tic-salut-social-com-integrar-la-teva-app-al-sistema-de-salut-de-catalunya\/","og_locale":"es_ES","og_type":"article","og_title":"TechBCN X TIC Salut Social: C\u00f3mo integrar tu app en el Sistema de Salud de Catalu\u00f1a - Fundaci\u00f3 TIC Salut i Social","og_description":"Tech Barcelona y TIC Salut Social organizan los &#8216;Desayunos Innovadores en Salud&#8217;, unas sesiones informativas y de networking que conectan innovaci\u00f3n y salud. Una reuni\u00f3n \u00e1gil donde el tejido industrial y la emprendedur\u00eda tecnol\u00f3gica podr\u00e1n conocer las necesidades del sistema de salud p\u00fablico a trav\u00e9s de la exposici\u00f3n din\u00e1mica de l\u00edneas de trabajo, proyectos de [&hellip;]","og_url":"https:\/\/ticsalutsocial.atoom.space\/es\/event\/techbcn-x-tic-salut-social-com-integrar-la-teva-app-al-sistema-de-salut-de-catalunya\/","og_site_name":"Fundaci\u00f3 TIC Salut i Social","article_modified_time":"2025-01-10T08:01:36+00:00","twitter_card":"summary_large_image","twitter_misc":{"Tiempo de lectura":"1 minuto"},"schema":{"@context":"https:\/\/schema.org","@graph":[{"@type":"WebPage","@id":"https:\/\/ticsalutsocial.atoom.space\/es\/event\/techbcn-x-tic-salut-social-com-integrar-la-teva-app-al-sistema-de-salut-de-catalunya\/","url":"https:\/\/ticsalutsocial.atoom.space\/es\/event\/techbcn-x-tic-salut-social-com-integrar-la-teva-app-al-sistema-de-salut-de-catalunya\/","name":"TechBCN X TIC Salut Social: C\u00f3mo integrar tu app en el Sistema de Salud de Catalu\u00f1a - Fundaci\u00f3 TIC Salut i Social","isPartOf":{"@id":"https:\/\/ticsalutsocial.atoom.space\/es\/#website"},"datePublished":"2025-01-10T07:55:49+00:00","dateModified":"2025-01-10T08:01:36+00:00","breadcrumb":{"@id":"https:\/\/ticsalutsocial.atoom.space\/es\/event\/techbcn-x-tic-salut-social-com-integrar-la-teva-app-al-sistema-de-salut-de-catalunya\/#breadcrumb"},"inLanguage":"es","potentialAction":[{"@type":"ReadAction","target":["https:\/\/ticsalutsocial.atoom.space\/es\/event\/techbcn-x-tic-salut-social-com-integrar-la-teva-app-al-sistema-de-salut-de-catalunya\/"]}]},{"@type":"BreadcrumbList","@id":"https:\/\/ticsalutsocial.atoom.space\/es\/event\/techbcn-x-tic-salut-social-com-integrar-la-teva-app-al-sistema-de-salut-de-catalunya\/#breadcrumb","itemListElement":[{"@type":"ListItem","position":1,"name":"Inici","item":"https:\/\/ticsalutsocial.atoom.space\/es\/"},{"@type":"ListItem","position":2,"name":"TechBCN X TIC Salut Social: C\u00f3mo integrar tu app en el Sistema de Salud de Catalu\u00f1a"}]},{"@type":"WebSite","@id":"https:\/\/ticsalutsocial.atoom.space\/es\/#website","url":"https:\/\/ticsalutsocial.atoom.space\/es\/","name":"Fundaci\u00f3 TIC Salut i Social","description":"","potentialAction":[{"@type":"SearchAction","target":{"@type":"EntryPoint","urlTemplate":"https:\/\/ticsalutsocial.atoom.space\/es\/?s={search_term_string}"},"query-input":{"@type":"PropertyValueSpecification","valueRequired":true,"valueName":"search_term_string"}}],"inLanguage":"es"}]}},"_links":{"self":[{"href":"https:\/\/ticsalutsocial.atoom.space\/es\/wp-json\/wp\/v2\/event\/29963","targetHints":{"allow":["GET"]}}],"collection":[{"href":"https:\/\/ticsalutsocial.atoom.space\/es\/wp-json\/wp\/v2\/event"}],"about":[{"href":"https:\/\/ticsalutsocial.atoom.space\/es\/wp-json\/wp\/v2\/types\/event"}],"wp:attachment":[{"href":"https:\/\/ticsalutsocial.atoom.space\/es\/wp-json\/wp\/v2\/media?parent=29963"}],"wp:term":[{"taxonomy":"tipus","embeddable":true,"href":"https:\/\/ticsalutsocial.atoom.space\/es\/wp-json\/wp\/v2\/tipus?post=29963"},{"taxonomy":"topic","embeddable":true,"href":"https:\/\/ticsalutsocial.atoom.space\/es\/wp-json\/wp\/v2\/topic?post=29963"}],"curies":[{"name":"wp","href":"https:\/\/api.w.org\/{rel}","templated":true}]}}

TechBCN X TIC Salut Social: Cómo integrar tu app en el Sistema de Salud de Cataluña

<p><strong>Tech Barcelona y TIC Salut Social</strong> organizan los &#8216;Desayunos Innovadores en Salud&#8217;, unas sesiones informativas y de networking que conectan innovación y salud. Una reunión ágil donde el tejido industrial y la emprendeduría tecnológica podrán conocer las necesidades del sistema de salud público a través de la exposición dinámica de líneas de trabajo, proyectos de vanguardia y casos de éxito transformadores.</p>
<p>&nbsp;</p>
<h3>PROGRAMA</h3>
<p class="x_MsoNormal"><b><span data-olk-copy-source="MessageBody">09:00 – Apertura de puertas</span></b></p>
<p class="x_MsoNormal"><b>09:15 – Bienvenida </b></p>
<p class="x_MsoNormal"><b>09:20 – El Servicio de Certificación de Apps móviles: itinerario de integración de tu activo digital</b></p>
<p class="x_MsoNormal">Carme Pratdepàdua. Responsable de Activos digitales para la ciudadanía. Fundació TIC Salut Social.</p>
<p class="x_MsoNormal"><b>09:50 – Guía de desarrollo de activos digitales para la ciutadanía</b></p>
<p class="x_MsoNormal">Berta Llebot. Técnica de projectes de innovación en salud digital. Fundació TIC Salut Social</p>
<p class="x_MsoNormal"><b>10:20 – Q&amp;A</b></p>
<p class="x_MsoNormal"><b>11:00 – Fin de la sesión</b></p>

Gratuito previa inscripción

<!-- This site is optimized with the Yoast SEO plugin v27.1.1 - https://yoast.com/product/yoast-seo-wordpress/ -->
<title>TechBCN X TIC Salut Social: Cómo integrar tu app en el Sistema de Salud de Cataluña - Fundació TIC Salut i Social</title>
<meta name="robots" content="index, follow, max-snippet:-1, max-image-preview:large, max-video-preview:-1" />
<link rel="canonical" href="https://ticsalutsocial.atoom.space/es/event/techbcn-x-tic-salut-social-com-integrar-la-teva-app-al-sistema-de-salut-de-catalunya/" />
<meta property="og:locale" content="es_ES" />
<meta property="og:type" content="article" />
<meta property="og:title" content="TechBCN X TIC Salut Social: Cómo integrar tu app en el Sistema de Salud de Cataluña - Fundació TIC Salut i Social" />
<meta property="og:description" content="Tech Barcelona y TIC Salut Social organizan los &#8216;Desayunos Innovadores en Salud&#8217;, unas sesiones informativas y de networking que conectan innovación y salud. Una reunión ágil donde el tejido industrial y la emprendeduría tecnológica podrán conocer las necesidades del sistema de salud público a través de la exposición dinámica de líneas de trabajo, proyectos de [&hellip;]" />
<meta property="og:url" content="https://ticsalutsocial.atoom.space/es/event/techbcn-x-tic-salut-social-com-integrar-la-teva-app-al-sistema-de-salut-de-catalunya/" />
<meta property="og:site_name" content="Fundació TIC Salut i Social" />
<meta property="article:modified_time" content="2025-01-10T08:01:36+00:00" />
<meta name="twitter:card" content="summary_large_image" />
<meta name="twitter:label1" content="Tiempo de lectura" />
	<meta name="twitter:data1" content="1 minuto" />
<script type="application/ld+json" class="yoast-schema-graph">{"@context":"https://schema.org","@graph":[{"@type":"WebPage","@id":"https://ticsalutsocial.atoom.space/es/event/techbcn-x-tic-salut-social-com-integrar-la-teva-app-al-sistema-de-salut-de-catalunya/","url":"https://ticsalutsocial.atoom.space/es/event/techbcn-x-tic-salut-social-com-integrar-la-teva-app-al-sistema-de-salut-de-catalunya/","name":"TechBCN X TIC Salut Social: Cómo integrar tu app en el Sistema de Salud de Cataluña - Fundació TIC Salut i Social","isPartOf":{"@id":"https://ticsalutsocial.atoom.space/es/#website"},"datePublished":"2025-01-10T07:55:49+00:00","dateModified":"2025-01-10T08:01:36+00:00","breadcrumb":{"@id":"https://ticsalutsocial.atoom.space/es/event/techbcn-x-tic-salut-social-com-integrar-la-teva-app-al-sistema-de-salut-de-catalunya/#breadcrumb"},"inLanguage":"es","potentialAction":[{"@type":"ReadAction","target":["https://ticsalutsocial.atoom.space/es/event/techbcn-x-tic-salut-social-com-integrar-la-teva-app-al-sistema-de-salut-de-catalunya/"]}]},{"@type":"BreadcrumbList","@id":"https://ticsalutsocial.atoom.space/es/event/techbcn-x-tic-salut-social-com-integrar-la-teva-app-al-sistema-de-salut-de-catalunya/#breadcrumb","itemListElement":[{"@type":"ListItem","position":1,"name":"Inici","item":"https://ticsalutsocial.atoom.space/es/"},{"@type":"ListItem","position":2,"name":"TechBCN X TIC Salut Social: Cómo integrar tu app en el Sistema de Salud de Cataluña"}]},{"@type":"WebSite","@id":"https://ticsalutsocial.atoom.space/es/#website","url":"https://ticsalutsocial.atoom.space/es/","name":"Fundació TIC Salut i Social","description":"","potentialAction":[{"@type":"SearchAction","target":{"@type":"EntryPoint","urlTemplate":"https://ticsalutsocial.atoom.space/es/?s={search_term_string}"},"query-input":{"@type":"PropertyValueSpecification","valueRequired":true,"valueName":"search_term_string"}}],"inLanguage":"es"}]}</script>
<!-- / Yoast SEO plugin. -->

TechBCN X TIC Salut Social: Cómo integrar tu app en el Sistema de Salud de Cataluña - Fundació TIC Salut i Social

Tech Barcelona y TIC Salut Social organizan los &#8216;Desayunos Innovadores en Salud&#8217;, unas sesiones informativas y de networking que conectan innovación y salud. Una reunión ágil donde el tejido industrial y la emprendeduría tecnológica podrán conocer las necesidades del sistema de salud público a través de la exposición dinámica de líneas de trabajo, proyectos de [&hellip;]

Fundació TIC Salut i Social
