
{"id":30114,"date":"2025-01-27T16:40:32","date_gmt":"2025-01-27T14:40:32","guid":{"rendered":"https:\/\/ticsalutsocial.atoom.space\/event\/dolor-2025-ia-aplicada-al-pacient-amb-dolor-oportunitats-de-futur-que-ja-son-actualitat\/"},"modified":"2025-01-28T10:58:05","modified_gmt":"2025-01-28T08:58:05","slug":"dolor-2025-ia-aplicada-al-pacient-amb-dolor-oportunitats-de-futur-que-ja-son-actualitat","status":"publish","type":"event","link":"https:\/\/ticsalutsocial.atoom.space\/es\/event\/dolor-2025-ia-aplicada-al-pacient-amb-dolor-oportunitats-de-futur-que-ja-son-actualitat\/","title":{"rendered":"Dolor 2025 &#8211; IA aplicada al paciente con dolor: oportunidades de futuro que ya son actualidad."},"content":{"rendered":"<p>La XXV edici\u00f3n de la Jornada de Dolor de Sant Pau celebra su 25 aniversario.<\/p>\n<p>Este a\u00f1o, bajo el nombre de <strong>\u00abIA aplicada al paciente con dolor: oportunidades de futuro que ya son actualidad\u00bb<\/strong>, aborda el debate sobre c\u00f3mo mejorar la eficiencia y la toma de decisiones cl\u00ednicas en pacientes con dolor a trav\u00e9s de la IA.<\/p>\n<p>Nuestro director, Joan Guanyabens, participa en la mesa de inauguraci\u00f3n.<\/p>\n","protected":false},"featured_media":0,"menu_order":0,"template":"","meta":{"_acf_changed":false,"inline_featured_image":false},"tipus":[],"topic":[117],"class_list":["post-30114","event","type-event","status-publish","hentry","topic-jornadas"],"acf":{"informacio":{"ubicacio":"Recinte Modernista de Sant Pau - Sala Pau Gil","data":"20\/03\/2025","hora":"DE 8:30 a 15:00","preu":"150 \u20ac","inscripcions":"http:\/\/docencia.recercasantpau.cat\/ca\/enllac-a-inscripcio\/846"},"programa":{"titol":"","items":false},"documents":false},"yoast_head":"<!-- This site is optimized with the Yoast SEO plugin v27.1.1 - https:\/\/yoast.com\/product\/yoast-seo-wordpress\/ -->\n<title>Dolor 2025 - IA aplicada al paciente con dolor: oportunidades de futuro que ya son actualidad. - Fundaci\u00f3 TIC Salut i Social<\/title>\n<meta name=\"robots\" content=\"index, follow, max-snippet:-1, max-image-preview:large, max-video-preview:-1\" \/>\n<link rel=\"canonical\" href=\"https:\/\/ticsalutsocial.atoom.space\/es\/event\/dolor-2025-ia-aplicada-al-pacient-amb-dolor-oportunitats-de-futur-que-ja-son-actualitat\/\" \/>\n<meta property=\"og:locale\" content=\"es_ES\" \/>\n<meta property=\"og:type\" content=\"article\" \/>\n<meta property=\"og:title\" content=\"Dolor 2025 - IA aplicada al paciente con dolor: oportunidades de futuro que ya son actualidad. - Fundaci\u00f3 TIC Salut i Social\" \/>\n<meta property=\"og:description\" content=\"La XXV edici\u00f3n de la Jornada de Dolor de Sant Pau celebra su 25 aniversario. Este a\u00f1o, bajo el nombre de \u00abIA aplicada al paciente con dolor: oportunidades de futuro que ya son actualidad\u00bb, aborda el debate sobre c\u00f3mo mejorar la eficiencia y la toma de decisiones cl\u00ednicas en pacientes con dolor a trav\u00e9s de [&hellip;]\" \/>\n<meta property=\"og:url\" content=\"https:\/\/ticsalutsocial.atoom.space\/es\/event\/dolor-2025-ia-aplicada-al-pacient-amb-dolor-oportunitats-de-futur-que-ja-son-actualitat\/\" \/>\n<meta property=\"og:site_name\" content=\"Fundaci\u00f3 TIC Salut i Social\" \/>\n<meta property=\"article:modified_time\" content=\"2025-01-28T08:58:05+00:00\" \/>\n<meta name=\"twitter:card\" content=\"summary_large_image\" \/>\n<meta name=\"twitter:label1\" content=\"Tiempo de lectura\" \/>\n\t<meta name=\"twitter:data1\" content=\"1 minuto\" \/>\n<script type=\"application\/ld+json\" class=\"yoast-schema-graph\">{\"@context\":\"https:\/\/schema.org\",\"@graph\":[{\"@type\":\"WebPage\",\"@id\":\"https:\/\/ticsalutsocial.atoom.space\/es\/event\/dolor-2025-ia-aplicada-al-pacient-amb-dolor-oportunitats-de-futur-que-ja-son-actualitat\/\",\"url\":\"https:\/\/ticsalutsocial.atoom.space\/es\/event\/dolor-2025-ia-aplicada-al-pacient-amb-dolor-oportunitats-de-futur-que-ja-son-actualitat\/\",\"name\":\"Dolor 2025 - IA aplicada al paciente con dolor: oportunidades de futuro que ya son actualidad. - Fundaci\u00f3 TIC Salut i Social\",\"isPartOf\":{\"@id\":\"https:\/\/ticsalutsocial.atoom.space\/es\/#website\"},\"datePublished\":\"2025-01-27T14:40:32+00:00\",\"dateModified\":\"2025-01-28T08:58:05+00:00\",\"breadcrumb\":{\"@id\":\"https:\/\/ticsalutsocial.atoom.space\/es\/event\/dolor-2025-ia-aplicada-al-pacient-amb-dolor-oportunitats-de-futur-que-ja-son-actualitat\/#breadcrumb\"},\"inLanguage\":\"es\",\"potentialAction\":[{\"@type\":\"ReadAction\",\"target\":[\"https:\/\/ticsalutsocial.atoom.space\/es\/event\/dolor-2025-ia-aplicada-al-pacient-amb-dolor-oportunitats-de-futur-que-ja-son-actualitat\/\"]}]},{\"@type\":\"BreadcrumbList\",\"@id\":\"https:\/\/ticsalutsocial.atoom.space\/es\/event\/dolor-2025-ia-aplicada-al-pacient-amb-dolor-oportunitats-de-futur-que-ja-son-actualitat\/#breadcrumb\",\"itemListElement\":[{\"@type\":\"ListItem\",\"position\":1,\"name\":\"Inici\",\"item\":\"https:\/\/ticsalutsocial.atoom.space\/es\/\"},{\"@type\":\"ListItem\",\"position\":2,\"name\":\"Dolor 2025 &#8211; IA aplicada al paciente con dolor: oportunidades de futuro que ya son actualidad.\"}]},{\"@type\":\"WebSite\",\"@id\":\"https:\/\/ticsalutsocial.atoom.space\/es\/#website\",\"url\":\"https:\/\/ticsalutsocial.atoom.space\/es\/\",\"name\":\"Fundaci\u00f3 TIC Salut i Social\",\"description\":\"\",\"potentialAction\":[{\"@type\":\"SearchAction\",\"target\":{\"@type\":\"EntryPoint\",\"urlTemplate\":\"https:\/\/ticsalutsocial.atoom.space\/es\/?s={search_term_string}\"},\"query-input\":{\"@type\":\"PropertyValueSpecification\",\"valueRequired\":true,\"valueName\":\"search_term_string\"}}],\"inLanguage\":\"es\"}]}<\/script>\n<!-- \/ Yoast SEO plugin. -->","yoast_head_json":{"title":"Dolor 2025 - IA aplicada al paciente con dolor: oportunidades de futuro que ya son actualidad. - Fundaci\u00f3 TIC Salut i Social","robots":{"index":"index","follow":"follow","max-snippet":"max-snippet:-1","max-image-preview":"max-image-preview:large","max-video-preview":"max-video-preview:-1"},"canonical":"https:\/\/ticsalutsocial.atoom.space\/es\/event\/dolor-2025-ia-aplicada-al-pacient-amb-dolor-oportunitats-de-futur-que-ja-son-actualitat\/","og_locale":"es_ES","og_type":"article","og_title":"Dolor 2025 - IA aplicada al paciente con dolor: oportunidades de futuro que ya son actualidad. - Fundaci\u00f3 TIC Salut i Social","og_description":"La XXV edici\u00f3n de la Jornada de Dolor de Sant Pau celebra su 25 aniversario. Este a\u00f1o, bajo el nombre de \u00abIA aplicada al paciente con dolor: oportunidades de futuro que ya son actualidad\u00bb, aborda el debate sobre c\u00f3mo mejorar la eficiencia y la toma de decisiones cl\u00ednicas en pacientes con dolor a trav\u00e9s de [&hellip;]","og_url":"https:\/\/ticsalutsocial.atoom.space\/es\/event\/dolor-2025-ia-aplicada-al-pacient-amb-dolor-oportunitats-de-futur-que-ja-son-actualitat\/","og_site_name":"Fundaci\u00f3 TIC Salut i Social","article_modified_time":"2025-01-28T08:58:05+00:00","twitter_card":"summary_large_image","twitter_misc":{"Tiempo de lectura":"1 minuto"},"schema":{"@context":"https:\/\/schema.org","@graph":[{"@type":"WebPage","@id":"https:\/\/ticsalutsocial.atoom.space\/es\/event\/dolor-2025-ia-aplicada-al-pacient-amb-dolor-oportunitats-de-futur-que-ja-son-actualitat\/","url":"https:\/\/ticsalutsocial.atoom.space\/es\/event\/dolor-2025-ia-aplicada-al-pacient-amb-dolor-oportunitats-de-futur-que-ja-son-actualitat\/","name":"Dolor 2025 - IA aplicada al paciente con dolor: oportunidades de futuro que ya son actualidad. - Fundaci\u00f3 TIC Salut i Social","isPartOf":{"@id":"https:\/\/ticsalutsocial.atoom.space\/es\/#website"},"datePublished":"2025-01-27T14:40:32+00:00","dateModified":"2025-01-28T08:58:05+00:00","breadcrumb":{"@id":"https:\/\/ticsalutsocial.atoom.space\/es\/event\/dolor-2025-ia-aplicada-al-pacient-amb-dolor-oportunitats-de-futur-que-ja-son-actualitat\/#breadcrumb"},"inLanguage":"es","potentialAction":[{"@type":"ReadAction","target":["https:\/\/ticsalutsocial.atoom.space\/es\/event\/dolor-2025-ia-aplicada-al-pacient-amb-dolor-oportunitats-de-futur-que-ja-son-actualitat\/"]}]},{"@type":"BreadcrumbList","@id":"https:\/\/ticsalutsocial.atoom.space\/es\/event\/dolor-2025-ia-aplicada-al-pacient-amb-dolor-oportunitats-de-futur-que-ja-son-actualitat\/#breadcrumb","itemListElement":[{"@type":"ListItem","position":1,"name":"Inici","item":"https:\/\/ticsalutsocial.atoom.space\/es\/"},{"@type":"ListItem","position":2,"name":"Dolor 2025 &#8211; IA aplicada al paciente con dolor: oportunidades de futuro que ya son actualidad."}]},{"@type":"WebSite","@id":"https:\/\/ticsalutsocial.atoom.space\/es\/#website","url":"https:\/\/ticsalutsocial.atoom.space\/es\/","name":"Fundaci\u00f3 TIC Salut i Social","description":"","potentialAction":[{"@type":"SearchAction","target":{"@type":"EntryPoint","urlTemplate":"https:\/\/ticsalutsocial.atoom.space\/es\/?s={search_term_string}"},"query-input":{"@type":"PropertyValueSpecification","valueRequired":true,"valueName":"search_term_string"}}],"inLanguage":"es"}]}},"_links":{"self":[{"href":"https:\/\/ticsalutsocial.atoom.space\/es\/wp-json\/wp\/v2\/event\/30114","targetHints":{"allow":["GET"]}}],"collection":[{"href":"https:\/\/ticsalutsocial.atoom.space\/es\/wp-json\/wp\/v2\/event"}],"about":[{"href":"https:\/\/ticsalutsocial.atoom.space\/es\/wp-json\/wp\/v2\/types\/event"}],"wp:attachment":[{"href":"https:\/\/ticsalutsocial.atoom.space\/es\/wp-json\/wp\/v2\/media?parent=30114"}],"wp:term":[{"taxonomy":"tipus","embeddable":true,"href":"https:\/\/ticsalutsocial.atoom.space\/es\/wp-json\/wp\/v2\/tipus?post=30114"},{"taxonomy":"topic","embeddable":true,"href":"https:\/\/ticsalutsocial.atoom.space\/es\/wp-json\/wp\/v2\/topic?post=30114"}],"curies":[{"name":"wp","href":"https:\/\/api.w.org\/{rel}","templated":true}]}}

<p>La XXV edición de la Jornada de Dolor de Sant Pau celebra su 25 aniversario.</p>
<p>Este año, bajo el nombre de <strong>«IA aplicada al paciente con dolor: oportunidades de futuro que ya son actualidad»</strong>, aborda el debate sobre cómo mejorar la eficiencia y la toma de decisiones clínicas en pacientes con dolor a través de la IA.</p>
<p>Nuestro director, Joan Guanyabens, participa en la mesa de inauguración.</p>

<!-- This site is optimized with the Yoast SEO plugin v27.1.1 - https://yoast.com/product/yoast-seo-wordpress/ -->
<title>Dolor 2025 - IA aplicada al paciente con dolor: oportunidades de futuro que ya son actualidad. - Fundació TIC Salut i Social</title>
<meta name="robots" content="index, follow, max-snippet:-1, max-image-preview:large, max-video-preview:-1" />
<link rel="canonical" href="https://ticsalutsocial.atoom.space/es/event/dolor-2025-ia-aplicada-al-pacient-amb-dolor-oportunitats-de-futur-que-ja-son-actualitat/" />
<meta property="og:locale" content="es_ES" />
<meta property="og:type" content="article" />
<meta property="og:title" content="Dolor 2025 - IA aplicada al paciente con dolor: oportunidades de futuro que ya son actualidad. - Fundació TIC Salut i Social" />
<meta property="og:description" content="La XXV edición de la Jornada de Dolor de Sant Pau celebra su 25 aniversario. Este año, bajo el nombre de «IA aplicada al paciente con dolor: oportunidades de futuro que ya son actualidad», aborda el debate sobre cómo mejorar la eficiencia y la toma de decisiones clínicas en pacientes con dolor a través de [&hellip;]" />
<meta property="og:url" content="https://ticsalutsocial.atoom.space/es/event/dolor-2025-ia-aplicada-al-pacient-amb-dolor-oportunitats-de-futur-que-ja-son-actualitat/" />
<meta property="og:site_name" content="Fundació TIC Salut i Social" />
<meta property="article:modified_time" content="2025-01-28T08:58:05+00:00" />
<meta name="twitter:card" content="summary_large_image" />
<meta name="twitter:label1" content="Tiempo de lectura" />
	<meta name="twitter:data1" content="1 minuto" />
<script type="application/ld+json" class="yoast-schema-graph">{"@context":"https://schema.org","@graph":[{"@type":"WebPage","@id":"https://ticsalutsocial.atoom.space/es/event/dolor-2025-ia-aplicada-al-pacient-amb-dolor-oportunitats-de-futur-que-ja-son-actualitat/","url":"https://ticsalutsocial.atoom.space/es/event/dolor-2025-ia-aplicada-al-pacient-amb-dolor-oportunitats-de-futur-que-ja-son-actualitat/","name":"Dolor 2025 - IA aplicada al paciente con dolor: oportunidades de futuro que ya son actualidad. - Fundació TIC Salut i Social","isPartOf":{"@id":"https://ticsalutsocial.atoom.space/es/#website"},"datePublished":"2025-01-27T14:40:32+00:00","dateModified":"2025-01-28T08:58:05+00:00","breadcrumb":{"@id":"https://ticsalutsocial.atoom.space/es/event/dolor-2025-ia-aplicada-al-pacient-amb-dolor-oportunitats-de-futur-que-ja-son-actualitat/#breadcrumb"},"inLanguage":"es","potentialAction":[{"@type":"ReadAction","target":["https://ticsalutsocial.atoom.space/es/event/dolor-2025-ia-aplicada-al-pacient-amb-dolor-oportunitats-de-futur-que-ja-son-actualitat/"]}]},{"@type":"BreadcrumbList","@id":"https://ticsalutsocial.atoom.space/es/event/dolor-2025-ia-aplicada-al-pacient-amb-dolor-oportunitats-de-futur-que-ja-son-actualitat/#breadcrumb","itemListElement":[{"@type":"ListItem","position":1,"name":"Inici","item":"https://ticsalutsocial.atoom.space/es/"},{"@type":"ListItem","position":2,"name":"Dolor 2025 &#8211; IA aplicada al paciente con dolor: oportunidades de futuro que ya son actualidad."}]},{"@type":"WebSite","@id":"https://ticsalutsocial.atoom.space/es/#website","url":"https://ticsalutsocial.atoom.space/es/","name":"Fundació TIC Salut i Social","description":"","potentialAction":[{"@type":"SearchAction","target":{"@type":"EntryPoint","urlTemplate":"https://ticsalutsocial.atoom.space/es/?s={search_term_string}"},"query-input":{"@type":"PropertyValueSpecification","valueRequired":true,"valueName":"search_term_string"}}],"inLanguage":"es"}]}</script>
<!-- / Yoast SEO plugin. -->

Dolor 2025 - IA aplicada al paciente con dolor: oportunidades de futuro que ya son actualidad. - Fundació TIC Salut i Social

La XXV edición de la Jornada de Dolor de Sant Pau celebra su 25 aniversario. Este año, bajo el nombre de «IA aplicada al paciente con dolor: oportunidades de futuro que ya son actualidad», aborda el debate sobre cómo mejorar la eficiencia y la toma de decisiones clínicas en pacientes con dolor a través de [&hellip;]

Fundació TIC Salut i Social
