
{"id":30131,"date":"2024-12-23T11:40:17","date_gmt":"2024-12-23T09:40:17","guid":{"rendered":"https:\/\/ticsalutsocial.atoom.space\/event\/la-imatge-en-el-temps-de-la-ia-present-i-futur\/"},"modified":"2025-01-31T12:27:27","modified_gmt":"2025-01-31T10:27:27","slug":"la-imatge-en-el-temps-de-la-ia-present-i-futur","status":"publish","type":"event","link":"https:\/\/ticsalutsocial.atoom.space\/es\/event\/la-imatge-en-el-temps-de-la-ia-present-i-futur\/","title":{"rendered":"La imagen en el tiempo de la IA: presente y futuro."},"content":{"rendered":"<p>Nuevo Seminario de Innovaci\u00f3n Tecnol\u00f3gica en Servicios Sociales y Salud, a cargo de Ant\u00f3n Aubanell, radi\u00f3logo del Hospital de la Santa Creu y Sant Pau de Barcelona.<\/p>\n<p>Impulsado por la Fundaci\u00f3n TIC Salut Social. Coorganizado a trav\u00e9s de la C\u00e1tedra TIC Salut Social y la Fundaci\u00f3n Althaia.<\/p>\n","protected":false},"featured_media":0,"menu_order":0,"template":"","meta":{"_acf_changed":false,"inline_featured_image":false},"tipus":[],"topic":[117],"class_list":["post-30131","event","type-event","status-publish","hentry","topic-jornadas"],"acf":{"imatge":29926,"informacio":{"ubicacio":"Salas H y I. Hospital Sant Joan de D\u00e9u de Manresa","data":"13\/02\/2025","hora":"10:00 - 12:00","preu":"Gratuito con inscripci\u00f3n previa.","inscripcions":"https:\/\/www.althaia.cat\/formacio\/inscripcions\/registre.aspx?c=90c63929773a5d89da5f32cb09ee97e70d32af96"},"programa":{"titol":"","items":false},"documents":false},"yoast_head":"<!-- This site is optimized with the Yoast SEO plugin v27.1.1 - https:\/\/yoast.com\/product\/yoast-seo-wordpress\/ -->\n<title>La imagen en el tiempo de la IA: presente y futuro. - Fundaci\u00f3 TIC Salut i Social<\/title>\n<meta name=\"robots\" content=\"index, follow, max-snippet:-1, max-image-preview:large, max-video-preview:-1\" \/>\n<link rel=\"canonical\" href=\"https:\/\/ticsalutsocial.atoom.space\/es\/event\/la-imatge-en-el-temps-de-la-ia-present-i-futur\/\" \/>\n<meta property=\"og:locale\" content=\"es_ES\" \/>\n<meta property=\"og:type\" content=\"article\" \/>\n<meta property=\"og:title\" content=\"La imagen en el tiempo de la IA: presente y futuro. - Fundaci\u00f3 TIC Salut i Social\" \/>\n<meta property=\"og:description\" content=\"Nuevo Seminario de Innovaci\u00f3n Tecnol\u00f3gica en Servicios Sociales y Salud, a cargo de Ant\u00f3n Aubanell, radi\u00f3logo del Hospital de la Santa Creu y Sant Pau de Barcelona. Impulsado por la Fundaci\u00f3n TIC Salut Social. Coorganizado a trav\u00e9s de la C\u00e1tedra TIC Salut Social y la Fundaci\u00f3n Althaia.\" \/>\n<meta property=\"og:url\" content=\"https:\/\/ticsalutsocial.atoom.space\/es\/event\/la-imatge-en-el-temps-de-la-ia-present-i-futur\/\" \/>\n<meta property=\"og:site_name\" content=\"Fundaci\u00f3 TIC Salut i Social\" \/>\n<meta property=\"article:modified_time\" content=\"2025-01-31T10:27:27+00:00\" \/>\n<meta name=\"twitter:card\" content=\"summary_large_image\" \/>\n<meta name=\"twitter:label1\" content=\"Tiempo de lectura\" \/>\n\t<meta name=\"twitter:data1\" content=\"1 minuto\" \/>\n<script type=\"application\/ld+json\" class=\"yoast-schema-graph\">{\"@context\":\"https:\/\/schema.org\",\"@graph\":[{\"@type\":\"WebPage\",\"@id\":\"https:\/\/ticsalutsocial.atoom.space\/es\/event\/la-imatge-en-el-temps-de-la-ia-present-i-futur\/\",\"url\":\"https:\/\/ticsalutsocial.atoom.space\/es\/event\/la-imatge-en-el-temps-de-la-ia-present-i-futur\/\",\"name\":\"La imagen en el tiempo de la IA: presente y futuro. - Fundaci\u00f3 TIC Salut i Social\",\"isPartOf\":{\"@id\":\"https:\/\/ticsalutsocial.atoom.space\/es\/#website\"},\"datePublished\":\"2024-12-23T09:40:17+00:00\",\"dateModified\":\"2025-01-31T10:27:27+00:00\",\"breadcrumb\":{\"@id\":\"https:\/\/ticsalutsocial.atoom.space\/es\/event\/la-imatge-en-el-temps-de-la-ia-present-i-futur\/#breadcrumb\"},\"inLanguage\":\"es\",\"potentialAction\":[{\"@type\":\"ReadAction\",\"target\":[\"https:\/\/ticsalutsocial.atoom.space\/es\/event\/la-imatge-en-el-temps-de-la-ia-present-i-futur\/\"]}]},{\"@type\":\"BreadcrumbList\",\"@id\":\"https:\/\/ticsalutsocial.atoom.space\/es\/event\/la-imatge-en-el-temps-de-la-ia-present-i-futur\/#breadcrumb\",\"itemListElement\":[{\"@type\":\"ListItem\",\"position\":1,\"name\":\"Inici\",\"item\":\"https:\/\/ticsalutsocial.atoom.space\/es\/\"},{\"@type\":\"ListItem\",\"position\":2,\"name\":\"La imagen en el tiempo de la IA: presente y futuro.\"}]},{\"@type\":\"WebSite\",\"@id\":\"https:\/\/ticsalutsocial.atoom.space\/es\/#website\",\"url\":\"https:\/\/ticsalutsocial.atoom.space\/es\/\",\"name\":\"Fundaci\u00f3 TIC Salut i Social\",\"description\":\"\",\"potentialAction\":[{\"@type\":\"SearchAction\",\"target\":{\"@type\":\"EntryPoint\",\"urlTemplate\":\"https:\/\/ticsalutsocial.atoom.space\/es\/?s={search_term_string}\"},\"query-input\":{\"@type\":\"PropertyValueSpecification\",\"valueRequired\":true,\"valueName\":\"search_term_string\"}}],\"inLanguage\":\"es\"}]}<\/script>\n<!-- \/ Yoast SEO plugin. -->","yoast_head_json":{"title":"La imagen en el tiempo de la IA: presente y futuro. - Fundaci\u00f3 TIC Salut i Social","robots":{"index":"index","follow":"follow","max-snippet":"max-snippet:-1","max-image-preview":"max-image-preview:large","max-video-preview":"max-video-preview:-1"},"canonical":"https:\/\/ticsalutsocial.atoom.space\/es\/event\/la-imatge-en-el-temps-de-la-ia-present-i-futur\/","og_locale":"es_ES","og_type":"article","og_title":"La imagen en el tiempo de la IA: presente y futuro. - Fundaci\u00f3 TIC Salut i Social","og_description":"Nuevo Seminario de Innovaci\u00f3n Tecnol\u00f3gica en Servicios Sociales y Salud, a cargo de Ant\u00f3n Aubanell, radi\u00f3logo del Hospital de la Santa Creu y Sant Pau de Barcelona. Impulsado por la Fundaci\u00f3n TIC Salut Social. Coorganizado a trav\u00e9s de la C\u00e1tedra TIC Salut Social y la Fundaci\u00f3n Althaia.","og_url":"https:\/\/ticsalutsocial.atoom.space\/es\/event\/la-imatge-en-el-temps-de-la-ia-present-i-futur\/","og_site_name":"Fundaci\u00f3 TIC Salut i Social","article_modified_time":"2025-01-31T10:27:27+00:00","twitter_card":"summary_large_image","twitter_misc":{"Tiempo de lectura":"1 minuto"},"schema":{"@context":"https:\/\/schema.org","@graph":[{"@type":"WebPage","@id":"https:\/\/ticsalutsocial.atoom.space\/es\/event\/la-imatge-en-el-temps-de-la-ia-present-i-futur\/","url":"https:\/\/ticsalutsocial.atoom.space\/es\/event\/la-imatge-en-el-temps-de-la-ia-present-i-futur\/","name":"La imagen en el tiempo de la IA: presente y futuro. - Fundaci\u00f3 TIC Salut i Social","isPartOf":{"@id":"https:\/\/ticsalutsocial.atoom.space\/es\/#website"},"datePublished":"2024-12-23T09:40:17+00:00","dateModified":"2025-01-31T10:27:27+00:00","breadcrumb":{"@id":"https:\/\/ticsalutsocial.atoom.space\/es\/event\/la-imatge-en-el-temps-de-la-ia-present-i-futur\/#breadcrumb"},"inLanguage":"es","potentialAction":[{"@type":"ReadAction","target":["https:\/\/ticsalutsocial.atoom.space\/es\/event\/la-imatge-en-el-temps-de-la-ia-present-i-futur\/"]}]},{"@type":"BreadcrumbList","@id":"https:\/\/ticsalutsocial.atoom.space\/es\/event\/la-imatge-en-el-temps-de-la-ia-present-i-futur\/#breadcrumb","itemListElement":[{"@type":"ListItem","position":1,"name":"Inici","item":"https:\/\/ticsalutsocial.atoom.space\/es\/"},{"@type":"ListItem","position":2,"name":"La imagen en el tiempo de la IA: presente y futuro."}]},{"@type":"WebSite","@id":"https:\/\/ticsalutsocial.atoom.space\/es\/#website","url":"https:\/\/ticsalutsocial.atoom.space\/es\/","name":"Fundaci\u00f3 TIC Salut i Social","description":"","potentialAction":[{"@type":"SearchAction","target":{"@type":"EntryPoint","urlTemplate":"https:\/\/ticsalutsocial.atoom.space\/es\/?s={search_term_string}"},"query-input":{"@type":"PropertyValueSpecification","valueRequired":true,"valueName":"search_term_string"}}],"inLanguage":"es"}]}},"_links":{"self":[{"href":"https:\/\/ticsalutsocial.atoom.space\/es\/wp-json\/wp\/v2\/event\/30131","targetHints":{"allow":["GET"]}}],"collection":[{"href":"https:\/\/ticsalutsocial.atoom.space\/es\/wp-json\/wp\/v2\/event"}],"about":[{"href":"https:\/\/ticsalutsocial.atoom.space\/es\/wp-json\/wp\/v2\/types\/event"}],"wp:attachment":[{"href":"https:\/\/ticsalutsocial.atoom.space\/es\/wp-json\/wp\/v2\/media?parent=30131"}],"wp:term":[{"taxonomy":"tipus","embeddable":true,"href":"https:\/\/ticsalutsocial.atoom.space\/es\/wp-json\/wp\/v2\/tipus?post=30131"},{"taxonomy":"topic","embeddable":true,"href":"https:\/\/ticsalutsocial.atoom.space\/es\/wp-json\/wp\/v2\/topic?post=30131"}],"curies":[{"name":"wp","href":"https:\/\/api.w.org\/{rel}","templated":true}]}}

<p>Nuevo Seminario de Innovación Tecnológica en Servicios Sociales y Salud, a cargo de Antón Aubanell, radiólogo del Hospital de la Santa Creu y Sant Pau de Barcelona.</p>
<p>Impulsado por la Fundación TIC Salut Social. Coorganizado a través de la Cátedra TIC Salut Social y la Fundación Althaia.</p>

Salas H y I. Hospital Sant Joan de Déu de Manresa

Gratuito con inscripción previa.

<!-- This site is optimized with the Yoast SEO plugin v27.1.1 - https://yoast.com/product/yoast-seo-wordpress/ -->
<title>La imagen en el tiempo de la IA: presente y futuro. - Fundació TIC Salut i Social</title>
<meta name="robots" content="index, follow, max-snippet:-1, max-image-preview:large, max-video-preview:-1" />
<link rel="canonical" href="https://ticsalutsocial.atoom.space/es/event/la-imatge-en-el-temps-de-la-ia-present-i-futur/" />
<meta property="og:locale" content="es_ES" />
<meta property="og:type" content="article" />
<meta property="og:title" content="La imagen en el tiempo de la IA: presente y futuro. - Fundació TIC Salut i Social" />
<meta property="og:description" content="Nuevo Seminario de Innovación Tecnológica en Servicios Sociales y Salud, a cargo de Antón Aubanell, radiólogo del Hospital de la Santa Creu y Sant Pau de Barcelona. Impulsado por la Fundación TIC Salut Social. Coorganizado a través de la Cátedra TIC Salut Social y la Fundación Althaia." />
<meta property="og:url" content="https://ticsalutsocial.atoom.space/es/event/la-imatge-en-el-temps-de-la-ia-present-i-futur/" />
<meta property="og:site_name" content="Fundació TIC Salut i Social" />
<meta property="article:modified_time" content="2025-01-31T10:27:27+00:00" />
<meta name="twitter:card" content="summary_large_image" />
<meta name="twitter:label1" content="Tiempo de lectura" />
	<meta name="twitter:data1" content="1 minuto" />
<script type="application/ld+json" class="yoast-schema-graph">{"@context":"https://schema.org","@graph":[{"@type":"WebPage","@id":"https://ticsalutsocial.atoom.space/es/event/la-imatge-en-el-temps-de-la-ia-present-i-futur/","url":"https://ticsalutsocial.atoom.space/es/event/la-imatge-en-el-temps-de-la-ia-present-i-futur/","name":"La imagen en el tiempo de la IA: presente y futuro. - Fundació TIC Salut i Social","isPartOf":{"@id":"https://ticsalutsocial.atoom.space/es/#website"},"datePublished":"2024-12-23T09:40:17+00:00","dateModified":"2025-01-31T10:27:27+00:00","breadcrumb":{"@id":"https://ticsalutsocial.atoom.space/es/event/la-imatge-en-el-temps-de-la-ia-present-i-futur/#breadcrumb"},"inLanguage":"es","potentialAction":[{"@type":"ReadAction","target":["https://ticsalutsocial.atoom.space/es/event/la-imatge-en-el-temps-de-la-ia-present-i-futur/"]}]},{"@type":"BreadcrumbList","@id":"https://ticsalutsocial.atoom.space/es/event/la-imatge-en-el-temps-de-la-ia-present-i-futur/#breadcrumb","itemListElement":[{"@type":"ListItem","position":1,"name":"Inici","item":"https://ticsalutsocial.atoom.space/es/"},{"@type":"ListItem","position":2,"name":"La imagen en el tiempo de la IA: presente y futuro."}]},{"@type":"WebSite","@id":"https://ticsalutsocial.atoom.space/es/#website","url":"https://ticsalutsocial.atoom.space/es/","name":"Fundació TIC Salut i Social","description":"","potentialAction":[{"@type":"SearchAction","target":{"@type":"EntryPoint","urlTemplate":"https://ticsalutsocial.atoom.space/es/?s={search_term_string}"},"query-input":{"@type":"PropertyValueSpecification","valueRequired":true,"valueName":"search_term_string"}}],"inLanguage":"es"}]}</script>
<!-- / Yoast SEO plugin. -->

La imagen en el tiempo de la IA: presente y futuro. - Fundació TIC Salut i Social

Nuevo Seminario de Innovación Tecnológica en Servicios Sociales y Salud, a cargo de Antón Aubanell, radiólogo del Hospital de la Santa Creu y Sant Pau de Barcelona. Impulsado por la Fundación TIC Salut Social. Coorganizado a través de la Cátedra TIC Salut Social y la Fundación Althaia.

Fundació TIC Salut i Social
