
{"id":30266,"date":"2025-02-11T12:38:34","date_gmt":"2025-02-11T10:38:34","guid":{"rendered":"https:\/\/ticsalutsocial.atoom.space\/event\/el-cami-cap-a-lehds-llegats-reptes-i-camins-cap-a-lexit-a-finlandia-i-alemanya\/"},"modified":"2025-02-11T12:43:36","modified_gmt":"2025-02-11T10:43:36","slug":"el-cami-cap-a-lehds-llegats-reptes-i-camins-cap-a-lexit-a-finlandia-i-alemanya","status":"publish","type":"event","link":"https:\/\/ticsalutsocial.atoom.space\/es\/event\/el-cami-cap-a-lehds-llegats-reptes-i-camins-cap-a-lexit-a-finlandia-i-alemanya\/","title":{"rendered":"El camino hacia el EHDS: legados, desaf\u00edos y caminos hacia el \u00e9xito en Finlandia y Alemania"},"content":{"rendered":"<p data-start=\"103\" data-end=\"472\">El 5 de noviembre de 2024 se celebr\u00f3 el lanzamiento del grupo de trabajo de implementadores del <em data-start=\"199\" data-end=\"227\">European Health Data Space<\/em> (EHDS). Ahora, el grupo de trabajo regresa con su segunda reuni\u00f3n en l\u00ednea: <strong data-start=\"304\" data-end=\"401\">\u00ab<a href=\"https:\/\/events.teams.microsoft.com\/event\/1ccfa234-e8b6-4572-8639-2b420bc8aa4f@c96b8cef-25b4-4f8e-8e11-28fff2720117\">El camino hacia el EHDS: legados, desaf\u00edos y caminos hacia el \u00e9xito en Finlandia y Alemania<\/a>\u00ab<\/strong>, que tendr\u00e1 lugar el martes 18 de febrero de 2025, de 14:00 a 15:30.<\/p>\n<p data-start=\"474\" data-end=\"725\">El objetivo de esta segunda reuni\u00f3n ser\u00e1 compartir las experiencias de los miembros de EHTEL sobre los desaf\u00edos en la implementaci\u00f3n del EHDS, espec\u00edficamente en Finlandia y Alemania. Este evento est\u00e1 dedicado exclusivamente a los miembros de EHTEL.<\/p>\n<h3 data-start=\"727\" data-end=\"750\"><strong data-start=\"731\" data-end=\"748\">En la agenda:<\/strong><\/h3>\n<ul data-start=\"751\" data-end=\"1076\">\n<li data-start=\"751\" data-end=\"915\"><strong data-start=\"753\" data-end=\"812\">El EHDS y las responsabilidades de los Estados miembros<\/strong> \u2013 <em data-start=\"815\" data-end=\"836\">Aurora Ursula Joala<\/em>, Comisi\u00f3n Europea, Enlace en el formato eHN y <em data-start=\"883\" data-end=\"913\">Impact Assessment Task Force<\/em><\/li>\n<li data-start=\"916\" data-end=\"969\"><strong data-start=\"918\" data-end=\"942\">El caso de Finlandia<\/strong> \u2013 <em data-start=\"945\" data-end=\"962\">Heidi Peltotalo<\/em>, THL<\/li>\n<li data-start=\"970\" data-end=\"1030\"><strong data-start=\"972\" data-end=\"995\">El caso de Alemania<\/strong> \u2013 <em data-start=\"998\" data-end=\"1019\">Daniela Spie\u00dfberger<\/em>, Gematik<\/li>\n<li data-start=\"1031\" data-end=\"1076\"><strong data-start=\"1033\" data-end=\"1074\">Turno de preguntas y respuestas (Q&amp;A)<\/strong><\/li>\n<\/ul>\n<p data-start=\"1078\" data-end=\"1426\">Ese mismo d\u00eda, un poco antes, no te pierdas el <a href=\"https:\/\/ehtel.eu\/events\/11-events\/249-euhpp-webinar-on-european-health-data-space-1-3-primary-use-of-health-data-and-electronic-health-record-systems.html\">primer seminario web de la <em data-start=\"1152\" data-end=\"1179\">EU Health Policy Platform<\/em><\/a> sobre el uso primario de datos de salud y los sistemas de historia cl\u00ednica electr\u00f3nica. Este seminario web servir\u00e1 para contextualizar c\u00f3mo el EHDS empoderar\u00e1 a los pacientes y mejorar\u00e1 el intercambio de datos para una mejor atenci\u00f3n sanitaria.<\/p>\n<p data-start=\"1428\" data-end=\"1576\" data-is-last-node=\"\">Mientras tanto, si te perdiste la primera reuni\u00f3n del grupo de trabajo EHDS de EHTEL, aqu\u00ed tienes un <a href=\"https:\/\/ehtel.eu\/18-articles\/301-ehtel-s-european-health-data-space-ehds-implementation-task-force.html\">breve informe y un v\u00eddeo<\/a> de lo que se discuti\u00f3.<\/p>\n","protected":false},"featured_media":0,"menu_order":0,"template":"","meta":{"_acf_changed":false,"inline_featured_image":false},"tipus":[],"topic":[],"class_list":["post-30266","event","type-event","status-publish","hentry"],"acf":{"informacio":{"ubicacio":"Online","data":"18\/02\/2025","hora":"14:00 \/ 15:30","preu":"Gratuito","inscripcions":"https:\/\/events.teams.microsoft.com\/event\/1ccfa234-e8b6-4572-8639-2b420bc8aa4f@c96b8cef-25b4-4f8e-8e11-28fff2720117"},"programa":{"titol":"El camino hacia el EHDS: legados, desaf\u00edos y caminos hacia el \u00e9xito en Finlandia y Alemania","items":false},"documents":false},"yoast_head":"<!-- This site is optimized with the Yoast SEO plugin v27.1.1 - https:\/\/yoast.com\/product\/yoast-seo-wordpress\/ -->\n<title>El camino hacia el EHDS: legados, desaf\u00edos y caminos hacia el \u00e9xito en Finlandia y Alemania - Fundaci\u00f3 TIC Salut i Social<\/title>\n<meta name=\"robots\" content=\"index, follow, max-snippet:-1, max-image-preview:large, max-video-preview:-1\" \/>\n<link rel=\"canonical\" href=\"https:\/\/ticsalutsocial.atoom.space\/es\/event\/el-cami-cap-a-lehds-llegats-reptes-i-camins-cap-a-lexit-a-finlandia-i-alemanya\/\" \/>\n<meta property=\"og:locale\" content=\"es_ES\" \/>\n<meta property=\"og:type\" content=\"article\" \/>\n<meta property=\"og:title\" content=\"El camino hacia el EHDS: legados, desaf\u00edos y caminos hacia el \u00e9xito en Finlandia y Alemania - Fundaci\u00f3 TIC Salut i Social\" \/>\n<meta property=\"og:description\" content=\"El 5 de noviembre de 2024 se celebr\u00f3 el lanzamiento del grupo de trabajo de implementadores del European Health Data Space (EHDS). Ahora, el grupo de trabajo regresa con su segunda reuni\u00f3n en l\u00ednea: \u00abEl camino hacia el EHDS: legados, desaf\u00edos y caminos hacia el \u00e9xito en Finlandia y Alemania\u00ab, que tendr\u00e1 lugar el martes [&hellip;]\" \/>\n<meta property=\"og:url\" content=\"https:\/\/ticsalutsocial.atoom.space\/es\/event\/el-cami-cap-a-lehds-llegats-reptes-i-camins-cap-a-lexit-a-finlandia-i-alemanya\/\" \/>\n<meta property=\"og:site_name\" content=\"Fundaci\u00f3 TIC Salut i Social\" \/>\n<meta property=\"article:modified_time\" content=\"2025-02-11T10:43:36+00:00\" \/>\n<meta name=\"twitter:card\" content=\"summary_large_image\" \/>\n<meta name=\"twitter:label1\" content=\"Tiempo de lectura\" \/>\n\t<meta name=\"twitter:data1\" content=\"2 minutos\" \/>\n<script type=\"application\/ld+json\" class=\"yoast-schema-graph\">{\"@context\":\"https:\/\/schema.org\",\"@graph\":[{\"@type\":\"WebPage\",\"@id\":\"https:\/\/ticsalutsocial.atoom.space\/es\/event\/el-cami-cap-a-lehds-llegats-reptes-i-camins-cap-a-lexit-a-finlandia-i-alemanya\/\",\"url\":\"https:\/\/ticsalutsocial.atoom.space\/es\/event\/el-cami-cap-a-lehds-llegats-reptes-i-camins-cap-a-lexit-a-finlandia-i-alemanya\/\",\"name\":\"El camino hacia el EHDS: legados, desaf\u00edos y caminos hacia el \u00e9xito en Finlandia y Alemania - Fundaci\u00f3 TIC Salut i Social\",\"isPartOf\":{\"@id\":\"https:\/\/ticsalutsocial.atoom.space\/es\/#website\"},\"datePublished\":\"2025-02-11T10:38:34+00:00\",\"dateModified\":\"2025-02-11T10:43:36+00:00\",\"breadcrumb\":{\"@id\":\"https:\/\/ticsalutsocial.atoom.space\/es\/event\/el-cami-cap-a-lehds-llegats-reptes-i-camins-cap-a-lexit-a-finlandia-i-alemanya\/#breadcrumb\"},\"inLanguage\":\"es\",\"potentialAction\":[{\"@type\":\"ReadAction\",\"target\":[\"https:\/\/ticsalutsocial.atoom.space\/es\/event\/el-cami-cap-a-lehds-llegats-reptes-i-camins-cap-a-lexit-a-finlandia-i-alemanya\/\"]}]},{\"@type\":\"BreadcrumbList\",\"@id\":\"https:\/\/ticsalutsocial.atoom.space\/es\/event\/el-cami-cap-a-lehds-llegats-reptes-i-camins-cap-a-lexit-a-finlandia-i-alemanya\/#breadcrumb\",\"itemListElement\":[{\"@type\":\"ListItem\",\"position\":1,\"name\":\"Inici\",\"item\":\"https:\/\/ticsalutsocial.atoom.space\/es\/\"},{\"@type\":\"ListItem\",\"position\":2,\"name\":\"El camino hacia el EHDS: legados, desaf\u00edos y caminos hacia el \u00e9xito en Finlandia y Alemania\"}]},{\"@type\":\"WebSite\",\"@id\":\"https:\/\/ticsalutsocial.atoom.space\/es\/#website\",\"url\":\"https:\/\/ticsalutsocial.atoom.space\/es\/\",\"name\":\"Fundaci\u00f3 TIC Salut i Social\",\"description\":\"\",\"potentialAction\":[{\"@type\":\"SearchAction\",\"target\":{\"@type\":\"EntryPoint\",\"urlTemplate\":\"https:\/\/ticsalutsocial.atoom.space\/es\/?s={search_term_string}\"},\"query-input\":{\"@type\":\"PropertyValueSpecification\",\"valueRequired\":true,\"valueName\":\"search_term_string\"}}],\"inLanguage\":\"es\"}]}<\/script>\n<!-- \/ Yoast SEO plugin. -->","yoast_head_json":{"title":"El camino hacia el EHDS: legados, desaf\u00edos y caminos hacia el \u00e9xito en Finlandia y Alemania - Fundaci\u00f3 TIC Salut i Social","robots":{"index":"index","follow":"follow","max-snippet":"max-snippet:-1","max-image-preview":"max-image-preview:large","max-video-preview":"max-video-preview:-1"},"canonical":"https:\/\/ticsalutsocial.atoom.space\/es\/event\/el-cami-cap-a-lehds-llegats-reptes-i-camins-cap-a-lexit-a-finlandia-i-alemanya\/","og_locale":"es_ES","og_type":"article","og_title":"El camino hacia el EHDS: legados, desaf\u00edos y caminos hacia el \u00e9xito en Finlandia y Alemania - Fundaci\u00f3 TIC Salut i Social","og_description":"El 5 de noviembre de 2024 se celebr\u00f3 el lanzamiento del grupo de trabajo de implementadores del European Health Data Space (EHDS). Ahora, el grupo de trabajo regresa con su segunda reuni\u00f3n en l\u00ednea: \u00abEl camino hacia el EHDS: legados, desaf\u00edos y caminos hacia el \u00e9xito en Finlandia y Alemania\u00ab, que tendr\u00e1 lugar el martes [&hellip;]","og_url":"https:\/\/ticsalutsocial.atoom.space\/es\/event\/el-cami-cap-a-lehds-llegats-reptes-i-camins-cap-a-lexit-a-finlandia-i-alemanya\/","og_site_name":"Fundaci\u00f3 TIC Salut i Social","article_modified_time":"2025-02-11T10:43:36+00:00","twitter_card":"summary_large_image","twitter_misc":{"Tiempo de lectura":"2 minutos"},"schema":{"@context":"https:\/\/schema.org","@graph":[{"@type":"WebPage","@id":"https:\/\/ticsalutsocial.atoom.space\/es\/event\/el-cami-cap-a-lehds-llegats-reptes-i-camins-cap-a-lexit-a-finlandia-i-alemanya\/","url":"https:\/\/ticsalutsocial.atoom.space\/es\/event\/el-cami-cap-a-lehds-llegats-reptes-i-camins-cap-a-lexit-a-finlandia-i-alemanya\/","name":"El camino hacia el EHDS: legados, desaf\u00edos y caminos hacia el \u00e9xito en Finlandia y Alemania - Fundaci\u00f3 TIC Salut i Social","isPartOf":{"@id":"https:\/\/ticsalutsocial.atoom.space\/es\/#website"},"datePublished":"2025-02-11T10:38:34+00:00","dateModified":"2025-02-11T10:43:36+00:00","breadcrumb":{"@id":"https:\/\/ticsalutsocial.atoom.space\/es\/event\/el-cami-cap-a-lehds-llegats-reptes-i-camins-cap-a-lexit-a-finlandia-i-alemanya\/#breadcrumb"},"inLanguage":"es","potentialAction":[{"@type":"ReadAction","target":["https:\/\/ticsalutsocial.atoom.space\/es\/event\/el-cami-cap-a-lehds-llegats-reptes-i-camins-cap-a-lexit-a-finlandia-i-alemanya\/"]}]},{"@type":"BreadcrumbList","@id":"https:\/\/ticsalutsocial.atoom.space\/es\/event\/el-cami-cap-a-lehds-llegats-reptes-i-camins-cap-a-lexit-a-finlandia-i-alemanya\/#breadcrumb","itemListElement":[{"@type":"ListItem","position":1,"name":"Inici","item":"https:\/\/ticsalutsocial.atoom.space\/es\/"},{"@type":"ListItem","position":2,"name":"El camino hacia el EHDS: legados, desaf\u00edos y caminos hacia el \u00e9xito en Finlandia y Alemania"}]},{"@type":"WebSite","@id":"https:\/\/ticsalutsocial.atoom.space\/es\/#website","url":"https:\/\/ticsalutsocial.atoom.space\/es\/","name":"Fundaci\u00f3 TIC Salut i Social","description":"","potentialAction":[{"@type":"SearchAction","target":{"@type":"EntryPoint","urlTemplate":"https:\/\/ticsalutsocial.atoom.space\/es\/?s={search_term_string}"},"query-input":{"@type":"PropertyValueSpecification","valueRequired":true,"valueName":"search_term_string"}}],"inLanguage":"es"}]}},"_links":{"self":[{"href":"https:\/\/ticsalutsocial.atoom.space\/es\/wp-json\/wp\/v2\/event\/30266","targetHints":{"allow":["GET"]}}],"collection":[{"href":"https:\/\/ticsalutsocial.atoom.space\/es\/wp-json\/wp\/v2\/event"}],"about":[{"href":"https:\/\/ticsalutsocial.atoom.space\/es\/wp-json\/wp\/v2\/types\/event"}],"wp:attachment":[{"href":"https:\/\/ticsalutsocial.atoom.space\/es\/wp-json\/wp\/v2\/media?parent=30266"}],"wp:term":[{"taxonomy":"tipus","embeddable":true,"href":"https:\/\/ticsalutsocial.atoom.space\/es\/wp-json\/wp\/v2\/tipus?post=30266"},{"taxonomy":"topic","embeddable":true,"href":"https:\/\/ticsalutsocial.atoom.space\/es\/wp-json\/wp\/v2\/topic?post=30266"}],"curies":[{"name":"wp","href":"https:\/\/api.w.org\/{rel}","templated":true}]}}

El camino hacia el EHDS: legados, desafíos y caminos hacia el éxito en Finlandia y Alemania

<p data-start="103" data-end="472">El 5 de noviembre de 2024 se celebró el lanzamiento del grupo de trabajo de implementadores del <em data-start="199" data-end="227">European Health Data Space</em> (EHDS). Ahora, el grupo de trabajo regresa con su segunda reunión en línea: <strong data-start="304" data-end="401">«<a href="https://events.teams.microsoft.com/event/1ccfa234-e8b6-4572-8639-2b420bc8aa4f@c96b8cef-25b4-4f8e-8e11-28fff2720117">El camino hacia el EHDS: legados, desafíos y caminos hacia el éxito en Finlandia y Alemania</a>«</strong>, que tendrá lugar el martes 18 de febrero de 2025, de 14:00 a 15:30.</p>
<p data-start="474" data-end="725">El objetivo de esta segunda reunión será compartir las experiencias de los miembros de EHTEL sobre los desafíos en la implementación del EHDS, específicamente en Finlandia y Alemania. Este evento está dedicado exclusivamente a los miembros de EHTEL.</p>
<h3 data-start="727" data-end="750"><strong data-start="731" data-end="748">En la agenda:</strong></h3>
<ul data-start="751" data-end="1076">
<li data-start="751" data-end="915"><strong data-start="753" data-end="812">El EHDS y las responsabilidades de los Estados miembros</strong> – <em data-start="815" data-end="836">Aurora Ursula Joala</em>, Comisión Europea, Enlace en el formato eHN y <em data-start="883" data-end="913">Impact Assessment Task Force</em></li>
<li data-start="916" data-end="969"><strong data-start="918" data-end="942">El caso de Finlandia</strong> – <em data-start="945" data-end="962">Heidi Peltotalo</em>, THL</li>
<li data-start="970" data-end="1030"><strong data-start="972" data-end="995">El caso de Alemania</strong> – <em data-start="998" data-end="1019">Daniela Spießberger</em>, Gematik</li>
<li data-start="1031" data-end="1076"><strong data-start="1033" data-end="1074">Turno de preguntas y respuestas (Q&amp;A)</strong></li>
</ul>
<p data-start="1078" data-end="1426">Ese mismo día, un poco antes, no te pierdas el <a href="https://ehtel.eu/events/11-events/249-euhpp-webinar-on-european-health-data-space-1-3-primary-use-of-health-data-and-electronic-health-record-systems.html">primer seminario web de la <em data-start="1152" data-end="1179">EU Health Policy Platform</em></a> sobre el uso primario de datos de salud y los sistemas de historia clínica electrónica. Este seminario web servirá para contextualizar cómo el EHDS empoderará a los pacientes y mejorará el intercambio de datos para una mejor atención sanitaria.</p>
<p data-start="1428" data-end="1576" data-is-last-node="">Mientras tanto, si te perdiste la primera reunión del grupo de trabajo EHDS de EHTEL, aquí tienes un <a href="https://ehtel.eu/18-articles/301-ehtel-s-european-health-data-space-ehds-implementation-task-force.html">breve informe y un vídeo</a> de lo que se discutió.</p>

<!-- This site is optimized with the Yoast SEO plugin v27.1.1 - https://yoast.com/product/yoast-seo-wordpress/ -->
<title>El camino hacia el EHDS: legados, desafíos y caminos hacia el éxito en Finlandia y Alemania - Fundació TIC Salut i Social</title>
<meta name="robots" content="index, follow, max-snippet:-1, max-image-preview:large, max-video-preview:-1" />
<link rel="canonical" href="https://ticsalutsocial.atoom.space/es/event/el-cami-cap-a-lehds-llegats-reptes-i-camins-cap-a-lexit-a-finlandia-i-alemanya/" />
<meta property="og:locale" content="es_ES" />
<meta property="og:type" content="article" />
<meta property="og:title" content="El camino hacia el EHDS: legados, desafíos y caminos hacia el éxito en Finlandia y Alemania - Fundació TIC Salut i Social" />
<meta property="og:description" content="El 5 de noviembre de 2024 se celebró el lanzamiento del grupo de trabajo de implementadores del European Health Data Space (EHDS). Ahora, el grupo de trabajo regresa con su segunda reunión en línea: «El camino hacia el EHDS: legados, desafíos y caminos hacia el éxito en Finlandia y Alemania«, que tendrá lugar el martes [&hellip;]" />
<meta property="og:url" content="https://ticsalutsocial.atoom.space/es/event/el-cami-cap-a-lehds-llegats-reptes-i-camins-cap-a-lexit-a-finlandia-i-alemanya/" />
<meta property="og:site_name" content="Fundació TIC Salut i Social" />
<meta property="article:modified_time" content="2025-02-11T10:43:36+00:00" />
<meta name="twitter:card" content="summary_large_image" />
<meta name="twitter:label1" content="Tiempo de lectura" />
	<meta name="twitter:data1" content="2 minutos" />
<script type="application/ld+json" class="yoast-schema-graph">{"@context":"https://schema.org","@graph":[{"@type":"WebPage","@id":"https://ticsalutsocial.atoom.space/es/event/el-cami-cap-a-lehds-llegats-reptes-i-camins-cap-a-lexit-a-finlandia-i-alemanya/","url":"https://ticsalutsocial.atoom.space/es/event/el-cami-cap-a-lehds-llegats-reptes-i-camins-cap-a-lexit-a-finlandia-i-alemanya/","name":"El camino hacia el EHDS: legados, desafíos y caminos hacia el éxito en Finlandia y Alemania - Fundació TIC Salut i Social","isPartOf":{"@id":"https://ticsalutsocial.atoom.space/es/#website"},"datePublished":"2025-02-11T10:38:34+00:00","dateModified":"2025-02-11T10:43:36+00:00","breadcrumb":{"@id":"https://ticsalutsocial.atoom.space/es/event/el-cami-cap-a-lehds-llegats-reptes-i-camins-cap-a-lexit-a-finlandia-i-alemanya/#breadcrumb"},"inLanguage":"es","potentialAction":[{"@type":"ReadAction","target":["https://ticsalutsocial.atoom.space/es/event/el-cami-cap-a-lehds-llegats-reptes-i-camins-cap-a-lexit-a-finlandia-i-alemanya/"]}]},{"@type":"BreadcrumbList","@id":"https://ticsalutsocial.atoom.space/es/event/el-cami-cap-a-lehds-llegats-reptes-i-camins-cap-a-lexit-a-finlandia-i-alemanya/#breadcrumb","itemListElement":[{"@type":"ListItem","position":1,"name":"Inici","item":"https://ticsalutsocial.atoom.space/es/"},{"@type":"ListItem","position":2,"name":"El camino hacia el EHDS: legados, desafíos y caminos hacia el éxito en Finlandia y Alemania"}]},{"@type":"WebSite","@id":"https://ticsalutsocial.atoom.space/es/#website","url":"https://ticsalutsocial.atoom.space/es/","name":"Fundació TIC Salut i Social","description":"","potentialAction":[{"@type":"SearchAction","target":{"@type":"EntryPoint","urlTemplate":"https://ticsalutsocial.atoom.space/es/?s={search_term_string}"},"query-input":{"@type":"PropertyValueSpecification","valueRequired":true,"valueName":"search_term_string"}}],"inLanguage":"es"}]}</script>
<!-- / Yoast SEO plugin. -->

El camino hacia el EHDS: legados, desafíos y caminos hacia el éxito en Finlandia y Alemania - Fundació TIC Salut i Social

El 5 de noviembre de 2024 se celebró el lanzamiento del grupo de trabajo de implementadores del European Health Data Space (EHDS). Ahora, el grupo de trabajo regresa con su segunda reunión en línea: «El camino hacia el EHDS: legados, desafíos y caminos hacia el éxito en Finlandia y Alemania«, que tendrá lugar el martes [&hellip;]

Fundació TIC Salut i Social
