
{"id":31268,"date":"2025-04-08T09:38:20","date_gmt":"2025-04-08T07:38:20","guid":{"rendered":"https:\/\/ticsalutsocial.atoom.space\/event\/health-revolution-congress-2\/"},"modified":"2025-04-14T12:47:47","modified_gmt":"2025-04-14T10:47:47","slug":"health-revolution-congress-2","status":"publish","type":"event","link":"https:\/\/ticsalutsocial.atoom.space\/es\/event\/health-revolution-congress-2\/","title":{"rendered":"Health Revolution Congress"},"content":{"rendered":"<header>\n<p class=\"\" data-start=\"187\" data-end=\"314\"><strong>Health Revolution Congress<\/strong><br \/>\n<strong>\u00a1No te pierdas la mayor cumbre europea en salud digital, donde startups globales y grupos de inter\u00e9s unen fuerzas en Barcelona!<\/strong><\/p>\n<p class=\"\" data-start=\"316\" data-end=\"844\">\u00a1Marca en tu agenda la tercera edici\u00f3n del Congreso de la Revoluci\u00f3n de la Salud, los d\u00edas <strong data-start=\"407\" data-end=\"434\">14 y 15 de mayo de 2025<\/strong>! Es la mayor cumbre europea en salud digital, donde startups internacionales y partes interesadas se re\u00fanen en la hermosa ciudad de Barcelona. Te unir\u00e1s a m\u00e1s de <strong data-start=\"597\" data-end=\"617\">3.000 asistentes<\/strong> para sumergirte en las \u00faltimas tecnolog\u00edas, innovaciones pioneras y, por supuesto, muchas oportunidades de networking.<br data-start=\"736\" data-end=\"739\" \/>El entorno internacional ofrece el escenario perfecto para impulsar conexiones y colaboraciones globales.<\/p>\n<p class=\"\" data-start=\"846\" data-end=\"934\">Dos d\u00edas llenos de innovaci\u00f3n, salud y networking,<br data-start=\"896\" data-end=\"899\" \/>\u00a1no te pierdas la edici\u00f3n HRC 2025!<\/p>\n<\/header>\n<div class=\"m-text\">\n<section>\u00a0<\/section>\n<\/div>\n","protected":false},"featured_media":0,"menu_order":0,"template":"","meta":{"_acf_changed":false,"inline_featured_image":false},"tipus":[],"topic":[],"class_list":["post-31268","event","type-event","status-publish","hentry"],"acf":{"informacio":{"ubicacio":"Recinte Modernista de Sant Pau","data":"14\/05\/2025","hora":"","preu":"99\u20ac \/ 119\u20ac","inscripcions":"https:\/\/healthrevolutioncongress.com\/en\/"},"programa":{"titol":"","items":false},"documents":false},"yoast_head":"<!-- This site is optimized with the Yoast SEO plugin v27.1.1 - https:\/\/yoast.com\/product\/yoast-seo-wordpress\/ -->\n<title>Health Revolution Congress - Fundaci\u00f3 TIC Salut i Social<\/title>\n<meta name=\"robots\" content=\"index, follow, max-snippet:-1, max-image-preview:large, max-video-preview:-1\" \/>\n<link rel=\"canonical\" href=\"https:\/\/ticsalutsocial.atoom.space\/es\/event\/health-revolution-congress-2\/\" \/>\n<meta property=\"og:locale\" content=\"es_ES\" \/>\n<meta property=\"og:type\" content=\"article\" \/>\n<meta property=\"og:title\" content=\"Health Revolution Congress - Fundaci\u00f3 TIC Salut i Social\" \/>\n<meta property=\"og:description\" content=\"Health Revolution Congress \u00a1No te pierdas la mayor cumbre europea en salud digital, donde startups globales y grupos de inter\u00e9s unen fuerzas en Barcelona! \u00a1Marca en tu agenda la tercera edici\u00f3n del Congreso de la Revoluci\u00f3n de la Salud, los d\u00edas 14 y 15 de mayo de 2025! Es la mayor cumbre europea en salud [&hellip;]\" \/>\n<meta property=\"og:url\" content=\"https:\/\/ticsalutsocial.atoom.space\/es\/event\/health-revolution-congress-2\/\" \/>\n<meta property=\"og:site_name\" content=\"Fundaci\u00f3 TIC Salut i Social\" \/>\n<meta property=\"article:modified_time\" content=\"2025-04-14T10:47:47+00:00\" \/>\n<meta name=\"twitter:card\" content=\"summary_large_image\" \/>\n<meta name=\"twitter:label1\" content=\"Tiempo de lectura\" \/>\n\t<meta name=\"twitter:data1\" content=\"1 minuto\" \/>\n<script type=\"application\/ld+json\" class=\"yoast-schema-graph\">{\"@context\":\"https:\/\/schema.org\",\"@graph\":[{\"@type\":\"WebPage\",\"@id\":\"https:\/\/ticsalutsocial.atoom.space\/es\/event\/health-revolution-congress-2\/\",\"url\":\"https:\/\/ticsalutsocial.atoom.space\/es\/event\/health-revolution-congress-2\/\",\"name\":\"Health Revolution Congress - Fundaci\u00f3 TIC Salut i Social\",\"isPartOf\":{\"@id\":\"https:\/\/ticsalutsocial.atoom.space\/es\/#website\"},\"datePublished\":\"2025-04-08T07:38:20+00:00\",\"dateModified\":\"2025-04-14T10:47:47+00:00\",\"breadcrumb\":{\"@id\":\"https:\/\/ticsalutsocial.atoom.space\/es\/event\/health-revolution-congress-2\/#breadcrumb\"},\"inLanguage\":\"es\",\"potentialAction\":[{\"@type\":\"ReadAction\",\"target\":[\"https:\/\/ticsalutsocial.atoom.space\/es\/event\/health-revolution-congress-2\/\"]}]},{\"@type\":\"BreadcrumbList\",\"@id\":\"https:\/\/ticsalutsocial.atoom.space\/es\/event\/health-revolution-congress-2\/#breadcrumb\",\"itemListElement\":[{\"@type\":\"ListItem\",\"position\":1,\"name\":\"Inici\",\"item\":\"https:\/\/ticsalutsocial.atoom.space\/es\/\"},{\"@type\":\"ListItem\",\"position\":2,\"name\":\"Health Revolution Congress\"}]},{\"@type\":\"WebSite\",\"@id\":\"https:\/\/ticsalutsocial.atoom.space\/es\/#website\",\"url\":\"https:\/\/ticsalutsocial.atoom.space\/es\/\",\"name\":\"Fundaci\u00f3 TIC Salut i Social\",\"description\":\"\",\"potentialAction\":[{\"@type\":\"SearchAction\",\"target\":{\"@type\":\"EntryPoint\",\"urlTemplate\":\"https:\/\/ticsalutsocial.atoom.space\/es\/?s={search_term_string}\"},\"query-input\":{\"@type\":\"PropertyValueSpecification\",\"valueRequired\":true,\"valueName\":\"search_term_string\"}}],\"inLanguage\":\"es\"}]}<\/script>\n<!-- \/ Yoast SEO plugin. -->","yoast_head_json":{"title":"Health Revolution Congress - Fundaci\u00f3 TIC Salut i Social","robots":{"index":"index","follow":"follow","max-snippet":"max-snippet:-1","max-image-preview":"max-image-preview:large","max-video-preview":"max-video-preview:-1"},"canonical":"https:\/\/ticsalutsocial.atoom.space\/es\/event\/health-revolution-congress-2\/","og_locale":"es_ES","og_type":"article","og_title":"Health Revolution Congress - Fundaci\u00f3 TIC Salut i Social","og_description":"Health Revolution Congress \u00a1No te pierdas la mayor cumbre europea en salud digital, donde startups globales y grupos de inter\u00e9s unen fuerzas en Barcelona! \u00a1Marca en tu agenda la tercera edici\u00f3n del Congreso de la Revoluci\u00f3n de la Salud, los d\u00edas 14 y 15 de mayo de 2025! Es la mayor cumbre europea en salud [&hellip;]","og_url":"https:\/\/ticsalutsocial.atoom.space\/es\/event\/health-revolution-congress-2\/","og_site_name":"Fundaci\u00f3 TIC Salut i Social","article_modified_time":"2025-04-14T10:47:47+00:00","twitter_card":"summary_large_image","twitter_misc":{"Tiempo de lectura":"1 minuto"},"schema":{"@context":"https:\/\/schema.org","@graph":[{"@type":"WebPage","@id":"https:\/\/ticsalutsocial.atoom.space\/es\/event\/health-revolution-congress-2\/","url":"https:\/\/ticsalutsocial.atoom.space\/es\/event\/health-revolution-congress-2\/","name":"Health Revolution Congress - Fundaci\u00f3 TIC Salut i Social","isPartOf":{"@id":"https:\/\/ticsalutsocial.atoom.space\/es\/#website"},"datePublished":"2025-04-08T07:38:20+00:00","dateModified":"2025-04-14T10:47:47+00:00","breadcrumb":{"@id":"https:\/\/ticsalutsocial.atoom.space\/es\/event\/health-revolution-congress-2\/#breadcrumb"},"inLanguage":"es","potentialAction":[{"@type":"ReadAction","target":["https:\/\/ticsalutsocial.atoom.space\/es\/event\/health-revolution-congress-2\/"]}]},{"@type":"BreadcrumbList","@id":"https:\/\/ticsalutsocial.atoom.space\/es\/event\/health-revolution-congress-2\/#breadcrumb","itemListElement":[{"@type":"ListItem","position":1,"name":"Inici","item":"https:\/\/ticsalutsocial.atoom.space\/es\/"},{"@type":"ListItem","position":2,"name":"Health Revolution Congress"}]},{"@type":"WebSite","@id":"https:\/\/ticsalutsocial.atoom.space\/es\/#website","url":"https:\/\/ticsalutsocial.atoom.space\/es\/","name":"Fundaci\u00f3 TIC Salut i Social","description":"","potentialAction":[{"@type":"SearchAction","target":{"@type":"EntryPoint","urlTemplate":"https:\/\/ticsalutsocial.atoom.space\/es\/?s={search_term_string}"},"query-input":{"@type":"PropertyValueSpecification","valueRequired":true,"valueName":"search_term_string"}}],"inLanguage":"es"}]}},"_links":{"self":[{"href":"https:\/\/ticsalutsocial.atoom.space\/es\/wp-json\/wp\/v2\/event\/31268","targetHints":{"allow":["GET"]}}],"collection":[{"href":"https:\/\/ticsalutsocial.atoom.space\/es\/wp-json\/wp\/v2\/event"}],"about":[{"href":"https:\/\/ticsalutsocial.atoom.space\/es\/wp-json\/wp\/v2\/types\/event"}],"wp:attachment":[{"href":"https:\/\/ticsalutsocial.atoom.space\/es\/wp-json\/wp\/v2\/media?parent=31268"}],"wp:term":[{"taxonomy":"tipus","embeddable":true,"href":"https:\/\/ticsalutsocial.atoom.space\/es\/wp-json\/wp\/v2\/tipus?post=31268"},{"taxonomy":"topic","embeddable":true,"href":"https:\/\/ticsalutsocial.atoom.space\/es\/wp-json\/wp\/v2\/topic?post=31268"}],"curies":[{"name":"wp","href":"https:\/\/api.w.org\/{rel}","templated":true}]}}

<header>
<p class="" data-start="187" data-end="314"><strong>Health Revolution Congress</strong><br />
<strong>¡No te pierdas la mayor cumbre europea en salud digital, donde startups globales y grupos de interés unen fuerzas en Barcelona!</strong></p>
<p class="" data-start="316" data-end="844">¡Marca en tu agenda la tercera edición del Congreso de la Revolución de la Salud, los días <strong data-start="407" data-end="434">14 y 15 de mayo de 2025</strong>! Es la mayor cumbre europea en salud digital, donde startups internacionales y partes interesadas se reúnen en la hermosa ciudad de Barcelona. Te unirás a más de <strong data-start="597" data-end="617">3.000 asistentes</strong> para sumergirte en las últimas tecnologías, innovaciones pioneras y, por supuesto, muchas oportunidades de networking.<br data-start="736" data-end="739" />El entorno internacional ofrece el escenario perfecto para impulsar conexiones y colaboraciones globales.</p>
<p class="" data-start="846" data-end="934">Dos días llenos de innovación, salud y networking,<br data-start="896" data-end="899" />¡no te pierdas la edición HRC 2025!</p>
</header>
<div class="m-text">
<section> </section>
</div>

<!-- This site is optimized with the Yoast SEO plugin v27.1.1 - https://yoast.com/product/yoast-seo-wordpress/ -->
<title>Health Revolution Congress - Fundació TIC Salut i Social</title>
<meta name="robots" content="index, follow, max-snippet:-1, max-image-preview:large, max-video-preview:-1" />
<link rel="canonical" href="https://ticsalutsocial.atoom.space/es/event/health-revolution-congress-2/" />
<meta property="og:locale" content="es_ES" />
<meta property="og:type" content="article" />
<meta property="og:title" content="Health Revolution Congress - Fundació TIC Salut i Social" />
<meta property="og:description" content="Health Revolution Congress ¡No te pierdas la mayor cumbre europea en salud digital, donde startups globales y grupos de interés unen fuerzas en Barcelona! ¡Marca en tu agenda la tercera edición del Congreso de la Revolución de la Salud, los días 14 y 15 de mayo de 2025! Es la mayor cumbre europea en salud [&hellip;]" />
<meta property="og:url" content="https://ticsalutsocial.atoom.space/es/event/health-revolution-congress-2/" />
<meta property="og:site_name" content="Fundació TIC Salut i Social" />
<meta property="article:modified_time" content="2025-04-14T10:47:47+00:00" />
<meta name="twitter:card" content="summary_large_image" />
<meta name="twitter:label1" content="Tiempo de lectura" />
	<meta name="twitter:data1" content="1 minuto" />
<script type="application/ld+json" class="yoast-schema-graph">{"@context":"https://schema.org","@graph":[{"@type":"WebPage","@id":"https://ticsalutsocial.atoom.space/es/event/health-revolution-congress-2/","url":"https://ticsalutsocial.atoom.space/es/event/health-revolution-congress-2/","name":"Health Revolution Congress - Fundació TIC Salut i Social","isPartOf":{"@id":"https://ticsalutsocial.atoom.space/es/#website"},"datePublished":"2025-04-08T07:38:20+00:00","dateModified":"2025-04-14T10:47:47+00:00","breadcrumb":{"@id":"https://ticsalutsocial.atoom.space/es/event/health-revolution-congress-2/#breadcrumb"},"inLanguage":"es","potentialAction":[{"@type":"ReadAction","target":["https://ticsalutsocial.atoom.space/es/event/health-revolution-congress-2/"]}]},{"@type":"BreadcrumbList","@id":"https://ticsalutsocial.atoom.space/es/event/health-revolution-congress-2/#breadcrumb","itemListElement":[{"@type":"ListItem","position":1,"name":"Inici","item":"https://ticsalutsocial.atoom.space/es/"},{"@type":"ListItem","position":2,"name":"Health Revolution Congress"}]},{"@type":"WebSite","@id":"https://ticsalutsocial.atoom.space/es/#website","url":"https://ticsalutsocial.atoom.space/es/","name":"Fundació TIC Salut i Social","description":"","potentialAction":[{"@type":"SearchAction","target":{"@type":"EntryPoint","urlTemplate":"https://ticsalutsocial.atoom.space/es/?s={search_term_string}"},"query-input":{"@type":"PropertyValueSpecification","valueRequired":true,"valueName":"search_term_string"}}],"inLanguage":"es"}]}</script>
<!-- / Yoast SEO plugin. -->

Health Revolution Congress - Fundació TIC Salut i Social

Health Revolution Congress ¡No te pierdas la mayor cumbre europea en salud digital, donde startups globales y grupos de interés unen fuerzas en Barcelona! ¡Marca en tu agenda la tercera edición del Congreso de la Revolución de la Salud, los días 14 y 15 de mayo de 2025! Es la mayor cumbre europea en salud [&hellip;]

Fundació TIC Salut i Social
