
{"id":32171,"date":"2025-05-20T09:53:29","date_gmt":"2025-05-20T07:53:29","guid":{"rendered":"https:\/\/ticsalutsocial.atoom.space\/event\/digitalitzacio-canvis-en-les-ocupacions-i-noves-competencies-en-el-sector-hospitalari-a-espanya\/"},"modified":"2025-05-21T14:09:22","modified_gmt":"2025-05-21T12:09:22","slug":"digitalitzacio-canvis-en-les-ocupacions-i-noves-competencies-en-el-sector-hospitalari-a-espanya","status":"publish","type":"event","link":"https:\/\/ticsalutsocial.atoom.space\/es\/event\/digitalitzacio-canvis-en-les-ocupacions-i-noves-competencies-en-el-sector-hospitalari-a-espanya\/","title":{"rendered":"Digitalizaci\u00f3n, cambios en las ocupaciones y nuevas competencias en el Sector Hospitalario en Espa\u00f1a"},"content":{"rendered":"<p data-start=\"396\" data-end=\"655\">El pr\u00f3ximo 4 de junio en la Casa Convalecencia, se presentar\u00e1 el informe <em data-start=\"486\" data-end=\"590\">\u00abDigitalizaci\u00f3n, cambios en las ocupaciones y nuevas competencias en el Sector Hospitalario en Espa\u00f1a\u00bb<\/em> a las 18:30 h.<\/p>\n<p>Ser\u00e1 una oportunidad \u00fanica para:<\/p>\n<ul>\n<li data-start=\"396\" data-end=\"655\">Compartir conocimientos sobre la evoluci\u00f3n del sector sanitario<\/li>\n<li data-start=\"396\" data-end=\"655\">Hacer networking con profesionales de RRHH, IT, gesti\u00f3n de datos y del \u00e1mbito hospitalario<\/li>\n<li data-start=\"396\" data-end=\"655\">Descubrir qu\u00e9 perfiles ser\u00e1n clave en el hospital del futuro<\/li>\n<\/ul>\n<p>Si no puedes venir en persona, tambi\u00e9n podr\u00e1s seguirlo online.<\/p>\n<p>Puedes utilizar la invitaci\u00f3n adjunta para compartirla con tus contactos, \u00a1no solo del \u00e1mbito sanitario! Es de inter\u00e9s para cualquiera que colabore con hospitales o trabaje en sectores relacionados con la digitalizaci\u00f3n.<\/p>\n<p>Te esperamos. No faltes.<\/p>\n","protected":false},"featured_media":0,"menu_order":0,"template":"","meta":{"_acf_changed":false,"inline_featured_image":false},"tipus":[],"topic":[],"class_list":["post-32171","event","type-event","status-publish","hentry"],"acf":{"imatge":32170,"informacio":{"ubicacio":"Casa Convalesc\u00e8ncia, Sant Pau Hospital (Sant Antoni Maria Claret, 171, 08041 Barcelona)","data":"04\/06\/2025","hora":"18:30 \/ 13:30","preu":"","inscripcions":"https:\/\/docs.google.com\/forms\/d\/e\/1FAIpQLSec4JiXgEzjMo8nx2q6EuiEy924DGVFEcnW4BFFDR5EJQ6LgQ\/viewform"},"programa":{"titol":"","items":false},"documents":[{"titol_doc":"Programa","document":{"ID":32208,"id":32208,"title":"Programa","filename":"agenda-presentacion-digitalizacion-2.jpg","filesize":117866,"url":"https:\/\/ticsalutsocial.atoom.space\/wp-content\/uploads\/2025\/05\/agenda-presentacion-digitalizacion-2.jpg","link":"https:\/\/ticsalutsocial.atoom.space\/es\/event\/digitalitzacio-canvis-en-les-ocupacions-i-noves-competencies-en-el-sector-hospitalari-a-espanya\/agenda-presentacion-digitalizacion\/","alt":"","author":"21","description":"","caption":"","name":"agenda-presentacion-digitalizacion","status":"inherit","uploaded_to":32171,"date":"2025-05-21 12:08:58","modified":"2025-05-21 12:09:10","menu_order":0,"mime_type":"image\/jpeg","type":"image","subtype":"jpeg","icon":"https:\/\/ticsalutsocial.atoom.space\/wp-includes\/images\/media\/default.png","width":700,"height":973,"sizes":{"thumbnail":"https:\/\/ticsalutsocial.atoom.space\/wp-content\/uploads\/2025\/05\/agenda-presentacion-digitalizacion-2-150x150.jpg","thumbnail-width":150,"thumbnail-height":150,"medium":"https:\/\/ticsalutsocial.atoom.space\/wp-content\/uploads\/2025\/05\/agenda-presentacion-digitalizacion-2-216x300.jpg","medium-width":216,"medium-height":300,"medium_large":"https:\/\/ticsalutsocial.atoom.space\/wp-content\/uploads\/2025\/05\/agenda-presentacion-digitalizacion-2.jpg","medium_large-width":700,"medium_large-height":973,"large":"https:\/\/ticsalutsocial.atoom.space\/wp-content\/uploads\/2025\/05\/agenda-presentacion-digitalizacion-2.jpg","large-width":700,"large-height":973,"1536x1536":"https:\/\/ticsalutsocial.atoom.space\/wp-content\/uploads\/2025\/05\/agenda-presentacion-digitalizacion-2.jpg","1536x1536-width":700,"1536x1536-height":973,"2048x2048":"https:\/\/ticsalutsocial.atoom.space\/wp-content\/uploads\/2025\/05\/agenda-presentacion-digitalizacion-2.jpg","2048x2048-width":700,"2048x2048-height":973}}}]},"yoast_head":"<!-- This site is optimized with the Yoast SEO plugin v27.1.1 - https:\/\/yoast.com\/product\/yoast-seo-wordpress\/ -->\n<title>Digitalizaci\u00f3n, cambios en las ocupaciones y nuevas competencias en el Sector Hospitalario en Espa\u00f1a - Fundaci\u00f3 TIC Salut i Social<\/title>\n<meta name=\"robots\" content=\"index, follow, max-snippet:-1, max-image-preview:large, max-video-preview:-1\" \/>\n<link rel=\"canonical\" href=\"https:\/\/ticsalutsocial.atoom.space\/es\/event\/digitalitzacio-canvis-en-les-ocupacions-i-noves-competencies-en-el-sector-hospitalari-a-espanya\/\" \/>\n<meta property=\"og:locale\" content=\"es_ES\" \/>\n<meta property=\"og:type\" content=\"article\" \/>\n<meta property=\"og:title\" content=\"Digitalizaci\u00f3n, cambios en las ocupaciones y nuevas competencias en el Sector Hospitalario en Espa\u00f1a - Fundaci\u00f3 TIC Salut i Social\" \/>\n<meta property=\"og:description\" content=\"El pr\u00f3ximo 4 de junio en la Casa Convalecencia, se presentar\u00e1 el informe \u00abDigitalizaci\u00f3n, cambios en las ocupaciones y nuevas competencias en el Sector Hospitalario en Espa\u00f1a\u00bb a las 18:30 h. Ser\u00e1 una oportunidad \u00fanica para: Compartir conocimientos sobre la evoluci\u00f3n del sector sanitario Hacer networking con profesionales de RRHH, IT, gesti\u00f3n de datos y [&hellip;]\" \/>\n<meta property=\"og:url\" content=\"https:\/\/ticsalutsocial.atoom.space\/es\/event\/digitalitzacio-canvis-en-les-ocupacions-i-noves-competencies-en-el-sector-hospitalari-a-espanya\/\" \/>\n<meta property=\"og:site_name\" content=\"Fundaci\u00f3 TIC Salut i Social\" \/>\n<meta property=\"article:modified_time\" content=\"2025-05-21T12:09:22+00:00\" \/>\n<meta name=\"twitter:card\" content=\"summary_large_image\" \/>\n<meta name=\"twitter:label1\" content=\"Tiempo de lectura\" \/>\n\t<meta name=\"twitter:data1\" content=\"1 minuto\" \/>\n<script type=\"application\/ld+json\" class=\"yoast-schema-graph\">{\"@context\":\"https:\/\/schema.org\",\"@graph\":[{\"@type\":\"WebPage\",\"@id\":\"https:\/\/ticsalutsocial.atoom.space\/es\/event\/digitalitzacio-canvis-en-les-ocupacions-i-noves-competencies-en-el-sector-hospitalari-a-espanya\/\",\"url\":\"https:\/\/ticsalutsocial.atoom.space\/es\/event\/digitalitzacio-canvis-en-les-ocupacions-i-noves-competencies-en-el-sector-hospitalari-a-espanya\/\",\"name\":\"Digitalizaci\u00f3n, cambios en las ocupaciones y nuevas competencias en el Sector Hospitalario en Espa\u00f1a - Fundaci\u00f3 TIC Salut i Social\",\"isPartOf\":{\"@id\":\"https:\/\/ticsalutsocial.atoom.space\/es\/#website\"},\"datePublished\":\"2025-05-20T07:53:29+00:00\",\"dateModified\":\"2025-05-21T12:09:22+00:00\",\"breadcrumb\":{\"@id\":\"https:\/\/ticsalutsocial.atoom.space\/es\/event\/digitalitzacio-canvis-en-les-ocupacions-i-noves-competencies-en-el-sector-hospitalari-a-espanya\/#breadcrumb\"},\"inLanguage\":\"es\",\"potentialAction\":[{\"@type\":\"ReadAction\",\"target\":[\"https:\/\/ticsalutsocial.atoom.space\/es\/event\/digitalitzacio-canvis-en-les-ocupacions-i-noves-competencies-en-el-sector-hospitalari-a-espanya\/\"]}]},{\"@type\":\"BreadcrumbList\",\"@id\":\"https:\/\/ticsalutsocial.atoom.space\/es\/event\/digitalitzacio-canvis-en-les-ocupacions-i-noves-competencies-en-el-sector-hospitalari-a-espanya\/#breadcrumb\",\"itemListElement\":[{\"@type\":\"ListItem\",\"position\":1,\"name\":\"Inici\",\"item\":\"https:\/\/ticsalutsocial.atoom.space\/es\/\"},{\"@type\":\"ListItem\",\"position\":2,\"name\":\"Digitalizaci\u00f3n, cambios en las ocupaciones y nuevas competencias en el Sector Hospitalario en Espa\u00f1a\"}]},{\"@type\":\"WebSite\",\"@id\":\"https:\/\/ticsalutsocial.atoom.space\/es\/#website\",\"url\":\"https:\/\/ticsalutsocial.atoom.space\/es\/\",\"name\":\"Fundaci\u00f3 TIC Salut i Social\",\"description\":\"\",\"potentialAction\":[{\"@type\":\"SearchAction\",\"target\":{\"@type\":\"EntryPoint\",\"urlTemplate\":\"https:\/\/ticsalutsocial.atoom.space\/es\/?s={search_term_string}\"},\"query-input\":{\"@type\":\"PropertyValueSpecification\",\"valueRequired\":true,\"valueName\":\"search_term_string\"}}],\"inLanguage\":\"es\"}]}<\/script>\n<!-- \/ Yoast SEO plugin. -->","yoast_head_json":{"title":"Digitalizaci\u00f3n, cambios en las ocupaciones y nuevas competencias en el Sector Hospitalario en Espa\u00f1a - Fundaci\u00f3 TIC Salut i Social","robots":{"index":"index","follow":"follow","max-snippet":"max-snippet:-1","max-image-preview":"max-image-preview:large","max-video-preview":"max-video-preview:-1"},"canonical":"https:\/\/ticsalutsocial.atoom.space\/es\/event\/digitalitzacio-canvis-en-les-ocupacions-i-noves-competencies-en-el-sector-hospitalari-a-espanya\/","og_locale":"es_ES","og_type":"article","og_title":"Digitalizaci\u00f3n, cambios en las ocupaciones y nuevas competencias en el Sector Hospitalario en Espa\u00f1a - Fundaci\u00f3 TIC Salut i Social","og_description":"El pr\u00f3ximo 4 de junio en la Casa Convalecencia, se presentar\u00e1 el informe \u00abDigitalizaci\u00f3n, cambios en las ocupaciones y nuevas competencias en el Sector Hospitalario en Espa\u00f1a\u00bb a las 18:30 h. Ser\u00e1 una oportunidad \u00fanica para: Compartir conocimientos sobre la evoluci\u00f3n del sector sanitario Hacer networking con profesionales de RRHH, IT, gesti\u00f3n de datos y [&hellip;]","og_url":"https:\/\/ticsalutsocial.atoom.space\/es\/event\/digitalitzacio-canvis-en-les-ocupacions-i-noves-competencies-en-el-sector-hospitalari-a-espanya\/","og_site_name":"Fundaci\u00f3 TIC Salut i Social","article_modified_time":"2025-05-21T12:09:22+00:00","twitter_card":"summary_large_image","twitter_misc":{"Tiempo de lectura":"1 minuto"},"schema":{"@context":"https:\/\/schema.org","@graph":[{"@type":"WebPage","@id":"https:\/\/ticsalutsocial.atoom.space\/es\/event\/digitalitzacio-canvis-en-les-ocupacions-i-noves-competencies-en-el-sector-hospitalari-a-espanya\/","url":"https:\/\/ticsalutsocial.atoom.space\/es\/event\/digitalitzacio-canvis-en-les-ocupacions-i-noves-competencies-en-el-sector-hospitalari-a-espanya\/","name":"Digitalizaci\u00f3n, cambios en las ocupaciones y nuevas competencias en el Sector Hospitalario en Espa\u00f1a - Fundaci\u00f3 TIC Salut i Social","isPartOf":{"@id":"https:\/\/ticsalutsocial.atoom.space\/es\/#website"},"datePublished":"2025-05-20T07:53:29+00:00","dateModified":"2025-05-21T12:09:22+00:00","breadcrumb":{"@id":"https:\/\/ticsalutsocial.atoom.space\/es\/event\/digitalitzacio-canvis-en-les-ocupacions-i-noves-competencies-en-el-sector-hospitalari-a-espanya\/#breadcrumb"},"inLanguage":"es","potentialAction":[{"@type":"ReadAction","target":["https:\/\/ticsalutsocial.atoom.space\/es\/event\/digitalitzacio-canvis-en-les-ocupacions-i-noves-competencies-en-el-sector-hospitalari-a-espanya\/"]}]},{"@type":"BreadcrumbList","@id":"https:\/\/ticsalutsocial.atoom.space\/es\/event\/digitalitzacio-canvis-en-les-ocupacions-i-noves-competencies-en-el-sector-hospitalari-a-espanya\/#breadcrumb","itemListElement":[{"@type":"ListItem","position":1,"name":"Inici","item":"https:\/\/ticsalutsocial.atoom.space\/es\/"},{"@type":"ListItem","position":2,"name":"Digitalizaci\u00f3n, cambios en las ocupaciones y nuevas competencias en el Sector Hospitalario en Espa\u00f1a"}]},{"@type":"WebSite","@id":"https:\/\/ticsalutsocial.atoom.space\/es\/#website","url":"https:\/\/ticsalutsocial.atoom.space\/es\/","name":"Fundaci\u00f3 TIC Salut i Social","description":"","potentialAction":[{"@type":"SearchAction","target":{"@type":"EntryPoint","urlTemplate":"https:\/\/ticsalutsocial.atoom.space\/es\/?s={search_term_string}"},"query-input":{"@type":"PropertyValueSpecification","valueRequired":true,"valueName":"search_term_string"}}],"inLanguage":"es"}]}},"_links":{"self":[{"href":"https:\/\/ticsalutsocial.atoom.space\/es\/wp-json\/wp\/v2\/event\/32171","targetHints":{"allow":["GET"]}}],"collection":[{"href":"https:\/\/ticsalutsocial.atoom.space\/es\/wp-json\/wp\/v2\/event"}],"about":[{"href":"https:\/\/ticsalutsocial.atoom.space\/es\/wp-json\/wp\/v2\/types\/event"}],"wp:attachment":[{"href":"https:\/\/ticsalutsocial.atoom.space\/es\/wp-json\/wp\/v2\/media?parent=32171"}],"wp:term":[{"taxonomy":"tipus","embeddable":true,"href":"https:\/\/ticsalutsocial.atoom.space\/es\/wp-json\/wp\/v2\/tipus?post=32171"},{"taxonomy":"topic","embeddable":true,"href":"https:\/\/ticsalutsocial.atoom.space\/es\/wp-json\/wp\/v2\/topic?post=32171"}],"curies":[{"name":"wp","href":"https:\/\/api.w.org\/{rel}","templated":true}]}}

Digitalización, cambios en las ocupaciones y nuevas competencias en el Sector Hospitalario en España

<p data-start="396" data-end="655">El próximo 4 de junio en la Casa Convalecencia, se presentará el informe <em data-start="486" data-end="590">«Digitalización, cambios en las ocupaciones y nuevas competencias en el Sector Hospitalario en España»</em> a las 18:30 h.</p>
<p>Será una oportunidad única para:</p>
<ul>
<li data-start="396" data-end="655">Compartir conocimientos sobre la evolución del sector sanitario</li>
<li data-start="396" data-end="655">Hacer networking con profesionales de RRHH, IT, gestión de datos y del ámbito hospitalario</li>
<li data-start="396" data-end="655">Descubrir qué perfiles serán clave en el hospital del futuro</li>
</ul>
<p>Si no puedes venir en persona, también podrás seguirlo online.</p>
<p>Puedes utilizar la invitación adjunta para compartirla con tus contactos, ¡no solo del ámbito sanitario! Es de interés para cualquiera que colabore con hospitales o trabaje en sectores relacionados con la digitalización.</p>
<p>Te esperamos. No faltes.</p>

Casa Convalescència, Sant Pau Hospital (Sant Antoni Maria Claret, 171, 08041 Barcelona)

<!-- This site is optimized with the Yoast SEO plugin v27.1.1 - https://yoast.com/product/yoast-seo-wordpress/ -->
<title>Digitalización, cambios en las ocupaciones y nuevas competencias en el Sector Hospitalario en España - Fundació TIC Salut i Social</title>
<meta name="robots" content="index, follow, max-snippet:-1, max-image-preview:large, max-video-preview:-1" />
<link rel="canonical" href="https://ticsalutsocial.atoom.space/es/event/digitalitzacio-canvis-en-les-ocupacions-i-noves-competencies-en-el-sector-hospitalari-a-espanya/" />
<meta property="og:locale" content="es_ES" />
<meta property="og:type" content="article" />
<meta property="og:title" content="Digitalización, cambios en las ocupaciones y nuevas competencias en el Sector Hospitalario en España - Fundació TIC Salut i Social" />
<meta property="og:description" content="El próximo 4 de junio en la Casa Convalecencia, se presentará el informe «Digitalización, cambios en las ocupaciones y nuevas competencias en el Sector Hospitalario en España» a las 18:30 h. Será una oportunidad única para: Compartir conocimientos sobre la evolución del sector sanitario Hacer networking con profesionales de RRHH, IT, gestión de datos y [&hellip;]" />
<meta property="og:url" content="https://ticsalutsocial.atoom.space/es/event/digitalitzacio-canvis-en-les-ocupacions-i-noves-competencies-en-el-sector-hospitalari-a-espanya/" />
<meta property="og:site_name" content="Fundació TIC Salut i Social" />
<meta property="article:modified_time" content="2025-05-21T12:09:22+00:00" />
<meta name="twitter:card" content="summary_large_image" />
<meta name="twitter:label1" content="Tiempo de lectura" />
	<meta name="twitter:data1" content="1 minuto" />
<script type="application/ld+json" class="yoast-schema-graph">{"@context":"https://schema.org","@graph":[{"@type":"WebPage","@id":"https://ticsalutsocial.atoom.space/es/event/digitalitzacio-canvis-en-les-ocupacions-i-noves-competencies-en-el-sector-hospitalari-a-espanya/","url":"https://ticsalutsocial.atoom.space/es/event/digitalitzacio-canvis-en-les-ocupacions-i-noves-competencies-en-el-sector-hospitalari-a-espanya/","name":"Digitalización, cambios en las ocupaciones y nuevas competencias en el Sector Hospitalario en España - Fundació TIC Salut i Social","isPartOf":{"@id":"https://ticsalutsocial.atoom.space/es/#website"},"datePublished":"2025-05-20T07:53:29+00:00","dateModified":"2025-05-21T12:09:22+00:00","breadcrumb":{"@id":"https://ticsalutsocial.atoom.space/es/event/digitalitzacio-canvis-en-les-ocupacions-i-noves-competencies-en-el-sector-hospitalari-a-espanya/#breadcrumb"},"inLanguage":"es","potentialAction":[{"@type":"ReadAction","target":["https://ticsalutsocial.atoom.space/es/event/digitalitzacio-canvis-en-les-ocupacions-i-noves-competencies-en-el-sector-hospitalari-a-espanya/"]}]},{"@type":"BreadcrumbList","@id":"https://ticsalutsocial.atoom.space/es/event/digitalitzacio-canvis-en-les-ocupacions-i-noves-competencies-en-el-sector-hospitalari-a-espanya/#breadcrumb","itemListElement":[{"@type":"ListItem","position":1,"name":"Inici","item":"https://ticsalutsocial.atoom.space/es/"},{"@type":"ListItem","position":2,"name":"Digitalización, cambios en las ocupaciones y nuevas competencias en el Sector Hospitalario en España"}]},{"@type":"WebSite","@id":"https://ticsalutsocial.atoom.space/es/#website","url":"https://ticsalutsocial.atoom.space/es/","name":"Fundació TIC Salut i Social","description":"","potentialAction":[{"@type":"SearchAction","target":{"@type":"EntryPoint","urlTemplate":"https://ticsalutsocial.atoom.space/es/?s={search_term_string}"},"query-input":{"@type":"PropertyValueSpecification","valueRequired":true,"valueName":"search_term_string"}}],"inLanguage":"es"}]}</script>
<!-- / Yoast SEO plugin. -->

Digitalización, cambios en las ocupaciones y nuevas competencias en el Sector Hospitalario en España - Fundació TIC Salut i Social

El próximo 4 de junio en la Casa Convalecencia, se presentará el informe «Digitalización, cambios en las ocupaciones y nuevas competencias en el Sector Hospitalario en España» a las 18:30 h. Será una oportunidad única para: Compartir conocimientos sobre la evolución del sector sanitario Hacer networking con profesionales de RRHH, IT, gestión de datos y [&hellip;]

Fundació TIC Salut i Social
