
{"id":32326,"date":"2025-05-20T16:01:55","date_gmt":"2025-05-20T14:01:55","guid":{"rendered":"https:\/\/ticsalutsocial.atoom.space\/event\/jornada-de-drons-a-la-salut\/"},"modified":"2025-06-17T11:10:29","modified_gmt":"2025-06-17T09:10:29","slug":"jornada-de-drons-a-la-salut","status":"publish","type":"event","link":"https:\/\/ticsalutsocial.atoom.space\/es\/event\/jornada-de-drons-a-la-salut\/","title":{"rendered":"Jornada de drones en salud"},"content":{"rendered":"<p data-start=\"68\" data-end=\"660\">El pasado mes de noviembre se realiz\u00f3 una prueba de concepto de transporte de muestras biol\u00f3gicas con dron en la Metropolitana Norte, impulsada por la Fundaci\u00f3n TIC Salut Social, el Centro de Telecomunicaciones y Tecnolog\u00edas de la Informaci\u00f3n, T-Systems, el Hospital Universitario Germans Trias i Pujol, el Institut Catal\u00e0 de la Salut, el Sistema de Emergencias M\u00e9dicas y el BCN Drone Center. En esta jornada, los principales agentes del proyecto presentar\u00e1n los resultados obtenidos de la prueba de concepto, as\u00ed como la estrategia de drones en salud en Catalu\u00f1a y sus posibles aplicaciones.<\/p>\n<p data-start=\"662\" data-end=\"675\"><strong data-start=\"662\" data-end=\"675\">Programa:<\/strong><\/p>\n<p data-start=\"100\" data-end=\"121\">9:30 \u2013 Bienvenida<\/p>\n<p data-start=\"123\" data-end=\"183\">9:40 \u2013 Estrategia de drones en Salud (N\u00faria Abd\u00f3n, FTSS)<\/p>\n<p data-start=\"185\" data-end=\"255\">9:50 \u2013 Proyectos de innovaci\u00f3n con drones (Llu\u00eds Sancliment, CTTI)<\/p>\n<p data-start=\"257\" data-end=\"379\">10:05 \u2013 Transporte de muestras biol\u00f3gicas con dron en la Metropolitana Norte (N\u00faria S\u00e1nchez, ICS y Berta Llebot, FTSS)<\/p>\n<p data-start=\"381\" data-end=\"545\">10:25 \u2013 Resultados cl\u00ednicos del transporte de muestras biol\u00f3gicas con dron en la Metropolitana Norte (Susana Malumbres, Laboratorio Cl\u00ednico Metropolitana Norte)<\/p>\n<p data-start=\"547\" data-end=\"634\">10:40 \u2013 Estrategia de coordinaci\u00f3n operativa de drones en Salud (Rafael C\u00e1liz, SEM)<\/p>\n<p data-start=\"636\" data-end=\"701\">10:50 \u2013 Clausura (M\u00aa Ant\u00f2nia Llopis, ICS Servicios Centrales)<\/p>\n","protected":false},"featured_media":0,"menu_order":0,"template":"","meta":{"_acf_changed":false,"inline_featured_image":false},"tipus":[],"topic":[],"class_list":["post-32326","event","type-event","status-publish","hentry"],"acf":{"informacio":{"ubicacio":"Sala d'actes | Can Ruti | Hospital Germans Trias i Pujol, Ctra. de Canyet, 08916 Badalona","data":"19\/06\/2025","hora":"09:30 \/ 11:30","preu":"Gratu\u00eft","inscripcions":"https:\/\/www.eventbrite.com\/e\/jornada-de-drons-a-salut-tickets-1372541200679?utm-campaign=social&utm-content=attendeeshare&utm-medium=discovery&utm-term=listing&utm-source=cp&aff=ebdsshcopyurl"},"programa":{"titol":"","items":false},"documents":false},"yoast_head":"<!-- This site is optimized with the Yoast SEO plugin v27.1.1 - https:\/\/yoast.com\/product\/yoast-seo-wordpress\/ -->\n<title>Jornada de drones en salud - Fundaci\u00f3 TIC Salut i Social<\/title>\n<meta name=\"robots\" content=\"index, follow, max-snippet:-1, max-image-preview:large, max-video-preview:-1\" \/>\n<link rel=\"canonical\" href=\"https:\/\/ticsalutsocial.atoom.space\/es\/event\/jornada-de-drons-a-la-salut\/\" \/>\n<meta property=\"og:locale\" content=\"es_ES\" \/>\n<meta property=\"og:type\" content=\"article\" \/>\n<meta property=\"og:title\" content=\"Jornada de drones en salud - Fundaci\u00f3 TIC Salut i Social\" \/>\n<meta property=\"og:description\" content=\"El pasado mes de noviembre se realiz\u00f3 una prueba de concepto de transporte de muestras biol\u00f3gicas con dron en la Metropolitana Norte, impulsada por la Fundaci\u00f3n TIC Salut Social, el Centro de Telecomunicaciones y Tecnolog\u00edas de la Informaci\u00f3n, T-Systems, el Hospital Universitario Germans Trias i Pujol, el Institut Catal\u00e0 de la Salut, el Sistema de [&hellip;]\" \/>\n<meta property=\"og:url\" content=\"https:\/\/ticsalutsocial.atoom.space\/es\/event\/jornada-de-drons-a-la-salut\/\" \/>\n<meta property=\"og:site_name\" content=\"Fundaci\u00f3 TIC Salut i Social\" \/>\n<meta property=\"article:modified_time\" content=\"2025-06-17T09:10:29+00:00\" \/>\n<meta name=\"twitter:card\" content=\"summary_large_image\" \/>\n<meta name=\"twitter:label1\" content=\"Tiempo de lectura\" \/>\n\t<meta name=\"twitter:data1\" content=\"1 minuto\" \/>\n<script type=\"application\/ld+json\" class=\"yoast-schema-graph\">{\"@context\":\"https:\/\/schema.org\",\"@graph\":[{\"@type\":\"WebPage\",\"@id\":\"https:\/\/ticsalutsocial.atoom.space\/es\/event\/jornada-de-drons-a-la-salut\/\",\"url\":\"https:\/\/ticsalutsocial.atoom.space\/es\/event\/jornada-de-drons-a-la-salut\/\",\"name\":\"Jornada de drones en salud - Fundaci\u00f3 TIC Salut i Social\",\"isPartOf\":{\"@id\":\"https:\/\/ticsalutsocial.atoom.space\/es\/#website\"},\"datePublished\":\"2025-05-20T14:01:55+00:00\",\"dateModified\":\"2025-06-17T09:10:29+00:00\",\"breadcrumb\":{\"@id\":\"https:\/\/ticsalutsocial.atoom.space\/es\/event\/jornada-de-drons-a-la-salut\/#breadcrumb\"},\"inLanguage\":\"es\",\"potentialAction\":[{\"@type\":\"ReadAction\",\"target\":[\"https:\/\/ticsalutsocial.atoom.space\/es\/event\/jornada-de-drons-a-la-salut\/\"]}]},{\"@type\":\"BreadcrumbList\",\"@id\":\"https:\/\/ticsalutsocial.atoom.space\/es\/event\/jornada-de-drons-a-la-salut\/#breadcrumb\",\"itemListElement\":[{\"@type\":\"ListItem\",\"position\":1,\"name\":\"Inici\",\"item\":\"https:\/\/ticsalutsocial.atoom.space\/es\/\"},{\"@type\":\"ListItem\",\"position\":2,\"name\":\"Jornada de drones en salud\"}]},{\"@type\":\"WebSite\",\"@id\":\"https:\/\/ticsalutsocial.atoom.space\/es\/#website\",\"url\":\"https:\/\/ticsalutsocial.atoom.space\/es\/\",\"name\":\"Fundaci\u00f3 TIC Salut i Social\",\"description\":\"\",\"potentialAction\":[{\"@type\":\"SearchAction\",\"target\":{\"@type\":\"EntryPoint\",\"urlTemplate\":\"https:\/\/ticsalutsocial.atoom.space\/es\/?s={search_term_string}\"},\"query-input\":{\"@type\":\"PropertyValueSpecification\",\"valueRequired\":true,\"valueName\":\"search_term_string\"}}],\"inLanguage\":\"es\"}]}<\/script>\n<!-- \/ Yoast SEO plugin. -->","yoast_head_json":{"title":"Jornada de drones en salud - Fundaci\u00f3 TIC Salut i Social","robots":{"index":"index","follow":"follow","max-snippet":"max-snippet:-1","max-image-preview":"max-image-preview:large","max-video-preview":"max-video-preview:-1"},"canonical":"https:\/\/ticsalutsocial.atoom.space\/es\/event\/jornada-de-drons-a-la-salut\/","og_locale":"es_ES","og_type":"article","og_title":"Jornada de drones en salud - Fundaci\u00f3 TIC Salut i Social","og_description":"El pasado mes de noviembre se realiz\u00f3 una prueba de concepto de transporte de muestras biol\u00f3gicas con dron en la Metropolitana Norte, impulsada por la Fundaci\u00f3n TIC Salut Social, el Centro de Telecomunicaciones y Tecnolog\u00edas de la Informaci\u00f3n, T-Systems, el Hospital Universitario Germans Trias i Pujol, el Institut Catal\u00e0 de la Salut, el Sistema de [&hellip;]","og_url":"https:\/\/ticsalutsocial.atoom.space\/es\/event\/jornada-de-drons-a-la-salut\/","og_site_name":"Fundaci\u00f3 TIC Salut i Social","article_modified_time":"2025-06-17T09:10:29+00:00","twitter_card":"summary_large_image","twitter_misc":{"Tiempo de lectura":"1 minuto"},"schema":{"@context":"https:\/\/schema.org","@graph":[{"@type":"WebPage","@id":"https:\/\/ticsalutsocial.atoom.space\/es\/event\/jornada-de-drons-a-la-salut\/","url":"https:\/\/ticsalutsocial.atoom.space\/es\/event\/jornada-de-drons-a-la-salut\/","name":"Jornada de drones en salud - Fundaci\u00f3 TIC Salut i Social","isPartOf":{"@id":"https:\/\/ticsalutsocial.atoom.space\/es\/#website"},"datePublished":"2025-05-20T14:01:55+00:00","dateModified":"2025-06-17T09:10:29+00:00","breadcrumb":{"@id":"https:\/\/ticsalutsocial.atoom.space\/es\/event\/jornada-de-drons-a-la-salut\/#breadcrumb"},"inLanguage":"es","potentialAction":[{"@type":"ReadAction","target":["https:\/\/ticsalutsocial.atoom.space\/es\/event\/jornada-de-drons-a-la-salut\/"]}]},{"@type":"BreadcrumbList","@id":"https:\/\/ticsalutsocial.atoom.space\/es\/event\/jornada-de-drons-a-la-salut\/#breadcrumb","itemListElement":[{"@type":"ListItem","position":1,"name":"Inici","item":"https:\/\/ticsalutsocial.atoom.space\/es\/"},{"@type":"ListItem","position":2,"name":"Jornada de drones en salud"}]},{"@type":"WebSite","@id":"https:\/\/ticsalutsocial.atoom.space\/es\/#website","url":"https:\/\/ticsalutsocial.atoom.space\/es\/","name":"Fundaci\u00f3 TIC Salut i Social","description":"","potentialAction":[{"@type":"SearchAction","target":{"@type":"EntryPoint","urlTemplate":"https:\/\/ticsalutsocial.atoom.space\/es\/?s={search_term_string}"},"query-input":{"@type":"PropertyValueSpecification","valueRequired":true,"valueName":"search_term_string"}}],"inLanguage":"es"}]}},"_links":{"self":[{"href":"https:\/\/ticsalutsocial.atoom.space\/es\/wp-json\/wp\/v2\/event\/32326","targetHints":{"allow":["GET"]}}],"collection":[{"href":"https:\/\/ticsalutsocial.atoom.space\/es\/wp-json\/wp\/v2\/event"}],"about":[{"href":"https:\/\/ticsalutsocial.atoom.space\/es\/wp-json\/wp\/v2\/types\/event"}],"wp:attachment":[{"href":"https:\/\/ticsalutsocial.atoom.space\/es\/wp-json\/wp\/v2\/media?parent=32326"}],"wp:term":[{"taxonomy":"tipus","embeddable":true,"href":"https:\/\/ticsalutsocial.atoom.space\/es\/wp-json\/wp\/v2\/tipus?post=32326"},{"taxonomy":"topic","embeddable":true,"href":"https:\/\/ticsalutsocial.atoom.space\/es\/wp-json\/wp\/v2\/topic?post=32326"}],"curies":[{"name":"wp","href":"https:\/\/api.w.org\/{rel}","templated":true}]}}

<p data-start="68" data-end="660">El pasado mes de noviembre se realizó una prueba de concepto de transporte de muestras biológicas con dron en la Metropolitana Norte, impulsada por la Fundación TIC Salut Social, el Centro de Telecomunicaciones y Tecnologías de la Información, T-Systems, el Hospital Universitario Germans Trias i Pujol, el Institut Català de la Salut, el Sistema de Emergencias Médicas y el BCN Drone Center. En esta jornada, los principales agentes del proyecto presentarán los resultados obtenidos de la prueba de concepto, así como la estrategia de drones en salud en Cataluña y sus posibles aplicaciones.</p>
<p data-start="662" data-end="675"><strong data-start="662" data-end="675">Programa:</strong></p>
<p data-start="100" data-end="121">9:30 – Bienvenida</p>
<p data-start="123" data-end="183">9:40 – Estrategia de drones en Salud (Núria Abdón, FTSS)</p>
<p data-start="185" data-end="255">9:50 – Proyectos de innovación con drones (Lluís Sancliment, CTTI)</p>
<p data-start="257" data-end="379">10:05 – Transporte de muestras biológicas con dron en la Metropolitana Norte (Núria Sánchez, ICS y Berta Llebot, FTSS)</p>
<p data-start="381" data-end="545">10:25 – Resultados clínicos del transporte de muestras biológicas con dron en la Metropolitana Norte (Susana Malumbres, Laboratorio Clínico Metropolitana Norte)</p>
<p data-start="547" data-end="634">10:40 – Estrategia de coordinación operativa de drones en Salud (Rafael Cáliz, SEM)</p>
<p data-start="636" data-end="701">10:50 – Clausura (Mª Antònia Llopis, ICS Servicios Centrales)</p>

Gratuït

<!-- This site is optimized with the Yoast SEO plugin v27.1.1 - https://yoast.com/product/yoast-seo-wordpress/ -->
<title>Jornada de drones en salud - Fundació TIC Salut i Social</title>
<meta name="robots" content="index, follow, max-snippet:-1, max-image-preview:large, max-video-preview:-1" />
<link rel="canonical" href="https://ticsalutsocial.atoom.space/es/event/jornada-de-drons-a-la-salut/" />
<meta property="og:locale" content="es_ES" />
<meta property="og:type" content="article" />
<meta property="og:title" content="Jornada de drones en salud - Fundació TIC Salut i Social" />
<meta property="og:description" content="El pasado mes de noviembre se realizó una prueba de concepto de transporte de muestras biológicas con dron en la Metropolitana Norte, impulsada por la Fundación TIC Salut Social, el Centro de Telecomunicaciones y Tecnologías de la Información, T-Systems, el Hospital Universitario Germans Trias i Pujol, el Institut Català de la Salut, el Sistema de [&hellip;]" />
<meta property="og:url" content="https://ticsalutsocial.atoom.space/es/event/jornada-de-drons-a-la-salut/" />
<meta property="og:site_name" content="Fundació TIC Salut i Social" />
<meta property="article:modified_time" content="2025-06-17T09:10:29+00:00" />
<meta name="twitter:card" content="summary_large_image" />
<meta name="twitter:label1" content="Tiempo de lectura" />
	<meta name="twitter:data1" content="1 minuto" />
<script type="application/ld+json" class="yoast-schema-graph">{"@context":"https://schema.org","@graph":[{"@type":"WebPage","@id":"https://ticsalutsocial.atoom.space/es/event/jornada-de-drons-a-la-salut/","url":"https://ticsalutsocial.atoom.space/es/event/jornada-de-drons-a-la-salut/","name":"Jornada de drones en salud - Fundació TIC Salut i Social","isPartOf":{"@id":"https://ticsalutsocial.atoom.space/es/#website"},"datePublished":"2025-05-20T14:01:55+00:00","dateModified":"2025-06-17T09:10:29+00:00","breadcrumb":{"@id":"https://ticsalutsocial.atoom.space/es/event/jornada-de-drons-a-la-salut/#breadcrumb"},"inLanguage":"es","potentialAction":[{"@type":"ReadAction","target":["https://ticsalutsocial.atoom.space/es/event/jornada-de-drons-a-la-salut/"]}]},{"@type":"BreadcrumbList","@id":"https://ticsalutsocial.atoom.space/es/event/jornada-de-drons-a-la-salut/#breadcrumb","itemListElement":[{"@type":"ListItem","position":1,"name":"Inici","item":"https://ticsalutsocial.atoom.space/es/"},{"@type":"ListItem","position":2,"name":"Jornada de drones en salud"}]},{"@type":"WebSite","@id":"https://ticsalutsocial.atoom.space/es/#website","url":"https://ticsalutsocial.atoom.space/es/","name":"Fundació TIC Salut i Social","description":"","potentialAction":[{"@type":"SearchAction","target":{"@type":"EntryPoint","urlTemplate":"https://ticsalutsocial.atoom.space/es/?s={search_term_string}"},"query-input":{"@type":"PropertyValueSpecification","valueRequired":true,"valueName":"search_term_string"}}],"inLanguage":"es"}]}</script>
<!-- / Yoast SEO plugin. -->

Jornada de drones en salud - Fundació TIC Salut i Social

El pasado mes de noviembre se realizó una prueba de concepto de transporte de muestras biológicas con dron en la Metropolitana Norte, impulsada por la Fundación TIC Salut Social, el Centro de Telecomunicaciones y Tecnologías de la Información, T-Systems, el Hospital Universitario Germans Trias i Pujol, el Institut Català de la Salut, el Sistema de [&hellip;]

Fundació TIC Salut i Social
