
{"id":32414,"date":"2025-06-02T12:49:01","date_gmt":"2025-06-02T10:49:01","guid":{"rendered":"https:\/\/ticsalutsocial.atoom.space\/event\/v-congres-de-laccio-social\/"},"modified":"2025-07-08T13:15:35","modified_gmt":"2025-07-08T11:15:35","slug":"v-congres-de-laccio-social","status":"publish","type":"event","link":"https:\/\/ticsalutsocial.atoom.space\/es\/event\/v-congres-de-laccio-social\/","title":{"rendered":"V Congreso de la Acci\u00f3n Social"},"content":{"rendered":"<p data-start=\"36\" data-end=\"384\">El <strong data-start=\"39\" data-end=\"86\">Congreso de la Acci\u00f3n Social \u2013 Inclusi\u00f3.cat<\/strong> es un evento dirigido a todos los agentes del Sistema Catal\u00e1n de Servicios Sociales que, sum\u00e1ndose a otros congresos del sector, quiere incentivar la creaci\u00f3n de conocimiento basado en la evidencia, para fortalecer las disciplinas acad\u00e9micas y profesionales en el \u00e1mbito de los servicios sociales.<\/p>\n<p data-start=\"386\" data-end=\"543\">El Congreso est\u00e1 organizado por la <strong data-start=\"421\" data-end=\"513\">C\u00e1tedra de Servicios Sociales de la Universidad de Vic \u2013 Universidad Central de Catalu\u00f1a<\/strong>.<br data-start=\"514\" data-end=\"517\" \/><strong data-start=\"517\" data-end=\"543\">D\u00edas 10 y 11 de julio.<\/strong><\/p>\n<p data-start=\"545\" data-end=\"576\">As\u00ed, <strong data-start=\"550\" data-end=\"566\">Inclusi\u00f3.cat<\/strong> pretende:<\/p>\n<ul data-start=\"578\" data-end=\"1245\">\n<li data-start=\"578\" data-end=\"695\">\n<p data-start=\"580\" data-end=\"695\">Consolidarse como una herramienta que potencie la innovaci\u00f3n, el conocimiento y la profesionalizaci\u00f3n del sector.<\/p>\n<\/li>\n<li data-start=\"696\" data-end=\"836\">\n<p data-start=\"698\" data-end=\"836\">Consolidarse como una fecha de referencia para el encuentro de todos los actores que conforman el Sistema Catal\u00e1n de Servicios Sociales.<\/p>\n<\/li>\n<li data-start=\"837\" data-end=\"1013\">\n<p data-start=\"839\" data-end=\"1013\">Agrupar a los diversos agentes de los servicios sociales del pa\u00eds para crear sinergias y cohesionar el conocimiento generado por acad\u00e9micos, investigadores y profesionales.<\/p>\n<\/li>\n<li data-start=\"1014\" data-end=\"1245\">\n<p data-start=\"1016\" data-end=\"1245\">Consolidar un evento cient\u00edfico que posicione a Catalu\u00f1a como referente europeo en el estudio de la gesti\u00f3n y la t\u00e9cnica de los servicios sociales, situando al pa\u00eds a la vanguardia en la generaci\u00f3n de conocimiento en este \u00e1mbito.<\/p>\n<\/li>\n<\/ul>\n<p><a href=\"https:\/\/inclusio.cat\/programa\/\" target=\"_blank\" rel=\"noopener\">Consulta el PROGRAMA completo.<\/a><\/p>\n","protected":false},"featured_media":0,"menu_order":0,"template":"","meta":{"_acf_changed":false,"inline_featured_image":false},"tipus":[],"topic":[],"class_list":["post-32414","event","type-event","status-publish","hentry"],"acf":{"informacio":{"ubicacio":"Vic","data":"10\/07\/2025","hora":"","preu":"","inscripcions":"https:\/\/inclusio.cat\/#"},"programa":{"titol":"","items":false},"documents":false},"yoast_head":"<!-- This site is optimized with the Yoast SEO plugin v27.1.1 - https:\/\/yoast.com\/product\/yoast-seo-wordpress\/ -->\n<title>V Congreso de la Acci\u00f3n Social - Fundaci\u00f3 TIC Salut i Social<\/title>\n<meta name=\"robots\" content=\"index, follow, max-snippet:-1, max-image-preview:large, max-video-preview:-1\" \/>\n<link rel=\"canonical\" href=\"https:\/\/ticsalutsocial.atoom.space\/es\/event\/v-congres-de-laccio-social\/\" \/>\n<meta property=\"og:locale\" content=\"es_ES\" \/>\n<meta property=\"og:type\" content=\"article\" \/>\n<meta property=\"og:title\" content=\"V Congreso de la Acci\u00f3n Social - Fundaci\u00f3 TIC Salut i Social\" \/>\n<meta property=\"og:description\" content=\"El Congreso de la Acci\u00f3n Social \u2013 Inclusi\u00f3.cat es un evento dirigido a todos los agentes del Sistema Catal\u00e1n de Servicios Sociales que, sum\u00e1ndose a otros congresos del sector, quiere incentivar la creaci\u00f3n de conocimiento basado en la evidencia, para fortalecer las disciplinas acad\u00e9micas y profesionales en el \u00e1mbito de los servicios sociales. El Congreso [&hellip;]\" \/>\n<meta property=\"og:url\" content=\"https:\/\/ticsalutsocial.atoom.space\/es\/event\/v-congres-de-laccio-social\/\" \/>\n<meta property=\"og:site_name\" content=\"Fundaci\u00f3 TIC Salut i Social\" \/>\n<meta property=\"article:modified_time\" content=\"2025-07-08T11:15:35+00:00\" \/>\n<meta name=\"twitter:card\" content=\"summary_large_image\" \/>\n<meta name=\"twitter:label1\" content=\"Tiempo de lectura\" \/>\n\t<meta name=\"twitter:data1\" content=\"1 minuto\" \/>\n<script type=\"application\/ld+json\" class=\"yoast-schema-graph\">{\"@context\":\"https:\/\/schema.org\",\"@graph\":[{\"@type\":\"WebPage\",\"@id\":\"https:\/\/ticsalutsocial.atoom.space\/es\/event\/v-congres-de-laccio-social\/\",\"url\":\"https:\/\/ticsalutsocial.atoom.space\/es\/event\/v-congres-de-laccio-social\/\",\"name\":\"V Congreso de la Acci\u00f3n Social - Fundaci\u00f3 TIC Salut i Social\",\"isPartOf\":{\"@id\":\"https:\/\/ticsalutsocial.atoom.space\/es\/#website\"},\"datePublished\":\"2025-06-02T10:49:01+00:00\",\"dateModified\":\"2025-07-08T11:15:35+00:00\",\"breadcrumb\":{\"@id\":\"https:\/\/ticsalutsocial.atoom.space\/es\/event\/v-congres-de-laccio-social\/#breadcrumb\"},\"inLanguage\":\"es\",\"potentialAction\":[{\"@type\":\"ReadAction\",\"target\":[\"https:\/\/ticsalutsocial.atoom.space\/es\/event\/v-congres-de-laccio-social\/\"]}]},{\"@type\":\"BreadcrumbList\",\"@id\":\"https:\/\/ticsalutsocial.atoom.space\/es\/event\/v-congres-de-laccio-social\/#breadcrumb\",\"itemListElement\":[{\"@type\":\"ListItem\",\"position\":1,\"name\":\"Inici\",\"item\":\"https:\/\/ticsalutsocial.atoom.space\/es\/\"},{\"@type\":\"ListItem\",\"position\":2,\"name\":\"V Congreso de la Acci\u00f3n Social\"}]},{\"@type\":\"WebSite\",\"@id\":\"https:\/\/ticsalutsocial.atoom.space\/es\/#website\",\"url\":\"https:\/\/ticsalutsocial.atoom.space\/es\/\",\"name\":\"Fundaci\u00f3 TIC Salut i Social\",\"description\":\"\",\"potentialAction\":[{\"@type\":\"SearchAction\",\"target\":{\"@type\":\"EntryPoint\",\"urlTemplate\":\"https:\/\/ticsalutsocial.atoom.space\/es\/?s={search_term_string}\"},\"query-input\":{\"@type\":\"PropertyValueSpecification\",\"valueRequired\":true,\"valueName\":\"search_term_string\"}}],\"inLanguage\":\"es\"}]}<\/script>\n<!-- \/ Yoast SEO plugin. -->","yoast_head_json":{"title":"V Congreso de la Acci\u00f3n Social - Fundaci\u00f3 TIC Salut i Social","robots":{"index":"index","follow":"follow","max-snippet":"max-snippet:-1","max-image-preview":"max-image-preview:large","max-video-preview":"max-video-preview:-1"},"canonical":"https:\/\/ticsalutsocial.atoom.space\/es\/event\/v-congres-de-laccio-social\/","og_locale":"es_ES","og_type":"article","og_title":"V Congreso de la Acci\u00f3n Social - Fundaci\u00f3 TIC Salut i Social","og_description":"El Congreso de la Acci\u00f3n Social \u2013 Inclusi\u00f3.cat es un evento dirigido a todos los agentes del Sistema Catal\u00e1n de Servicios Sociales que, sum\u00e1ndose a otros congresos del sector, quiere incentivar la creaci\u00f3n de conocimiento basado en la evidencia, para fortalecer las disciplinas acad\u00e9micas y profesionales en el \u00e1mbito de los servicios sociales. El Congreso [&hellip;]","og_url":"https:\/\/ticsalutsocial.atoom.space\/es\/event\/v-congres-de-laccio-social\/","og_site_name":"Fundaci\u00f3 TIC Salut i Social","article_modified_time":"2025-07-08T11:15:35+00:00","twitter_card":"summary_large_image","twitter_misc":{"Tiempo de lectura":"1 minuto"},"schema":{"@context":"https:\/\/schema.org","@graph":[{"@type":"WebPage","@id":"https:\/\/ticsalutsocial.atoom.space\/es\/event\/v-congres-de-laccio-social\/","url":"https:\/\/ticsalutsocial.atoom.space\/es\/event\/v-congres-de-laccio-social\/","name":"V Congreso de la Acci\u00f3n Social - Fundaci\u00f3 TIC Salut i Social","isPartOf":{"@id":"https:\/\/ticsalutsocial.atoom.space\/es\/#website"},"datePublished":"2025-06-02T10:49:01+00:00","dateModified":"2025-07-08T11:15:35+00:00","breadcrumb":{"@id":"https:\/\/ticsalutsocial.atoom.space\/es\/event\/v-congres-de-laccio-social\/#breadcrumb"},"inLanguage":"es","potentialAction":[{"@type":"ReadAction","target":["https:\/\/ticsalutsocial.atoom.space\/es\/event\/v-congres-de-laccio-social\/"]}]},{"@type":"BreadcrumbList","@id":"https:\/\/ticsalutsocial.atoom.space\/es\/event\/v-congres-de-laccio-social\/#breadcrumb","itemListElement":[{"@type":"ListItem","position":1,"name":"Inici","item":"https:\/\/ticsalutsocial.atoom.space\/es\/"},{"@type":"ListItem","position":2,"name":"V Congreso de la Acci\u00f3n Social"}]},{"@type":"WebSite","@id":"https:\/\/ticsalutsocial.atoom.space\/es\/#website","url":"https:\/\/ticsalutsocial.atoom.space\/es\/","name":"Fundaci\u00f3 TIC Salut i Social","description":"","potentialAction":[{"@type":"SearchAction","target":{"@type":"EntryPoint","urlTemplate":"https:\/\/ticsalutsocial.atoom.space\/es\/?s={search_term_string}"},"query-input":{"@type":"PropertyValueSpecification","valueRequired":true,"valueName":"search_term_string"}}],"inLanguage":"es"}]}},"_links":{"self":[{"href":"https:\/\/ticsalutsocial.atoom.space\/es\/wp-json\/wp\/v2\/event\/32414","targetHints":{"allow":["GET"]}}],"collection":[{"href":"https:\/\/ticsalutsocial.atoom.space\/es\/wp-json\/wp\/v2\/event"}],"about":[{"href":"https:\/\/ticsalutsocial.atoom.space\/es\/wp-json\/wp\/v2\/types\/event"}],"wp:attachment":[{"href":"https:\/\/ticsalutsocial.atoom.space\/es\/wp-json\/wp\/v2\/media?parent=32414"}],"wp:term":[{"taxonomy":"tipus","embeddable":true,"href":"https:\/\/ticsalutsocial.atoom.space\/es\/wp-json\/wp\/v2\/tipus?post=32414"},{"taxonomy":"topic","embeddable":true,"href":"https:\/\/ticsalutsocial.atoom.space\/es\/wp-json\/wp\/v2\/topic?post=32414"}],"curies":[{"name":"wp","href":"https:\/\/api.w.org\/{rel}","templated":true}]}}

V Congreso de la Acción Social

<p data-start="36" data-end="384">El <strong data-start="39" data-end="86">Congreso de la Acción Social – Inclusió.cat</strong> es un evento dirigido a todos los agentes del Sistema Catalán de Servicios Sociales que, sumándose a otros congresos del sector, quiere incentivar la creación de conocimiento basado en la evidencia, para fortalecer las disciplinas académicas y profesionales en el ámbito de los servicios sociales.</p>
<p data-start="386" data-end="543">El Congreso está organizado por la <strong data-start="421" data-end="513">Cátedra de Servicios Sociales de la Universidad de Vic – Universidad Central de Cataluña</strong>.<br data-start="514" data-end="517" /><strong data-start="517" data-end="543">Días 10 y 11 de julio.</strong></p>
<p data-start="545" data-end="576">Así, <strong data-start="550" data-end="566">Inclusió.cat</strong> pretende:</p>
<ul data-start="578" data-end="1245">
<li data-start="578" data-end="695">
<p data-start="580" data-end="695">Consolidarse como una herramienta que potencie la innovación, el conocimiento y la profesionalización del sector.</p>
</li>
<li data-start="696" data-end="836">
<p data-start="698" data-end="836">Consolidarse como una fecha de referencia para el encuentro de todos los actores que conforman el Sistema Catalán de Servicios Sociales.</p>
</li>
<li data-start="837" data-end="1013">
<p data-start="839" data-end="1013">Agrupar a los diversos agentes de los servicios sociales del país para crear sinergias y cohesionar el conocimiento generado por académicos, investigadores y profesionales.</p>
</li>
<li data-start="1014" data-end="1245">
<p data-start="1016" data-end="1245">Consolidar un evento científico que posicione a Cataluña como referente europeo en el estudio de la gestión y la técnica de los servicios sociales, situando al país a la vanguardia en la generación de conocimiento en este ámbito.</p>
</li>
</ul>
<p><a href="https://inclusio.cat/programa/" target="_blank" rel="noopener">Consulta el PROGRAMA completo.</a></p>

<!-- This site is optimized with the Yoast SEO plugin v27.1.1 - https://yoast.com/product/yoast-seo-wordpress/ -->
<title>V Congreso de la Acción Social - Fundació TIC Salut i Social</title>
<meta name="robots" content="index, follow, max-snippet:-1, max-image-preview:large, max-video-preview:-1" />
<link rel="canonical" href="https://ticsalutsocial.atoom.space/es/event/v-congres-de-laccio-social/" />
<meta property="og:locale" content="es_ES" />
<meta property="og:type" content="article" />
<meta property="og:title" content="V Congreso de la Acción Social - Fundació TIC Salut i Social" />
<meta property="og:description" content="El Congreso de la Acción Social – Inclusió.cat es un evento dirigido a todos los agentes del Sistema Catalán de Servicios Sociales que, sumándose a otros congresos del sector, quiere incentivar la creación de conocimiento basado en la evidencia, para fortalecer las disciplinas académicas y profesionales en el ámbito de los servicios sociales. El Congreso [&hellip;]" />
<meta property="og:url" content="https://ticsalutsocial.atoom.space/es/event/v-congres-de-laccio-social/" />
<meta property="og:site_name" content="Fundació TIC Salut i Social" />
<meta property="article:modified_time" content="2025-07-08T11:15:35+00:00" />
<meta name="twitter:card" content="summary_large_image" />
<meta name="twitter:label1" content="Tiempo de lectura" />
	<meta name="twitter:data1" content="1 minuto" />
<script type="application/ld+json" class="yoast-schema-graph">{"@context":"https://schema.org","@graph":[{"@type":"WebPage","@id":"https://ticsalutsocial.atoom.space/es/event/v-congres-de-laccio-social/","url":"https://ticsalutsocial.atoom.space/es/event/v-congres-de-laccio-social/","name":"V Congreso de la Acción Social - Fundació TIC Salut i Social","isPartOf":{"@id":"https://ticsalutsocial.atoom.space/es/#website"},"datePublished":"2025-06-02T10:49:01+00:00","dateModified":"2025-07-08T11:15:35+00:00","breadcrumb":{"@id":"https://ticsalutsocial.atoom.space/es/event/v-congres-de-laccio-social/#breadcrumb"},"inLanguage":"es","potentialAction":[{"@type":"ReadAction","target":["https://ticsalutsocial.atoom.space/es/event/v-congres-de-laccio-social/"]}]},{"@type":"BreadcrumbList","@id":"https://ticsalutsocial.atoom.space/es/event/v-congres-de-laccio-social/#breadcrumb","itemListElement":[{"@type":"ListItem","position":1,"name":"Inici","item":"https://ticsalutsocial.atoom.space/es/"},{"@type":"ListItem","position":2,"name":"V Congreso de la Acción Social"}]},{"@type":"WebSite","@id":"https://ticsalutsocial.atoom.space/es/#website","url":"https://ticsalutsocial.atoom.space/es/","name":"Fundació TIC Salut i Social","description":"","potentialAction":[{"@type":"SearchAction","target":{"@type":"EntryPoint","urlTemplate":"https://ticsalutsocial.atoom.space/es/?s={search_term_string}"},"query-input":{"@type":"PropertyValueSpecification","valueRequired":true,"valueName":"search_term_string"}}],"inLanguage":"es"}]}</script>
<!-- / Yoast SEO plugin. -->

V Congreso de la Acción Social - Fundació TIC Salut i Social

El Congreso de la Acción Social – Inclusió.cat es un evento dirigido a todos los agentes del Sistema Catalán de Servicios Sociales que, sumándose a otros congresos del sector, quiere incentivar la creación de conocimiento basado en la evidencia, para fortalecer las disciplinas académicas y profesionales en el ámbito de los servicios sociales. El Congreso [&hellip;]

Fundació TIC Salut i Social
