
{"id":32933,"date":"2025-06-16T09:59:25","date_gmt":"2025-06-16T07:59:25","guid":{"rendered":"https:\/\/ticsalutsocial.atoom.space\/event\/innovant-amb-intelligencia-artificial-generativa\/"},"modified":"2025-10-06T09:28:14","modified_gmt":"2025-10-06T07:28:14","slug":"innovant-amb-intelligencia-artificial-generativa","status":"publish","type":"event","link":"https:\/\/ticsalutsocial.atoom.space\/es\/event\/innovant-amb-intelligencia-artificial-generativa\/","title":{"rendered":"Innovando con Inteligencia Artificial Generativa"},"content":{"rendered":"<p data-start=\"81\" data-end=\"94\"><strong data-start=\"81\" data-end=\"94\">PROGRAMA:<\/strong><\/p>\n<p data-start=\"96\" data-end=\"256\"><strong data-start=\"96\" data-end=\"116\">10:00 Bienvenida<\/strong><br data-start=\"116\" data-end=\"119\" \/>Dra. Beatriu Bay\u00e9s, directora gerente del Hospital General de Granollers.<br data-start=\"192\" data-end=\"195\" \/>Sra. Rita Casas, Regional Healthcare Solutions Leader. ROCHE.<\/p>\n<p data-start=\"0\" data-end=\"93\"><strong>10:10 Gu\u00eda de Buenas Pr\u00e1cticas para el Desarrollo de Herramientas de IA Generativa en Salud<br \/>\n<\/strong>Antoni Berenguer, responsable de IA de la Fundaci\u00f3 TIC Salut i Social.<\/p>\n<p data-start=\"429\" data-end=\"513\"><strong data-start=\"429\" data-end=\"456\">10:40 Innovando con IAG<\/strong><br data-start=\"456\" data-end=\"459\" \/>Sr. N\u00e9stor Guerra, cofundador y consultor en NCompany.<\/p>\n<p data-start=\"515\" data-end=\"669\"><strong data-start=\"515\" data-end=\"551\">12:30 Turno abierto de preguntas<\/strong><br data-start=\"551\" data-end=\"554\" \/><strong data-start=\"554\" data-end=\"568\">Moderador:<\/strong><br data-start=\"568\" data-end=\"571\" \/>Sr. Carles Rubies Feijoo, jefe de transformaci\u00f3n digital y CIO del Hospital General de Granollers.<\/p>\n","protected":false},"featured_media":32613,"menu_order":0,"template":"","meta":{"_acf_changed":false,"inline_featured_image":false},"tipus":[],"topic":[],"class_list":["post-32933","event","type-event","status-publish","has-post-thumbnail","hentry"],"acf":{"informacio":{"ubicacio":"Hospital General de Granollers","data":"13\/10\/2025","hora":"10:00 \/ 13:00","preu":"","inscripcions":""},"programa":{"titol":"","items":false},"documents":false},"yoast_head":"<!-- This site is optimized with the Yoast SEO plugin v27.1.1 - https:\/\/yoast.com\/product\/yoast-seo-wordpress\/ -->\n<title>Innovando con Inteligencia Artificial Generativa - Fundaci\u00f3 TIC Salut i Social<\/title>\n<meta name=\"robots\" content=\"index, follow, max-snippet:-1, max-image-preview:large, max-video-preview:-1\" \/>\n<link rel=\"canonical\" href=\"https:\/\/ticsalutsocial.atoom.space\/es\/event\/innovant-amb-intelligencia-artificial-generativa\/\" \/>\n<meta property=\"og:locale\" content=\"es_ES\" \/>\n<meta property=\"og:type\" content=\"article\" \/>\n<meta property=\"og:title\" content=\"Innovando con Inteligencia Artificial Generativa - Fundaci\u00f3 TIC Salut i Social\" \/>\n<meta property=\"og:description\" content=\"PROGRAMA: 10:00 BienvenidaDra. Beatriu Bay\u00e9s, directora gerente del Hospital General de Granollers.Sra. Rita Casas, Regional Healthcare Solutions Leader. ROCHE. 10:10 Gu\u00eda de Buenas Pr\u00e1cticas para el Desarrollo de Herramientas de IA Generativa en Salud Antoni Berenguer, responsable de IA de la Fundaci\u00f3 TIC Salut i Social. 10:40 Innovando con IAGSr. N\u00e9stor Guerra, cofundador y consultor [&hellip;]\" \/>\n<meta property=\"og:url\" content=\"https:\/\/ticsalutsocial.atoom.space\/es\/event\/innovant-amb-intelligencia-artificial-generativa\/\" \/>\n<meta property=\"og:site_name\" content=\"Fundaci\u00f3 TIC Salut i Social\" \/>\n<meta property=\"article:modified_time\" content=\"2025-10-06T07:28:14+00:00\" \/>\n<meta property=\"og:image\" content=\"https:\/\/ticsalutsocial.atoom.space\/wp-content\/uploads\/2025\/06\/16-9-1.png\" \/>\n\t<meta property=\"og:image:width\" content=\"1921\" \/>\n\t<meta property=\"og:image:height\" content=\"1081\" \/>\n\t<meta property=\"og:image:type\" content=\"image\/png\" \/>\n<meta name=\"twitter:card\" content=\"summary_large_image\" \/>\n<meta name=\"twitter:label1\" content=\"Tiempo de lectura\" \/>\n\t<meta name=\"twitter:data1\" content=\"1 minuto\" \/>\n<script type=\"application\/ld+json\" class=\"yoast-schema-graph\">{\"@context\":\"https:\/\/schema.org\",\"@graph\":[{\"@type\":\"WebPage\",\"@id\":\"https:\/\/ticsalutsocial.atoom.space\/es\/event\/innovant-amb-intelligencia-artificial-generativa\/\",\"url\":\"https:\/\/ticsalutsocial.atoom.space\/es\/event\/innovant-amb-intelligencia-artificial-generativa\/\",\"name\":\"Innovando con Inteligencia Artificial Generativa - Fundaci\u00f3 TIC Salut i Social\",\"isPartOf\":{\"@id\":\"https:\/\/ticsalutsocial.atoom.space\/es\/#website\"},\"primaryImageOfPage\":{\"@id\":\"https:\/\/ticsalutsocial.atoom.space\/es\/event\/innovant-amb-intelligencia-artificial-generativa\/#primaryimage\"},\"image\":{\"@id\":\"https:\/\/ticsalutsocial.atoom.space\/es\/event\/innovant-amb-intelligencia-artificial-generativa\/#primaryimage\"},\"thumbnailUrl\":\"https:\/\/ticsalutsocial.atoom.space\/wp-content\/uploads\/2025\/06\/16-9-1.png\",\"datePublished\":\"2025-06-16T07:59:25+00:00\",\"dateModified\":\"2025-10-06T07:28:14+00:00\",\"breadcrumb\":{\"@id\":\"https:\/\/ticsalutsocial.atoom.space\/es\/event\/innovant-amb-intelligencia-artificial-generativa\/#breadcrumb\"},\"inLanguage\":\"es\",\"potentialAction\":[{\"@type\":\"ReadAction\",\"target\":[\"https:\/\/ticsalutsocial.atoom.space\/es\/event\/innovant-amb-intelligencia-artificial-generativa\/\"]}]},{\"@type\":\"ImageObject\",\"inLanguage\":\"es\",\"@id\":\"https:\/\/ticsalutsocial.atoom.space\/es\/event\/innovant-amb-intelligencia-artificial-generativa\/#primaryimage\",\"url\":\"https:\/\/ticsalutsocial.atoom.space\/wp-content\/uploads\/2025\/06\/16-9-1.png\",\"contentUrl\":\"https:\/\/ticsalutsocial.atoom.space\/wp-content\/uploads\/2025\/06\/16-9-1.png\",\"width\":1921,\"height\":1081},{\"@type\":\"BreadcrumbList\",\"@id\":\"https:\/\/ticsalutsocial.atoom.space\/es\/event\/innovant-amb-intelligencia-artificial-generativa\/#breadcrumb\",\"itemListElement\":[{\"@type\":\"ListItem\",\"position\":1,\"name\":\"Inici\",\"item\":\"https:\/\/ticsalutsocial.atoom.space\/es\/\"},{\"@type\":\"ListItem\",\"position\":2,\"name\":\"Innovando con Inteligencia Artificial Generativa\"}]},{\"@type\":\"WebSite\",\"@id\":\"https:\/\/ticsalutsocial.atoom.space\/es\/#website\",\"url\":\"https:\/\/ticsalutsocial.atoom.space\/es\/\",\"name\":\"Fundaci\u00f3 TIC Salut i Social\",\"description\":\"\",\"potentialAction\":[{\"@type\":\"SearchAction\",\"target\":{\"@type\":\"EntryPoint\",\"urlTemplate\":\"https:\/\/ticsalutsocial.atoom.space\/es\/?s={search_term_string}\"},\"query-input\":{\"@type\":\"PropertyValueSpecification\",\"valueRequired\":true,\"valueName\":\"search_term_string\"}}],\"inLanguage\":\"es\"}]}<\/script>\n<!-- \/ Yoast SEO plugin. -->","yoast_head_json":{"title":"Innovando con Inteligencia Artificial Generativa - Fundaci\u00f3 TIC Salut i Social","robots":{"index":"index","follow":"follow","max-snippet":"max-snippet:-1","max-image-preview":"max-image-preview:large","max-video-preview":"max-video-preview:-1"},"canonical":"https:\/\/ticsalutsocial.atoom.space\/es\/event\/innovant-amb-intelligencia-artificial-generativa\/","og_locale":"es_ES","og_type":"article","og_title":"Innovando con Inteligencia Artificial Generativa - Fundaci\u00f3 TIC Salut i Social","og_description":"PROGRAMA: 10:00 BienvenidaDra. Beatriu Bay\u00e9s, directora gerente del Hospital General de Granollers.Sra. Rita Casas, Regional Healthcare Solutions Leader. ROCHE. 10:10 Gu\u00eda de Buenas Pr\u00e1cticas para el Desarrollo de Herramientas de IA Generativa en Salud Antoni Berenguer, responsable de IA de la Fundaci\u00f3 TIC Salut i Social. 10:40 Innovando con IAGSr. N\u00e9stor Guerra, cofundador y consultor [&hellip;]","og_url":"https:\/\/ticsalutsocial.atoom.space\/es\/event\/innovant-amb-intelligencia-artificial-generativa\/","og_site_name":"Fundaci\u00f3 TIC Salut i Social","article_modified_time":"2025-10-06T07:28:14+00:00","og_image":[{"width":1921,"height":1081,"url":"https:\/\/ticsalutsocial.atoom.space\/wp-content\/uploads\/2025\/06\/16-9-1.png","type":"image\/png"}],"twitter_card":"summary_large_image","twitter_misc":{"Tiempo de lectura":"1 minuto"},"schema":{"@context":"https:\/\/schema.org","@graph":[{"@type":"WebPage","@id":"https:\/\/ticsalutsocial.atoom.space\/es\/event\/innovant-amb-intelligencia-artificial-generativa\/","url":"https:\/\/ticsalutsocial.atoom.space\/es\/event\/innovant-amb-intelligencia-artificial-generativa\/","name":"Innovando con Inteligencia Artificial Generativa - Fundaci\u00f3 TIC Salut i Social","isPartOf":{"@id":"https:\/\/ticsalutsocial.atoom.space\/es\/#website"},"primaryImageOfPage":{"@id":"https:\/\/ticsalutsocial.atoom.space\/es\/event\/innovant-amb-intelligencia-artificial-generativa\/#primaryimage"},"image":{"@id":"https:\/\/ticsalutsocial.atoom.space\/es\/event\/innovant-amb-intelligencia-artificial-generativa\/#primaryimage"},"thumbnailUrl":"https:\/\/ticsalutsocial.atoom.space\/wp-content\/uploads\/2025\/06\/16-9-1.png","datePublished":"2025-06-16T07:59:25+00:00","dateModified":"2025-10-06T07:28:14+00:00","breadcrumb":{"@id":"https:\/\/ticsalutsocial.atoom.space\/es\/event\/innovant-amb-intelligencia-artificial-generativa\/#breadcrumb"},"inLanguage":"es","potentialAction":[{"@type":"ReadAction","target":["https:\/\/ticsalutsocial.atoom.space\/es\/event\/innovant-amb-intelligencia-artificial-generativa\/"]}]},{"@type":"ImageObject","inLanguage":"es","@id":"https:\/\/ticsalutsocial.atoom.space\/es\/event\/innovant-amb-intelligencia-artificial-generativa\/#primaryimage","url":"https:\/\/ticsalutsocial.atoom.space\/wp-content\/uploads\/2025\/06\/16-9-1.png","contentUrl":"https:\/\/ticsalutsocial.atoom.space\/wp-content\/uploads\/2025\/06\/16-9-1.png","width":1921,"height":1081},{"@type":"BreadcrumbList","@id":"https:\/\/ticsalutsocial.atoom.space\/es\/event\/innovant-amb-intelligencia-artificial-generativa\/#breadcrumb","itemListElement":[{"@type":"ListItem","position":1,"name":"Inici","item":"https:\/\/ticsalutsocial.atoom.space\/es\/"},{"@type":"ListItem","position":2,"name":"Innovando con Inteligencia Artificial Generativa"}]},{"@type":"WebSite","@id":"https:\/\/ticsalutsocial.atoom.space\/es\/#website","url":"https:\/\/ticsalutsocial.atoom.space\/es\/","name":"Fundaci\u00f3 TIC Salut i Social","description":"","potentialAction":[{"@type":"SearchAction","target":{"@type":"EntryPoint","urlTemplate":"https:\/\/ticsalutsocial.atoom.space\/es\/?s={search_term_string}"},"query-input":{"@type":"PropertyValueSpecification","valueRequired":true,"valueName":"search_term_string"}}],"inLanguage":"es"}]}},"_links":{"self":[{"href":"https:\/\/ticsalutsocial.atoom.space\/es\/wp-json\/wp\/v2\/event\/32933","targetHints":{"allow":["GET"]}}],"collection":[{"href":"https:\/\/ticsalutsocial.atoom.space\/es\/wp-json\/wp\/v2\/event"}],"about":[{"href":"https:\/\/ticsalutsocial.atoom.space\/es\/wp-json\/wp\/v2\/types\/event"}],"wp:featuredmedia":[{"embeddable":true,"href":"https:\/\/ticsalutsocial.atoom.space\/es\/wp-json\/wp\/v2\/media\/32613"}],"wp:attachment":[{"href":"https:\/\/ticsalutsocial.atoom.space\/es\/wp-json\/wp\/v2\/media?parent=32933"}],"wp:term":[{"taxonomy":"tipus","embeddable":true,"href":"https:\/\/ticsalutsocial.atoom.space\/es\/wp-json\/wp\/v2\/tipus?post=32933"},{"taxonomy":"topic","embeddable":true,"href":"https:\/\/ticsalutsocial.atoom.space\/es\/wp-json\/wp\/v2\/topic?post=32933"}],"curies":[{"name":"wp","href":"https:\/\/api.w.org\/{rel}","templated":true}]}}

<p data-start="81" data-end="94"><strong data-start="81" data-end="94">PROGRAMA:</strong></p>
<p data-start="96" data-end="256"><strong data-start="96" data-end="116">10:00 Bienvenida</strong><br data-start="116" data-end="119" />Dra. Beatriu Bayés, directora gerente del Hospital General de Granollers.<br data-start="192" data-end="195" />Sra. Rita Casas, Regional Healthcare Solutions Leader. ROCHE.</p>
<p data-start="0" data-end="93"><strong>10:10 Guía de Buenas Prácticas para el Desarrollo de Herramientas de IA Generativa en Salud<br />
</strong>Antoni Berenguer, responsable de IA de la Fundació TIC Salut i Social.</p>
<p data-start="429" data-end="513"><strong data-start="429" data-end="456">10:40 Innovando con IAG</strong><br data-start="456" data-end="459" />Sr. Néstor Guerra, cofundador y consultor en NCompany.</p>
<p data-start="515" data-end="669"><strong data-start="515" data-end="551">12:30 Turno abierto de preguntas</strong><br data-start="551" data-end="554" /><strong data-start="554" data-end="568">Moderador:</strong><br data-start="568" data-end="571" />Sr. Carles Rubies Feijoo, jefe de transformación digital y CIO del Hospital General de Granollers.</p>

<!-- This site is optimized with the Yoast SEO plugin v27.1.1 - https://yoast.com/product/yoast-seo-wordpress/ -->
<title>Innovando con Inteligencia Artificial Generativa - Fundació TIC Salut i Social</title>
<meta name="robots" content="index, follow, max-snippet:-1, max-image-preview:large, max-video-preview:-1" />
<link rel="canonical" href="https://ticsalutsocial.atoom.space/es/event/innovant-amb-intelligencia-artificial-generativa/" />
<meta property="og:locale" content="es_ES" />
<meta property="og:type" content="article" />
<meta property="og:title" content="Innovando con Inteligencia Artificial Generativa - Fundació TIC Salut i Social" />
<meta property="og:description" content="PROGRAMA: 10:00 BienvenidaDra. Beatriu Bayés, directora gerente del Hospital General de Granollers.Sra. Rita Casas, Regional Healthcare Solutions Leader. ROCHE. 10:10 Guía de Buenas Prácticas para el Desarrollo de Herramientas de IA Generativa en Salud Antoni Berenguer, responsable de IA de la Fundació TIC Salut i Social. 10:40 Innovando con IAGSr. Néstor Guerra, cofundador y consultor [&hellip;]" />
<meta property="og:url" content="https://ticsalutsocial.atoom.space/es/event/innovant-amb-intelligencia-artificial-generativa/" />
<meta property="og:site_name" content="Fundació TIC Salut i Social" />
<meta property="article:modified_time" content="2025-10-06T07:28:14+00:00" />
<meta property="og:image" content="https://ticsalutsocial.atoom.space/wp-content/uploads/2025/06/16-9-1.png" />
	<meta property="og:image:width" content="1921" />
	<meta property="og:image:height" content="1081" />
	<meta property="og:image:type" content="image/png" />
<meta name="twitter:card" content="summary_large_image" />
<meta name="twitter:label1" content="Tiempo de lectura" />
	<meta name="twitter:data1" content="1 minuto" />
<script type="application/ld+json" class="yoast-schema-graph">{"@context":"https://schema.org","@graph":[{"@type":"WebPage","@id":"https://ticsalutsocial.atoom.space/es/event/innovant-amb-intelligencia-artificial-generativa/","url":"https://ticsalutsocial.atoom.space/es/event/innovant-amb-intelligencia-artificial-generativa/","name":"Innovando con Inteligencia Artificial Generativa - Fundació TIC Salut i Social","isPartOf":{"@id":"https://ticsalutsocial.atoom.space/es/#website"},"primaryImageOfPage":{"@id":"https://ticsalutsocial.atoom.space/es/event/innovant-amb-intelligencia-artificial-generativa/#primaryimage"},"image":{"@id":"https://ticsalutsocial.atoom.space/es/event/innovant-amb-intelligencia-artificial-generativa/#primaryimage"},"thumbnailUrl":"https://ticsalutsocial.atoom.space/wp-content/uploads/2025/06/16-9-1.png","datePublished":"2025-06-16T07:59:25+00:00","dateModified":"2025-10-06T07:28:14+00:00","breadcrumb":{"@id":"https://ticsalutsocial.atoom.space/es/event/innovant-amb-intelligencia-artificial-generativa/#breadcrumb"},"inLanguage":"es","potentialAction":[{"@type":"ReadAction","target":["https://ticsalutsocial.atoom.space/es/event/innovant-amb-intelligencia-artificial-generativa/"]}]},{"@type":"ImageObject","inLanguage":"es","@id":"https://ticsalutsocial.atoom.space/es/event/innovant-amb-intelligencia-artificial-generativa/#primaryimage","url":"https://ticsalutsocial.atoom.space/wp-content/uploads/2025/06/16-9-1.png","contentUrl":"https://ticsalutsocial.atoom.space/wp-content/uploads/2025/06/16-9-1.png","width":1921,"height":1081},{"@type":"BreadcrumbList","@id":"https://ticsalutsocial.atoom.space/es/event/innovant-amb-intelligencia-artificial-generativa/#breadcrumb","itemListElement":[{"@type":"ListItem","position":1,"name":"Inici","item":"https://ticsalutsocial.atoom.space/es/"},{"@type":"ListItem","position":2,"name":"Innovando con Inteligencia Artificial Generativa"}]},{"@type":"WebSite","@id":"https://ticsalutsocial.atoom.space/es/#website","url":"https://ticsalutsocial.atoom.space/es/","name":"Fundació TIC Salut i Social","description":"","potentialAction":[{"@type":"SearchAction","target":{"@type":"EntryPoint","urlTemplate":"https://ticsalutsocial.atoom.space/es/?s={search_term_string}"},"query-input":{"@type":"PropertyValueSpecification","valueRequired":true,"valueName":"search_term_string"}}],"inLanguage":"es"}]}</script>
<!-- / Yoast SEO plugin. -->

Innovando con Inteligencia Artificial Generativa - Fundació TIC Salut i Social

PROGRAMA: 10:00 BienvenidaDra. Beatriu Bayés, directora gerente del Hospital General de Granollers.Sra. Rita Casas, Regional Healthcare Solutions Leader. ROCHE. 10:10 Guía de Buenas Prácticas para el Desarrollo de Herramientas de IA Generativa en Salud Antoni Berenguer, responsable de IA de la Fundació TIC Salut i Social. 10:40 Innovando con IAGSr. Néstor Guerra, cofundador y consultor [&hellip;]

Fundació TIC Salut i Social
