
{"id":33019,"date":"2025-07-04T11:34:14","date_gmt":"2025-07-04T09:34:14","guid":{"rendered":"https:\/\/ticsalutsocial.atoom.space\/event\/ii-mental-health-investment-forum\/"},"modified":"2025-07-04T11:40:54","modified_gmt":"2025-07-04T09:40:54","slug":"ii-mental-health-investment-forum","status":"publish","type":"event","link":"https:\/\/ticsalutsocial.atoom.space\/es\/event\/ii-mental-health-investment-forum\/","title":{"rendered":"II Mental Health Investment Forum"},"content":{"rendered":"<p><span data-olk-copy-source=\"MessageBody\"><a href=\"https:\/\/tecsam.org\/activities\/investment-forum-2025\/\" target=\"_blank\" rel=\"noopener\">F\u00f2rum de inversi\u00f3n especializado en salud mental<\/a> del territorio catal\u00e1n y espa\u00f1ol organizado por <a href=\"https:\/\/tecsam.org\/es\/\" target=\"_blank\" rel=\"noopener\"><em>Xarxa TECSAM<\/em><\/a>. <\/span><\/p>\n<p><span data-olk-copy-source=\"MessageBody\">El lugar de encuentro para inversores nacionales e internacionaels, business angels y venture capitals alrededor de startups, spin-offs y equipos de investigaci\u00f3n innovadores del entorno de la salud mental.<\/span><\/p>\n<p>El evento se estructura en una primera parte de pitchings para empresas. Las startups pueden aplicar para participar <a id=\"OWA418dca2d-4286-ccbc-248e-127bed66e515\" title=\"https:\/\/docs.google.com\/forms\/d\/e\/1FAIpQLSfQupLD8rLNSNsaQbFx-ZEOLzWlRIzdGO9qOVfTwMIXvAQL2Q\/viewform\" href=\"https:\/\/docs.google.com\/forms\/d\/e\/1FAIpQLSfQupLD8rLNSNsaQbFx-ZEOLzWlRIzdGO9qOVfTwMIXvAQL2Q\/viewform\" target=\"_blank\" rel=\"noopener noreferrer\" data-auth=\"NotApplicable\" data-linkindex=\"4\">aqu\u00ed.<\/a><\/p>\n<p>La segunda paret est\u00e1 desdicada a networking y showroom de projectos innovadores <span data-olk-copy-source=\"MessageBody\">en salud mental desenvolupats para miembros de la <em>Xarxa TECSAM<\/em>.\u00a0<\/span><\/p>\n","protected":false},"featured_media":0,"menu_order":0,"template":"","meta":{"_acf_changed":false,"inline_featured_image":false},"tipus":[],"topic":[117],"class_list":["post-33019","event","type-event","status-publish","hentry","topic-jornadas"],"acf":{"informacio":{"ubicacio":"Auditori UPF-BSM (C\/Balmes, 132-134, Barcelona)","data":"03\/11\/2025","hora":"","preu":"Gratuito previa inscripci\u00f3n","inscripcions":"https:\/\/docs.google.com\/forms\/d\/e\/1FAIpQLSdki008Q_Q9TRYC3V3by4fWP1tkvVGut2WWIXvNzp2tnFgWcw\/viewform"},"programa":{"titol":"","items":false},"documents":false},"yoast_head":"<!-- This site is optimized with the Yoast SEO plugin v27.1.1 - https:\/\/yoast.com\/product\/yoast-seo-wordpress\/ -->\n<title>II Mental Health Investment Forum - Fundaci\u00f3 TIC Salut i Social<\/title>\n<meta name=\"robots\" content=\"index, follow, max-snippet:-1, max-image-preview:large, max-video-preview:-1\" \/>\n<link rel=\"canonical\" href=\"https:\/\/ticsalutsocial.atoom.space\/es\/event\/ii-mental-health-investment-forum\/\" \/>\n<meta property=\"og:locale\" content=\"es_ES\" \/>\n<meta property=\"og:type\" content=\"article\" \/>\n<meta property=\"og:title\" content=\"II Mental Health Investment Forum - Fundaci\u00f3 TIC Salut i Social\" \/>\n<meta property=\"og:description\" content=\"F\u00f2rum de inversi\u00f3n especializado en salud mental del territorio catal\u00e1n y espa\u00f1ol organizado por Xarxa TECSAM. El lugar de encuentro para inversores nacionales e internacionaels, business angels y venture capitals alrededor de startups, spin-offs y equipos de investigaci\u00f3n innovadores del entorno de la salud mental. El evento se estructura en una primera parte de pitchings [&hellip;]\" \/>\n<meta property=\"og:url\" content=\"https:\/\/ticsalutsocial.atoom.space\/es\/event\/ii-mental-health-investment-forum\/\" \/>\n<meta property=\"og:site_name\" content=\"Fundaci\u00f3 TIC Salut i Social\" \/>\n<meta property=\"article:modified_time\" content=\"2025-07-04T09:40:54+00:00\" \/>\n<meta name=\"twitter:card\" content=\"summary_large_image\" \/>\n<meta name=\"twitter:label1\" content=\"Tiempo de lectura\" \/>\n\t<meta name=\"twitter:data1\" content=\"1 minuto\" \/>\n<script type=\"application\/ld+json\" class=\"yoast-schema-graph\">{\"@context\":\"https:\/\/schema.org\",\"@graph\":[{\"@type\":\"WebPage\",\"@id\":\"https:\/\/ticsalutsocial.atoom.space\/es\/event\/ii-mental-health-investment-forum\/\",\"url\":\"https:\/\/ticsalutsocial.atoom.space\/es\/event\/ii-mental-health-investment-forum\/\",\"name\":\"II Mental Health Investment Forum - Fundaci\u00f3 TIC Salut i Social\",\"isPartOf\":{\"@id\":\"https:\/\/ticsalutsocial.atoom.space\/es\/#website\"},\"datePublished\":\"2025-07-04T09:34:14+00:00\",\"dateModified\":\"2025-07-04T09:40:54+00:00\",\"breadcrumb\":{\"@id\":\"https:\/\/ticsalutsocial.atoom.space\/es\/event\/ii-mental-health-investment-forum\/#breadcrumb\"},\"inLanguage\":\"es\",\"potentialAction\":[{\"@type\":\"ReadAction\",\"target\":[\"https:\/\/ticsalutsocial.atoom.space\/es\/event\/ii-mental-health-investment-forum\/\"]}]},{\"@type\":\"BreadcrumbList\",\"@id\":\"https:\/\/ticsalutsocial.atoom.space\/es\/event\/ii-mental-health-investment-forum\/#breadcrumb\",\"itemListElement\":[{\"@type\":\"ListItem\",\"position\":1,\"name\":\"Inici\",\"item\":\"https:\/\/ticsalutsocial.atoom.space\/es\/\"},{\"@type\":\"ListItem\",\"position\":2,\"name\":\"II Mental Health Investment Forum\"}]},{\"@type\":\"WebSite\",\"@id\":\"https:\/\/ticsalutsocial.atoom.space\/es\/#website\",\"url\":\"https:\/\/ticsalutsocial.atoom.space\/es\/\",\"name\":\"Fundaci\u00f3 TIC Salut i Social\",\"description\":\"\",\"potentialAction\":[{\"@type\":\"SearchAction\",\"target\":{\"@type\":\"EntryPoint\",\"urlTemplate\":\"https:\/\/ticsalutsocial.atoom.space\/es\/?s={search_term_string}\"},\"query-input\":{\"@type\":\"PropertyValueSpecification\",\"valueRequired\":true,\"valueName\":\"search_term_string\"}}],\"inLanguage\":\"es\"}]}<\/script>\n<!-- \/ Yoast SEO plugin. -->","yoast_head_json":{"title":"II Mental Health Investment Forum - Fundaci\u00f3 TIC Salut i Social","robots":{"index":"index","follow":"follow","max-snippet":"max-snippet:-1","max-image-preview":"max-image-preview:large","max-video-preview":"max-video-preview:-1"},"canonical":"https:\/\/ticsalutsocial.atoom.space\/es\/event\/ii-mental-health-investment-forum\/","og_locale":"es_ES","og_type":"article","og_title":"II Mental Health Investment Forum - Fundaci\u00f3 TIC Salut i Social","og_description":"F\u00f2rum de inversi\u00f3n especializado en salud mental del territorio catal\u00e1n y espa\u00f1ol organizado por Xarxa TECSAM. El lugar de encuentro para inversores nacionales e internacionaels, business angels y venture capitals alrededor de startups, spin-offs y equipos de investigaci\u00f3n innovadores del entorno de la salud mental. El evento se estructura en una primera parte de pitchings [&hellip;]","og_url":"https:\/\/ticsalutsocial.atoom.space\/es\/event\/ii-mental-health-investment-forum\/","og_site_name":"Fundaci\u00f3 TIC Salut i Social","article_modified_time":"2025-07-04T09:40:54+00:00","twitter_card":"summary_large_image","twitter_misc":{"Tiempo de lectura":"1 minuto"},"schema":{"@context":"https:\/\/schema.org","@graph":[{"@type":"WebPage","@id":"https:\/\/ticsalutsocial.atoom.space\/es\/event\/ii-mental-health-investment-forum\/","url":"https:\/\/ticsalutsocial.atoom.space\/es\/event\/ii-mental-health-investment-forum\/","name":"II Mental Health Investment Forum - Fundaci\u00f3 TIC Salut i Social","isPartOf":{"@id":"https:\/\/ticsalutsocial.atoom.space\/es\/#website"},"datePublished":"2025-07-04T09:34:14+00:00","dateModified":"2025-07-04T09:40:54+00:00","breadcrumb":{"@id":"https:\/\/ticsalutsocial.atoom.space\/es\/event\/ii-mental-health-investment-forum\/#breadcrumb"},"inLanguage":"es","potentialAction":[{"@type":"ReadAction","target":["https:\/\/ticsalutsocial.atoom.space\/es\/event\/ii-mental-health-investment-forum\/"]}]},{"@type":"BreadcrumbList","@id":"https:\/\/ticsalutsocial.atoom.space\/es\/event\/ii-mental-health-investment-forum\/#breadcrumb","itemListElement":[{"@type":"ListItem","position":1,"name":"Inici","item":"https:\/\/ticsalutsocial.atoom.space\/es\/"},{"@type":"ListItem","position":2,"name":"II Mental Health Investment Forum"}]},{"@type":"WebSite","@id":"https:\/\/ticsalutsocial.atoom.space\/es\/#website","url":"https:\/\/ticsalutsocial.atoom.space\/es\/","name":"Fundaci\u00f3 TIC Salut i Social","description":"","potentialAction":[{"@type":"SearchAction","target":{"@type":"EntryPoint","urlTemplate":"https:\/\/ticsalutsocial.atoom.space\/es\/?s={search_term_string}"},"query-input":{"@type":"PropertyValueSpecification","valueRequired":true,"valueName":"search_term_string"}}],"inLanguage":"es"}]}},"_links":{"self":[{"href":"https:\/\/ticsalutsocial.atoom.space\/es\/wp-json\/wp\/v2\/event\/33019","targetHints":{"allow":["GET"]}}],"collection":[{"href":"https:\/\/ticsalutsocial.atoom.space\/es\/wp-json\/wp\/v2\/event"}],"about":[{"href":"https:\/\/ticsalutsocial.atoom.space\/es\/wp-json\/wp\/v2\/types\/event"}],"wp:attachment":[{"href":"https:\/\/ticsalutsocial.atoom.space\/es\/wp-json\/wp\/v2\/media?parent=33019"}],"wp:term":[{"taxonomy":"tipus","embeddable":true,"href":"https:\/\/ticsalutsocial.atoom.space\/es\/wp-json\/wp\/v2\/tipus?post=33019"},{"taxonomy":"topic","embeddable":true,"href":"https:\/\/ticsalutsocial.atoom.space\/es\/wp-json\/wp\/v2\/topic?post=33019"}],"curies":[{"name":"wp","href":"https:\/\/api.w.org\/{rel}","templated":true}]}}

<p><span data-olk-copy-source="MessageBody"><a href="https://tecsam.org/activities/investment-forum-2025/" target="_blank" rel="noopener">Fòrum de inversión especializado en salud mental</a> del territorio catalán y español organizado por <a href="https://tecsam.org/es/" target="_blank" rel="noopener"><em>Xarxa TECSAM</em></a>. </span></p>
<p><span data-olk-copy-source="MessageBody">El lugar de encuentro para inversores nacionales e internacionaels, business angels y venture capitals alrededor de startups, spin-offs y equipos de investigación innovadores del entorno de la salud mental.</span></p>
<p>El evento se estructura en una primera parte de pitchings para empresas. Las startups pueden aplicar para participar <a id="OWA418dca2d-4286-ccbc-248e-127bed66e515" title="https://docs.google.com/forms/d/e/1FAIpQLSfQupLD8rLNSNsaQbFx-ZEOLzWlRIzdGO9qOVfTwMIXvAQL2Q/viewform" href="https://docs.google.com/forms/d/e/1FAIpQLSfQupLD8rLNSNsaQbFx-ZEOLzWlRIzdGO9qOVfTwMIXvAQL2Q/viewform" target="_blank" rel="noopener noreferrer" data-auth="NotApplicable" data-linkindex="4">aquí.</a></p>
<p>La segunda paret está desdicada a networking y showroom de projectos innovadores <span data-olk-copy-source="MessageBody">en salud mental desenvolupats para miembros de la <em>Xarxa TECSAM</em>. </span></p>

Gratuito previa inscripción

<!-- This site is optimized with the Yoast SEO plugin v27.1.1 - https://yoast.com/product/yoast-seo-wordpress/ -->
<title>II Mental Health Investment Forum - Fundació TIC Salut i Social</title>
<meta name="robots" content="index, follow, max-snippet:-1, max-image-preview:large, max-video-preview:-1" />
<link rel="canonical" href="https://ticsalutsocial.atoom.space/es/event/ii-mental-health-investment-forum/" />
<meta property="og:locale" content="es_ES" />
<meta property="og:type" content="article" />
<meta property="og:title" content="II Mental Health Investment Forum - Fundació TIC Salut i Social" />
<meta property="og:description" content="Fòrum de inversión especializado en salud mental del territorio catalán y español organizado por Xarxa TECSAM. El lugar de encuentro para inversores nacionales e internacionaels, business angels y venture capitals alrededor de startups, spin-offs y equipos de investigación innovadores del entorno de la salud mental. El evento se estructura en una primera parte de pitchings [&hellip;]" />
<meta property="og:url" content="https://ticsalutsocial.atoom.space/es/event/ii-mental-health-investment-forum/" />
<meta property="og:site_name" content="Fundació TIC Salut i Social" />
<meta property="article:modified_time" content="2025-07-04T09:40:54+00:00" />
<meta name="twitter:card" content="summary_large_image" />
<meta name="twitter:label1" content="Tiempo de lectura" />
	<meta name="twitter:data1" content="1 minuto" />
<script type="application/ld+json" class="yoast-schema-graph">{"@context":"https://schema.org","@graph":[{"@type":"WebPage","@id":"https://ticsalutsocial.atoom.space/es/event/ii-mental-health-investment-forum/","url":"https://ticsalutsocial.atoom.space/es/event/ii-mental-health-investment-forum/","name":"II Mental Health Investment Forum - Fundació TIC Salut i Social","isPartOf":{"@id":"https://ticsalutsocial.atoom.space/es/#website"},"datePublished":"2025-07-04T09:34:14+00:00","dateModified":"2025-07-04T09:40:54+00:00","breadcrumb":{"@id":"https://ticsalutsocial.atoom.space/es/event/ii-mental-health-investment-forum/#breadcrumb"},"inLanguage":"es","potentialAction":[{"@type":"ReadAction","target":["https://ticsalutsocial.atoom.space/es/event/ii-mental-health-investment-forum/"]}]},{"@type":"BreadcrumbList","@id":"https://ticsalutsocial.atoom.space/es/event/ii-mental-health-investment-forum/#breadcrumb","itemListElement":[{"@type":"ListItem","position":1,"name":"Inici","item":"https://ticsalutsocial.atoom.space/es/"},{"@type":"ListItem","position":2,"name":"II Mental Health Investment Forum"}]},{"@type":"WebSite","@id":"https://ticsalutsocial.atoom.space/es/#website","url":"https://ticsalutsocial.atoom.space/es/","name":"Fundació TIC Salut i Social","description":"","potentialAction":[{"@type":"SearchAction","target":{"@type":"EntryPoint","urlTemplate":"https://ticsalutsocial.atoom.space/es/?s={search_term_string}"},"query-input":{"@type":"PropertyValueSpecification","valueRequired":true,"valueName":"search_term_string"}}],"inLanguage":"es"}]}</script>
<!-- / Yoast SEO plugin. -->

II Mental Health Investment Forum - Fundació TIC Salut i Social

Fòrum de inversión especializado en salud mental del territorio catalán y español organizado por Xarxa TECSAM. El lugar de encuentro para inversores nacionales e internacionaels, business angels y venture capitals alrededor de startups, spin-offs y equipos de investigación innovadores del entorno de la salud mental. El evento se estructura en una primera parte de pitchings [&hellip;]

Fundació TIC Salut i Social
