
{"id":33067,"date":"2025-07-08T12:57:53","date_gmt":"2025-07-08T10:57:53","guid":{"rendered":"https:\/\/ticsalutsocial.atoom.space\/?post_type=event&#038;p=33067"},"modified":"2025-07-08T17:43:34","modified_gmt":"2025-07-08T15:43:34","slug":"3a-jornada-sumamos-datos-multiplicamos-conocimiento","status":"publish","type":"event","link":"https:\/\/ticsalutsocial.atoom.space\/es\/event\/3a-jornada-sumamos-datos-multiplicamos-conocimiento\/","title":{"rendered":"3a Jornada Sumamos datos, multiplicamos conocimiento"},"content":{"rendered":"\n<p>El viaje de los datos: El reto europeo desde el Hospital Valle de Hebron.<\/p>\n\n\n\n<p>La jornada se centra en el Espacio Europeo de Datos Sanitarios (EHDS), una iniciativa clave de la Uni\u00f3n Europea para facilitar el uso seguro, \u00e9tico e interoperable de los datos de salud en toda Europa. Para entender mejor c\u00f3mo podemos prepararnos, hemos organizado un\u00a0<em>role play<\/em>\u00a0para simular un entorno en el que se podr\u00edan solicitar, gobernar y utilizar los datos en el marco del nuevo modelo europeo, como si ya estuviera en funcionamiento, con la participaci\u00f3n de diferentes actores. De este modo, podremos anticipar los desaf\u00edos, identificar soluciones y preparar el camino para la implementaci\u00f3n del EHDS en todo el ecosistema. Ven a conocer los aprendizajes del viaje del usuario al EHDS durante la jornada.<\/p>\n\n\n\n<p>Consulta el programa <a href=\"https:\/\/www.vallhebron.com\/sites\/default\/files\/2025-04\/Programa-digital-sumat-dades-25.pdf\">AQU\u00cd<\/a><\/p>\n","protected":false},"featured_media":0,"menu_order":0,"template":"","meta":{"_acf_changed":true,"inline_featured_image":false},"tipus":[],"topic":[],"class_list":["post-33067","event","type-event","status-publish","hentry"],"acf":{"informacio":{"ubicacio":"Sala d\u2019actes de la planta 10 de l\u2019Hospital General","data":"09\/07\/2025","hora":"De 09:00h a 15:30h","preu":"","inscripcions":"https:\/\/www.eventbrite.es\/e\/entradas-3a-jornada-sumem-dades-multipliquem-coneixement-1409947544059?aff=oddtdtcreator&_gl=1%2A1xfweis%2A_up%2AMQ..%2A_ga%2AMzc2NzcyNzU4LjE3NTEwMTQzNTE.%2A_ga_TQVES5V6SH%2AczE3NTEwMTQzNTEkbzEkZzAkdDE3NTEwMTQzNTEkajYwJGwwJGgw"},"programa":{"titol":"","items":false},"documents":false},"yoast_head":"<!-- This site is optimized with the Yoast SEO plugin v27.1.1 - https:\/\/yoast.com\/product\/yoast-seo-wordpress\/ -->\n<title>3a Jornada Sumamos datos, multiplicamos conocimiento - Fundaci\u00f3 TIC Salut i Social<\/title>\n<meta name=\"robots\" content=\"index, follow, max-snippet:-1, max-image-preview:large, max-video-preview:-1\" \/>\n<link rel=\"canonical\" href=\"https:\/\/ticsalutsocial.atoom.space\/es\/event\/3a-jornada-sumamos-datos-multiplicamos-conocimiento\/\" \/>\n<meta property=\"og:locale\" content=\"es_ES\" \/>\n<meta property=\"og:type\" content=\"article\" \/>\n<meta property=\"og:title\" content=\"3a Jornada Sumamos datos, multiplicamos conocimiento - Fundaci\u00f3 TIC Salut i Social\" \/>\n<meta property=\"og:description\" content=\"El viaje de los datos: El reto europeo desde el Hospital Valle de Hebron. La jornada se centra en el Espacio Europeo de Datos Sanitarios (EHDS), una iniciativa clave de la Uni\u00f3n Europea para facilitar el uso seguro, \u00e9tico e interoperable de los datos de salud en toda Europa. Para entender mejor c\u00f3mo podemos prepararnos, [&hellip;]\" \/>\n<meta property=\"og:url\" content=\"https:\/\/ticsalutsocial.atoom.space\/es\/event\/3a-jornada-sumamos-datos-multiplicamos-conocimiento\/\" \/>\n<meta property=\"og:site_name\" content=\"Fundaci\u00f3 TIC Salut i Social\" \/>\n<meta property=\"article:modified_time\" content=\"2025-07-08T15:43:34+00:00\" \/>\n<meta name=\"twitter:card\" content=\"summary_large_image\" \/>\n<meta name=\"twitter:label1\" content=\"Tiempo de lectura\" \/>\n\t<meta name=\"twitter:data1\" content=\"1 minuto\" \/>\n<script type=\"application\/ld+json\" class=\"yoast-schema-graph\">{\"@context\":\"https:\/\/schema.org\",\"@graph\":[{\"@type\":\"WebPage\",\"@id\":\"https:\/\/ticsalutsocial.atoom.space\/es\/event\/3a-jornada-sumamos-datos-multiplicamos-conocimiento\/\",\"url\":\"https:\/\/ticsalutsocial.atoom.space\/es\/event\/3a-jornada-sumamos-datos-multiplicamos-conocimiento\/\",\"name\":\"3a Jornada Sumamos datos, multiplicamos conocimiento - Fundaci\u00f3 TIC Salut i Social\",\"isPartOf\":{\"@id\":\"https:\/\/ticsalutsocial.atoom.space\/es\/#website\"},\"datePublished\":\"2025-07-08T10:57:53+00:00\",\"dateModified\":\"2025-07-08T15:43:34+00:00\",\"breadcrumb\":{\"@id\":\"https:\/\/ticsalutsocial.atoom.space\/es\/event\/3a-jornada-sumamos-datos-multiplicamos-conocimiento\/#breadcrumb\"},\"inLanguage\":\"es\",\"potentialAction\":[{\"@type\":\"ReadAction\",\"target\":[\"https:\/\/ticsalutsocial.atoom.space\/es\/event\/3a-jornada-sumamos-datos-multiplicamos-conocimiento\/\"]}]},{\"@type\":\"BreadcrumbList\",\"@id\":\"https:\/\/ticsalutsocial.atoom.space\/es\/event\/3a-jornada-sumamos-datos-multiplicamos-conocimiento\/#breadcrumb\",\"itemListElement\":[{\"@type\":\"ListItem\",\"position\":1,\"name\":\"Inici\",\"item\":\"https:\/\/ticsalutsocial.atoom.space\/es\/\"},{\"@type\":\"ListItem\",\"position\":2,\"name\":\"3a Jornada Sumamos datos, multiplicamos conocimiento\"}]},{\"@type\":\"WebSite\",\"@id\":\"https:\/\/ticsalutsocial.atoom.space\/es\/#website\",\"url\":\"https:\/\/ticsalutsocial.atoom.space\/es\/\",\"name\":\"Fundaci\u00f3 TIC Salut i Social\",\"description\":\"\",\"potentialAction\":[{\"@type\":\"SearchAction\",\"target\":{\"@type\":\"EntryPoint\",\"urlTemplate\":\"https:\/\/ticsalutsocial.atoom.space\/es\/?s={search_term_string}\"},\"query-input\":{\"@type\":\"PropertyValueSpecification\",\"valueRequired\":true,\"valueName\":\"search_term_string\"}}],\"inLanguage\":\"es\"}]}<\/script>\n<!-- \/ Yoast SEO plugin. -->","yoast_head_json":{"title":"3a Jornada Sumamos datos, multiplicamos conocimiento - Fundaci\u00f3 TIC Salut i Social","robots":{"index":"index","follow":"follow","max-snippet":"max-snippet:-1","max-image-preview":"max-image-preview:large","max-video-preview":"max-video-preview:-1"},"canonical":"https:\/\/ticsalutsocial.atoom.space\/es\/event\/3a-jornada-sumamos-datos-multiplicamos-conocimiento\/","og_locale":"es_ES","og_type":"article","og_title":"3a Jornada Sumamos datos, multiplicamos conocimiento - Fundaci\u00f3 TIC Salut i Social","og_description":"El viaje de los datos: El reto europeo desde el Hospital Valle de Hebron. La jornada se centra en el Espacio Europeo de Datos Sanitarios (EHDS), una iniciativa clave de la Uni\u00f3n Europea para facilitar el uso seguro, \u00e9tico e interoperable de los datos de salud en toda Europa. Para entender mejor c\u00f3mo podemos prepararnos, [&hellip;]","og_url":"https:\/\/ticsalutsocial.atoom.space\/es\/event\/3a-jornada-sumamos-datos-multiplicamos-conocimiento\/","og_site_name":"Fundaci\u00f3 TIC Salut i Social","article_modified_time":"2025-07-08T15:43:34+00:00","twitter_card":"summary_large_image","twitter_misc":{"Tiempo de lectura":"1 minuto"},"schema":{"@context":"https:\/\/schema.org","@graph":[{"@type":"WebPage","@id":"https:\/\/ticsalutsocial.atoom.space\/es\/event\/3a-jornada-sumamos-datos-multiplicamos-conocimiento\/","url":"https:\/\/ticsalutsocial.atoom.space\/es\/event\/3a-jornada-sumamos-datos-multiplicamos-conocimiento\/","name":"3a Jornada Sumamos datos, multiplicamos conocimiento - Fundaci\u00f3 TIC Salut i Social","isPartOf":{"@id":"https:\/\/ticsalutsocial.atoom.space\/es\/#website"},"datePublished":"2025-07-08T10:57:53+00:00","dateModified":"2025-07-08T15:43:34+00:00","breadcrumb":{"@id":"https:\/\/ticsalutsocial.atoom.space\/es\/event\/3a-jornada-sumamos-datos-multiplicamos-conocimiento\/#breadcrumb"},"inLanguage":"es","potentialAction":[{"@type":"ReadAction","target":["https:\/\/ticsalutsocial.atoom.space\/es\/event\/3a-jornada-sumamos-datos-multiplicamos-conocimiento\/"]}]},{"@type":"BreadcrumbList","@id":"https:\/\/ticsalutsocial.atoom.space\/es\/event\/3a-jornada-sumamos-datos-multiplicamos-conocimiento\/#breadcrumb","itemListElement":[{"@type":"ListItem","position":1,"name":"Inici","item":"https:\/\/ticsalutsocial.atoom.space\/es\/"},{"@type":"ListItem","position":2,"name":"3a Jornada Sumamos datos, multiplicamos conocimiento"}]},{"@type":"WebSite","@id":"https:\/\/ticsalutsocial.atoom.space\/es\/#website","url":"https:\/\/ticsalutsocial.atoom.space\/es\/","name":"Fundaci\u00f3 TIC Salut i Social","description":"","potentialAction":[{"@type":"SearchAction","target":{"@type":"EntryPoint","urlTemplate":"https:\/\/ticsalutsocial.atoom.space\/es\/?s={search_term_string}"},"query-input":{"@type":"PropertyValueSpecification","valueRequired":true,"valueName":"search_term_string"}}],"inLanguage":"es"}]}},"_links":{"self":[{"href":"https:\/\/ticsalutsocial.atoom.space\/es\/wp-json\/wp\/v2\/event\/33067","targetHints":{"allow":["GET"]}}],"collection":[{"href":"https:\/\/ticsalutsocial.atoom.space\/es\/wp-json\/wp\/v2\/event"}],"about":[{"href":"https:\/\/ticsalutsocial.atoom.space\/es\/wp-json\/wp\/v2\/types\/event"}],"wp:attachment":[{"href":"https:\/\/ticsalutsocial.atoom.space\/es\/wp-json\/wp\/v2\/media?parent=33067"}],"wp:term":[{"taxonomy":"tipus","embeddable":true,"href":"https:\/\/ticsalutsocial.atoom.space\/es\/wp-json\/wp\/v2\/tipus?post=33067"},{"taxonomy":"topic","embeddable":true,"href":"https:\/\/ticsalutsocial.atoom.space\/es\/wp-json\/wp\/v2\/topic?post=33067"}],"curies":[{"name":"wp","href":"https:\/\/api.w.org\/{rel}","templated":true}]}}

<p>El viaje de los datos: El reto europeo desde el Hospital Valle de Hebron.</p>



<p>La jornada se centra en el Espacio Europeo de Datos Sanitarios (EHDS), una iniciativa clave de la Unión Europea para facilitar el uso seguro, ético e interoperable de los datos de salud en toda Europa. Para entender mejor cómo podemos prepararnos, hemos organizado un <em>role play</em> para simular un entorno en el que se podrían solicitar, gobernar y utilizar los datos en el marco del nuevo modelo europeo, como si ya estuviera en funcionamiento, con la participación de diferentes actores. De este modo, podremos anticipar los desafíos, identificar soluciones y preparar el camino para la implementación del EHDS en todo el ecosistema. Ven a conocer los aprendizajes del viaje del usuario al EHDS durante la jornada.</p>



<p>Consulta el programa <a href="https://www.vallhebron.com/sites/default/files/2025-04/Programa-digital-sumat-dades-25.pdf">AQUÍ</a></p>

<!-- This site is optimized with the Yoast SEO plugin v27.1.1 - https://yoast.com/product/yoast-seo-wordpress/ -->
<title>3a Jornada Sumamos datos, multiplicamos conocimiento - Fundació TIC Salut i Social</title>
<meta name="robots" content="index, follow, max-snippet:-1, max-image-preview:large, max-video-preview:-1" />
<link rel="canonical" href="https://ticsalutsocial.atoom.space/es/event/3a-jornada-sumamos-datos-multiplicamos-conocimiento/" />
<meta property="og:locale" content="es_ES" />
<meta property="og:type" content="article" />
<meta property="og:title" content="3a Jornada Sumamos datos, multiplicamos conocimiento - Fundació TIC Salut i Social" />
<meta property="og:description" content="El viaje de los datos: El reto europeo desde el Hospital Valle de Hebron. La jornada se centra en el Espacio Europeo de Datos Sanitarios (EHDS), una iniciativa clave de la Unión Europea para facilitar el uso seguro, ético e interoperable de los datos de salud en toda Europa. Para entender mejor cómo podemos prepararnos, [&hellip;]" />
<meta property="og:url" content="https://ticsalutsocial.atoom.space/es/event/3a-jornada-sumamos-datos-multiplicamos-conocimiento/" />
<meta property="og:site_name" content="Fundació TIC Salut i Social" />
<meta property="article:modified_time" content="2025-07-08T15:43:34+00:00" />
<meta name="twitter:card" content="summary_large_image" />
<meta name="twitter:label1" content="Tiempo de lectura" />
	<meta name="twitter:data1" content="1 minuto" />
<script type="application/ld+json" class="yoast-schema-graph">{"@context":"https://schema.org","@graph":[{"@type":"WebPage","@id":"https://ticsalutsocial.atoom.space/es/event/3a-jornada-sumamos-datos-multiplicamos-conocimiento/","url":"https://ticsalutsocial.atoom.space/es/event/3a-jornada-sumamos-datos-multiplicamos-conocimiento/","name":"3a Jornada Sumamos datos, multiplicamos conocimiento - Fundació TIC Salut i Social","isPartOf":{"@id":"https://ticsalutsocial.atoom.space/es/#website"},"datePublished":"2025-07-08T10:57:53+00:00","dateModified":"2025-07-08T15:43:34+00:00","breadcrumb":{"@id":"https://ticsalutsocial.atoom.space/es/event/3a-jornada-sumamos-datos-multiplicamos-conocimiento/#breadcrumb"},"inLanguage":"es","potentialAction":[{"@type":"ReadAction","target":["https://ticsalutsocial.atoom.space/es/event/3a-jornada-sumamos-datos-multiplicamos-conocimiento/"]}]},{"@type":"BreadcrumbList","@id":"https://ticsalutsocial.atoom.space/es/event/3a-jornada-sumamos-datos-multiplicamos-conocimiento/#breadcrumb","itemListElement":[{"@type":"ListItem","position":1,"name":"Inici","item":"https://ticsalutsocial.atoom.space/es/"},{"@type":"ListItem","position":2,"name":"3a Jornada Sumamos datos, multiplicamos conocimiento"}]},{"@type":"WebSite","@id":"https://ticsalutsocial.atoom.space/es/#website","url":"https://ticsalutsocial.atoom.space/es/","name":"Fundació TIC Salut i Social","description":"","potentialAction":[{"@type":"SearchAction","target":{"@type":"EntryPoint","urlTemplate":"https://ticsalutsocial.atoom.space/es/?s={search_term_string}"},"query-input":{"@type":"PropertyValueSpecification","valueRequired":true,"valueName":"search_term_string"}}],"inLanguage":"es"}]}</script>
<!-- / Yoast SEO plugin. -->

3a Jornada Sumamos datos, multiplicamos conocimiento - Fundació TIC Salut i Social

El viaje de los datos: El reto europeo desde el Hospital Valle de Hebron. La jornada se centra en el Espacio Europeo de Datos Sanitarios (EHDS), una iniciativa clave de la Unión Europea para facilitar el uso seguro, ético e interoperable de los datos de salud en toda Europa. Para entender mejor cómo podemos prepararnos, [&hellip;]

Fundació TIC Salut i Social
