
{"id":33292,"date":"2025-08-26T09:09:39","date_gmt":"2025-08-26T07:09:39","guid":{"rendered":"https:\/\/ticsalutsocial.atoom.space\/?post_type=event&#038;p=33292"},"modified":"2025-08-26T09:22:19","modified_gmt":"2025-08-26T07:22:19","slug":"la-movilidad-es-digital-descubre-hacia-donde-va-europa","status":"publish","type":"event","link":"https:\/\/ticsalutsocial.atoom.space\/es\/event\/la-movilidad-es-digital-descubre-hacia-donde-va-europa\/","title":{"rendered":"La movilidad es digital: descubre hacia d\u00f3nde va Europa"},"content":{"rendered":"\n<p>Ad\u00e9ntrate en las estrategias y pol\u00edticas europeas que est\u00e1n definiendo el futuro de la movilidad con&nbsp;<strong>Laura Sanz, CCAM Strategy Lead en i2CAT<\/strong>.<\/p>\n\n\n\n<p>Exploraremos proyectos y tecnolog\u00edas que ya est\u00e1n transformando ciudades y carreteras:&nbsp;<strong>infraestructuras inteligentes, gemelos digitales, movilidad aut\u00f3noma y pilotos transfronterizos<\/strong>.<\/p>\n\n\n\n<p>Al finalizar, podr\u00e1s unirte al\u00a0<strong>TechBcn4Women Afterwork<\/strong>\u00a0(18:00 \u2013 21:00 h), un espacio de networking para ampliar tu red de contactos.<\/p>\n","protected":false},"featured_media":0,"menu_order":0,"template":"","meta":{"_acf_changed":true,"inline_featured_image":false},"tipus":[],"topic":[],"class_list":["post-33292","event","type-event","status-publish","hentry"],"acf":{"informacio":{"ubicacio":"Tech Barcelona - Pier 01 - Pla\u00e7a de Pau Vila, 1, 08003 Barcelona","data":"02\/09\/2025","hora":"17h","preu":"","inscripcions":"https:\/\/go.i2cat.net\/TechTalkMobilitat"},"programa":{"titol":"","items":false},"documents":false},"yoast_head":"<!-- This site is optimized with the Yoast SEO plugin v27.1.1 - https:\/\/yoast.com\/product\/yoast-seo-wordpress\/ -->\n<title>La movilidad es digital: descubre hacia d\u00f3nde va Europa - Fundaci\u00f3 TIC Salut i Social<\/title>\n<meta name=\"robots\" content=\"index, follow, max-snippet:-1, max-image-preview:large, max-video-preview:-1\" \/>\n<link rel=\"canonical\" href=\"https:\/\/ticsalutsocial.atoom.space\/es\/event\/la-movilidad-es-digital-descubre-hacia-donde-va-europa\/\" \/>\n<meta property=\"og:locale\" content=\"es_ES\" \/>\n<meta property=\"og:type\" content=\"article\" \/>\n<meta property=\"og:title\" content=\"La movilidad es digital: descubre hacia d\u00f3nde va Europa - Fundaci\u00f3 TIC Salut i Social\" \/>\n<meta property=\"og:description\" content=\"Ad\u00e9ntrate en las estrategias y pol\u00edticas europeas que est\u00e1n definiendo el futuro de la movilidad con&nbsp;Laura Sanz, CCAM Strategy Lead en i2CAT. Exploraremos proyectos y tecnolog\u00edas que ya est\u00e1n transformando ciudades y carreteras:&nbsp;infraestructuras inteligentes, gemelos digitales, movilidad aut\u00f3noma y pilotos transfronterizos. Al finalizar, podr\u00e1s unirte al\u00a0TechBcn4Women Afterwork\u00a0(18:00 \u2013 21:00 h), un espacio de networking para [&hellip;]\" \/>\n<meta property=\"og:url\" content=\"https:\/\/ticsalutsocial.atoom.space\/es\/event\/la-movilidad-es-digital-descubre-hacia-donde-va-europa\/\" \/>\n<meta property=\"og:site_name\" content=\"Fundaci\u00f3 TIC Salut i Social\" \/>\n<meta property=\"article:modified_time\" content=\"2025-08-26T07:22:19+00:00\" \/>\n<meta name=\"twitter:card\" content=\"summary_large_image\" \/>\n<meta name=\"twitter:label1\" content=\"Tiempo de lectura\" \/>\n\t<meta name=\"twitter:data1\" content=\"1 minuto\" \/>\n<script type=\"application\/ld+json\" class=\"yoast-schema-graph\">{\"@context\":\"https:\/\/schema.org\",\"@graph\":[{\"@type\":\"WebPage\",\"@id\":\"https:\/\/ticsalutsocial.atoom.space\/es\/event\/la-movilidad-es-digital-descubre-hacia-donde-va-europa\/\",\"url\":\"https:\/\/ticsalutsocial.atoom.space\/es\/event\/la-movilidad-es-digital-descubre-hacia-donde-va-europa\/\",\"name\":\"La movilidad es digital: descubre hacia d\u00f3nde va Europa - Fundaci\u00f3 TIC Salut i Social\",\"isPartOf\":{\"@id\":\"https:\/\/ticsalutsocial.atoom.space\/es\/#website\"},\"datePublished\":\"2025-08-26T07:09:39+00:00\",\"dateModified\":\"2025-08-26T07:22:19+00:00\",\"breadcrumb\":{\"@id\":\"https:\/\/ticsalutsocial.atoom.space\/es\/event\/la-movilidad-es-digital-descubre-hacia-donde-va-europa\/#breadcrumb\"},\"inLanguage\":\"es\",\"potentialAction\":[{\"@type\":\"ReadAction\",\"target\":[\"https:\/\/ticsalutsocial.atoom.space\/es\/event\/la-movilidad-es-digital-descubre-hacia-donde-va-europa\/\"]}]},{\"@type\":\"BreadcrumbList\",\"@id\":\"https:\/\/ticsalutsocial.atoom.space\/es\/event\/la-movilidad-es-digital-descubre-hacia-donde-va-europa\/#breadcrumb\",\"itemListElement\":[{\"@type\":\"ListItem\",\"position\":1,\"name\":\"Inici\",\"item\":\"https:\/\/ticsalutsocial.atoom.space\/es\/\"},{\"@type\":\"ListItem\",\"position\":2,\"name\":\"La movilidad es digital: descubre hacia d\u00f3nde va Europa\"}]},{\"@type\":\"WebSite\",\"@id\":\"https:\/\/ticsalutsocial.atoom.space\/es\/#website\",\"url\":\"https:\/\/ticsalutsocial.atoom.space\/es\/\",\"name\":\"Fundaci\u00f3 TIC Salut i Social\",\"description\":\"\",\"potentialAction\":[{\"@type\":\"SearchAction\",\"target\":{\"@type\":\"EntryPoint\",\"urlTemplate\":\"https:\/\/ticsalutsocial.atoom.space\/es\/?s={search_term_string}\"},\"query-input\":{\"@type\":\"PropertyValueSpecification\",\"valueRequired\":true,\"valueName\":\"search_term_string\"}}],\"inLanguage\":\"es\"}]}<\/script>\n<!-- \/ Yoast SEO plugin. -->","yoast_head_json":{"title":"La movilidad es digital: descubre hacia d\u00f3nde va Europa - Fundaci\u00f3 TIC Salut i Social","robots":{"index":"index","follow":"follow","max-snippet":"max-snippet:-1","max-image-preview":"max-image-preview:large","max-video-preview":"max-video-preview:-1"},"canonical":"https:\/\/ticsalutsocial.atoom.space\/es\/event\/la-movilidad-es-digital-descubre-hacia-donde-va-europa\/","og_locale":"es_ES","og_type":"article","og_title":"La movilidad es digital: descubre hacia d\u00f3nde va Europa - Fundaci\u00f3 TIC Salut i Social","og_description":"Ad\u00e9ntrate en las estrategias y pol\u00edticas europeas que est\u00e1n definiendo el futuro de la movilidad con&nbsp;Laura Sanz, CCAM Strategy Lead en i2CAT. Exploraremos proyectos y tecnolog\u00edas que ya est\u00e1n transformando ciudades y carreteras:&nbsp;infraestructuras inteligentes, gemelos digitales, movilidad aut\u00f3noma y pilotos transfronterizos. Al finalizar, podr\u00e1s unirte al\u00a0TechBcn4Women Afterwork\u00a0(18:00 \u2013 21:00 h), un espacio de networking para [&hellip;]","og_url":"https:\/\/ticsalutsocial.atoom.space\/es\/event\/la-movilidad-es-digital-descubre-hacia-donde-va-europa\/","og_site_name":"Fundaci\u00f3 TIC Salut i Social","article_modified_time":"2025-08-26T07:22:19+00:00","twitter_card":"summary_large_image","twitter_misc":{"Tiempo de lectura":"1 minuto"},"schema":{"@context":"https:\/\/schema.org","@graph":[{"@type":"WebPage","@id":"https:\/\/ticsalutsocial.atoom.space\/es\/event\/la-movilidad-es-digital-descubre-hacia-donde-va-europa\/","url":"https:\/\/ticsalutsocial.atoom.space\/es\/event\/la-movilidad-es-digital-descubre-hacia-donde-va-europa\/","name":"La movilidad es digital: descubre hacia d\u00f3nde va Europa - Fundaci\u00f3 TIC Salut i Social","isPartOf":{"@id":"https:\/\/ticsalutsocial.atoom.space\/es\/#website"},"datePublished":"2025-08-26T07:09:39+00:00","dateModified":"2025-08-26T07:22:19+00:00","breadcrumb":{"@id":"https:\/\/ticsalutsocial.atoom.space\/es\/event\/la-movilidad-es-digital-descubre-hacia-donde-va-europa\/#breadcrumb"},"inLanguage":"es","potentialAction":[{"@type":"ReadAction","target":["https:\/\/ticsalutsocial.atoom.space\/es\/event\/la-movilidad-es-digital-descubre-hacia-donde-va-europa\/"]}]},{"@type":"BreadcrumbList","@id":"https:\/\/ticsalutsocial.atoom.space\/es\/event\/la-movilidad-es-digital-descubre-hacia-donde-va-europa\/#breadcrumb","itemListElement":[{"@type":"ListItem","position":1,"name":"Inici","item":"https:\/\/ticsalutsocial.atoom.space\/es\/"},{"@type":"ListItem","position":2,"name":"La movilidad es digital: descubre hacia d\u00f3nde va Europa"}]},{"@type":"WebSite","@id":"https:\/\/ticsalutsocial.atoom.space\/es\/#website","url":"https:\/\/ticsalutsocial.atoom.space\/es\/","name":"Fundaci\u00f3 TIC Salut i Social","description":"","potentialAction":[{"@type":"SearchAction","target":{"@type":"EntryPoint","urlTemplate":"https:\/\/ticsalutsocial.atoom.space\/es\/?s={search_term_string}"},"query-input":{"@type":"PropertyValueSpecification","valueRequired":true,"valueName":"search_term_string"}}],"inLanguage":"es"}]}},"_links":{"self":[{"href":"https:\/\/ticsalutsocial.atoom.space\/es\/wp-json\/wp\/v2\/event\/33292","targetHints":{"allow":["GET"]}}],"collection":[{"href":"https:\/\/ticsalutsocial.atoom.space\/es\/wp-json\/wp\/v2\/event"}],"about":[{"href":"https:\/\/ticsalutsocial.atoom.space\/es\/wp-json\/wp\/v2\/types\/event"}],"wp:attachment":[{"href":"https:\/\/ticsalutsocial.atoom.space\/es\/wp-json\/wp\/v2\/media?parent=33292"}],"wp:term":[{"taxonomy":"tipus","embeddable":true,"href":"https:\/\/ticsalutsocial.atoom.space\/es\/wp-json\/wp\/v2\/tipus?post=33292"},{"taxonomy":"topic","embeddable":true,"href":"https:\/\/ticsalutsocial.atoom.space\/es\/wp-json\/wp\/v2\/topic?post=33292"}],"curies":[{"name":"wp","href":"https:\/\/api.w.org\/{rel}","templated":true}]}}

La movilidad es digital: descubre hacia dónde va Europa

<p>Adéntrate en las estrategias y políticas europeas que están definiendo el futuro de la movilidad con&nbsp;<strong>Laura Sanz, CCAM Strategy Lead en i2CAT</strong>.</p>



<p>Exploraremos proyectos y tecnologías que ya están transformando ciudades y carreteras:&nbsp;<strong>infraestructuras inteligentes, gemelos digitales, movilidad autónoma y pilotos transfronterizos</strong>.</p>



<p>Al finalizar, podrás unirte al <strong>TechBcn4Women Afterwork</strong> (18:00 – 21:00 h), un espacio de networking para ampliar tu red de contactos.</p>

Tech Barcelona - Pier 01 - Plaça de Pau Vila, 1, 08003 Barcelona

<!-- This site is optimized with the Yoast SEO plugin v27.1.1 - https://yoast.com/product/yoast-seo-wordpress/ -->
<title>La movilidad es digital: descubre hacia dónde va Europa - Fundació TIC Salut i Social</title>
<meta name="robots" content="index, follow, max-snippet:-1, max-image-preview:large, max-video-preview:-1" />
<link rel="canonical" href="https://ticsalutsocial.atoom.space/es/event/la-movilidad-es-digital-descubre-hacia-donde-va-europa/" />
<meta property="og:locale" content="es_ES" />
<meta property="og:type" content="article" />
<meta property="og:title" content="La movilidad es digital: descubre hacia dónde va Europa - Fundació TIC Salut i Social" />
<meta property="og:description" content="Adéntrate en las estrategias y políticas europeas que están definiendo el futuro de la movilidad con&nbsp;Laura Sanz, CCAM Strategy Lead en i2CAT. Exploraremos proyectos y tecnologías que ya están transformando ciudades y carreteras:&nbsp;infraestructuras inteligentes, gemelos digitales, movilidad autónoma y pilotos transfronterizos. Al finalizar, podrás unirte al TechBcn4Women Afterwork (18:00 – 21:00 h), un espacio de networking para [&hellip;]" />
<meta property="og:url" content="https://ticsalutsocial.atoom.space/es/event/la-movilidad-es-digital-descubre-hacia-donde-va-europa/" />
<meta property="og:site_name" content="Fundació TIC Salut i Social" />
<meta property="article:modified_time" content="2025-08-26T07:22:19+00:00" />
<meta name="twitter:card" content="summary_large_image" />
<meta name="twitter:label1" content="Tiempo de lectura" />
	<meta name="twitter:data1" content="1 minuto" />
<script type="application/ld+json" class="yoast-schema-graph">{"@context":"https://schema.org","@graph":[{"@type":"WebPage","@id":"https://ticsalutsocial.atoom.space/es/event/la-movilidad-es-digital-descubre-hacia-donde-va-europa/","url":"https://ticsalutsocial.atoom.space/es/event/la-movilidad-es-digital-descubre-hacia-donde-va-europa/","name":"La movilidad es digital: descubre hacia dónde va Europa - Fundació TIC Salut i Social","isPartOf":{"@id":"https://ticsalutsocial.atoom.space/es/#website"},"datePublished":"2025-08-26T07:09:39+00:00","dateModified":"2025-08-26T07:22:19+00:00","breadcrumb":{"@id":"https://ticsalutsocial.atoom.space/es/event/la-movilidad-es-digital-descubre-hacia-donde-va-europa/#breadcrumb"},"inLanguage":"es","potentialAction":[{"@type":"ReadAction","target":["https://ticsalutsocial.atoom.space/es/event/la-movilidad-es-digital-descubre-hacia-donde-va-europa/"]}]},{"@type":"BreadcrumbList","@id":"https://ticsalutsocial.atoom.space/es/event/la-movilidad-es-digital-descubre-hacia-donde-va-europa/#breadcrumb","itemListElement":[{"@type":"ListItem","position":1,"name":"Inici","item":"https://ticsalutsocial.atoom.space/es/"},{"@type":"ListItem","position":2,"name":"La movilidad es digital: descubre hacia dónde va Europa"}]},{"@type":"WebSite","@id":"https://ticsalutsocial.atoom.space/es/#website","url":"https://ticsalutsocial.atoom.space/es/","name":"Fundació TIC Salut i Social","description":"","potentialAction":[{"@type":"SearchAction","target":{"@type":"EntryPoint","urlTemplate":"https://ticsalutsocial.atoom.space/es/?s={search_term_string}"},"query-input":{"@type":"PropertyValueSpecification","valueRequired":true,"valueName":"search_term_string"}}],"inLanguage":"es"}]}</script>
<!-- / Yoast SEO plugin. -->

La movilidad es digital: descubre hacia dónde va Europa - Fundació TIC Salut i Social

Adéntrate en las estrategias y políticas europeas que están definiendo el futuro de la movilidad con&nbsp;Laura Sanz, CCAM Strategy Lead en i2CAT. Exploraremos proyectos y tecnologías que ya están transformando ciudades y carreteras:&nbsp;infraestructuras inteligentes, gemelos digitales, movilidad autónoma y pilotos transfronterizos. Al finalizar, podrás unirte al TechBcn4Women Afterwork (18:00 – 21:00 h), un espacio de networking para [&hellip;]

Fundació TIC Salut i Social
