
{"id":33293,"date":"2025-08-26T09:28:47","date_gmt":"2025-08-26T07:28:47","guid":{"rendered":"https:\/\/ticsalutsocial.atoom.space\/?post_type=event&#038;p=33293"},"modified":"2025-08-27T11:18:46","modified_gmt":"2025-08-27T09:18:46","slug":"dona-un-impuls-a-la-teva-carrera-el-futur-es-a-lespai","status":"publish","type":"event","link":"https:\/\/ticsalutsocial.atoom.space\/es\/event\/dona-un-impuls-a-la-teva-carrera-el-futur-es-a-lespai\/","title":{"rendered":"Impulsa tu carrera: \u00a1el futuro est\u00e1 en el Espacio!"},"content":{"rendered":"\n<p>Descubre las oportunidades profesionales que ofrece el sector espacial con\u00a0<strong>Cl\u00e0udia Mateo, Head of Space Innovation Business en i2CAT<\/strong>.<br><br>En esta sesi\u00f3n conocer\u00e1s desde el\u00a0<strong>programa Galileo hasta la nueva conectividad global<\/strong>, de la mano de una l\u00edder que est\u00e1 abriendo camino en el\u00a0<strong>New Space en Catalu\u00f1a<\/strong>.<\/p>\n\n\n\n<p>Al finalizar, podr\u00e1s unirte al\u00a0<strong>TechBcn4Women Afterwork<\/strong>\u00a0(18:00 \u2013 21:00 h), un espacio de networking para ampliar tu red de contactos.<\/p>\n","protected":false},"featured_media":0,"menu_order":0,"template":"","meta":{"_acf_changed":true,"inline_featured_image":false},"tipus":[],"topic":[],"class_list":["post-33293","event","type-event","status-publish","hentry"],"acf":{"informacio":{"ubicacio":"Tech Barcelona - Pier 01 - Pla\u00e7a de Pau Vila, 1, 08003 Barcelona","data":"09\/09\/2025","hora":"17h","preu":"","inscripcions":"https:\/\/go.i2cat.net\/TechTalksSpace"},"programa":{"titol":"","items":false},"documents":false},"yoast_head":"<!-- This site is optimized with the Yoast SEO plugin v27.1.1 - https:\/\/yoast.com\/product\/yoast-seo-wordpress\/ -->\n<title>Impulsa tu carrera: \u00a1el futuro est\u00e1 en el Espacio! - Fundaci\u00f3 TIC Salut i Social<\/title>\n<meta name=\"robots\" content=\"index, follow, max-snippet:-1, max-image-preview:large, max-video-preview:-1\" \/>\n<link rel=\"canonical\" href=\"https:\/\/ticsalutsocial.atoom.space\/es\/event\/dona-un-impuls-a-la-teva-carrera-el-futur-es-a-lespai\/\" \/>\n<meta property=\"og:locale\" content=\"es_ES\" \/>\n<meta property=\"og:type\" content=\"article\" \/>\n<meta property=\"og:title\" content=\"Impulsa tu carrera: \u00a1el futuro est\u00e1 en el Espacio! - Fundaci\u00f3 TIC Salut i Social\" \/>\n<meta property=\"og:description\" content=\"Descubre las oportunidades profesionales que ofrece el sector espacial con\u00a0Cl\u00e0udia Mateo, Head of Space Innovation Business en i2CAT. En esta sesi\u00f3n conocer\u00e1s desde el\u00a0programa Galileo hasta la nueva conectividad global, de la mano de una l\u00edder que est\u00e1 abriendo camino en el\u00a0New Space en Catalu\u00f1a. Al finalizar, podr\u00e1s unirte al\u00a0TechBcn4Women Afterwork\u00a0(18:00 \u2013 21:00 h), un [&hellip;]\" \/>\n<meta property=\"og:url\" content=\"https:\/\/ticsalutsocial.atoom.space\/es\/event\/dona-un-impuls-a-la-teva-carrera-el-futur-es-a-lespai\/\" \/>\n<meta property=\"og:site_name\" content=\"Fundaci\u00f3 TIC Salut i Social\" \/>\n<meta property=\"article:modified_time\" content=\"2025-08-27T09:18:46+00:00\" \/>\n<meta name=\"twitter:card\" content=\"summary_large_image\" \/>\n<meta name=\"twitter:label1\" content=\"Tiempo de lectura\" \/>\n\t<meta name=\"twitter:data1\" content=\"1 minuto\" \/>\n<script type=\"application\/ld+json\" class=\"yoast-schema-graph\">{\"@context\":\"https:\/\/schema.org\",\"@graph\":[{\"@type\":\"WebPage\",\"@id\":\"https:\/\/ticsalutsocial.atoom.space\/es\/event\/dona-un-impuls-a-la-teva-carrera-el-futur-es-a-lespai\/\",\"url\":\"https:\/\/ticsalutsocial.atoom.space\/es\/event\/dona-un-impuls-a-la-teva-carrera-el-futur-es-a-lespai\/\",\"name\":\"Impulsa tu carrera: \u00a1el futuro est\u00e1 en el Espacio! - Fundaci\u00f3 TIC Salut i Social\",\"isPartOf\":{\"@id\":\"https:\/\/ticsalutsocial.atoom.space\/es\/#website\"},\"datePublished\":\"2025-08-26T07:28:47+00:00\",\"dateModified\":\"2025-08-27T09:18:46+00:00\",\"breadcrumb\":{\"@id\":\"https:\/\/ticsalutsocial.atoom.space\/es\/event\/dona-un-impuls-a-la-teva-carrera-el-futur-es-a-lespai\/#breadcrumb\"},\"inLanguage\":\"es\",\"potentialAction\":[{\"@type\":\"ReadAction\",\"target\":[\"https:\/\/ticsalutsocial.atoom.space\/es\/event\/dona-un-impuls-a-la-teva-carrera-el-futur-es-a-lespai\/\"]}]},{\"@type\":\"BreadcrumbList\",\"@id\":\"https:\/\/ticsalutsocial.atoom.space\/es\/event\/dona-un-impuls-a-la-teva-carrera-el-futur-es-a-lespai\/#breadcrumb\",\"itemListElement\":[{\"@type\":\"ListItem\",\"position\":1,\"name\":\"Inici\",\"item\":\"https:\/\/ticsalutsocial.atoom.space\/es\/\"},{\"@type\":\"ListItem\",\"position\":2,\"name\":\"Impulsa tu carrera: \u00a1el futuro est\u00e1 en el Espacio!\"}]},{\"@type\":\"WebSite\",\"@id\":\"https:\/\/ticsalutsocial.atoom.space\/es\/#website\",\"url\":\"https:\/\/ticsalutsocial.atoom.space\/es\/\",\"name\":\"Fundaci\u00f3 TIC Salut i Social\",\"description\":\"\",\"potentialAction\":[{\"@type\":\"SearchAction\",\"target\":{\"@type\":\"EntryPoint\",\"urlTemplate\":\"https:\/\/ticsalutsocial.atoom.space\/es\/?s={search_term_string}\"},\"query-input\":{\"@type\":\"PropertyValueSpecification\",\"valueRequired\":true,\"valueName\":\"search_term_string\"}}],\"inLanguage\":\"es\"}]}<\/script>\n<!-- \/ Yoast SEO plugin. -->","yoast_head_json":{"title":"Impulsa tu carrera: \u00a1el futuro est\u00e1 en el Espacio! - Fundaci\u00f3 TIC Salut i Social","robots":{"index":"index","follow":"follow","max-snippet":"max-snippet:-1","max-image-preview":"max-image-preview:large","max-video-preview":"max-video-preview:-1"},"canonical":"https:\/\/ticsalutsocial.atoom.space\/es\/event\/dona-un-impuls-a-la-teva-carrera-el-futur-es-a-lespai\/","og_locale":"es_ES","og_type":"article","og_title":"Impulsa tu carrera: \u00a1el futuro est\u00e1 en el Espacio! - Fundaci\u00f3 TIC Salut i Social","og_description":"Descubre las oportunidades profesionales que ofrece el sector espacial con\u00a0Cl\u00e0udia Mateo, Head of Space Innovation Business en i2CAT. En esta sesi\u00f3n conocer\u00e1s desde el\u00a0programa Galileo hasta la nueva conectividad global, de la mano de una l\u00edder que est\u00e1 abriendo camino en el\u00a0New Space en Catalu\u00f1a. Al finalizar, podr\u00e1s unirte al\u00a0TechBcn4Women Afterwork\u00a0(18:00 \u2013 21:00 h), un [&hellip;]","og_url":"https:\/\/ticsalutsocial.atoom.space\/es\/event\/dona-un-impuls-a-la-teva-carrera-el-futur-es-a-lespai\/","og_site_name":"Fundaci\u00f3 TIC Salut i Social","article_modified_time":"2025-08-27T09:18:46+00:00","twitter_card":"summary_large_image","twitter_misc":{"Tiempo de lectura":"1 minuto"},"schema":{"@context":"https:\/\/schema.org","@graph":[{"@type":"WebPage","@id":"https:\/\/ticsalutsocial.atoom.space\/es\/event\/dona-un-impuls-a-la-teva-carrera-el-futur-es-a-lespai\/","url":"https:\/\/ticsalutsocial.atoom.space\/es\/event\/dona-un-impuls-a-la-teva-carrera-el-futur-es-a-lespai\/","name":"Impulsa tu carrera: \u00a1el futuro est\u00e1 en el Espacio! - Fundaci\u00f3 TIC Salut i Social","isPartOf":{"@id":"https:\/\/ticsalutsocial.atoom.space\/es\/#website"},"datePublished":"2025-08-26T07:28:47+00:00","dateModified":"2025-08-27T09:18:46+00:00","breadcrumb":{"@id":"https:\/\/ticsalutsocial.atoom.space\/es\/event\/dona-un-impuls-a-la-teva-carrera-el-futur-es-a-lespai\/#breadcrumb"},"inLanguage":"es","potentialAction":[{"@type":"ReadAction","target":["https:\/\/ticsalutsocial.atoom.space\/es\/event\/dona-un-impuls-a-la-teva-carrera-el-futur-es-a-lespai\/"]}]},{"@type":"BreadcrumbList","@id":"https:\/\/ticsalutsocial.atoom.space\/es\/event\/dona-un-impuls-a-la-teva-carrera-el-futur-es-a-lespai\/#breadcrumb","itemListElement":[{"@type":"ListItem","position":1,"name":"Inici","item":"https:\/\/ticsalutsocial.atoom.space\/es\/"},{"@type":"ListItem","position":2,"name":"Impulsa tu carrera: \u00a1el futuro est\u00e1 en el Espacio!"}]},{"@type":"WebSite","@id":"https:\/\/ticsalutsocial.atoom.space\/es\/#website","url":"https:\/\/ticsalutsocial.atoom.space\/es\/","name":"Fundaci\u00f3 TIC Salut i Social","description":"","potentialAction":[{"@type":"SearchAction","target":{"@type":"EntryPoint","urlTemplate":"https:\/\/ticsalutsocial.atoom.space\/es\/?s={search_term_string}"},"query-input":{"@type":"PropertyValueSpecification","valueRequired":true,"valueName":"search_term_string"}}],"inLanguage":"es"}]}},"_links":{"self":[{"href":"https:\/\/ticsalutsocial.atoom.space\/es\/wp-json\/wp\/v2\/event\/33293","targetHints":{"allow":["GET"]}}],"collection":[{"href":"https:\/\/ticsalutsocial.atoom.space\/es\/wp-json\/wp\/v2\/event"}],"about":[{"href":"https:\/\/ticsalutsocial.atoom.space\/es\/wp-json\/wp\/v2\/types\/event"}],"wp:attachment":[{"href":"https:\/\/ticsalutsocial.atoom.space\/es\/wp-json\/wp\/v2\/media?parent=33293"}],"wp:term":[{"taxonomy":"tipus","embeddable":true,"href":"https:\/\/ticsalutsocial.atoom.space\/es\/wp-json\/wp\/v2\/tipus?post=33293"},{"taxonomy":"topic","embeddable":true,"href":"https:\/\/ticsalutsocial.atoom.space\/es\/wp-json\/wp\/v2\/topic?post=33293"}],"curies":[{"name":"wp","href":"https:\/\/api.w.org\/{rel}","templated":true}]}}

Impulsa tu carrera: ¡el futuro está en el Espacio!

<p>Descubre las oportunidades profesionales que ofrece el sector espacial con <strong>Clàudia Mateo, Head of Space Innovation Business en i2CAT</strong>.<br><br>En esta sesión conocerás desde el <strong>programa Galileo hasta la nueva conectividad global</strong>, de la mano de una líder que está abriendo camino en el <strong>New Space en Cataluña</strong>.</p>



<p>Al finalizar, podrás unirte al <strong>TechBcn4Women Afterwork</strong> (18:00 – 21:00 h), un espacio de networking para ampliar tu red de contactos.</p>

Tech Barcelona - Pier 01 - Plaça de Pau Vila, 1, 08003 Barcelona

<!-- This site is optimized with the Yoast SEO plugin v27.1.1 - https://yoast.com/product/yoast-seo-wordpress/ -->
<title>Impulsa tu carrera: ¡el futuro está en el Espacio! - Fundació TIC Salut i Social</title>
<meta name="robots" content="index, follow, max-snippet:-1, max-image-preview:large, max-video-preview:-1" />
<link rel="canonical" href="https://ticsalutsocial.atoom.space/es/event/dona-un-impuls-a-la-teva-carrera-el-futur-es-a-lespai/" />
<meta property="og:locale" content="es_ES" />
<meta property="og:type" content="article" />
<meta property="og:title" content="Impulsa tu carrera: ¡el futuro está en el Espacio! - Fundació TIC Salut i Social" />
<meta property="og:description" content="Descubre las oportunidades profesionales que ofrece el sector espacial con Clàudia Mateo, Head of Space Innovation Business en i2CAT. En esta sesión conocerás desde el programa Galileo hasta la nueva conectividad global, de la mano de una líder que está abriendo camino en el New Space en Cataluña. Al finalizar, podrás unirte al TechBcn4Women Afterwork (18:00 – 21:00 h), un [&hellip;]" />
<meta property="og:url" content="https://ticsalutsocial.atoom.space/es/event/dona-un-impuls-a-la-teva-carrera-el-futur-es-a-lespai/" />
<meta property="og:site_name" content="Fundació TIC Salut i Social" />
<meta property="article:modified_time" content="2025-08-27T09:18:46+00:00" />
<meta name="twitter:card" content="summary_large_image" />
<meta name="twitter:label1" content="Tiempo de lectura" />
	<meta name="twitter:data1" content="1 minuto" />
<script type="application/ld+json" class="yoast-schema-graph">{"@context":"https://schema.org","@graph":[{"@type":"WebPage","@id":"https://ticsalutsocial.atoom.space/es/event/dona-un-impuls-a-la-teva-carrera-el-futur-es-a-lespai/","url":"https://ticsalutsocial.atoom.space/es/event/dona-un-impuls-a-la-teva-carrera-el-futur-es-a-lespai/","name":"Impulsa tu carrera: ¡el futuro está en el Espacio! - Fundació TIC Salut i Social","isPartOf":{"@id":"https://ticsalutsocial.atoom.space/es/#website"},"datePublished":"2025-08-26T07:28:47+00:00","dateModified":"2025-08-27T09:18:46+00:00","breadcrumb":{"@id":"https://ticsalutsocial.atoom.space/es/event/dona-un-impuls-a-la-teva-carrera-el-futur-es-a-lespai/#breadcrumb"},"inLanguage":"es","potentialAction":[{"@type":"ReadAction","target":["https://ticsalutsocial.atoom.space/es/event/dona-un-impuls-a-la-teva-carrera-el-futur-es-a-lespai/"]}]},{"@type":"BreadcrumbList","@id":"https://ticsalutsocial.atoom.space/es/event/dona-un-impuls-a-la-teva-carrera-el-futur-es-a-lespai/#breadcrumb","itemListElement":[{"@type":"ListItem","position":1,"name":"Inici","item":"https://ticsalutsocial.atoom.space/es/"},{"@type":"ListItem","position":2,"name":"Impulsa tu carrera: ¡el futuro está en el Espacio!"}]},{"@type":"WebSite","@id":"https://ticsalutsocial.atoom.space/es/#website","url":"https://ticsalutsocial.atoom.space/es/","name":"Fundació TIC Salut i Social","description":"","potentialAction":[{"@type":"SearchAction","target":{"@type":"EntryPoint","urlTemplate":"https://ticsalutsocial.atoom.space/es/?s={search_term_string}"},"query-input":{"@type":"PropertyValueSpecification","valueRequired":true,"valueName":"search_term_string"}}],"inLanguage":"es"}]}</script>
<!-- / Yoast SEO plugin. -->

Impulsa tu carrera: ¡el futuro está en el Espacio! - Fundació TIC Salut i Social

Descubre las oportunidades profesionales que ofrece el sector espacial con Clàudia Mateo, Head of Space Innovation Business en i2CAT. En esta sesión conocerás desde el programa Galileo hasta la nueva conectividad global, de la mano de una líder que está abriendo camino en el New Space en Cataluña. Al finalizar, podrás unirte al TechBcn4Women Afterwork (18:00 – 21:00 h), un [&hellip;]

Fundació TIC Salut i Social
