
{"id":33297,"date":"2025-08-26T10:37:03","date_gmt":"2025-08-26T08:37:03","guid":{"rendered":"https:\/\/ticsalutsocial.atoom.space\/?post_type=event&#038;p=33297"},"modified":"2025-08-27T14:10:33","modified_gmt":"2025-08-27T12:10:33","slug":"tarragona-datathon-un-puente-entre-medicina-y-datos","status":"publish","type":"event","link":"https:\/\/ticsalutsocial.atoom.space\/es\/event\/tarragona-datathon-un-puente-entre-medicina-y-datos\/","title":{"rendered":"III CRITICAL CARE DATA ANALYSIS SUMMIT TARRAGONA"},"content":{"rendered":"\n<p>La tercera edici\u00f3n del&nbsp;<strong>SUMMIT<\/strong>&nbsp;es el foro para la discusi\u00f3n interdisciplinaria de diferentes aspectos y controversias sobre la aplicaci\u00f3n de la inteligencia artificial en salud.<\/p>\n\n\n\n<p>Contaremos con mesas redondas y ponencias integradas por expertos de reconocido prestigio nacional que aseguran una actividad din\u00e1mica y enriquecedora que no te puedes perder.<br><br><strong>PROGRAMA<\/strong><\/p>\n\n\n\n<figure class=\"wp-block-table\"><table class=\"has-fixed-layout\"><thead><tr><th><strong>Hora<\/strong><\/th><th><strong>Tema<\/strong><\/th><th><strong>Moderador i Ponents<\/strong><\/th><\/tr><\/thead><tbody><tr><td><strong>9.00<\/strong><\/td><td>Recepci\u00f3n y entrega de credencials<\/td><td><\/td><\/tr><tr><td><strong>9.15<\/strong><\/td><td>Inauguraci\u00f3n<\/td><td>Mar\u00eda Bodi (Cap Servei UCI HJ23)<br>Ione Montalvo (Gerent HJ23)<br>Direcci\u00f3 ICS TBD<\/td><\/tr><tr><td><strong>9.45<\/strong><\/td><td><strong>Conferencia 1:<\/strong><br>Critic.Cat y el valor de los datos para uso primario y secundario.<\/td><td>Mar\u00eda Bod\u00ed (Cap Servei UCI HJ23)<br>Joan Guanyabens (Director Fundaci\u00f3 TIC Salut Social)<\/td><\/tr><tr><td><strong>10.00<\/strong><\/td><td><strong>Taula Rodona 1:<\/strong>&nbsp;Modelo organizativo<br>&#8211; Espacio Europeo de datos<br>&#8211; Estandarditzaci\u00f3n de los datos<br>&#8211; Datos para la gesti\u00f3n<\/td><td>Gonzalo Sirgo (UCI HJ23)<br>Jordi Piera (Director d&#8217;Estrat\u00e8gia Digital en Salut del Servei Catal\u00e0 de la Salut)<br>Josep G\u00f3mez (Cap Secretari T\u00e8cnic HJ23)<br>Mar\u00eda Bodi (Cap Servei UCI HJ23)<\/td><\/tr><tr><td><strong>12.00<\/strong><\/td><td><strong>Conferencia 2:<\/strong><br>Roadmap de la IA \u2013 De la fecha al producto<\/td><td>Josep G\u00f3mez (Cap Secretari T\u00e8cnic HJ23)<br>Susanna Auss\u00f3 Trias (Directora de Sistemes d&#8217;Informaci\u00f3 de l&#8217;Hospital vall d&#8217;Hebron)<\/td><\/tr><tr><td><strong>12.30<\/strong><\/td><td><strong>Conferencia 3:<\/strong><br>Proyecto CRITICAT<\/td><td>Mar\u00eda Bod\u00ed (Cap Servei UCI HJ23)<br>Pol P\u00e9rez Sust (Director de l&#8217;\u00c0rea de sistemes d&#8217;informaci\u00f3 al Servei Catal\u00e0 de la Salut)<\/td><\/tr><tr><td><strong>13.00<\/strong><\/td><td><strong>Mesa Redonda 2:<\/strong><br>Telemedicina<br>Modelo Territorial<\/td><td>Jes\u00fas Caballero (Director Cl\u00ednic Territorial de Cr\u00edtics de Lleida)<br>Jaume Estany i Ricart (Director Operatiu per a la transformaci\u00f3 del model de l&#8217;Atenci\u00f3 al pacient cr\u00edtic)<\/td><\/tr><tr><td><strong>14.30<\/strong><\/td><td>Comida de trabajo<\/td><td><\/td><\/tr><tr><td><strong>15.30<\/strong><\/td><td><strong>Mesa Redonda 3:<\/strong><br>Calidad asistencial a trav\u00e9s de los datos: AASTRE<br>Avaluaci\u00f3n y predicci\u00f3n en VM<\/td><td>M. Bodi (Cap Servei UCI HJ23)<br>Gonzalo Sirgo (UCI HJ23)<br>Sara Manrique (UCI HJ23)<\/td><\/tr><tr><td><strong>17.00<\/strong><\/td><td><strong><strong>Mesa Redonda<\/strong> 4:<\/strong><br>Datos y investigaci\u00f3n cl\u00ednica<\/td><td>Sara Manrique (UCI HJ23)<br>Federico Gordo Vidal (Cap Servei UCI \u2013 Hospital del Henares)<br>Julen Berrueta (Enginyer biom\u00e8dic, UCI)<br>Oriol Roca (Cap Servei UCI \u2013 Hospital Bellvitge)<\/td><\/tr><tr><td><strong>18.30<\/strong><\/td><td><strong>Conferencia 4:<\/strong>&nbsp;Aspectos legales del uso de datos para la investigaci\u00f3n<\/td><td>Josep G\u00f3mez (Cap Secretari T\u00e8cnic HJ23)<br>M\u00edriam M\u00e9ndez (Responsable de recerca i innovaci\u00f3 de la Oficina del DPD de Salut)<\/td><\/tr><tr><td><strong>19.00<\/strong><\/td><td><strong><strong>Mesa Redonda<\/strong> 5:<\/strong><br>Realidad de IA en el paciente cr\u00edtico<\/td><td>Alejandro Rodr\u00edguez (UCI HJ23)<br>Marcio Borges (UCI \u2013 Hospital Son Llatzer)<br>Xavier Garc\u00eda (CEO Better Care)<\/td><\/tr><tr><td><strong>20.00<\/strong><\/td><td>Clausura<\/td><td>Mar\u00eda Bod\u00ed (Cap Servei UCI \u2013 HJ23)<\/td><\/tr><\/tbody><\/table><\/figure>\n","protected":false},"featured_media":0,"menu_order":0,"template":"","meta":{"_acf_changed":true,"inline_featured_image":false},"tipus":[],"topic":[],"class_list":["post-33297","event","type-event","status-publish","hentry"],"acf":{"informacio":{"ubicacio":"El Seminari | Casa de Cultura - C\/ Sant Pau 4  43003, Tarragona","data":"12\/11\/2025","hora":"9:00 h","preu":"","inscripcions":"https:\/\/docs.google.com\/forms\/d\/e\/1FAIpQLSc9DO5KW2JA1I9lVY_6qyvnwpPG4aWz5AW1lGs78jdqdn9pqw\/viewform"},"programa":{"titol":"","items":false},"documents":false},"yoast_head":"<!-- This site is optimized with the Yoast SEO plugin v27.1.1 - https:\/\/yoast.com\/product\/yoast-seo-wordpress\/ -->\n<title>III CRITICAL CARE DATA ANALYSIS SUMMIT TARRAGONA - Fundaci\u00f3 TIC Salut i Social<\/title>\n<meta name=\"robots\" content=\"index, follow, max-snippet:-1, max-image-preview:large, max-video-preview:-1\" \/>\n<link rel=\"canonical\" href=\"https:\/\/ticsalutsocial.atoom.space\/es\/event\/tarragona-datathon-un-puente-entre-medicina-y-datos\/\" \/>\n<meta property=\"og:locale\" content=\"es_ES\" \/>\n<meta property=\"og:type\" content=\"article\" \/>\n<meta property=\"og:title\" content=\"III CRITICAL CARE DATA ANALYSIS SUMMIT TARRAGONA - Fundaci\u00f3 TIC Salut i Social\" \/>\n<meta property=\"og:description\" content=\"La tercera edici\u00f3n del&nbsp;SUMMIT&nbsp;es el foro para la discusi\u00f3n interdisciplinaria de diferentes aspectos y controversias sobre la aplicaci\u00f3n de la inteligencia artificial en salud. Contaremos con mesas redondas y ponencias integradas por expertos de reconocido prestigio nacional que aseguran una actividad din\u00e1mica y enriquecedora que no te puedes perder. PROGRAMA Hora Tema Moderador i Ponents [&hellip;]\" \/>\n<meta property=\"og:url\" content=\"https:\/\/ticsalutsocial.atoom.space\/es\/event\/tarragona-datathon-un-puente-entre-medicina-y-datos\/\" \/>\n<meta property=\"og:site_name\" content=\"Fundaci\u00f3 TIC Salut i Social\" \/>\n<meta property=\"article:modified_time\" content=\"2025-08-27T12:10:33+00:00\" \/>\n<meta name=\"twitter:card\" content=\"summary_large_image\" \/>\n<meta name=\"twitter:label1\" content=\"Tiempo de lectura\" \/>\n\t<meta name=\"twitter:data1\" content=\"3 minutos\" \/>\n<script type=\"application\/ld+json\" class=\"yoast-schema-graph\">{\"@context\":\"https:\/\/schema.org\",\"@graph\":[{\"@type\":\"WebPage\",\"@id\":\"https:\/\/ticsalutsocial.atoom.space\/es\/event\/tarragona-datathon-un-puente-entre-medicina-y-datos\/\",\"url\":\"https:\/\/ticsalutsocial.atoom.space\/es\/event\/tarragona-datathon-un-puente-entre-medicina-y-datos\/\",\"name\":\"III CRITICAL CARE DATA ANALYSIS SUMMIT TARRAGONA - Fundaci\u00f3 TIC Salut i Social\",\"isPartOf\":{\"@id\":\"https:\/\/ticsalutsocial.atoom.space\/es\/#website\"},\"datePublished\":\"2025-08-26T08:37:03+00:00\",\"dateModified\":\"2025-08-27T12:10:33+00:00\",\"breadcrumb\":{\"@id\":\"https:\/\/ticsalutsocial.atoom.space\/es\/event\/tarragona-datathon-un-puente-entre-medicina-y-datos\/#breadcrumb\"},\"inLanguage\":\"es\",\"potentialAction\":[{\"@type\":\"ReadAction\",\"target\":[\"https:\/\/ticsalutsocial.atoom.space\/es\/event\/tarragona-datathon-un-puente-entre-medicina-y-datos\/\"]}]},{\"@type\":\"BreadcrumbList\",\"@id\":\"https:\/\/ticsalutsocial.atoom.space\/es\/event\/tarragona-datathon-un-puente-entre-medicina-y-datos\/#breadcrumb\",\"itemListElement\":[{\"@type\":\"ListItem\",\"position\":1,\"name\":\"Inici\",\"item\":\"https:\/\/ticsalutsocial.atoom.space\/es\/\"},{\"@type\":\"ListItem\",\"position\":2,\"name\":\"III CRITICAL CARE DATA ANALYSIS SUMMIT TARRAGONA\"}]},{\"@type\":\"WebSite\",\"@id\":\"https:\/\/ticsalutsocial.atoom.space\/es\/#website\",\"url\":\"https:\/\/ticsalutsocial.atoom.space\/es\/\",\"name\":\"Fundaci\u00f3 TIC Salut i Social\",\"description\":\"\",\"potentialAction\":[{\"@type\":\"SearchAction\",\"target\":{\"@type\":\"EntryPoint\",\"urlTemplate\":\"https:\/\/ticsalutsocial.atoom.space\/es\/?s={search_term_string}\"},\"query-input\":{\"@type\":\"PropertyValueSpecification\",\"valueRequired\":true,\"valueName\":\"search_term_string\"}}],\"inLanguage\":\"es\"}]}<\/script>\n<!-- \/ Yoast SEO plugin. -->","yoast_head_json":{"title":"III CRITICAL CARE DATA ANALYSIS SUMMIT TARRAGONA - Fundaci\u00f3 TIC Salut i Social","robots":{"index":"index","follow":"follow","max-snippet":"max-snippet:-1","max-image-preview":"max-image-preview:large","max-video-preview":"max-video-preview:-1"},"canonical":"https:\/\/ticsalutsocial.atoom.space\/es\/event\/tarragona-datathon-un-puente-entre-medicina-y-datos\/","og_locale":"es_ES","og_type":"article","og_title":"III CRITICAL CARE DATA ANALYSIS SUMMIT TARRAGONA - Fundaci\u00f3 TIC Salut i Social","og_description":"La tercera edici\u00f3n del&nbsp;SUMMIT&nbsp;es el foro para la discusi\u00f3n interdisciplinaria de diferentes aspectos y controversias sobre la aplicaci\u00f3n de la inteligencia artificial en salud. Contaremos con mesas redondas y ponencias integradas por expertos de reconocido prestigio nacional que aseguran una actividad din\u00e1mica y enriquecedora que no te puedes perder. PROGRAMA Hora Tema Moderador i Ponents [&hellip;]","og_url":"https:\/\/ticsalutsocial.atoom.space\/es\/event\/tarragona-datathon-un-puente-entre-medicina-y-datos\/","og_site_name":"Fundaci\u00f3 TIC Salut i Social","article_modified_time":"2025-08-27T12:10:33+00:00","twitter_card":"summary_large_image","twitter_misc":{"Tiempo de lectura":"3 minutos"},"schema":{"@context":"https:\/\/schema.org","@graph":[{"@type":"WebPage","@id":"https:\/\/ticsalutsocial.atoom.space\/es\/event\/tarragona-datathon-un-puente-entre-medicina-y-datos\/","url":"https:\/\/ticsalutsocial.atoom.space\/es\/event\/tarragona-datathon-un-puente-entre-medicina-y-datos\/","name":"III CRITICAL CARE DATA ANALYSIS SUMMIT TARRAGONA - Fundaci\u00f3 TIC Salut i Social","isPartOf":{"@id":"https:\/\/ticsalutsocial.atoom.space\/es\/#website"},"datePublished":"2025-08-26T08:37:03+00:00","dateModified":"2025-08-27T12:10:33+00:00","breadcrumb":{"@id":"https:\/\/ticsalutsocial.atoom.space\/es\/event\/tarragona-datathon-un-puente-entre-medicina-y-datos\/#breadcrumb"},"inLanguage":"es","potentialAction":[{"@type":"ReadAction","target":["https:\/\/ticsalutsocial.atoom.space\/es\/event\/tarragona-datathon-un-puente-entre-medicina-y-datos\/"]}]},{"@type":"BreadcrumbList","@id":"https:\/\/ticsalutsocial.atoom.space\/es\/event\/tarragona-datathon-un-puente-entre-medicina-y-datos\/#breadcrumb","itemListElement":[{"@type":"ListItem","position":1,"name":"Inici","item":"https:\/\/ticsalutsocial.atoom.space\/es\/"},{"@type":"ListItem","position":2,"name":"III CRITICAL CARE DATA ANALYSIS SUMMIT TARRAGONA"}]},{"@type":"WebSite","@id":"https:\/\/ticsalutsocial.atoom.space\/es\/#website","url":"https:\/\/ticsalutsocial.atoom.space\/es\/","name":"Fundaci\u00f3 TIC Salut i Social","description":"","potentialAction":[{"@type":"SearchAction","target":{"@type":"EntryPoint","urlTemplate":"https:\/\/ticsalutsocial.atoom.space\/es\/?s={search_term_string}"},"query-input":{"@type":"PropertyValueSpecification","valueRequired":true,"valueName":"search_term_string"}}],"inLanguage":"es"}]}},"_links":{"self":[{"href":"https:\/\/ticsalutsocial.atoom.space\/es\/wp-json\/wp\/v2\/event\/33297","targetHints":{"allow":["GET"]}}],"collection":[{"href":"https:\/\/ticsalutsocial.atoom.space\/es\/wp-json\/wp\/v2\/event"}],"about":[{"href":"https:\/\/ticsalutsocial.atoom.space\/es\/wp-json\/wp\/v2\/types\/event"}],"wp:attachment":[{"href":"https:\/\/ticsalutsocial.atoom.space\/es\/wp-json\/wp\/v2\/media?parent=33297"}],"wp:term":[{"taxonomy":"tipus","embeddable":true,"href":"https:\/\/ticsalutsocial.atoom.space\/es\/wp-json\/wp\/v2\/tipus?post=33297"},{"taxonomy":"topic","embeddable":true,"href":"https:\/\/ticsalutsocial.atoom.space\/es\/wp-json\/wp\/v2\/topic?post=33297"}],"curies":[{"name":"wp","href":"https:\/\/api.w.org\/{rel}","templated":true}]}}

<p>La tercera edición del&nbsp;<strong>SUMMIT</strong>&nbsp;es el foro para la discusión interdisciplinaria de diferentes aspectos y controversias sobre la aplicación de la inteligencia artificial en salud.</p>



<p>Contaremos con mesas redondas y ponencias integradas por expertos de reconocido prestigio nacional que aseguran una actividad dinámica y enriquecedora que no te puedes perder.<br><br><strong>PROGRAMA</strong></p>



<figure class="wp-block-table"><table class="has-fixed-layout"><thead><tr><th><strong>Hora</strong></th><th><strong>Tema</strong></th><th><strong>Moderador i Ponents</strong></th></tr></thead><tbody><tr><td><strong>9.00</strong></td><td>Recepción y entrega de credencials</td><td></td></tr><tr><td><strong>9.15</strong></td><td>Inauguración</td><td>María Bodi (Cap Servei UCI HJ23)<br>Ione Montalvo (Gerent HJ23)<br>Direcció ICS TBD</td></tr><tr><td><strong>9.45</strong></td><td><strong>Conferencia 1:</strong><br>Critic.Cat y el valor de los datos para uso primario y secundario.</td><td>María Bodí (Cap Servei UCI HJ23)<br>Joan Guanyabens (Director Fundació TIC Salut Social)</td></tr><tr><td><strong>10.00</strong></td><td><strong>Taula Rodona 1:</strong>&nbsp;Modelo organizativo<br>&#8211; Espacio Europeo de datos<br>&#8211; Estandarditzación de los datos<br>&#8211; Datos para la gestión</td><td>Gonzalo Sirgo (UCI HJ23)<br>Jordi Piera (Director d&#8217;Estratègia Digital en Salut del Servei Català de la Salut)<br>Josep Gómez (Cap Secretari Tècnic HJ23)<br>María Bodi (Cap Servei UCI HJ23)</td></tr><tr><td><strong>12.00</strong></td><td><strong>Conferencia 2:</strong><br>Roadmap de la IA – De la fecha al producto</td><td>Josep Gómez (Cap Secretari Tècnic HJ23)<br>Susanna Aussó Trias (Directora de Sistemes d&#8217;Informació de l&#8217;Hospital vall d&#8217;Hebron)</td></tr><tr><td><strong>12.30</strong></td><td><strong>Conferencia 3:</strong><br>Proyecto CRITICAT</td><td>María Bodí (Cap Servei UCI HJ23)<br>Pol Pérez Sust (Director de l&#8217;Àrea de sistemes d&#8217;informació al Servei Català de la Salut)</td></tr><tr><td><strong>13.00</strong></td><td><strong>Mesa Redonda 2:</strong><br>Telemedicina<br>Modelo Territorial</td><td>Jesús Caballero (Director Clínic Territorial de Crítics de Lleida)<br>Jaume Estany i Ricart (Director Operatiu per a la transformació del model de l&#8217;Atenció al pacient crític)</td></tr><tr><td><strong>14.30</strong></td><td>Comida de trabajo</td><td></td></tr><tr><td><strong>15.30</strong></td><td><strong>Mesa Redonda 3:</strong><br>Calidad asistencial a través de los datos: AASTRE<br>Avaluación y predicción en VM</td><td>M. Bodi (Cap Servei UCI HJ23)<br>Gonzalo Sirgo (UCI HJ23)<br>Sara Manrique (UCI HJ23)</td></tr><tr><td><strong>17.00</strong></td><td><strong><strong>Mesa Redonda</strong> 4:</strong><br>Datos y investigación clínica</td><td>Sara Manrique (UCI HJ23)<br>Federico Gordo Vidal (Cap Servei UCI – Hospital del Henares)<br>Julen Berrueta (Enginyer biomèdic, UCI)<br>Oriol Roca (Cap Servei UCI – Hospital Bellvitge)</td></tr><tr><td><strong>18.30</strong></td><td><strong>Conferencia 4:</strong>&nbsp;Aspectos legales del uso de datos para la investigación</td><td>Josep Gómez (Cap Secretari Tècnic HJ23)<br>Míriam Méndez (Responsable de recerca i innovació de la Oficina del DPD de Salut)</td></tr><tr><td><strong>19.00</strong></td><td><strong><strong>Mesa Redonda</strong> 5:</strong><br>Realidad de IA en el paciente crítico</td><td>Alejandro Rodríguez (UCI HJ23)<br>Marcio Borges (UCI – Hospital Son Llatzer)<br>Xavier García (CEO Better Care)</td></tr><tr><td><strong>20.00</strong></td><td>Clausura</td><td>María Bodí (Cap Servei UCI – HJ23)</td></tr></tbody></table></figure>

<!-- This site is optimized with the Yoast SEO plugin v27.1.1 - https://yoast.com/product/yoast-seo-wordpress/ -->
<title>III CRITICAL CARE DATA ANALYSIS SUMMIT TARRAGONA - Fundació TIC Salut i Social</title>
<meta name="robots" content="index, follow, max-snippet:-1, max-image-preview:large, max-video-preview:-1" />
<link rel="canonical" href="https://ticsalutsocial.atoom.space/es/event/tarragona-datathon-un-puente-entre-medicina-y-datos/" />
<meta property="og:locale" content="es_ES" />
<meta property="og:type" content="article" />
<meta property="og:title" content="III CRITICAL CARE DATA ANALYSIS SUMMIT TARRAGONA - Fundació TIC Salut i Social" />
<meta property="og:description" content="La tercera edición del&nbsp;SUMMIT&nbsp;es el foro para la discusión interdisciplinaria de diferentes aspectos y controversias sobre la aplicación de la inteligencia artificial en salud. Contaremos con mesas redondas y ponencias integradas por expertos de reconocido prestigio nacional que aseguran una actividad dinámica y enriquecedora que no te puedes perder. PROGRAMA Hora Tema Moderador i Ponents [&hellip;]" />
<meta property="og:url" content="https://ticsalutsocial.atoom.space/es/event/tarragona-datathon-un-puente-entre-medicina-y-datos/" />
<meta property="og:site_name" content="Fundació TIC Salut i Social" />
<meta property="article:modified_time" content="2025-08-27T12:10:33+00:00" />
<meta name="twitter:card" content="summary_large_image" />
<meta name="twitter:label1" content="Tiempo de lectura" />
	<meta name="twitter:data1" content="3 minutos" />
<script type="application/ld+json" class="yoast-schema-graph">{"@context":"https://schema.org","@graph":[{"@type":"WebPage","@id":"https://ticsalutsocial.atoom.space/es/event/tarragona-datathon-un-puente-entre-medicina-y-datos/","url":"https://ticsalutsocial.atoom.space/es/event/tarragona-datathon-un-puente-entre-medicina-y-datos/","name":"III CRITICAL CARE DATA ANALYSIS SUMMIT TARRAGONA - Fundació TIC Salut i Social","isPartOf":{"@id":"https://ticsalutsocial.atoom.space/es/#website"},"datePublished":"2025-08-26T08:37:03+00:00","dateModified":"2025-08-27T12:10:33+00:00","breadcrumb":{"@id":"https://ticsalutsocial.atoom.space/es/event/tarragona-datathon-un-puente-entre-medicina-y-datos/#breadcrumb"},"inLanguage":"es","potentialAction":[{"@type":"ReadAction","target":["https://ticsalutsocial.atoom.space/es/event/tarragona-datathon-un-puente-entre-medicina-y-datos/"]}]},{"@type":"BreadcrumbList","@id":"https://ticsalutsocial.atoom.space/es/event/tarragona-datathon-un-puente-entre-medicina-y-datos/#breadcrumb","itemListElement":[{"@type":"ListItem","position":1,"name":"Inici","item":"https://ticsalutsocial.atoom.space/es/"},{"@type":"ListItem","position":2,"name":"III CRITICAL CARE DATA ANALYSIS SUMMIT TARRAGONA"}]},{"@type":"WebSite","@id":"https://ticsalutsocial.atoom.space/es/#website","url":"https://ticsalutsocial.atoom.space/es/","name":"Fundació TIC Salut i Social","description":"","potentialAction":[{"@type":"SearchAction","target":{"@type":"EntryPoint","urlTemplate":"https://ticsalutsocial.atoom.space/es/?s={search_term_string}"},"query-input":{"@type":"PropertyValueSpecification","valueRequired":true,"valueName":"search_term_string"}}],"inLanguage":"es"}]}</script>
<!-- / Yoast SEO plugin. -->

III CRITICAL CARE DATA ANALYSIS SUMMIT TARRAGONA - Fundació TIC Salut i Social

La tercera edición del&nbsp;SUMMIT&nbsp;es el foro para la discusión interdisciplinaria de diferentes aspectos y controversias sobre la aplicación de la inteligencia artificial en salud. Contaremos con mesas redondas y ponencias integradas por expertos de reconocido prestigio nacional que aseguran una actividad dinámica y enriquecedora que no te puedes perder. PROGRAMA Hora Tema Moderador i Ponents [&hellip;]

Fundació TIC Salut i Social
