
{"id":33360,"date":"2025-09-08T15:39:30","date_gmt":"2025-09-08T13:39:30","guid":{"rendered":"https:\/\/ticsalutsocial.atoom.space\/?post_type=event&#038;p=33360"},"modified":"2025-09-08T15:39:30","modified_gmt":"2025-09-08T13:39:30","slug":"wemind-international-forum","status":"publish","type":"event","link":"https:\/\/ticsalutsocial.atoom.space\/es\/event\/wemind-international-forum\/","title":{"rendered":"WeMind International Forum"},"content":{"rendered":"<p>Del 25 al 26 de noviembre de 2025, el World Trade Center de Barcelona acoger\u00e1 la segunda edici\u00f3n del <strong data-start=\"187\" data-end=\"217\">WeMind International Forum<\/strong>, punto de encuentro y referencia que re\u00fane a profesionales, empresas, organizaciones, centros tecnol\u00f3gicos y de investigaci\u00f3n, administraciones y entidades del tercer sector que impulsan la innovaci\u00f3n en autonom\u00eda personal, salud mental, neurociencias y longevidad. Un espacio pensado para abordar los grandes retos y oportunidades de un sector en plena transformaci\u00f3n.<\/p>\n<p><a href=\"https:\/\/www.wemindforum.com\/ca\/programa-2\/\" target=\"_blank\" rel=\"noopener\"><strong>Consulta el programa aqu\u00ed.<\/strong><\/a><\/p>\n<p>\u00a1Inscr\u00edbete!<\/p>\n","protected":false},"featured_media":33351,"menu_order":0,"template":"","meta":{"_acf_changed":false,"inline_featured_image":false},"tipus":[],"topic":[],"class_list":["post-33360","event","type-event","status-publish","has-post-thumbnail","hentry"],"acf":{"informacio":{"ubicacio":"World Trade Center Barcelona","data":"25\/11\/2025","hora":"9:00 - 18:15","preu":"","inscripcions":"https:\/\/event.meetmaps.com\/wemindinternationalforum2025\/es\/registration"},"programa":{"titol":"","items":false},"documents":false},"yoast_head":"<!-- This site is optimized with the Yoast SEO plugin v27.1.1 - https:\/\/yoast.com\/product\/yoast-seo-wordpress\/ -->\n<title>WeMind International Forum - Fundaci\u00f3 TIC Salut i Social<\/title>\n<meta name=\"robots\" content=\"index, follow, max-snippet:-1, max-image-preview:large, max-video-preview:-1\" \/>\n<link rel=\"canonical\" href=\"https:\/\/ticsalutsocial.atoom.space\/es\/event\/wemind-international-forum\/\" \/>\n<meta property=\"og:locale\" content=\"es_ES\" \/>\n<meta property=\"og:type\" content=\"article\" \/>\n<meta property=\"og:title\" content=\"WeMind International Forum - Fundaci\u00f3 TIC Salut i Social\" \/>\n<meta property=\"og:description\" content=\"Del 25 al 26 de noviembre de 2025, el World Trade Center de Barcelona acoger\u00e1 la segunda edici\u00f3n del WeMind International Forum, punto de encuentro y referencia que re\u00fane a profesionales, empresas, organizaciones, centros tecnol\u00f3gicos y de investigaci\u00f3n, administraciones y entidades del tercer sector que impulsan la innovaci\u00f3n en autonom\u00eda personal, salud mental, neurociencias y [&hellip;]\" \/>\n<meta property=\"og:url\" content=\"https:\/\/ticsalutsocial.atoom.space\/es\/event\/wemind-international-forum\/\" \/>\n<meta property=\"og:site_name\" content=\"Fundaci\u00f3 TIC Salut i Social\" \/>\n<meta property=\"og:image\" content=\"https:\/\/ticsalutsocial.atoom.space\/wp-content\/uploads\/2025\/09\/post-wemind-forum_hz_v2.jpg\" \/>\n\t<meta property=\"og:image:width\" content=\"1600\" \/>\n\t<meta property=\"og:image:height\" content=\"900\" \/>\n\t<meta property=\"og:image:type\" content=\"image\/jpeg\" \/>\n<meta name=\"twitter:card\" content=\"summary_large_image\" \/>\n<meta name=\"twitter:label1\" content=\"Tiempo de lectura\" \/>\n\t<meta name=\"twitter:data1\" content=\"1 minuto\" \/>\n<script type=\"application\/ld+json\" class=\"yoast-schema-graph\">{\"@context\":\"https:\/\/schema.org\",\"@graph\":[{\"@type\":\"WebPage\",\"@id\":\"https:\/\/ticsalutsocial.atoom.space\/es\/event\/wemind-international-forum\/\",\"url\":\"https:\/\/ticsalutsocial.atoom.space\/es\/event\/wemind-international-forum\/\",\"name\":\"WeMind International Forum - Fundaci\u00f3 TIC Salut i Social\",\"isPartOf\":{\"@id\":\"https:\/\/ticsalutsocial.atoom.space\/es\/#website\"},\"primaryImageOfPage\":{\"@id\":\"https:\/\/ticsalutsocial.atoom.space\/es\/event\/wemind-international-forum\/#primaryimage\"},\"image\":{\"@id\":\"https:\/\/ticsalutsocial.atoom.space\/es\/event\/wemind-international-forum\/#primaryimage\"},\"thumbnailUrl\":\"https:\/\/ticsalutsocial.atoom.space\/wp-content\/uploads\/2025\/09\/post-wemind-forum_hz_v2.jpg\",\"datePublished\":\"2025-09-08T13:39:30+00:00\",\"breadcrumb\":{\"@id\":\"https:\/\/ticsalutsocial.atoom.space\/es\/event\/wemind-international-forum\/#breadcrumb\"},\"inLanguage\":\"es\",\"potentialAction\":[{\"@type\":\"ReadAction\",\"target\":[\"https:\/\/ticsalutsocial.atoom.space\/es\/event\/wemind-international-forum\/\"]}]},{\"@type\":\"ImageObject\",\"inLanguage\":\"es\",\"@id\":\"https:\/\/ticsalutsocial.atoom.space\/es\/event\/wemind-international-forum\/#primaryimage\",\"url\":\"https:\/\/ticsalutsocial.atoom.space\/wp-content\/uploads\/2025\/09\/post-wemind-forum_hz_v2.jpg\",\"contentUrl\":\"https:\/\/ticsalutsocial.atoom.space\/wp-content\/uploads\/2025\/09\/post-wemind-forum_hz_v2.jpg\",\"width\":1600,\"height\":900},{\"@type\":\"BreadcrumbList\",\"@id\":\"https:\/\/ticsalutsocial.atoom.space\/es\/event\/wemind-international-forum\/#breadcrumb\",\"itemListElement\":[{\"@type\":\"ListItem\",\"position\":1,\"name\":\"Inici\",\"item\":\"https:\/\/ticsalutsocial.atoom.space\/es\/\"},{\"@type\":\"ListItem\",\"position\":2,\"name\":\"WeMind International Forum\"}]},{\"@type\":\"WebSite\",\"@id\":\"https:\/\/ticsalutsocial.atoom.space\/es\/#website\",\"url\":\"https:\/\/ticsalutsocial.atoom.space\/es\/\",\"name\":\"Fundaci\u00f3 TIC Salut i Social\",\"description\":\"\",\"potentialAction\":[{\"@type\":\"SearchAction\",\"target\":{\"@type\":\"EntryPoint\",\"urlTemplate\":\"https:\/\/ticsalutsocial.atoom.space\/es\/?s={search_term_string}\"},\"query-input\":{\"@type\":\"PropertyValueSpecification\",\"valueRequired\":true,\"valueName\":\"search_term_string\"}}],\"inLanguage\":\"es\"}]}<\/script>\n<!-- \/ Yoast SEO plugin. -->","yoast_head_json":{"title":"WeMind International Forum - Fundaci\u00f3 TIC Salut i Social","robots":{"index":"index","follow":"follow","max-snippet":"max-snippet:-1","max-image-preview":"max-image-preview:large","max-video-preview":"max-video-preview:-1"},"canonical":"https:\/\/ticsalutsocial.atoom.space\/es\/event\/wemind-international-forum\/","og_locale":"es_ES","og_type":"article","og_title":"WeMind International Forum - Fundaci\u00f3 TIC Salut i Social","og_description":"Del 25 al 26 de noviembre de 2025, el World Trade Center de Barcelona acoger\u00e1 la segunda edici\u00f3n del WeMind International Forum, punto de encuentro y referencia que re\u00fane a profesionales, empresas, organizaciones, centros tecnol\u00f3gicos y de investigaci\u00f3n, administraciones y entidades del tercer sector que impulsan la innovaci\u00f3n en autonom\u00eda personal, salud mental, neurociencias y [&hellip;]","og_url":"https:\/\/ticsalutsocial.atoom.space\/es\/event\/wemind-international-forum\/","og_site_name":"Fundaci\u00f3 TIC Salut i Social","og_image":[{"width":1600,"height":900,"url":"https:\/\/ticsalutsocial.atoom.space\/wp-content\/uploads\/2025\/09\/post-wemind-forum_hz_v2.jpg","type":"image\/jpeg"}],"twitter_card":"summary_large_image","twitter_misc":{"Tiempo de lectura":"1 minuto"},"schema":{"@context":"https:\/\/schema.org","@graph":[{"@type":"WebPage","@id":"https:\/\/ticsalutsocial.atoom.space\/es\/event\/wemind-international-forum\/","url":"https:\/\/ticsalutsocial.atoom.space\/es\/event\/wemind-international-forum\/","name":"WeMind International Forum - Fundaci\u00f3 TIC Salut i Social","isPartOf":{"@id":"https:\/\/ticsalutsocial.atoom.space\/es\/#website"},"primaryImageOfPage":{"@id":"https:\/\/ticsalutsocial.atoom.space\/es\/event\/wemind-international-forum\/#primaryimage"},"image":{"@id":"https:\/\/ticsalutsocial.atoom.space\/es\/event\/wemind-international-forum\/#primaryimage"},"thumbnailUrl":"https:\/\/ticsalutsocial.atoom.space\/wp-content\/uploads\/2025\/09\/post-wemind-forum_hz_v2.jpg","datePublished":"2025-09-08T13:39:30+00:00","breadcrumb":{"@id":"https:\/\/ticsalutsocial.atoom.space\/es\/event\/wemind-international-forum\/#breadcrumb"},"inLanguage":"es","potentialAction":[{"@type":"ReadAction","target":["https:\/\/ticsalutsocial.atoom.space\/es\/event\/wemind-international-forum\/"]}]},{"@type":"ImageObject","inLanguage":"es","@id":"https:\/\/ticsalutsocial.atoom.space\/es\/event\/wemind-international-forum\/#primaryimage","url":"https:\/\/ticsalutsocial.atoom.space\/wp-content\/uploads\/2025\/09\/post-wemind-forum_hz_v2.jpg","contentUrl":"https:\/\/ticsalutsocial.atoom.space\/wp-content\/uploads\/2025\/09\/post-wemind-forum_hz_v2.jpg","width":1600,"height":900},{"@type":"BreadcrumbList","@id":"https:\/\/ticsalutsocial.atoom.space\/es\/event\/wemind-international-forum\/#breadcrumb","itemListElement":[{"@type":"ListItem","position":1,"name":"Inici","item":"https:\/\/ticsalutsocial.atoom.space\/es\/"},{"@type":"ListItem","position":2,"name":"WeMind International Forum"}]},{"@type":"WebSite","@id":"https:\/\/ticsalutsocial.atoom.space\/es\/#website","url":"https:\/\/ticsalutsocial.atoom.space\/es\/","name":"Fundaci\u00f3 TIC Salut i Social","description":"","potentialAction":[{"@type":"SearchAction","target":{"@type":"EntryPoint","urlTemplate":"https:\/\/ticsalutsocial.atoom.space\/es\/?s={search_term_string}"},"query-input":{"@type":"PropertyValueSpecification","valueRequired":true,"valueName":"search_term_string"}}],"inLanguage":"es"}]}},"_links":{"self":[{"href":"https:\/\/ticsalutsocial.atoom.space\/es\/wp-json\/wp\/v2\/event\/33360","targetHints":{"allow":["GET"]}}],"collection":[{"href":"https:\/\/ticsalutsocial.atoom.space\/es\/wp-json\/wp\/v2\/event"}],"about":[{"href":"https:\/\/ticsalutsocial.atoom.space\/es\/wp-json\/wp\/v2\/types\/event"}],"wp:featuredmedia":[{"embeddable":true,"href":"https:\/\/ticsalutsocial.atoom.space\/es\/wp-json\/wp\/v2\/media\/33351"}],"wp:attachment":[{"href":"https:\/\/ticsalutsocial.atoom.space\/es\/wp-json\/wp\/v2\/media?parent=33360"}],"wp:term":[{"taxonomy":"tipus","embeddable":true,"href":"https:\/\/ticsalutsocial.atoom.space\/es\/wp-json\/wp\/v2\/tipus?post=33360"},{"taxonomy":"topic","embeddable":true,"href":"https:\/\/ticsalutsocial.atoom.space\/es\/wp-json\/wp\/v2\/topic?post=33360"}],"curies":[{"name":"wp","href":"https:\/\/api.w.org\/{rel}","templated":true}]}}

<p>Del 25 al 26 de noviembre de 2025, el World Trade Center de Barcelona acogerá la segunda edición del <strong data-start="187" data-end="217">WeMind International Forum</strong>, punto de encuentro y referencia que reúne a profesionales, empresas, organizaciones, centros tecnológicos y de investigación, administraciones y entidades del tercer sector que impulsan la innovación en autonomía personal, salud mental, neurociencias y longevidad. Un espacio pensado para abordar los grandes retos y oportunidades de un sector en plena transformación.</p>
<p><a href="https://www.wemindforum.com/ca/programa-2/" target="_blank" rel="noopener"><strong>Consulta el programa aquí.</strong></a></p>
<p>¡Inscríbete!</p>

<!-- This site is optimized with the Yoast SEO plugin v27.1.1 - https://yoast.com/product/yoast-seo-wordpress/ -->
<title>WeMind International Forum - Fundació TIC Salut i Social</title>
<meta name="robots" content="index, follow, max-snippet:-1, max-image-preview:large, max-video-preview:-1" />
<link rel="canonical" href="https://ticsalutsocial.atoom.space/es/event/wemind-international-forum/" />
<meta property="og:locale" content="es_ES" />
<meta property="og:type" content="article" />
<meta property="og:title" content="WeMind International Forum - Fundació TIC Salut i Social" />
<meta property="og:description" content="Del 25 al 26 de noviembre de 2025, el World Trade Center de Barcelona acogerá la segunda edición del WeMind International Forum, punto de encuentro y referencia que reúne a profesionales, empresas, organizaciones, centros tecnológicos y de investigación, administraciones y entidades del tercer sector que impulsan la innovación en autonomía personal, salud mental, neurociencias y [&hellip;]" />
<meta property="og:url" content="https://ticsalutsocial.atoom.space/es/event/wemind-international-forum/" />
<meta property="og:site_name" content="Fundació TIC Salut i Social" />
<meta property="og:image" content="https://ticsalutsocial.atoom.space/wp-content/uploads/2025/09/post-wemind-forum_hz_v2.jpg" />
	<meta property="og:image:width" content="1600" />
	<meta property="og:image:height" content="900" />
	<meta property="og:image:type" content="image/jpeg" />
<meta name="twitter:card" content="summary_large_image" />
<meta name="twitter:label1" content="Tiempo de lectura" />
	<meta name="twitter:data1" content="1 minuto" />
<script type="application/ld+json" class="yoast-schema-graph">{"@context":"https://schema.org","@graph":[{"@type":"WebPage","@id":"https://ticsalutsocial.atoom.space/es/event/wemind-international-forum/","url":"https://ticsalutsocial.atoom.space/es/event/wemind-international-forum/","name":"WeMind International Forum - Fundació TIC Salut i Social","isPartOf":{"@id":"https://ticsalutsocial.atoom.space/es/#website"},"primaryImageOfPage":{"@id":"https://ticsalutsocial.atoom.space/es/event/wemind-international-forum/#primaryimage"},"image":{"@id":"https://ticsalutsocial.atoom.space/es/event/wemind-international-forum/#primaryimage"},"thumbnailUrl":"https://ticsalutsocial.atoom.space/wp-content/uploads/2025/09/post-wemind-forum_hz_v2.jpg","datePublished":"2025-09-08T13:39:30+00:00","breadcrumb":{"@id":"https://ticsalutsocial.atoom.space/es/event/wemind-international-forum/#breadcrumb"},"inLanguage":"es","potentialAction":[{"@type":"ReadAction","target":["https://ticsalutsocial.atoom.space/es/event/wemind-international-forum/"]}]},{"@type":"ImageObject","inLanguage":"es","@id":"https://ticsalutsocial.atoom.space/es/event/wemind-international-forum/#primaryimage","url":"https://ticsalutsocial.atoom.space/wp-content/uploads/2025/09/post-wemind-forum_hz_v2.jpg","contentUrl":"https://ticsalutsocial.atoom.space/wp-content/uploads/2025/09/post-wemind-forum_hz_v2.jpg","width":1600,"height":900},{"@type":"BreadcrumbList","@id":"https://ticsalutsocial.atoom.space/es/event/wemind-international-forum/#breadcrumb","itemListElement":[{"@type":"ListItem","position":1,"name":"Inici","item":"https://ticsalutsocial.atoom.space/es/"},{"@type":"ListItem","position":2,"name":"WeMind International Forum"}]},{"@type":"WebSite","@id":"https://ticsalutsocial.atoom.space/es/#website","url":"https://ticsalutsocial.atoom.space/es/","name":"Fundació TIC Salut i Social","description":"","potentialAction":[{"@type":"SearchAction","target":{"@type":"EntryPoint","urlTemplate":"https://ticsalutsocial.atoom.space/es/?s={search_term_string}"},"query-input":{"@type":"PropertyValueSpecification","valueRequired":true,"valueName":"search_term_string"}}],"inLanguage":"es"}]}</script>
<!-- / Yoast SEO plugin. -->

WeMind International Forum - Fundació TIC Salut i Social

Del 25 al 26 de noviembre de 2025, el World Trade Center de Barcelona acogerá la segunda edición del WeMind International Forum, punto de encuentro y referencia que reúne a profesionales, empresas, organizaciones, centros tecnológicos y de investigación, administraciones y entidades del tercer sector que impulsan la innovación en autonomía personal, salud mental, neurociencias y [&hellip;]

Fundació TIC Salut i Social
