
{"id":33372,"date":"2025-09-09T09:23:43","date_gmt":"2025-09-09T07:23:43","guid":{"rendered":"https:\/\/ticsalutsocial.atoom.space\/event\/eines-digitals-oportunitats-en-salut-i-reptes-juridics\/"},"modified":"2025-09-09T09:29:26","modified_gmt":"2025-09-09T07:29:26","slug":"eines-digitals-oportunitats-en-salut-i-reptes-juridics","status":"publish","type":"event","link":"https:\/\/ticsalutsocial.atoom.space\/es\/event\/eines-digitals-oportunitats-en-salut-i-reptes-juridics\/","title":{"rendered":"Herramientas digitales: oportunidades en salud y retos jur\u00eddicos"},"content":{"rendered":"<p data-start=\"55\" data-end=\"168\">El pr\u00f3ximo 26 de septiembre el CSC organiza en su sede una sesi\u00f3n informativa que puede ser de vuestro inter\u00e9s.<\/p>\n<p data-start=\"170\" data-end=\"299\">El objetivo de la jornada es abordar el debate sobre el equilibrio entre la implementaci\u00f3n digital y el cumplimiento normativo.<\/p>\n<p data-start=\"301\" data-end=\"382\">A partir de las 12:00 en Av. Tibidabo, 21, Sarri\u00e0-Sant Gervasi, 08022 Barcelona<\/p>\n<p data-start=\"384\" data-end=\"398\"><strong data-start=\"384\" data-end=\"396\">PROGRAMA<\/strong><\/p>\n<p data-start=\"400\" data-end=\"470\"><strong data-start=\"400\" data-end=\"420\">12:00 Bienvenida<\/strong><br data-start=\"420\" data-end=\"423\" \/>Francesc Jos\u00e9 Mar\u00eda, director general del CSC<\/p>\n<p data-start=\"472\" data-end=\"653\"><strong data-start=\"472\" data-end=\"560\">12:05 R\u00e9gimen jur\u00eddico de las nuevas herramientas digitales en el \u00e1mbito de la salud<\/strong><br data-start=\"560\" data-end=\"563\" \/>Juan F. P\u00e9rez G\u00e1lvez, catedr\u00e1tico de Derecho Administrativo de la Universidad de Almer\u00eda<\/p>\n<p data-start=\"655\" data-end=\"834\"><strong data-start=\"655\" data-end=\"724\">12:50 Aspectos pr\u00e1cticos de la validaci\u00f3n de soluciones digitales<\/strong><br data-start=\"724\" data-end=\"727\" \/>Felip Carbajo, abogado y Compliance Officer de la Fundaci\u00f3n de Gesti\u00f3n Sanitaria del Hospital de Sant Pau<\/p>\n<p data-start=\"836\" data-end=\"1020\"><strong data-start=\"836\" data-end=\"913\">13:20 La responsabilidad penal de la persona jur\u00eddica: aspectos pr\u00e1cticos<\/strong><br data-start=\"913\" data-end=\"916\" \/>Olga Pozas, abogada y Compliance Officer de la Fundaci\u00f3n de Gesti\u00f3n Sanitaria del Hospital de Sant Pau<\/p>\n<p data-start=\"1022\" data-end=\"1058\"><strong data-start=\"1022\" data-end=\"1056\">13:50 Debate final<\/strong><\/p>\n<p data-start=\"1060\" data-end=\"1116\"><strong data-start=\"1060\" data-end=\"1078\">14:00 Clausura<\/strong><br data-start=\"1078\" data-end=\"1081\" \/>Josep Mayoral, presidente del CSC<\/p>\n","protected":false},"featured_media":0,"menu_order":0,"template":"","meta":{"_acf_changed":false,"inline_featured_image":false},"tipus":[],"topic":[117],"class_list":["post-33372","event","type-event","status-publish","hentry","topic-jornadas"],"acf":{"informacio":{"ubicacio":"Av. Tibidabo, 21,Sarri\u00e0-Sant Gervasi, 08022 Barcelona","data":"26\/09\/2025","hora":"12:00 - 14:00","preu":"Gratuito previa inscripci\u00f3n","inscripcions":"https:\/\/crm.consorci.org\/form\/einesdigitals"},"programa":{"titol":"","items":false},"documents":false},"yoast_head":"<!-- This site is optimized with the Yoast SEO plugin v27.1.1 - https:\/\/yoast.com\/product\/yoast-seo-wordpress\/ -->\n<title>Herramientas digitales: oportunidades en salud y retos jur\u00eddicos - Fundaci\u00f3 TIC Salut i Social<\/title>\n<meta name=\"robots\" content=\"index, follow, max-snippet:-1, max-image-preview:large, max-video-preview:-1\" \/>\n<link rel=\"canonical\" href=\"https:\/\/ticsalutsocial.atoom.space\/es\/event\/eines-digitals-oportunitats-en-salut-i-reptes-juridics\/\" \/>\n<meta property=\"og:locale\" content=\"es_ES\" \/>\n<meta property=\"og:type\" content=\"article\" \/>\n<meta property=\"og:title\" content=\"Herramientas digitales: oportunidades en salud y retos jur\u00eddicos - Fundaci\u00f3 TIC Salut i Social\" \/>\n<meta property=\"og:description\" content=\"El pr\u00f3ximo 26 de septiembre el CSC organiza en su sede una sesi\u00f3n informativa que puede ser de vuestro inter\u00e9s. El objetivo de la jornada es abordar el debate sobre el equilibrio entre la implementaci\u00f3n digital y el cumplimiento normativo. A partir de las 12:00 en Av. Tibidabo, 21, Sarri\u00e0-Sant Gervasi, 08022 Barcelona PROGRAMA 12:00 [&hellip;]\" \/>\n<meta property=\"og:url\" content=\"https:\/\/ticsalutsocial.atoom.space\/es\/event\/eines-digitals-oportunitats-en-salut-i-reptes-juridics\/\" \/>\n<meta property=\"og:site_name\" content=\"Fundaci\u00f3 TIC Salut i Social\" \/>\n<meta property=\"article:modified_time\" content=\"2025-09-09T07:29:26+00:00\" \/>\n<meta name=\"twitter:card\" content=\"summary_large_image\" \/>\n<meta name=\"twitter:label1\" content=\"Tiempo de lectura\" \/>\n\t<meta name=\"twitter:data1\" content=\"1 minuto\" \/>\n<script type=\"application\/ld+json\" class=\"yoast-schema-graph\">{\"@context\":\"https:\/\/schema.org\",\"@graph\":[{\"@type\":\"WebPage\",\"@id\":\"https:\/\/ticsalutsocial.atoom.space\/es\/event\/eines-digitals-oportunitats-en-salut-i-reptes-juridics\/\",\"url\":\"https:\/\/ticsalutsocial.atoom.space\/es\/event\/eines-digitals-oportunitats-en-salut-i-reptes-juridics\/\",\"name\":\"Herramientas digitales: oportunidades en salud y retos jur\u00eddicos - Fundaci\u00f3 TIC Salut i Social\",\"isPartOf\":{\"@id\":\"https:\/\/ticsalutsocial.atoom.space\/es\/#website\"},\"datePublished\":\"2025-09-09T07:23:43+00:00\",\"dateModified\":\"2025-09-09T07:29:26+00:00\",\"breadcrumb\":{\"@id\":\"https:\/\/ticsalutsocial.atoom.space\/es\/event\/eines-digitals-oportunitats-en-salut-i-reptes-juridics\/#breadcrumb\"},\"inLanguage\":\"es\",\"potentialAction\":[{\"@type\":\"ReadAction\",\"target\":[\"https:\/\/ticsalutsocial.atoom.space\/es\/event\/eines-digitals-oportunitats-en-salut-i-reptes-juridics\/\"]}]},{\"@type\":\"BreadcrumbList\",\"@id\":\"https:\/\/ticsalutsocial.atoom.space\/es\/event\/eines-digitals-oportunitats-en-salut-i-reptes-juridics\/#breadcrumb\",\"itemListElement\":[{\"@type\":\"ListItem\",\"position\":1,\"name\":\"Inici\",\"item\":\"https:\/\/ticsalutsocial.atoom.space\/es\/\"},{\"@type\":\"ListItem\",\"position\":2,\"name\":\"Herramientas digitales: oportunidades en salud y retos jur\u00eddicos\"}]},{\"@type\":\"WebSite\",\"@id\":\"https:\/\/ticsalutsocial.atoom.space\/es\/#website\",\"url\":\"https:\/\/ticsalutsocial.atoom.space\/es\/\",\"name\":\"Fundaci\u00f3 TIC Salut i Social\",\"description\":\"\",\"potentialAction\":[{\"@type\":\"SearchAction\",\"target\":{\"@type\":\"EntryPoint\",\"urlTemplate\":\"https:\/\/ticsalutsocial.atoom.space\/es\/?s={search_term_string}\"},\"query-input\":{\"@type\":\"PropertyValueSpecification\",\"valueRequired\":true,\"valueName\":\"search_term_string\"}}],\"inLanguage\":\"es\"}]}<\/script>\n<!-- \/ Yoast SEO plugin. -->","yoast_head_json":{"title":"Herramientas digitales: oportunidades en salud y retos jur\u00eddicos - Fundaci\u00f3 TIC Salut i Social","robots":{"index":"index","follow":"follow","max-snippet":"max-snippet:-1","max-image-preview":"max-image-preview:large","max-video-preview":"max-video-preview:-1"},"canonical":"https:\/\/ticsalutsocial.atoom.space\/es\/event\/eines-digitals-oportunitats-en-salut-i-reptes-juridics\/","og_locale":"es_ES","og_type":"article","og_title":"Herramientas digitales: oportunidades en salud y retos jur\u00eddicos - Fundaci\u00f3 TIC Salut i Social","og_description":"El pr\u00f3ximo 26 de septiembre el CSC organiza en su sede una sesi\u00f3n informativa que puede ser de vuestro inter\u00e9s. El objetivo de la jornada es abordar el debate sobre el equilibrio entre la implementaci\u00f3n digital y el cumplimiento normativo. A partir de las 12:00 en Av. Tibidabo, 21, Sarri\u00e0-Sant Gervasi, 08022 Barcelona PROGRAMA 12:00 [&hellip;]","og_url":"https:\/\/ticsalutsocial.atoom.space\/es\/event\/eines-digitals-oportunitats-en-salut-i-reptes-juridics\/","og_site_name":"Fundaci\u00f3 TIC Salut i Social","article_modified_time":"2025-09-09T07:29:26+00:00","twitter_card":"summary_large_image","twitter_misc":{"Tiempo de lectura":"1 minuto"},"schema":{"@context":"https:\/\/schema.org","@graph":[{"@type":"WebPage","@id":"https:\/\/ticsalutsocial.atoom.space\/es\/event\/eines-digitals-oportunitats-en-salut-i-reptes-juridics\/","url":"https:\/\/ticsalutsocial.atoom.space\/es\/event\/eines-digitals-oportunitats-en-salut-i-reptes-juridics\/","name":"Herramientas digitales: oportunidades en salud y retos jur\u00eddicos - Fundaci\u00f3 TIC Salut i Social","isPartOf":{"@id":"https:\/\/ticsalutsocial.atoom.space\/es\/#website"},"datePublished":"2025-09-09T07:23:43+00:00","dateModified":"2025-09-09T07:29:26+00:00","breadcrumb":{"@id":"https:\/\/ticsalutsocial.atoom.space\/es\/event\/eines-digitals-oportunitats-en-salut-i-reptes-juridics\/#breadcrumb"},"inLanguage":"es","potentialAction":[{"@type":"ReadAction","target":["https:\/\/ticsalutsocial.atoom.space\/es\/event\/eines-digitals-oportunitats-en-salut-i-reptes-juridics\/"]}]},{"@type":"BreadcrumbList","@id":"https:\/\/ticsalutsocial.atoom.space\/es\/event\/eines-digitals-oportunitats-en-salut-i-reptes-juridics\/#breadcrumb","itemListElement":[{"@type":"ListItem","position":1,"name":"Inici","item":"https:\/\/ticsalutsocial.atoom.space\/es\/"},{"@type":"ListItem","position":2,"name":"Herramientas digitales: oportunidades en salud y retos jur\u00eddicos"}]},{"@type":"WebSite","@id":"https:\/\/ticsalutsocial.atoom.space\/es\/#website","url":"https:\/\/ticsalutsocial.atoom.space\/es\/","name":"Fundaci\u00f3 TIC Salut i Social","description":"","potentialAction":[{"@type":"SearchAction","target":{"@type":"EntryPoint","urlTemplate":"https:\/\/ticsalutsocial.atoom.space\/es\/?s={search_term_string}"},"query-input":{"@type":"PropertyValueSpecification","valueRequired":true,"valueName":"search_term_string"}}],"inLanguage":"es"}]}},"_links":{"self":[{"href":"https:\/\/ticsalutsocial.atoom.space\/es\/wp-json\/wp\/v2\/event\/33372","targetHints":{"allow":["GET"]}}],"collection":[{"href":"https:\/\/ticsalutsocial.atoom.space\/es\/wp-json\/wp\/v2\/event"}],"about":[{"href":"https:\/\/ticsalutsocial.atoom.space\/es\/wp-json\/wp\/v2\/types\/event"}],"wp:attachment":[{"href":"https:\/\/ticsalutsocial.atoom.space\/es\/wp-json\/wp\/v2\/media?parent=33372"}],"wp:term":[{"taxonomy":"tipus","embeddable":true,"href":"https:\/\/ticsalutsocial.atoom.space\/es\/wp-json\/wp\/v2\/tipus?post=33372"},{"taxonomy":"topic","embeddable":true,"href":"https:\/\/ticsalutsocial.atoom.space\/es\/wp-json\/wp\/v2\/topic?post=33372"}],"curies":[{"name":"wp","href":"https:\/\/api.w.org\/{rel}","templated":true}]}}

Herramientas digitales: oportunidades en salud y retos jurídicos

<p data-start="55" data-end="168">El próximo 26 de septiembre el CSC organiza en su sede una sesión informativa que puede ser de vuestro interés.</p>
<p data-start="170" data-end="299">El objetivo de la jornada es abordar el debate sobre el equilibrio entre la implementación digital y el cumplimiento normativo.</p>
<p data-start="301" data-end="382">A partir de las 12:00 en Av. Tibidabo, 21, Sarrià-Sant Gervasi, 08022 Barcelona</p>
<p data-start="384" data-end="398"><strong data-start="384" data-end="396">PROGRAMA</strong></p>
<p data-start="400" data-end="470"><strong data-start="400" data-end="420">12:00 Bienvenida</strong><br data-start="420" data-end="423" />Francesc José María, director general del CSC</p>
<p data-start="472" data-end="653"><strong data-start="472" data-end="560">12:05 Régimen jurídico de las nuevas herramientas digitales en el ámbito de la salud</strong><br data-start="560" data-end="563" />Juan F. Pérez Gálvez, catedrático de Derecho Administrativo de la Universidad de Almería</p>
<p data-start="655" data-end="834"><strong data-start="655" data-end="724">12:50 Aspectos prácticos de la validación de soluciones digitales</strong><br data-start="724" data-end="727" />Felip Carbajo, abogado y Compliance Officer de la Fundación de Gestión Sanitaria del Hospital de Sant Pau</p>
<p data-start="836" data-end="1020"><strong data-start="836" data-end="913">13:20 La responsabilidad penal de la persona jurídica: aspectos prácticos</strong><br data-start="913" data-end="916" />Olga Pozas, abogada y Compliance Officer de la Fundación de Gestión Sanitaria del Hospital de Sant Pau</p>
<p data-start="1022" data-end="1058"><strong data-start="1022" data-end="1056">13:50 Debate final</strong></p>
<p data-start="1060" data-end="1116"><strong data-start="1060" data-end="1078">14:00 Clausura</strong><br data-start="1078" data-end="1081" />Josep Mayoral, presidente del CSC</p>

Av. Tibidabo, 21,Sarrià-Sant Gervasi, 08022 Barcelona

Gratuito previa inscripción

<!-- This site is optimized with the Yoast SEO plugin v27.1.1 - https://yoast.com/product/yoast-seo-wordpress/ -->
<title>Herramientas digitales: oportunidades en salud y retos jurídicos - Fundació TIC Salut i Social</title>
<meta name="robots" content="index, follow, max-snippet:-1, max-image-preview:large, max-video-preview:-1" />
<link rel="canonical" href="https://ticsalutsocial.atoom.space/es/event/eines-digitals-oportunitats-en-salut-i-reptes-juridics/" />
<meta property="og:locale" content="es_ES" />
<meta property="og:type" content="article" />
<meta property="og:title" content="Herramientas digitales: oportunidades en salud y retos jurídicos - Fundació TIC Salut i Social" />
<meta property="og:description" content="El próximo 26 de septiembre el CSC organiza en su sede una sesión informativa que puede ser de vuestro interés. El objetivo de la jornada es abordar el debate sobre el equilibrio entre la implementación digital y el cumplimiento normativo. A partir de las 12:00 en Av. Tibidabo, 21, Sarrià-Sant Gervasi, 08022 Barcelona PROGRAMA 12:00 [&hellip;]" />
<meta property="og:url" content="https://ticsalutsocial.atoom.space/es/event/eines-digitals-oportunitats-en-salut-i-reptes-juridics/" />
<meta property="og:site_name" content="Fundació TIC Salut i Social" />
<meta property="article:modified_time" content="2025-09-09T07:29:26+00:00" />
<meta name="twitter:card" content="summary_large_image" />
<meta name="twitter:label1" content="Tiempo de lectura" />
	<meta name="twitter:data1" content="1 minuto" />
<script type="application/ld+json" class="yoast-schema-graph">{"@context":"https://schema.org","@graph":[{"@type":"WebPage","@id":"https://ticsalutsocial.atoom.space/es/event/eines-digitals-oportunitats-en-salut-i-reptes-juridics/","url":"https://ticsalutsocial.atoom.space/es/event/eines-digitals-oportunitats-en-salut-i-reptes-juridics/","name":"Herramientas digitales: oportunidades en salud y retos jurídicos - Fundació TIC Salut i Social","isPartOf":{"@id":"https://ticsalutsocial.atoom.space/es/#website"},"datePublished":"2025-09-09T07:23:43+00:00","dateModified":"2025-09-09T07:29:26+00:00","breadcrumb":{"@id":"https://ticsalutsocial.atoom.space/es/event/eines-digitals-oportunitats-en-salut-i-reptes-juridics/#breadcrumb"},"inLanguage":"es","potentialAction":[{"@type":"ReadAction","target":["https://ticsalutsocial.atoom.space/es/event/eines-digitals-oportunitats-en-salut-i-reptes-juridics/"]}]},{"@type":"BreadcrumbList","@id":"https://ticsalutsocial.atoom.space/es/event/eines-digitals-oportunitats-en-salut-i-reptes-juridics/#breadcrumb","itemListElement":[{"@type":"ListItem","position":1,"name":"Inici","item":"https://ticsalutsocial.atoom.space/es/"},{"@type":"ListItem","position":2,"name":"Herramientas digitales: oportunidades en salud y retos jurídicos"}]},{"@type":"WebSite","@id":"https://ticsalutsocial.atoom.space/es/#website","url":"https://ticsalutsocial.atoom.space/es/","name":"Fundació TIC Salut i Social","description":"","potentialAction":[{"@type":"SearchAction","target":{"@type":"EntryPoint","urlTemplate":"https://ticsalutsocial.atoom.space/es/?s={search_term_string}"},"query-input":{"@type":"PropertyValueSpecification","valueRequired":true,"valueName":"search_term_string"}}],"inLanguage":"es"}]}</script>
<!-- / Yoast SEO plugin. -->

Herramientas digitales: oportunidades en salud y retos jurídicos - Fundació TIC Salut i Social

El próximo 26 de septiembre el CSC organiza en su sede una sesión informativa que puede ser de vuestro interés. El objetivo de la jornada es abordar el debate sobre el equilibrio entre la implementación digital y el cumplimiento normativo. A partir de las 12:00 en Av. Tibidabo, 21, Sarrià-Sant Gervasi, 08022 Barcelona PROGRAMA 12:00 [&hellip;]

Fundació TIC Salut i Social
