
{"id":33377,"date":"2025-09-10T10:06:01","date_gmt":"2025-09-10T08:06:01","guid":{"rendered":"https:\/\/ticsalutsocial.atoom.space\/event\/ia-en-salut-un-repte-interdisciplinari\/"},"modified":"2025-10-21T13:20:49","modified_gmt":"2025-10-21T11:20:49","slug":"ia-en-salut-un-repte-interdisciplinari","status":"publish","type":"event","link":"https:\/\/ticsalutsocial.atoom.space\/es\/event\/ia-en-salut-un-repte-interdisciplinari\/","title":{"rendered":"IA en salud: un reto interdisciplinario"},"content":{"rendered":"<div>\n<p data-start=\"55\" data-end=\"293\">El pr\u00f3ximo 29 de octubre, la Asociaci\u00f3n GIPS, BioInform\u00e0tics Barcelona, FENIN, el \u00c1rea de Innovaci\u00f3n y Emprendimiento del CoMB y Medided\u00e0lia organizan la jornada <strong data-start=\"217\" data-end=\"260\">\u201cIA en salud: un reto interdisciplinar\u201d<\/strong>. Ser\u00e1 una jornada orientada a:<\/p>\n<ul data-start=\"295\" data-end=\"806\">\n<li data-start=\"295\" data-end=\"464\">\n<p data-start=\"297\" data-end=\"464\">identificar y desarrollar los conceptos clave en IA en el \u00e1mbito de la salud, as\u00ed como las implicaciones que tiene para las organizaciones que quieren desarrollarla,<\/p>\n<\/li>\n<li data-start=\"465\" data-end=\"633\">\n<p data-start=\"467\" data-end=\"633\">hablar sobre las competencias necesarias de los diferentes perfiles implicados en el desarrollo de la IA en salud, tanto para los cl\u00ednicos como para los tecn\u00f3logos,<\/p>\n<\/li>\n<li data-start=\"634\" data-end=\"719\">\n<p data-start=\"636\" data-end=\"719\">debatir sobre c\u00f3mo podemos potenciar su incorporaci\u00f3n en los centros sanitarios y<\/p>\n<\/li>\n<li data-start=\"720\" data-end=\"806\">\n<p data-start=\"722\" data-end=\"806\">presentar diferentes casos de \u00e9xito de desarrollo de IA en los centros sanitarios.<\/p>\n<\/li>\n<\/ul>\n<p data-start=\"808\" data-end=\"1246\">La jornada est\u00e1 dirigida a profesionales de la salud que trabajan en centros sanitarios y est\u00e1n interesados en el desarrollo de esta tecnolog\u00eda; a profesionales vinculados con la salud con perfiles m\u00e1s cient\u00edficos y\/o tecnol\u00f3gicos (ingenieros biom\u00e9dicos, bioinform\u00e1ticos, etc.) que conocen la tecnolog\u00eda y quieren desarrollarla en el campo cl\u00ednico; y tambi\u00e9n a gestores sanitarios que quieren implementar la IA en la mejora de procesos.<\/p>\n<\/div>\n<p data-start=\"1327\" data-end=\"1468\">El <strong data-start=\"1330\" data-end=\"1375\">Director de la Fundaci\u00f3n, Joan Guanyabens<\/strong>, participar\u00e1 en la sesi\u00f3n <strong data-start=\"1402\" data-end=\"1467\">\u201cSalud e IA en Catalu\u00f1a: \u00bfd\u00f3nde estamos y hacia d\u00f3nde vamos?\u201d<\/strong>.<\/p>\n<div><a class=\"\" href=\"https:\/\/gips.cat\/docs\/invitacio_gips-ia2.pdf\" target=\"_blank\" rel=\"noopener\" name=\"\">Acceso al programa de la jornada<\/a><\/div>\n","protected":false},"featured_media":33994,"menu_order":0,"template":"","meta":{"_acf_changed":false,"inline_featured_image":false},"tipus":[],"topic":[],"class_list":["post-33377","event","type-event","status-publish","has-post-thumbnail","hentry"],"acf":{"informacio":{"ubicacio":"Passeig de la Bonanova, 47 - 08017 Barcelona","data":"29\/10\/2025","hora":"9:00-17:00","preu":"Gratuito previa inscripci\u00f3n","inscripcions":"https:\/\/inscripcions.gips.cat\/form\/ia-en-salut-un-repte-interdisciplinari"},"programa":{"titol":"","items":false},"documents":false},"yoast_head":"<!-- This site is optimized with the Yoast SEO plugin v27.1.1 - https:\/\/yoast.com\/product\/yoast-seo-wordpress\/ -->\n<title>IA en salud: un reto interdisciplinario - Fundaci\u00f3 TIC Salut i Social<\/title>\n<meta name=\"robots\" content=\"index, follow, max-snippet:-1, max-image-preview:large, max-video-preview:-1\" \/>\n<link rel=\"canonical\" href=\"https:\/\/ticsalutsocial.atoom.space\/es\/event\/ia-en-salut-un-repte-interdisciplinari\/\" \/>\n<meta property=\"og:locale\" content=\"es_ES\" \/>\n<meta property=\"og:type\" content=\"article\" \/>\n<meta property=\"og:title\" content=\"IA en salud: un reto interdisciplinario - Fundaci\u00f3 TIC Salut i Social\" \/>\n<meta property=\"og:description\" content=\"El pr\u00f3ximo 29 de octubre, la Asociaci\u00f3n GIPS, BioInform\u00e0tics Barcelona, FENIN, el \u00c1rea de Innovaci\u00f3n y Emprendimiento del CoMB y Medided\u00e0lia organizan la jornada \u201cIA en salud: un reto interdisciplinar\u201d. Ser\u00e1 una jornada orientada a: identificar y desarrollar los conceptos clave en IA en el \u00e1mbito de la salud, as\u00ed como las implicaciones que tiene [&hellip;]\" \/>\n<meta property=\"og:url\" content=\"https:\/\/ticsalutsocial.atoom.space\/es\/event\/ia-en-salut-un-repte-interdisciplinari\/\" \/>\n<meta property=\"og:site_name\" content=\"Fundaci\u00f3 TIC Salut i Social\" \/>\n<meta property=\"article:modified_time\" content=\"2025-10-21T11:20:49+00:00\" \/>\n<meta name=\"twitter:card\" content=\"summary_large_image\" \/>\n<meta name=\"twitter:label1\" content=\"Tiempo de lectura\" \/>\n\t<meta name=\"twitter:data1\" content=\"2 minutos\" \/>\n<script type=\"application\/ld+json\" class=\"yoast-schema-graph\">{\"@context\":\"https:\/\/schema.org\",\"@graph\":[{\"@type\":\"WebPage\",\"@id\":\"https:\/\/ticsalutsocial.atoom.space\/es\/event\/ia-en-salut-un-repte-interdisciplinari\/\",\"url\":\"https:\/\/ticsalutsocial.atoom.space\/es\/event\/ia-en-salut-un-repte-interdisciplinari\/\",\"name\":\"IA en salud: un reto interdisciplinario - Fundaci\u00f3 TIC Salut i Social\",\"isPartOf\":{\"@id\":\"https:\/\/ticsalutsocial.atoom.space\/es\/#website\"},\"primaryImageOfPage\":{\"@id\":\"https:\/\/ticsalutsocial.atoom.space\/es\/event\/ia-en-salut-un-repte-interdisciplinari\/#primaryimage\"},\"image\":{\"@id\":\"https:\/\/ticsalutsocial.atoom.space\/es\/event\/ia-en-salut-un-repte-interdisciplinari\/#primaryimage\"},\"thumbnailUrl\":\"https:\/\/ticsalutsocial.atoom.space\/wp-content\/uploads\/2025\/09\/Captura-de-pantalla-2025-10-21-a-las-13.24.31.png\",\"datePublished\":\"2025-09-10T08:06:01+00:00\",\"dateModified\":\"2025-10-21T11:20:49+00:00\",\"breadcrumb\":{\"@id\":\"https:\/\/ticsalutsocial.atoom.space\/es\/event\/ia-en-salut-un-repte-interdisciplinari\/#breadcrumb\"},\"inLanguage\":\"es\",\"potentialAction\":[{\"@type\":\"ReadAction\",\"target\":[\"https:\/\/ticsalutsocial.atoom.space\/es\/event\/ia-en-salut-un-repte-interdisciplinari\/\"]}]},{\"@type\":\"ImageObject\",\"inLanguage\":\"es\",\"@id\":\"https:\/\/ticsalutsocial.atoom.space\/es\/event\/ia-en-salut-un-repte-interdisciplinari\/#primaryimage\",\"url\":\"https:\/\/ticsalutsocial.atoom.space\/wp-content\/uploads\/2025\/09\/Captura-de-pantalla-2025-10-21-a-las-13.24.31.png\",\"contentUrl\":\"https:\/\/ticsalutsocial.atoom.space\/wp-content\/uploads\/2025\/09\/Captura-de-pantalla-2025-10-21-a-las-13.24.31.png\",\"width\":1564,\"height\":862},{\"@type\":\"BreadcrumbList\",\"@id\":\"https:\/\/ticsalutsocial.atoom.space\/es\/event\/ia-en-salut-un-repte-interdisciplinari\/#breadcrumb\",\"itemListElement\":[{\"@type\":\"ListItem\",\"position\":1,\"name\":\"Inici\",\"item\":\"https:\/\/ticsalutsocial.atoom.space\/es\/\"},{\"@type\":\"ListItem\",\"position\":2,\"name\":\"IA en salud: un reto interdisciplinario\"}]},{\"@type\":\"WebSite\",\"@id\":\"https:\/\/ticsalutsocial.atoom.space\/es\/#website\",\"url\":\"https:\/\/ticsalutsocial.atoom.space\/es\/\",\"name\":\"Fundaci\u00f3 TIC Salut i Social\",\"description\":\"\",\"potentialAction\":[{\"@type\":\"SearchAction\",\"target\":{\"@type\":\"EntryPoint\",\"urlTemplate\":\"https:\/\/ticsalutsocial.atoom.space\/es\/?s={search_term_string}\"},\"query-input\":{\"@type\":\"PropertyValueSpecification\",\"valueRequired\":true,\"valueName\":\"search_term_string\"}}],\"inLanguage\":\"es\"}]}<\/script>\n<!-- \/ Yoast SEO plugin. -->","yoast_head_json":{"title":"IA en salud: un reto interdisciplinario - Fundaci\u00f3 TIC Salut i Social","robots":{"index":"index","follow":"follow","max-snippet":"max-snippet:-1","max-image-preview":"max-image-preview:large","max-video-preview":"max-video-preview:-1"},"canonical":"https:\/\/ticsalutsocial.atoom.space\/es\/event\/ia-en-salut-un-repte-interdisciplinari\/","og_locale":"es_ES","og_type":"article","og_title":"IA en salud: un reto interdisciplinario - Fundaci\u00f3 TIC Salut i Social","og_description":"El pr\u00f3ximo 29 de octubre, la Asociaci\u00f3n GIPS, BioInform\u00e0tics Barcelona, FENIN, el \u00c1rea de Innovaci\u00f3n y Emprendimiento del CoMB y Medided\u00e0lia organizan la jornada \u201cIA en salud: un reto interdisciplinar\u201d. Ser\u00e1 una jornada orientada a: identificar y desarrollar los conceptos clave en IA en el \u00e1mbito de la salud, as\u00ed como las implicaciones que tiene [&hellip;]","og_url":"https:\/\/ticsalutsocial.atoom.space\/es\/event\/ia-en-salut-un-repte-interdisciplinari\/","og_site_name":"Fundaci\u00f3 TIC Salut i Social","article_modified_time":"2025-10-21T11:20:49+00:00","twitter_card":"summary_large_image","twitter_misc":{"Tiempo de lectura":"2 minutos"},"schema":{"@context":"https:\/\/schema.org","@graph":[{"@type":"WebPage","@id":"https:\/\/ticsalutsocial.atoom.space\/es\/event\/ia-en-salut-un-repte-interdisciplinari\/","url":"https:\/\/ticsalutsocial.atoom.space\/es\/event\/ia-en-salut-un-repte-interdisciplinari\/","name":"IA en salud: un reto interdisciplinario - Fundaci\u00f3 TIC Salut i Social","isPartOf":{"@id":"https:\/\/ticsalutsocial.atoom.space\/es\/#website"},"primaryImageOfPage":{"@id":"https:\/\/ticsalutsocial.atoom.space\/es\/event\/ia-en-salut-un-repte-interdisciplinari\/#primaryimage"},"image":{"@id":"https:\/\/ticsalutsocial.atoom.space\/es\/event\/ia-en-salut-un-repte-interdisciplinari\/#primaryimage"},"thumbnailUrl":"https:\/\/ticsalutsocial.atoom.space\/wp-content\/uploads\/2025\/09\/Captura-de-pantalla-2025-10-21-a-las-13.24.31.png","datePublished":"2025-09-10T08:06:01+00:00","dateModified":"2025-10-21T11:20:49+00:00","breadcrumb":{"@id":"https:\/\/ticsalutsocial.atoom.space\/es\/event\/ia-en-salut-un-repte-interdisciplinari\/#breadcrumb"},"inLanguage":"es","potentialAction":[{"@type":"ReadAction","target":["https:\/\/ticsalutsocial.atoom.space\/es\/event\/ia-en-salut-un-repte-interdisciplinari\/"]}]},{"@type":"ImageObject","inLanguage":"es","@id":"https:\/\/ticsalutsocial.atoom.space\/es\/event\/ia-en-salut-un-repte-interdisciplinari\/#primaryimage","url":"https:\/\/ticsalutsocial.atoom.space\/wp-content\/uploads\/2025\/09\/Captura-de-pantalla-2025-10-21-a-las-13.24.31.png","contentUrl":"https:\/\/ticsalutsocial.atoom.space\/wp-content\/uploads\/2025\/09\/Captura-de-pantalla-2025-10-21-a-las-13.24.31.png","width":1564,"height":862},{"@type":"BreadcrumbList","@id":"https:\/\/ticsalutsocial.atoom.space\/es\/event\/ia-en-salut-un-repte-interdisciplinari\/#breadcrumb","itemListElement":[{"@type":"ListItem","position":1,"name":"Inici","item":"https:\/\/ticsalutsocial.atoom.space\/es\/"},{"@type":"ListItem","position":2,"name":"IA en salud: un reto interdisciplinario"}]},{"@type":"WebSite","@id":"https:\/\/ticsalutsocial.atoom.space\/es\/#website","url":"https:\/\/ticsalutsocial.atoom.space\/es\/","name":"Fundaci\u00f3 TIC Salut i Social","description":"","potentialAction":[{"@type":"SearchAction","target":{"@type":"EntryPoint","urlTemplate":"https:\/\/ticsalutsocial.atoom.space\/es\/?s={search_term_string}"},"query-input":{"@type":"PropertyValueSpecification","valueRequired":true,"valueName":"search_term_string"}}],"inLanguage":"es"}]}},"_links":{"self":[{"href":"https:\/\/ticsalutsocial.atoom.space\/es\/wp-json\/wp\/v2\/event\/33377","targetHints":{"allow":["GET"]}}],"collection":[{"href":"https:\/\/ticsalutsocial.atoom.space\/es\/wp-json\/wp\/v2\/event"}],"about":[{"href":"https:\/\/ticsalutsocial.atoom.space\/es\/wp-json\/wp\/v2\/types\/event"}],"wp:featuredmedia":[{"embeddable":true,"href":"https:\/\/ticsalutsocial.atoom.space\/es\/wp-json\/wp\/v2\/media\/33994"}],"wp:attachment":[{"href":"https:\/\/ticsalutsocial.atoom.space\/es\/wp-json\/wp\/v2\/media?parent=33377"}],"wp:term":[{"taxonomy":"tipus","embeddable":true,"href":"https:\/\/ticsalutsocial.atoom.space\/es\/wp-json\/wp\/v2\/tipus?post=33377"},{"taxonomy":"topic","embeddable":true,"href":"https:\/\/ticsalutsocial.atoom.space\/es\/wp-json\/wp\/v2\/topic?post=33377"}],"curies":[{"name":"wp","href":"https:\/\/api.w.org\/{rel}","templated":true}]}}

<div>
<p data-start="55" data-end="293">El próximo 29 de octubre, la Asociación GIPS, BioInformàtics Barcelona, FENIN, el Área de Innovación y Emprendimiento del CoMB y Medidedàlia organizan la jornada <strong data-start="217" data-end="260">“IA en salud: un reto interdisciplinar”</strong>. Será una jornada orientada a:</p>
<ul data-start="295" data-end="806">
<li data-start="295" data-end="464">
<p data-start="297" data-end="464">identificar y desarrollar los conceptos clave en IA en el ámbito de la salud, así como las implicaciones que tiene para las organizaciones que quieren desarrollarla,</p>
</li>
<li data-start="465" data-end="633">
<p data-start="467" data-end="633">hablar sobre las competencias necesarias de los diferentes perfiles implicados en el desarrollo de la IA en salud, tanto para los clínicos como para los tecnólogos,</p>
</li>
<li data-start="634" data-end="719">
<p data-start="636" data-end="719">debatir sobre cómo podemos potenciar su incorporación en los centros sanitarios y</p>
</li>
<li data-start="720" data-end="806">
<p data-start="722" data-end="806">presentar diferentes casos de éxito de desarrollo de IA en los centros sanitarios.</p>
</li>
</ul>
<p data-start="808" data-end="1246">La jornada está dirigida a profesionales de la salud que trabajan en centros sanitarios y están interesados en el desarrollo de esta tecnología; a profesionales vinculados con la salud con perfiles más científicos y/o tecnológicos (ingenieros biomédicos, bioinformáticos, etc.) que conocen la tecnología y quieren desarrollarla en el campo clínico; y también a gestores sanitarios que quieren implementar la IA en la mejora de procesos.</p>
</div>
<p data-start="1327" data-end="1468">El <strong data-start="1330" data-end="1375">Director de la Fundación, Joan Guanyabens</strong>, participará en la sesión <strong data-start="1402" data-end="1467">“Salud e IA en Cataluña: ¿dónde estamos y hacia dónde vamos?”</strong>.</p>
<div><a class="" href="https://gips.cat/docs/invitacio_gips-ia2.pdf" target="_blank" rel="noopener" name="">Acceso al programa de la jornada</a></div>

Gratuito previa inscripción

<!-- This site is optimized with the Yoast SEO plugin v27.1.1 - https://yoast.com/product/yoast-seo-wordpress/ -->
<title>IA en salud: un reto interdisciplinario - Fundació TIC Salut i Social</title>
<meta name="robots" content="index, follow, max-snippet:-1, max-image-preview:large, max-video-preview:-1" />
<link rel="canonical" href="https://ticsalutsocial.atoom.space/es/event/ia-en-salut-un-repte-interdisciplinari/" />
<meta property="og:locale" content="es_ES" />
<meta property="og:type" content="article" />
<meta property="og:title" content="IA en salud: un reto interdisciplinario - Fundació TIC Salut i Social" />
<meta property="og:description" content="El próximo 29 de octubre, la Asociación GIPS, BioInformàtics Barcelona, FENIN, el Área de Innovación y Emprendimiento del CoMB y Medidedàlia organizan la jornada “IA en salud: un reto interdisciplinar”. Será una jornada orientada a: identificar y desarrollar los conceptos clave en IA en el ámbito de la salud, así como las implicaciones que tiene [&hellip;]" />
<meta property="og:url" content="https://ticsalutsocial.atoom.space/es/event/ia-en-salut-un-repte-interdisciplinari/" />
<meta property="og:site_name" content="Fundació TIC Salut i Social" />
<meta property="article:modified_time" content="2025-10-21T11:20:49+00:00" />
<meta name="twitter:card" content="summary_large_image" />
<meta name="twitter:label1" content="Tiempo de lectura" />
	<meta name="twitter:data1" content="2 minutos" />
<script type="application/ld+json" class="yoast-schema-graph">{"@context":"https://schema.org","@graph":[{"@type":"WebPage","@id":"https://ticsalutsocial.atoom.space/es/event/ia-en-salut-un-repte-interdisciplinari/","url":"https://ticsalutsocial.atoom.space/es/event/ia-en-salut-un-repte-interdisciplinari/","name":"IA en salud: un reto interdisciplinario - Fundació TIC Salut i Social","isPartOf":{"@id":"https://ticsalutsocial.atoom.space/es/#website"},"primaryImageOfPage":{"@id":"https://ticsalutsocial.atoom.space/es/event/ia-en-salut-un-repte-interdisciplinari/#primaryimage"},"image":{"@id":"https://ticsalutsocial.atoom.space/es/event/ia-en-salut-un-repte-interdisciplinari/#primaryimage"},"thumbnailUrl":"https://ticsalutsocial.atoom.space/wp-content/uploads/2025/09/Captura-de-pantalla-2025-10-21-a-las-13.24.31.png","datePublished":"2025-09-10T08:06:01+00:00","dateModified":"2025-10-21T11:20:49+00:00","breadcrumb":{"@id":"https://ticsalutsocial.atoom.space/es/event/ia-en-salut-un-repte-interdisciplinari/#breadcrumb"},"inLanguage":"es","potentialAction":[{"@type":"ReadAction","target":["https://ticsalutsocial.atoom.space/es/event/ia-en-salut-un-repte-interdisciplinari/"]}]},{"@type":"ImageObject","inLanguage":"es","@id":"https://ticsalutsocial.atoom.space/es/event/ia-en-salut-un-repte-interdisciplinari/#primaryimage","url":"https://ticsalutsocial.atoom.space/wp-content/uploads/2025/09/Captura-de-pantalla-2025-10-21-a-las-13.24.31.png","contentUrl":"https://ticsalutsocial.atoom.space/wp-content/uploads/2025/09/Captura-de-pantalla-2025-10-21-a-las-13.24.31.png","width":1564,"height":862},{"@type":"BreadcrumbList","@id":"https://ticsalutsocial.atoom.space/es/event/ia-en-salut-un-repte-interdisciplinari/#breadcrumb","itemListElement":[{"@type":"ListItem","position":1,"name":"Inici","item":"https://ticsalutsocial.atoom.space/es/"},{"@type":"ListItem","position":2,"name":"IA en salud: un reto interdisciplinario"}]},{"@type":"WebSite","@id":"https://ticsalutsocial.atoom.space/es/#website","url":"https://ticsalutsocial.atoom.space/es/","name":"Fundació TIC Salut i Social","description":"","potentialAction":[{"@type":"SearchAction","target":{"@type":"EntryPoint","urlTemplate":"https://ticsalutsocial.atoom.space/es/?s={search_term_string}"},"query-input":{"@type":"PropertyValueSpecification","valueRequired":true,"valueName":"search_term_string"}}],"inLanguage":"es"}]}</script>
<!-- / Yoast SEO plugin. -->

IA en salud: un reto interdisciplinario - Fundació TIC Salut i Social

El próximo 29 de octubre, la Asociación GIPS, BioInformàtics Barcelona, FENIN, el Área de Innovación y Emprendimiento del CoMB y Medidedàlia organizan la jornada “IA en salud: un reto interdisciplinar”. Será una jornada orientada a: identificar y desarrollar los conceptos clave en IA en el ámbito de la salud, así como las implicaciones que tiene [&hellip;]

Fundació TIC Salut i Social
