
{"id":33479,"date":"2025-09-16T15:59:34","date_gmt":"2025-09-16T13:59:34","guid":{"rendered":"https:\/\/ticsalutsocial.atoom.space\/event\/design-thinking-innovacio-i-emprenedoria-en-salut-digital\/"},"modified":"2025-09-16T16:12:16","modified_gmt":"2025-09-16T14:12:16","slug":"design-thinking-innovacio-i-emprenedoria-en-salut-digital","status":"publish","type":"event","link":"https:\/\/ticsalutsocial.atoom.space\/es\/event\/design-thinking-innovacio-i-emprenedoria-en-salut-digital\/","title":{"rendered":"Design Thinking: innovaci\u00f3n y emprendimiento en salud digital"},"content":{"rendered":"<p>Nuevo Seminario de Innovaci\u00f3n de la C\u00e1tedra TIC Salut Social<\/p>\n<p>El 30 de octubre a partir de las 9:00, a cargo de <strong data-start=\"1723\" data-end=\"1740\">Daniel Moreno<\/strong>, jefe de innovaci\u00f3n en el Hospital Universitario Germans Trias i Pujol. Veremos c\u00f3mo se promueve el emprendimiento desde los hospitales a trav\u00e9s de ideas estructuradas en innovaci\u00f3n.<\/p>\n","protected":false},"featured_media":33608,"menu_order":0,"template":"","meta":{"_acf_changed":false,"inline_featured_image":false},"tipus":[],"topic":[],"class_list":["post-33479","event","type-event","status-publish","has-post-thumbnail","hentry"],"acf":{"informacio":{"ubicacio":"Hospital Sant Joan de D\u00e9u de Manresa - \u00c0rea d\u2019innovaci\u00f3 social i sanit\u00e0ria (planta -4)","data":"30\/10\/2025","hora":"De 9:30 a 13:00","preu":"Gratuito previa inscripci\u00f3n","inscripcions":"https:\/\/www.althaia.cat\/formacio\/inscripcions\/registre.aspx?c=e2ce5b3677bd7a12a3931e9c553bf2a5b6a98bd9"},"programa":{"titol":"","items":false},"documents":false},"yoast_head":"<!-- This site is optimized with the Yoast SEO plugin v27.1.1 - https:\/\/yoast.com\/product\/yoast-seo-wordpress\/ -->\n<title>Design Thinking: innovaci\u00f3n y emprendimiento en salud digital - Fundaci\u00f3 TIC Salut i Social<\/title>\n<meta name=\"robots\" content=\"index, follow, max-snippet:-1, max-image-preview:large, max-video-preview:-1\" \/>\n<link rel=\"canonical\" href=\"https:\/\/ticsalutsocial.atoom.space\/es\/event\/design-thinking-innovacio-i-emprenedoria-en-salut-digital\/\" \/>\n<meta property=\"og:locale\" content=\"es_ES\" \/>\n<meta property=\"og:type\" content=\"article\" \/>\n<meta property=\"og:title\" content=\"Design Thinking: innovaci\u00f3n y emprendimiento en salud digital - Fundaci\u00f3 TIC Salut i Social\" \/>\n<meta property=\"og:description\" content=\"Nuevo Seminario de Innovaci\u00f3n de la C\u00e1tedra TIC Salut Social El 30 de octubre a partir de las 9:00, a cargo de Daniel Moreno, jefe de innovaci\u00f3n en el Hospital Universitario Germans Trias i Pujol. Veremos c\u00f3mo se promueve el emprendimiento desde los hospitales a trav\u00e9s de ideas estructuradas en innovaci\u00f3n.\" \/>\n<meta property=\"og:url\" content=\"https:\/\/ticsalutsocial.atoom.space\/es\/event\/design-thinking-innovacio-i-emprenedoria-en-salut-digital\/\" \/>\n<meta property=\"og:site_name\" content=\"Fundaci\u00f3 TIC Salut i Social\" \/>\n<meta property=\"article:modified_time\" content=\"2025-09-16T14:12:16+00:00\" \/>\n<meta property=\"og:image\" content=\"https:\/\/ticsalutsocial.atoom.space\/wp-content\/uploads\/2025\/09\/Dani-Moreno-octubre-LK.png\" \/>\n\t<meta property=\"og:image:width\" content=\"1600\" \/>\n\t<meta property=\"og:image:height\" content=\"900\" \/>\n\t<meta property=\"og:image:type\" content=\"image\/png\" \/>\n<meta name=\"twitter:card\" content=\"summary_large_image\" \/>\n<meta name=\"twitter:label1\" content=\"Tiempo de lectura\" \/>\n\t<meta name=\"twitter:data1\" content=\"1 minuto\" \/>\n<script type=\"application\/ld+json\" class=\"yoast-schema-graph\">{\"@context\":\"https:\/\/schema.org\",\"@graph\":[{\"@type\":\"WebPage\",\"@id\":\"https:\/\/ticsalutsocial.atoom.space\/es\/event\/design-thinking-innovacio-i-emprenedoria-en-salut-digital\/\",\"url\":\"https:\/\/ticsalutsocial.atoom.space\/es\/event\/design-thinking-innovacio-i-emprenedoria-en-salut-digital\/\",\"name\":\"Design Thinking: innovaci\u00f3n y emprendimiento en salud digital - Fundaci\u00f3 TIC Salut i Social\",\"isPartOf\":{\"@id\":\"https:\/\/ticsalutsocial.atoom.space\/es\/#website\"},\"primaryImageOfPage\":{\"@id\":\"https:\/\/ticsalutsocial.atoom.space\/es\/event\/design-thinking-innovacio-i-emprenedoria-en-salut-digital\/#primaryimage\"},\"image\":{\"@id\":\"https:\/\/ticsalutsocial.atoom.space\/es\/event\/design-thinking-innovacio-i-emprenedoria-en-salut-digital\/#primaryimage\"},\"thumbnailUrl\":\"https:\/\/ticsalutsocial.atoom.space\/wp-content\/uploads\/2025\/09\/Dani-Moreno-LK.png\",\"datePublished\":\"2025-09-16T13:59:34+00:00\",\"dateModified\":\"2025-09-16T14:12:16+00:00\",\"breadcrumb\":{\"@id\":\"https:\/\/ticsalutsocial.atoom.space\/es\/event\/design-thinking-innovacio-i-emprenedoria-en-salut-digital\/#breadcrumb\"},\"inLanguage\":\"es\",\"potentialAction\":[{\"@type\":\"ReadAction\",\"target\":[\"https:\/\/ticsalutsocial.atoom.space\/es\/event\/design-thinking-innovacio-i-emprenedoria-en-salut-digital\/\"]}]},{\"@type\":\"ImageObject\",\"inLanguage\":\"es\",\"@id\":\"https:\/\/ticsalutsocial.atoom.space\/es\/event\/design-thinking-innovacio-i-emprenedoria-en-salut-digital\/#primaryimage\",\"url\":\"https:\/\/ticsalutsocial.atoom.space\/wp-content\/uploads\/2025\/09\/Dani-Moreno-LK.png\",\"contentUrl\":\"https:\/\/ticsalutsocial.atoom.space\/wp-content\/uploads\/2025\/09\/Dani-Moreno-LK.png\",\"width\":1600,\"height\":900},{\"@type\":\"BreadcrumbList\",\"@id\":\"https:\/\/ticsalutsocial.atoom.space\/es\/event\/design-thinking-innovacio-i-emprenedoria-en-salut-digital\/#breadcrumb\",\"itemListElement\":[{\"@type\":\"ListItem\",\"position\":1,\"name\":\"Inici\",\"item\":\"https:\/\/ticsalutsocial.atoom.space\/es\/\"},{\"@type\":\"ListItem\",\"position\":2,\"name\":\"Design Thinking: innovaci\u00f3n y emprendimiento en salud digital\"}]},{\"@type\":\"WebSite\",\"@id\":\"https:\/\/ticsalutsocial.atoom.space\/es\/#website\",\"url\":\"https:\/\/ticsalutsocial.atoom.space\/es\/\",\"name\":\"Fundaci\u00f3 TIC Salut i Social\",\"description\":\"\",\"potentialAction\":[{\"@type\":\"SearchAction\",\"target\":{\"@type\":\"EntryPoint\",\"urlTemplate\":\"https:\/\/ticsalutsocial.atoom.space\/es\/?s={search_term_string}\"},\"query-input\":{\"@type\":\"PropertyValueSpecification\",\"valueRequired\":true,\"valueName\":\"search_term_string\"}}],\"inLanguage\":\"es\"}]}<\/script>\n<!-- \/ Yoast SEO plugin. -->","yoast_head_json":{"title":"Design Thinking: innovaci\u00f3n y emprendimiento en salud digital - Fundaci\u00f3 TIC Salut i Social","robots":{"index":"index","follow":"follow","max-snippet":"max-snippet:-1","max-image-preview":"max-image-preview:large","max-video-preview":"max-video-preview:-1"},"canonical":"https:\/\/ticsalutsocial.atoom.space\/es\/event\/design-thinking-innovacio-i-emprenedoria-en-salut-digital\/","og_locale":"es_ES","og_type":"article","og_title":"Design Thinking: innovaci\u00f3n y emprendimiento en salud digital - Fundaci\u00f3 TIC Salut i Social","og_description":"Nuevo Seminario de Innovaci\u00f3n de la C\u00e1tedra TIC Salut Social El 30 de octubre a partir de las 9:00, a cargo de Daniel Moreno, jefe de innovaci\u00f3n en el Hospital Universitario Germans Trias i Pujol. Veremos c\u00f3mo se promueve el emprendimiento desde los hospitales a trav\u00e9s de ideas estructuradas en innovaci\u00f3n.","og_url":"https:\/\/ticsalutsocial.atoom.space\/es\/event\/design-thinking-innovacio-i-emprenedoria-en-salut-digital\/","og_site_name":"Fundaci\u00f3 TIC Salut i Social","article_modified_time":"2025-09-16T14:12:16+00:00","og_image":[{"width":1600,"height":900,"url":"https:\/\/ticsalutsocial.atoom.space\/wp-content\/uploads\/2025\/09\/Dani-Moreno-octubre-LK.png","type":"image\/png"}],"twitter_card":"summary_large_image","twitter_misc":{"Tiempo de lectura":"1 minuto"},"schema":{"@context":"https:\/\/schema.org","@graph":[{"@type":"WebPage","@id":"https:\/\/ticsalutsocial.atoom.space\/es\/event\/design-thinking-innovacio-i-emprenedoria-en-salut-digital\/","url":"https:\/\/ticsalutsocial.atoom.space\/es\/event\/design-thinking-innovacio-i-emprenedoria-en-salut-digital\/","name":"Design Thinking: innovaci\u00f3n y emprendimiento en salud digital - Fundaci\u00f3 TIC Salut i Social","isPartOf":{"@id":"https:\/\/ticsalutsocial.atoom.space\/es\/#website"},"primaryImageOfPage":{"@id":"https:\/\/ticsalutsocial.atoom.space\/es\/event\/design-thinking-innovacio-i-emprenedoria-en-salut-digital\/#primaryimage"},"image":{"@id":"https:\/\/ticsalutsocial.atoom.space\/es\/event\/design-thinking-innovacio-i-emprenedoria-en-salut-digital\/#primaryimage"},"thumbnailUrl":"https:\/\/ticsalutsocial.atoom.space\/wp-content\/uploads\/2025\/09\/Dani-Moreno-LK.png","datePublished":"2025-09-16T13:59:34+00:00","dateModified":"2025-09-16T14:12:16+00:00","breadcrumb":{"@id":"https:\/\/ticsalutsocial.atoom.space\/es\/event\/design-thinking-innovacio-i-emprenedoria-en-salut-digital\/#breadcrumb"},"inLanguage":"es","potentialAction":[{"@type":"ReadAction","target":["https:\/\/ticsalutsocial.atoom.space\/es\/event\/design-thinking-innovacio-i-emprenedoria-en-salut-digital\/"]}]},{"@type":"ImageObject","inLanguage":"es","@id":"https:\/\/ticsalutsocial.atoom.space\/es\/event\/design-thinking-innovacio-i-emprenedoria-en-salut-digital\/#primaryimage","url":"https:\/\/ticsalutsocial.atoom.space\/wp-content\/uploads\/2025\/09\/Dani-Moreno-LK.png","contentUrl":"https:\/\/ticsalutsocial.atoom.space\/wp-content\/uploads\/2025\/09\/Dani-Moreno-LK.png","width":1600,"height":900},{"@type":"BreadcrumbList","@id":"https:\/\/ticsalutsocial.atoom.space\/es\/event\/design-thinking-innovacio-i-emprenedoria-en-salut-digital\/#breadcrumb","itemListElement":[{"@type":"ListItem","position":1,"name":"Inici","item":"https:\/\/ticsalutsocial.atoom.space\/es\/"},{"@type":"ListItem","position":2,"name":"Design Thinking: innovaci\u00f3n y emprendimiento en salud digital"}]},{"@type":"WebSite","@id":"https:\/\/ticsalutsocial.atoom.space\/es\/#website","url":"https:\/\/ticsalutsocial.atoom.space\/es\/","name":"Fundaci\u00f3 TIC Salut i Social","description":"","potentialAction":[{"@type":"SearchAction","target":{"@type":"EntryPoint","urlTemplate":"https:\/\/ticsalutsocial.atoom.space\/es\/?s={search_term_string}"},"query-input":{"@type":"PropertyValueSpecification","valueRequired":true,"valueName":"search_term_string"}}],"inLanguage":"es"}]}},"_links":{"self":[{"href":"https:\/\/ticsalutsocial.atoom.space\/es\/wp-json\/wp\/v2\/event\/33479","targetHints":{"allow":["GET"]}}],"collection":[{"href":"https:\/\/ticsalutsocial.atoom.space\/es\/wp-json\/wp\/v2\/event"}],"about":[{"href":"https:\/\/ticsalutsocial.atoom.space\/es\/wp-json\/wp\/v2\/types\/event"}],"wp:featuredmedia":[{"embeddable":true,"href":"https:\/\/ticsalutsocial.atoom.space\/es\/wp-json\/wp\/v2\/media\/33608"}],"wp:attachment":[{"href":"https:\/\/ticsalutsocial.atoom.space\/es\/wp-json\/wp\/v2\/media?parent=33479"}],"wp:term":[{"taxonomy":"tipus","embeddable":true,"href":"https:\/\/ticsalutsocial.atoom.space\/es\/wp-json\/wp\/v2\/tipus?post=33479"},{"taxonomy":"topic","embeddable":true,"href":"https:\/\/ticsalutsocial.atoom.space\/es\/wp-json\/wp\/v2\/topic?post=33479"}],"curies":[{"name":"wp","href":"https:\/\/api.w.org\/{rel}","templated":true}]}}

Design Thinking: innovación y emprendimiento en salud digital

<p>Nuevo Seminario de Innovación de la Cátedra TIC Salut Social</p>
<p>El 30 de octubre a partir de las 9:00, a cargo de <strong data-start="1723" data-end="1740">Daniel Moreno</strong>, jefe de innovación en el Hospital Universitario Germans Trias i Pujol. Veremos cómo se promueve el emprendimiento desde los hospitales a través de ideas estructuradas en innovación.</p>

Hospital Sant Joan de Déu de Manresa - Àrea d’innovació social i sanitària (planta -4)

Gratuito previa inscripción

<!-- This site is optimized with the Yoast SEO plugin v27.1.1 - https://yoast.com/product/yoast-seo-wordpress/ -->
<title>Design Thinking: innovación y emprendimiento en salud digital - Fundació TIC Salut i Social</title>
<meta name="robots" content="index, follow, max-snippet:-1, max-image-preview:large, max-video-preview:-1" />
<link rel="canonical" href="https://ticsalutsocial.atoom.space/es/event/design-thinking-innovacio-i-emprenedoria-en-salut-digital/" />
<meta property="og:locale" content="es_ES" />
<meta property="og:type" content="article" />
<meta property="og:title" content="Design Thinking: innovación y emprendimiento en salud digital - Fundació TIC Salut i Social" />
<meta property="og:description" content="Nuevo Seminario de Innovación de la Cátedra TIC Salut Social El 30 de octubre a partir de las 9:00, a cargo de Daniel Moreno, jefe de innovación en el Hospital Universitario Germans Trias i Pujol. Veremos cómo se promueve el emprendimiento desde los hospitales a través de ideas estructuradas en innovación." />
<meta property="og:url" content="https://ticsalutsocial.atoom.space/es/event/design-thinking-innovacio-i-emprenedoria-en-salut-digital/" />
<meta property="og:site_name" content="Fundació TIC Salut i Social" />
<meta property="article:modified_time" content="2025-09-16T14:12:16+00:00" />
<meta property="og:image" content="https://ticsalutsocial.atoom.space/wp-content/uploads/2025/09/Dani-Moreno-octubre-LK.png" />
	<meta property="og:image:width" content="1600" />
	<meta property="og:image:height" content="900" />
	<meta property="og:image:type" content="image/png" />
<meta name="twitter:card" content="summary_large_image" />
<meta name="twitter:label1" content="Tiempo de lectura" />
	<meta name="twitter:data1" content="1 minuto" />
<script type="application/ld+json" class="yoast-schema-graph">{"@context":"https://schema.org","@graph":[{"@type":"WebPage","@id":"https://ticsalutsocial.atoom.space/es/event/design-thinking-innovacio-i-emprenedoria-en-salut-digital/","url":"https://ticsalutsocial.atoom.space/es/event/design-thinking-innovacio-i-emprenedoria-en-salut-digital/","name":"Design Thinking: innovación y emprendimiento en salud digital - Fundació TIC Salut i Social","isPartOf":{"@id":"https://ticsalutsocial.atoom.space/es/#website"},"primaryImageOfPage":{"@id":"https://ticsalutsocial.atoom.space/es/event/design-thinking-innovacio-i-emprenedoria-en-salut-digital/#primaryimage"},"image":{"@id":"https://ticsalutsocial.atoom.space/es/event/design-thinking-innovacio-i-emprenedoria-en-salut-digital/#primaryimage"},"thumbnailUrl":"https://ticsalutsocial.atoom.space/wp-content/uploads/2025/09/Dani-Moreno-LK.png","datePublished":"2025-09-16T13:59:34+00:00","dateModified":"2025-09-16T14:12:16+00:00","breadcrumb":{"@id":"https://ticsalutsocial.atoom.space/es/event/design-thinking-innovacio-i-emprenedoria-en-salut-digital/#breadcrumb"},"inLanguage":"es","potentialAction":[{"@type":"ReadAction","target":["https://ticsalutsocial.atoom.space/es/event/design-thinking-innovacio-i-emprenedoria-en-salut-digital/"]}]},{"@type":"ImageObject","inLanguage":"es","@id":"https://ticsalutsocial.atoom.space/es/event/design-thinking-innovacio-i-emprenedoria-en-salut-digital/#primaryimage","url":"https://ticsalutsocial.atoom.space/wp-content/uploads/2025/09/Dani-Moreno-LK.png","contentUrl":"https://ticsalutsocial.atoom.space/wp-content/uploads/2025/09/Dani-Moreno-LK.png","width":1600,"height":900},{"@type":"BreadcrumbList","@id":"https://ticsalutsocial.atoom.space/es/event/design-thinking-innovacio-i-emprenedoria-en-salut-digital/#breadcrumb","itemListElement":[{"@type":"ListItem","position":1,"name":"Inici","item":"https://ticsalutsocial.atoom.space/es/"},{"@type":"ListItem","position":2,"name":"Design Thinking: innovación y emprendimiento en salud digital"}]},{"@type":"WebSite","@id":"https://ticsalutsocial.atoom.space/es/#website","url":"https://ticsalutsocial.atoom.space/es/","name":"Fundació TIC Salut i Social","description":"","potentialAction":[{"@type":"SearchAction","target":{"@type":"EntryPoint","urlTemplate":"https://ticsalutsocial.atoom.space/es/?s={search_term_string}"},"query-input":{"@type":"PropertyValueSpecification","valueRequired":true,"valueName":"search_term_string"}}],"inLanguage":"es"}]}</script>
<!-- / Yoast SEO plugin. -->

Design Thinking: innovación y emprendimiento en salud digital - Fundació TIC Salut i Social

Nuevo Seminario de Innovación de la Cátedra TIC Salut Social El 30 de octubre a partir de las 9:00, a cargo de Daniel Moreno, jefe de innovación en el Hospital Universitario Germans Trias i Pujol. Veremos cómo se promueve el emprendimiento desde los hospitales a través de ideas estructuradas en innovación.

Fundació TIC Salut i Social
