
{"id":33484,"date":"2025-09-16T16:21:06","date_gmt":"2025-09-16T14:21:06","guid":{"rendered":"https:\/\/ticsalutsocial.atoom.space\/event\/professionals-de-les-cures-i-noves-tecnologies\/"},"modified":"2025-10-27T12:26:28","modified_gmt":"2025-10-27T10:26:28","slug":"professionals-de-les-cures-i-noves-tecnologies","status":"publish","type":"event","link":"https:\/\/ticsalutsocial.atoom.space\/es\/event\/professionals-de-les-cures-i-noves-tecnologies\/","title":{"rendered":"Profesionales de los cuidados y nuevas tecnolog\u00edas"},"content":{"rendered":"<p>Nuevo Seminario de Innovaci\u00f3n de la <em>C\u00e1tedra TIC Salut Social<\/em><\/p>\n<p>El 18 de noviembre a partir de las 9:30 podremos reflexionar con <strong data-start=\"192\" data-end=\"207\">Marc Fortes<\/strong>, enfermero y director de la Escuela de Salud del Hospital Sant Joan de D\u00e9u de Barcelona, sobre el papel de la tecnolog\u00eda desde la mirada de los profesionales de los cuidados. Una propuesta para mejorar la atenci\u00f3n a partir del uso de herramientas que fomenten la automatizaci\u00f3n.<\/p>\n","protected":false},"featured_media":33457,"menu_order":0,"template":"","meta":{"_acf_changed":false,"inline_featured_image":false},"tipus":[],"topic":[117,119],"class_list":["post-33484","event","type-event","status-publish","has-post-thumbnail","hentry","topic-jornadas","topic-innovacion"],"acf":{"informacio":{"ubicacio":"Hospital Sant Joan de D\u00e9u de Manresa - \u00c0rea d\u2019innovaci\u00f3 social i sanit\u00e0ria (planta -4)","data":"18\/11\/2025","hora":"De 9:30 a 13:00","preu":"Gratuito con inscripci\u00f3n","inscripcions":"https:\/\/www.althaia.cat\/formacio\/inscripcions\/registre.aspx?c=8eeb4ee86543d994ce7e736dbe7bb2a5d19c1341"},"programa":{"titol":"","items":false},"documents":false},"yoast_head":"<!-- This site is optimized with the Yoast SEO plugin v27.1.1 - https:\/\/yoast.com\/product\/yoast-seo-wordpress\/ -->\n<title>Profesionales de los cuidados y nuevas tecnolog\u00edas - Fundaci\u00f3 TIC Salut i Social<\/title>\n<meta name=\"robots\" content=\"index, follow, max-snippet:-1, max-image-preview:large, max-video-preview:-1\" \/>\n<link rel=\"canonical\" href=\"https:\/\/ticsalutsocial.atoom.space\/es\/event\/professionals-de-les-cures-i-noves-tecnologies\/\" \/>\n<meta property=\"og:locale\" content=\"es_ES\" \/>\n<meta property=\"og:type\" content=\"article\" \/>\n<meta property=\"og:title\" content=\"Profesionales de los cuidados y nuevas tecnolog\u00edas - Fundaci\u00f3 TIC Salut i Social\" \/>\n<meta property=\"og:description\" content=\"Nuevo Seminario de Innovaci\u00f3n de la C\u00e1tedra TIC Salut Social El 18 de noviembre a partir de las 9:30 podremos reflexionar con Marc Fortes, enfermero y director de la Escuela de Salud del Hospital Sant Joan de D\u00e9u de Barcelona, sobre el papel de la tecnolog\u00eda desde la mirada de los profesionales de los cuidados. [&hellip;]\" \/>\n<meta property=\"og:url\" content=\"https:\/\/ticsalutsocial.atoom.space\/es\/event\/professionals-de-les-cures-i-noves-tecnologies\/\" \/>\n<meta property=\"og:site_name\" content=\"Fundaci\u00f3 TIC Salut i Social\" \/>\n<meta property=\"article:modified_time\" content=\"2025-10-27T10:26:28+00:00\" \/>\n<meta property=\"og:image\" content=\"https:\/\/ticsalutsocial.atoom.space\/wp-content\/uploads\/2025\/09\/Marc-Fortes-novembre-LK.png\" \/>\n\t<meta property=\"og:image:width\" content=\"1600\" \/>\n\t<meta property=\"og:image:height\" content=\"900\" \/>\n\t<meta property=\"og:image:type\" content=\"image\/png\" \/>\n<meta name=\"twitter:card\" content=\"summary_large_image\" \/>\n<meta name=\"twitter:label1\" content=\"Tiempo de lectura\" \/>\n\t<meta name=\"twitter:data1\" content=\"1 minuto\" \/>\n<script type=\"application\/ld+json\" class=\"yoast-schema-graph\">{\"@context\":\"https:\/\/schema.org\",\"@graph\":[{\"@type\":\"WebPage\",\"@id\":\"https:\/\/ticsalutsocial.atoom.space\/es\/event\/professionals-de-les-cures-i-noves-tecnologies\/\",\"url\":\"https:\/\/ticsalutsocial.atoom.space\/es\/event\/professionals-de-les-cures-i-noves-tecnologies\/\",\"name\":\"Profesionales de los cuidados y nuevas tecnolog\u00edas - Fundaci\u00f3 TIC Salut i Social\",\"isPartOf\":{\"@id\":\"https:\/\/ticsalutsocial.atoom.space\/es\/#website\"},\"primaryImageOfPage\":{\"@id\":\"https:\/\/ticsalutsocial.atoom.space\/es\/event\/professionals-de-les-cures-i-noves-tecnologies\/#primaryimage\"},\"image\":{\"@id\":\"https:\/\/ticsalutsocial.atoom.space\/es\/event\/professionals-de-les-cures-i-noves-tecnologies\/#primaryimage\"},\"thumbnailUrl\":\"https:\/\/ticsalutsocial.atoom.space\/wp-content\/uploads\/2025\/09\/Marc-Fortes-novembre-LK.png\",\"datePublished\":\"2025-09-16T14:21:06+00:00\",\"dateModified\":\"2025-10-27T10:26:28+00:00\",\"breadcrumb\":{\"@id\":\"https:\/\/ticsalutsocial.atoom.space\/es\/event\/professionals-de-les-cures-i-noves-tecnologies\/#breadcrumb\"},\"inLanguage\":\"es\",\"potentialAction\":[{\"@type\":\"ReadAction\",\"target\":[\"https:\/\/ticsalutsocial.atoom.space\/es\/event\/professionals-de-les-cures-i-noves-tecnologies\/\"]}]},{\"@type\":\"ImageObject\",\"inLanguage\":\"es\",\"@id\":\"https:\/\/ticsalutsocial.atoom.space\/es\/event\/professionals-de-les-cures-i-noves-tecnologies\/#primaryimage\",\"url\":\"https:\/\/ticsalutsocial.atoom.space\/wp-content\/uploads\/2025\/09\/Marc-Fortes-novembre-LK.png\",\"contentUrl\":\"https:\/\/ticsalutsocial.atoom.space\/wp-content\/uploads\/2025\/09\/Marc-Fortes-novembre-LK.png\",\"width\":1600,\"height\":900,\"caption\":\"Seminaris d'Innovaci\u00f3\"},{\"@type\":\"BreadcrumbList\",\"@id\":\"https:\/\/ticsalutsocial.atoom.space\/es\/event\/professionals-de-les-cures-i-noves-tecnologies\/#breadcrumb\",\"itemListElement\":[{\"@type\":\"ListItem\",\"position\":1,\"name\":\"Inici\",\"item\":\"https:\/\/ticsalutsocial.atoom.space\/es\/\"},{\"@type\":\"ListItem\",\"position\":2,\"name\":\"Profesionales de los cuidados y nuevas tecnolog\u00edas\"}]},{\"@type\":\"WebSite\",\"@id\":\"https:\/\/ticsalutsocial.atoom.space\/es\/#website\",\"url\":\"https:\/\/ticsalutsocial.atoom.space\/es\/\",\"name\":\"Fundaci\u00f3 TIC Salut i Social\",\"description\":\"\",\"potentialAction\":[{\"@type\":\"SearchAction\",\"target\":{\"@type\":\"EntryPoint\",\"urlTemplate\":\"https:\/\/ticsalutsocial.atoom.space\/es\/?s={search_term_string}\"},\"query-input\":{\"@type\":\"PropertyValueSpecification\",\"valueRequired\":true,\"valueName\":\"search_term_string\"}}],\"inLanguage\":\"es\"}]}<\/script>\n<!-- \/ Yoast SEO plugin. -->","yoast_head_json":{"title":"Profesionales de los cuidados y nuevas tecnolog\u00edas - Fundaci\u00f3 TIC Salut i Social","robots":{"index":"index","follow":"follow","max-snippet":"max-snippet:-1","max-image-preview":"max-image-preview:large","max-video-preview":"max-video-preview:-1"},"canonical":"https:\/\/ticsalutsocial.atoom.space\/es\/event\/professionals-de-les-cures-i-noves-tecnologies\/","og_locale":"es_ES","og_type":"article","og_title":"Profesionales de los cuidados y nuevas tecnolog\u00edas - Fundaci\u00f3 TIC Salut i Social","og_description":"Nuevo Seminario de Innovaci\u00f3n de la C\u00e1tedra TIC Salut Social El 18 de noviembre a partir de las 9:30 podremos reflexionar con Marc Fortes, enfermero y director de la Escuela de Salud del Hospital Sant Joan de D\u00e9u de Barcelona, sobre el papel de la tecnolog\u00eda desde la mirada de los profesionales de los cuidados. [&hellip;]","og_url":"https:\/\/ticsalutsocial.atoom.space\/es\/event\/professionals-de-les-cures-i-noves-tecnologies\/","og_site_name":"Fundaci\u00f3 TIC Salut i Social","article_modified_time":"2025-10-27T10:26:28+00:00","og_image":[{"width":1600,"height":900,"url":"https:\/\/ticsalutsocial.atoom.space\/wp-content\/uploads\/2025\/09\/Marc-Fortes-novembre-LK.png","type":"image\/png"}],"twitter_card":"summary_large_image","twitter_misc":{"Tiempo de lectura":"1 minuto"},"schema":{"@context":"https:\/\/schema.org","@graph":[{"@type":"WebPage","@id":"https:\/\/ticsalutsocial.atoom.space\/es\/event\/professionals-de-les-cures-i-noves-tecnologies\/","url":"https:\/\/ticsalutsocial.atoom.space\/es\/event\/professionals-de-les-cures-i-noves-tecnologies\/","name":"Profesionales de los cuidados y nuevas tecnolog\u00edas - Fundaci\u00f3 TIC Salut i Social","isPartOf":{"@id":"https:\/\/ticsalutsocial.atoom.space\/es\/#website"},"primaryImageOfPage":{"@id":"https:\/\/ticsalutsocial.atoom.space\/es\/event\/professionals-de-les-cures-i-noves-tecnologies\/#primaryimage"},"image":{"@id":"https:\/\/ticsalutsocial.atoom.space\/es\/event\/professionals-de-les-cures-i-noves-tecnologies\/#primaryimage"},"thumbnailUrl":"https:\/\/ticsalutsocial.atoom.space\/wp-content\/uploads\/2025\/09\/Marc-Fortes-novembre-LK.png","datePublished":"2025-09-16T14:21:06+00:00","dateModified":"2025-10-27T10:26:28+00:00","breadcrumb":{"@id":"https:\/\/ticsalutsocial.atoom.space\/es\/event\/professionals-de-les-cures-i-noves-tecnologies\/#breadcrumb"},"inLanguage":"es","potentialAction":[{"@type":"ReadAction","target":["https:\/\/ticsalutsocial.atoom.space\/es\/event\/professionals-de-les-cures-i-noves-tecnologies\/"]}]},{"@type":"ImageObject","inLanguage":"es","@id":"https:\/\/ticsalutsocial.atoom.space\/es\/event\/professionals-de-les-cures-i-noves-tecnologies\/#primaryimage","url":"https:\/\/ticsalutsocial.atoom.space\/wp-content\/uploads\/2025\/09\/Marc-Fortes-novembre-LK.png","contentUrl":"https:\/\/ticsalutsocial.atoom.space\/wp-content\/uploads\/2025\/09\/Marc-Fortes-novembre-LK.png","width":1600,"height":900,"caption":"Seminaris d'Innovaci\u00f3"},{"@type":"BreadcrumbList","@id":"https:\/\/ticsalutsocial.atoom.space\/es\/event\/professionals-de-les-cures-i-noves-tecnologies\/#breadcrumb","itemListElement":[{"@type":"ListItem","position":1,"name":"Inici","item":"https:\/\/ticsalutsocial.atoom.space\/es\/"},{"@type":"ListItem","position":2,"name":"Profesionales de los cuidados y nuevas tecnolog\u00edas"}]},{"@type":"WebSite","@id":"https:\/\/ticsalutsocial.atoom.space\/es\/#website","url":"https:\/\/ticsalutsocial.atoom.space\/es\/","name":"Fundaci\u00f3 TIC Salut i Social","description":"","potentialAction":[{"@type":"SearchAction","target":{"@type":"EntryPoint","urlTemplate":"https:\/\/ticsalutsocial.atoom.space\/es\/?s={search_term_string}"},"query-input":{"@type":"PropertyValueSpecification","valueRequired":true,"valueName":"search_term_string"}}],"inLanguage":"es"}]}},"_links":{"self":[{"href":"https:\/\/ticsalutsocial.atoom.space\/es\/wp-json\/wp\/v2\/event\/33484","targetHints":{"allow":["GET"]}}],"collection":[{"href":"https:\/\/ticsalutsocial.atoom.space\/es\/wp-json\/wp\/v2\/event"}],"about":[{"href":"https:\/\/ticsalutsocial.atoom.space\/es\/wp-json\/wp\/v2\/types\/event"}],"wp:featuredmedia":[{"embeddable":true,"href":"https:\/\/ticsalutsocial.atoom.space\/es\/wp-json\/wp\/v2\/media\/33457"}],"wp:attachment":[{"href":"https:\/\/ticsalutsocial.atoom.space\/es\/wp-json\/wp\/v2\/media?parent=33484"}],"wp:term":[{"taxonomy":"tipus","embeddable":true,"href":"https:\/\/ticsalutsocial.atoom.space\/es\/wp-json\/wp\/v2\/tipus?post=33484"},{"taxonomy":"topic","embeddable":true,"href":"https:\/\/ticsalutsocial.atoom.space\/es\/wp-json\/wp\/v2\/topic?post=33484"}],"curies":[{"name":"wp","href":"https:\/\/api.w.org\/{rel}","templated":true}]}}

Profesionales de los cuidados y nuevas tecnologías

<p>Nuevo Seminario de Innovación de la <em>Cátedra TIC Salut Social</em></p>
<p>El 18 de noviembre a partir de las 9:30 podremos reflexionar con <strong data-start="192" data-end="207">Marc Fortes</strong>, enfermero y director de la Escuela de Salud del Hospital Sant Joan de Déu de Barcelona, sobre el papel de la tecnología desde la mirada de los profesionales de los cuidados. Una propuesta para mejorar la atención a partir del uso de herramientas que fomenten la automatización.</p>

Hospital Sant Joan de Déu de Manresa - Àrea d’innovació social i sanitària (planta -4)

Gratuito con inscripción

<!-- This site is optimized with the Yoast SEO plugin v27.1.1 - https://yoast.com/product/yoast-seo-wordpress/ -->
<title>Profesionales de los cuidados y nuevas tecnologías - Fundació TIC Salut i Social</title>
<meta name="robots" content="index, follow, max-snippet:-1, max-image-preview:large, max-video-preview:-1" />
<link rel="canonical" href="https://ticsalutsocial.atoom.space/es/event/professionals-de-les-cures-i-noves-tecnologies/" />
<meta property="og:locale" content="es_ES" />
<meta property="og:type" content="article" />
<meta property="og:title" content="Profesionales de los cuidados y nuevas tecnologías - Fundació TIC Salut i Social" />
<meta property="og:description" content="Nuevo Seminario de Innovación de la Cátedra TIC Salut Social El 18 de noviembre a partir de las 9:30 podremos reflexionar con Marc Fortes, enfermero y director de la Escuela de Salud del Hospital Sant Joan de Déu de Barcelona, sobre el papel de la tecnología desde la mirada de los profesionales de los cuidados. [&hellip;]" />
<meta property="og:url" content="https://ticsalutsocial.atoom.space/es/event/professionals-de-les-cures-i-noves-tecnologies/" />
<meta property="og:site_name" content="Fundació TIC Salut i Social" />
<meta property="article:modified_time" content="2025-10-27T10:26:28+00:00" />
<meta property="og:image" content="https://ticsalutsocial.atoom.space/wp-content/uploads/2025/09/Marc-Fortes-novembre-LK.png" />
	<meta property="og:image:width" content="1600" />
	<meta property="og:image:height" content="900" />
	<meta property="og:image:type" content="image/png" />
<meta name="twitter:card" content="summary_large_image" />
<meta name="twitter:label1" content="Tiempo de lectura" />
	<meta name="twitter:data1" content="1 minuto" />
<script type="application/ld+json" class="yoast-schema-graph">{"@context":"https://schema.org","@graph":[{"@type":"WebPage","@id":"https://ticsalutsocial.atoom.space/es/event/professionals-de-les-cures-i-noves-tecnologies/","url":"https://ticsalutsocial.atoom.space/es/event/professionals-de-les-cures-i-noves-tecnologies/","name":"Profesionales de los cuidados y nuevas tecnologías - Fundació TIC Salut i Social","isPartOf":{"@id":"https://ticsalutsocial.atoom.space/es/#website"},"primaryImageOfPage":{"@id":"https://ticsalutsocial.atoom.space/es/event/professionals-de-les-cures-i-noves-tecnologies/#primaryimage"},"image":{"@id":"https://ticsalutsocial.atoom.space/es/event/professionals-de-les-cures-i-noves-tecnologies/#primaryimage"},"thumbnailUrl":"https://ticsalutsocial.atoom.space/wp-content/uploads/2025/09/Marc-Fortes-novembre-LK.png","datePublished":"2025-09-16T14:21:06+00:00","dateModified":"2025-10-27T10:26:28+00:00","breadcrumb":{"@id":"https://ticsalutsocial.atoom.space/es/event/professionals-de-les-cures-i-noves-tecnologies/#breadcrumb"},"inLanguage":"es","potentialAction":[{"@type":"ReadAction","target":["https://ticsalutsocial.atoom.space/es/event/professionals-de-les-cures-i-noves-tecnologies/"]}]},{"@type":"ImageObject","inLanguage":"es","@id":"https://ticsalutsocial.atoom.space/es/event/professionals-de-les-cures-i-noves-tecnologies/#primaryimage","url":"https://ticsalutsocial.atoom.space/wp-content/uploads/2025/09/Marc-Fortes-novembre-LK.png","contentUrl":"https://ticsalutsocial.atoom.space/wp-content/uploads/2025/09/Marc-Fortes-novembre-LK.png","width":1600,"height":900,"caption":"Seminaris d'Innovació"},{"@type":"BreadcrumbList","@id":"https://ticsalutsocial.atoom.space/es/event/professionals-de-les-cures-i-noves-tecnologies/#breadcrumb","itemListElement":[{"@type":"ListItem","position":1,"name":"Inici","item":"https://ticsalutsocial.atoom.space/es/"},{"@type":"ListItem","position":2,"name":"Profesionales de los cuidados y nuevas tecnologías"}]},{"@type":"WebSite","@id":"https://ticsalutsocial.atoom.space/es/#website","url":"https://ticsalutsocial.atoom.space/es/","name":"Fundació TIC Salut i Social","description":"","potentialAction":[{"@type":"SearchAction","target":{"@type":"EntryPoint","urlTemplate":"https://ticsalutsocial.atoom.space/es/?s={search_term_string}"},"query-input":{"@type":"PropertyValueSpecification","valueRequired":true,"valueName":"search_term_string"}}],"inLanguage":"es"}]}</script>
<!-- / Yoast SEO plugin. -->

Profesionales de los cuidados y nuevas tecnologías - Fundació TIC Salut i Social

Nuevo Seminario de Innovación de la Cátedra TIC Salut Social El 18 de noviembre a partir de las 9:30 podremos reflexionar con Marc Fortes, enfermero y director de la Escuela de Salud del Hospital Sant Joan de Déu de Barcelona, sobre el papel de la tecnología desde la mirada de los profesionales de los cuidados. [&hellip;]

Fundació TIC Salut i Social

Seminaris d'Innovació
