
{"id":33487,"date":"2025-09-17T11:50:15","date_gmt":"2025-09-17T09:50:15","guid":{"rendered":"https:\/\/ticsalutsocial.atoom.space\/?post_type=event&#038;p=33487"},"modified":"2025-09-17T11:54:23","modified_gmt":"2025-09-17T09:54:23","slug":"comfortage-apoyando-a-las-personas-con-demencia-y-a-sus-cuidadores-opciones-politicas-e-iniciativas-publicas-innovadoras","status":"publish","type":"event","link":"https:\/\/ticsalutsocial.atoom.space\/es\/event\/comfortage-apoyando-a-las-personas-con-demencia-y-a-sus-cuidadores-opciones-politicas-e-iniciativas-publicas-innovadoras\/","title":{"rendered":"COMFORTage | Apoyando a las personas con demencia y a sus cuidadores: opciones pol\u00edticas e iniciativas p\u00fablicas innovadoras"},"content":{"rendered":"\n<p><strong>El tercer seminario web del COMFORTage Community Forum dedicado a los Modelos de Prestaci\u00f3n de Servicios para pacientes con demencia y sus cuidadores.<\/strong><\/p>\n\n\n\n<p>Esta serie de seminarios web explora c\u00f3mo se est\u00e1 apoyando actualmente a las personas que viven con demencia y qu\u00e9 oportunidades a corto y medio plazo \u2014incluyendo el uso de tecnolog\u00edas digitales\u2014 pueden aprovecharse para mejorar el bienestar tanto de estas personas como de sus cuidadores.<\/p>\n\n\n\n<p>En la UE, la prevalencia de la demencia en personas mayores de 60 a\u00f1os aument\u00f3 de 5,9 millones en el a\u00f1o 2000 a unos 9,1 millones en 2018. Sin embargo, detr\u00e1s de las palabras \u201cdemencia\u201d y \u201cfragilidad\u201d se esconden condiciones cl\u00ednicas muy diferentes. Adem\u00e1s, los entornos personales y sociales desempe\u00f1an un papel fundamental. Cada persona con demencia es \u00fanica y, por tanto, requiere un enfoque personalizado a sus necesidades. Partiendo de los pacientes, exploraremos las soluciones propuestas y las opiniones de todos los actores principales que pueden marcar la diferencia: profesionales sociales y sanitarios, industria, responsables pol\u00edticos e investigadores.<\/p>\n\n\n\n<p>El enfoque principal del seminario ser\u00e1 analizar c\u00f3mo los responsables pol\u00edticos de la UE est\u00e1n abordando actualmente la demencia y la fragilidad, considerando los diferentes niveles de prevenci\u00f3n.<\/p>\n\n\n\n<p>M\u00e1s all\u00e1 de la seguridad, la privacidad y la evidencia, las autoridades p\u00fablicas suelen encontrarse en una situaci\u00f3n inc\u00f3moda al tratar con las tecnolog\u00edas digitales. A diferencia de los medicamentos, los productos digitales pueden volverse obsoletos r\u00e1pidamente, mientras que los mecanismos de coste y reembolso que deben implementarse siguen siendo en gran medida ad hoc.<\/p>\n\n\n\n<p><strong>Asiste al seminario para:<\/strong><\/p>\n\n\n\n<ul class=\"wp-block-list\">\n<li>Conocer los enfoques de salud p\u00fablica m\u00e1s ambiciosos relacionados con la demencia y la fragilidad.<\/li>\n\n\n\n<li>Comprender c\u00f3mo perciben actualmente las tecnolog\u00edas digitales los responsables pol\u00edticos.<\/li>\n\n\n\n<li>Conocer qu\u00e9 modelos de pol\u00edticas empresariales han tenido \u00e9xito y c\u00f3mo los innovadores de herramientas de intervenci\u00f3n digital pueden desempe\u00f1ar un papel clave en el avance de la investigaci\u00f3n.<\/li>\n<\/ul>\n\n\n\n<hr class=\"wp-block-separator has-alpha-channel-opacity\"\/>\n\n\n\n<h3 class=\"wp-block-heading\">Ponentes<\/h3>\n\n\n\n<ul class=\"wp-block-list\">\n<li><strong>Luc Nicolas<\/strong>, EHTEL, B\u00e9lgica: Introducci\u00f3n al tema<\/li>\n\n\n\n<li><strong>Mercedes Lovre\u010di\u010d<\/strong>, Jade Health Joint Action &amp; Instituto Nacional de Salud P\u00fablica, Eslovenia: Panorama de la evoluci\u00f3n de las pol\u00edticas p\u00fablicas de la UE y an\u00e1lisis del informe de caso de Eslovenia.<\/li>\n\n\n\n<li><strong>Camillo Marra<\/strong>, Fondazione Policlinico Universitario Agostino Gemelli, Roma, Italia: Un cambio de paradigma en el diagn\u00f3stico precoz y la terapia de la demencia. El enfoque italiano ante el nuevo escenario.<\/li>\n\n\n\n<li><strong>Kristina Niedderer<\/strong>, Manchester Metropolitan University, Reino Unido: Enfoques de dise\u00f1o para empoderar a las personas que viven con etapas leves a moderadas de demencia en el Reino Unido.<\/li>\n<\/ul>\n\n\n\n<p><strong>Panelistas:<\/strong><\/p>\n\n\n\n<ul class=\"wp-block-list\">\n<li><strong>Chirine Katrib<\/strong>, Embajadora Cient\u00edfica WPC 2026, Francia<\/li>\n\n\n\n<li><strong>Sofoklis Kyriazakos<\/strong>, CEO Healthentia, B\u00e9lgica<\/li>\n\n\n\n<li><strong>Joan Guanyabens<\/strong>, Fundaci\u00f3n TIC Salud y Social, Catalu\u00f1a, Espa\u00f1a<\/li>\n<\/ul>\n","protected":false},"featured_media":0,"menu_order":0,"template":"","meta":{"_acf_changed":true,"inline_featured_image":false},"tipus":[],"topic":[],"class_list":["post-33487","event","type-event","status-publish","hentry"],"acf":{"informacio":{"ubicacio":"Online","data":"26\/09\/2025","hora":"14.30h-16:00h","preu":"","inscripcions":"https:\/\/events.teams.microsoft.com\/event\/d2552cae-63ee-4bcb-867a-6ce369acd1fb@c96b8cef-25b4-4f8e-8e11-28fff2720117"},"programa":{"titol":"","items":false},"documents":false},"yoast_head":"<!-- This site is optimized with the Yoast SEO plugin v27.1.1 - https:\/\/yoast.com\/product\/yoast-seo-wordpress\/ -->\n<title>COMFORTage | Apoyando a las personas con demencia y a sus cuidadores: opciones pol\u00edticas e iniciativas p\u00fablicas innovadoras - Fundaci\u00f3 TIC Salut i Social<\/title>\n<meta name=\"robots\" content=\"index, follow, max-snippet:-1, max-image-preview:large, max-video-preview:-1\" \/>\n<link rel=\"canonical\" href=\"https:\/\/ticsalutsocial.atoom.space\/es\/event\/comfortage-apoyando-a-las-personas-con-demencia-y-a-sus-cuidadores-opciones-politicas-e-iniciativas-publicas-innovadoras\/\" \/>\n<meta property=\"og:locale\" content=\"es_ES\" \/>\n<meta property=\"og:type\" content=\"article\" \/>\n<meta property=\"og:title\" content=\"COMFORTage | Apoyando a las personas con demencia y a sus cuidadores: opciones pol\u00edticas e iniciativas p\u00fablicas innovadoras - Fundaci\u00f3 TIC Salut i Social\" \/>\n<meta property=\"og:description\" content=\"El tercer seminario web del COMFORTage Community Forum dedicado a los Modelos de Prestaci\u00f3n de Servicios para pacientes con demencia y sus cuidadores. Esta serie de seminarios web explora c\u00f3mo se est\u00e1 apoyando actualmente a las personas que viven con demencia y qu\u00e9 oportunidades a corto y medio plazo \u2014incluyendo el uso de tecnolog\u00edas digitales\u2014 [&hellip;]\" \/>\n<meta property=\"og:url\" content=\"https:\/\/ticsalutsocial.atoom.space\/es\/event\/comfortage-apoyando-a-las-personas-con-demencia-y-a-sus-cuidadores-opciones-politicas-e-iniciativas-publicas-innovadoras\/\" \/>\n<meta property=\"og:site_name\" content=\"Fundaci\u00f3 TIC Salut i Social\" \/>\n<meta property=\"article:modified_time\" content=\"2025-09-17T09:54:23+00:00\" \/>\n<meta name=\"twitter:card\" content=\"summary_large_image\" \/>\n<meta name=\"twitter:label1\" content=\"Tiempo de lectura\" \/>\n\t<meta name=\"twitter:data1\" content=\"3 minutos\" \/>\n<script type=\"application\/ld+json\" class=\"yoast-schema-graph\">{\"@context\":\"https:\/\/schema.org\",\"@graph\":[{\"@type\":\"WebPage\",\"@id\":\"https:\/\/ticsalutsocial.atoom.space\/es\/event\/comfortage-apoyando-a-las-personas-con-demencia-y-a-sus-cuidadores-opciones-politicas-e-iniciativas-publicas-innovadoras\/\",\"url\":\"https:\/\/ticsalutsocial.atoom.space\/es\/event\/comfortage-apoyando-a-las-personas-con-demencia-y-a-sus-cuidadores-opciones-politicas-e-iniciativas-publicas-innovadoras\/\",\"name\":\"COMFORTage | Apoyando a las personas con demencia y a sus cuidadores: opciones pol\u00edticas e iniciativas p\u00fablicas innovadoras - Fundaci\u00f3 TIC Salut i Social\",\"isPartOf\":{\"@id\":\"https:\/\/ticsalutsocial.atoom.space\/es\/#website\"},\"datePublished\":\"2025-09-17T09:50:15+00:00\",\"dateModified\":\"2025-09-17T09:54:23+00:00\",\"breadcrumb\":{\"@id\":\"https:\/\/ticsalutsocial.atoom.space\/es\/event\/comfortage-apoyando-a-las-personas-con-demencia-y-a-sus-cuidadores-opciones-politicas-e-iniciativas-publicas-innovadoras\/#breadcrumb\"},\"inLanguage\":\"es\",\"potentialAction\":[{\"@type\":\"ReadAction\",\"target\":[\"https:\/\/ticsalutsocial.atoom.space\/es\/event\/comfortage-apoyando-a-las-personas-con-demencia-y-a-sus-cuidadores-opciones-politicas-e-iniciativas-publicas-innovadoras\/\"]}]},{\"@type\":\"BreadcrumbList\",\"@id\":\"https:\/\/ticsalutsocial.atoom.space\/es\/event\/comfortage-apoyando-a-las-personas-con-demencia-y-a-sus-cuidadores-opciones-politicas-e-iniciativas-publicas-innovadoras\/#breadcrumb\",\"itemListElement\":[{\"@type\":\"ListItem\",\"position\":1,\"name\":\"Inici\",\"item\":\"https:\/\/ticsalutsocial.atoom.space\/es\/\"},{\"@type\":\"ListItem\",\"position\":2,\"name\":\"COMFORTage | Apoyando a las personas con demencia y a sus cuidadores: opciones pol\u00edticas e iniciativas p\u00fablicas innovadoras\"}]},{\"@type\":\"WebSite\",\"@id\":\"https:\/\/ticsalutsocial.atoom.space\/es\/#website\",\"url\":\"https:\/\/ticsalutsocial.atoom.space\/es\/\",\"name\":\"Fundaci\u00f3 TIC Salut i Social\",\"description\":\"\",\"potentialAction\":[{\"@type\":\"SearchAction\",\"target\":{\"@type\":\"EntryPoint\",\"urlTemplate\":\"https:\/\/ticsalutsocial.atoom.space\/es\/?s={search_term_string}\"},\"query-input\":{\"@type\":\"PropertyValueSpecification\",\"valueRequired\":true,\"valueName\":\"search_term_string\"}}],\"inLanguage\":\"es\"}]}<\/script>\n<!-- \/ Yoast SEO plugin. -->","yoast_head_json":{"title":"COMFORTage | Apoyando a las personas con demencia y a sus cuidadores: opciones pol\u00edticas e iniciativas p\u00fablicas innovadoras - Fundaci\u00f3 TIC Salut i Social","robots":{"index":"index","follow":"follow","max-snippet":"max-snippet:-1","max-image-preview":"max-image-preview:large","max-video-preview":"max-video-preview:-1"},"canonical":"https:\/\/ticsalutsocial.atoom.space\/es\/event\/comfortage-apoyando-a-las-personas-con-demencia-y-a-sus-cuidadores-opciones-politicas-e-iniciativas-publicas-innovadoras\/","og_locale":"es_ES","og_type":"article","og_title":"COMFORTage | Apoyando a las personas con demencia y a sus cuidadores: opciones pol\u00edticas e iniciativas p\u00fablicas innovadoras - Fundaci\u00f3 TIC Salut i Social","og_description":"El tercer seminario web del COMFORTage Community Forum dedicado a los Modelos de Prestaci\u00f3n de Servicios para pacientes con demencia y sus cuidadores. Esta serie de seminarios web explora c\u00f3mo se est\u00e1 apoyando actualmente a las personas que viven con demencia y qu\u00e9 oportunidades a corto y medio plazo \u2014incluyendo el uso de tecnolog\u00edas digitales\u2014 [&hellip;]","og_url":"https:\/\/ticsalutsocial.atoom.space\/es\/event\/comfortage-apoyando-a-las-personas-con-demencia-y-a-sus-cuidadores-opciones-politicas-e-iniciativas-publicas-innovadoras\/","og_site_name":"Fundaci\u00f3 TIC Salut i Social","article_modified_time":"2025-09-17T09:54:23+00:00","twitter_card":"summary_large_image","twitter_misc":{"Tiempo de lectura":"3 minutos"},"schema":{"@context":"https:\/\/schema.org","@graph":[{"@type":"WebPage","@id":"https:\/\/ticsalutsocial.atoom.space\/es\/event\/comfortage-apoyando-a-las-personas-con-demencia-y-a-sus-cuidadores-opciones-politicas-e-iniciativas-publicas-innovadoras\/","url":"https:\/\/ticsalutsocial.atoom.space\/es\/event\/comfortage-apoyando-a-las-personas-con-demencia-y-a-sus-cuidadores-opciones-politicas-e-iniciativas-publicas-innovadoras\/","name":"COMFORTage | Apoyando a las personas con demencia y a sus cuidadores: opciones pol\u00edticas e iniciativas p\u00fablicas innovadoras - Fundaci\u00f3 TIC Salut i Social","isPartOf":{"@id":"https:\/\/ticsalutsocial.atoom.space\/es\/#website"},"datePublished":"2025-09-17T09:50:15+00:00","dateModified":"2025-09-17T09:54:23+00:00","breadcrumb":{"@id":"https:\/\/ticsalutsocial.atoom.space\/es\/event\/comfortage-apoyando-a-las-personas-con-demencia-y-a-sus-cuidadores-opciones-politicas-e-iniciativas-publicas-innovadoras\/#breadcrumb"},"inLanguage":"es","potentialAction":[{"@type":"ReadAction","target":["https:\/\/ticsalutsocial.atoom.space\/es\/event\/comfortage-apoyando-a-las-personas-con-demencia-y-a-sus-cuidadores-opciones-politicas-e-iniciativas-publicas-innovadoras\/"]}]},{"@type":"BreadcrumbList","@id":"https:\/\/ticsalutsocial.atoom.space\/es\/event\/comfortage-apoyando-a-las-personas-con-demencia-y-a-sus-cuidadores-opciones-politicas-e-iniciativas-publicas-innovadoras\/#breadcrumb","itemListElement":[{"@type":"ListItem","position":1,"name":"Inici","item":"https:\/\/ticsalutsocial.atoom.space\/es\/"},{"@type":"ListItem","position":2,"name":"COMFORTage | Apoyando a las personas con demencia y a sus cuidadores: opciones pol\u00edticas e iniciativas p\u00fablicas innovadoras"}]},{"@type":"WebSite","@id":"https:\/\/ticsalutsocial.atoom.space\/es\/#website","url":"https:\/\/ticsalutsocial.atoom.space\/es\/","name":"Fundaci\u00f3 TIC Salut i Social","description":"","potentialAction":[{"@type":"SearchAction","target":{"@type":"EntryPoint","urlTemplate":"https:\/\/ticsalutsocial.atoom.space\/es\/?s={search_term_string}"},"query-input":{"@type":"PropertyValueSpecification","valueRequired":true,"valueName":"search_term_string"}}],"inLanguage":"es"}]}},"_links":{"self":[{"href":"https:\/\/ticsalutsocial.atoom.space\/es\/wp-json\/wp\/v2\/event\/33487","targetHints":{"allow":["GET"]}}],"collection":[{"href":"https:\/\/ticsalutsocial.atoom.space\/es\/wp-json\/wp\/v2\/event"}],"about":[{"href":"https:\/\/ticsalutsocial.atoom.space\/es\/wp-json\/wp\/v2\/types\/event"}],"wp:attachment":[{"href":"https:\/\/ticsalutsocial.atoom.space\/es\/wp-json\/wp\/v2\/media?parent=33487"}],"wp:term":[{"taxonomy":"tipus","embeddable":true,"href":"https:\/\/ticsalutsocial.atoom.space\/es\/wp-json\/wp\/v2\/tipus?post=33487"},{"taxonomy":"topic","embeddable":true,"href":"https:\/\/ticsalutsocial.atoom.space\/es\/wp-json\/wp\/v2\/topic?post=33487"}],"curies":[{"name":"wp","href":"https:\/\/api.w.org\/{rel}","templated":true}]}}

COMFORTage | Apoyando a las personas con demencia y a sus cuidadores: opciones políticas e iniciativas públicas innovadoras

<p><strong>El tercer seminario web del COMFORTage Community Forum dedicado a los Modelos de Prestación de Servicios para pacientes con demencia y sus cuidadores.</strong></p>



<p>Esta serie de seminarios web explora cómo se está apoyando actualmente a las personas que viven con demencia y qué oportunidades a corto y medio plazo —incluyendo el uso de tecnologías digitales— pueden aprovecharse para mejorar el bienestar tanto de estas personas como de sus cuidadores.</p>



<p>En la UE, la prevalencia de la demencia en personas mayores de 60 años aumentó de 5,9 millones en el año 2000 a unos 9,1 millones en 2018. Sin embargo, detrás de las palabras “demencia” y “fragilidad” se esconden condiciones clínicas muy diferentes. Además, los entornos personales y sociales desempeñan un papel fundamental. Cada persona con demencia es única y, por tanto, requiere un enfoque personalizado a sus necesidades. Partiendo de los pacientes, exploraremos las soluciones propuestas y las opiniones de todos los actores principales que pueden marcar la diferencia: profesionales sociales y sanitarios, industria, responsables políticos e investigadores.</p>



<p>El enfoque principal del seminario será analizar cómo los responsables políticos de la UE están abordando actualmente la demencia y la fragilidad, considerando los diferentes niveles de prevención.</p>



<p>Más allá de la seguridad, la privacidad y la evidencia, las autoridades públicas suelen encontrarse en una situación incómoda al tratar con las tecnologías digitales. A diferencia de los medicamentos, los productos digitales pueden volverse obsoletos rápidamente, mientras que los mecanismos de coste y reembolso que deben implementarse siguen siendo en gran medida ad hoc.</p>



<p><strong>Asiste al seminario para:</strong></p>



<ul class="wp-block-list">
<li>Conocer los enfoques de salud pública más ambiciosos relacionados con la demencia y la fragilidad.</li>



<li>Comprender cómo perciben actualmente las tecnologías digitales los responsables políticos.</li>



<li>Conocer qué modelos de políticas empresariales han tenido éxito y cómo los innovadores de herramientas de intervención digital pueden desempeñar un papel clave en el avance de la investigación.</li>
</ul>



<hr class="wp-block-separator has-alpha-channel-opacity"/>



<h3 class="wp-block-heading">Ponentes</h3>



<ul class="wp-block-list">
<li><strong>Luc Nicolas</strong>, EHTEL, Bélgica: Introducción al tema</li>



<li><strong>Mercedes Lovrečič</strong>, Jade Health Joint Action &amp; Instituto Nacional de Salud Pública, Eslovenia: Panorama de la evolución de las políticas públicas de la UE y análisis del informe de caso de Eslovenia.</li>



<li><strong>Camillo Marra</strong>, Fondazione Policlinico Universitario Agostino Gemelli, Roma, Italia: Un cambio de paradigma en el diagnóstico precoz y la terapia de la demencia. El enfoque italiano ante el nuevo escenario.</li>



<li><strong>Kristina Niedderer</strong>, Manchester Metropolitan University, Reino Unido: Enfoques de diseño para empoderar a las personas que viven con etapas leves a moderadas de demencia en el Reino Unido.</li>
</ul>



<p><strong>Panelistas:</strong></p>



<ul class="wp-block-list">
<li><strong>Chirine Katrib</strong>, Embajadora Científica WPC 2026, Francia</li>



<li><strong>Sofoklis Kyriazakos</strong>, CEO Healthentia, Bélgica</li>



<li><strong>Joan Guanyabens</strong>, Fundación TIC Salud y Social, Cataluña, España</li>
</ul>

<!-- This site is optimized with the Yoast SEO plugin v27.1.1 - https://yoast.com/product/yoast-seo-wordpress/ -->
<title>COMFORTage | Apoyando a las personas con demencia y a sus cuidadores: opciones políticas e iniciativas públicas innovadoras - Fundació TIC Salut i Social</title>
<meta name="robots" content="index, follow, max-snippet:-1, max-image-preview:large, max-video-preview:-1" />
<link rel="canonical" href="https://ticsalutsocial.atoom.space/es/event/comfortage-apoyando-a-las-personas-con-demencia-y-a-sus-cuidadores-opciones-politicas-e-iniciativas-publicas-innovadoras/" />
<meta property="og:locale" content="es_ES" />
<meta property="og:type" content="article" />
<meta property="og:title" content="COMFORTage | Apoyando a las personas con demencia y a sus cuidadores: opciones políticas e iniciativas públicas innovadoras - Fundació TIC Salut i Social" />
<meta property="og:description" content="El tercer seminario web del COMFORTage Community Forum dedicado a los Modelos de Prestación de Servicios para pacientes con demencia y sus cuidadores. Esta serie de seminarios web explora cómo se está apoyando actualmente a las personas que viven con demencia y qué oportunidades a corto y medio plazo —incluyendo el uso de tecnologías digitales— [&hellip;]" />
<meta property="og:url" content="https://ticsalutsocial.atoom.space/es/event/comfortage-apoyando-a-las-personas-con-demencia-y-a-sus-cuidadores-opciones-politicas-e-iniciativas-publicas-innovadoras/" />
<meta property="og:site_name" content="Fundació TIC Salut i Social" />
<meta property="article:modified_time" content="2025-09-17T09:54:23+00:00" />
<meta name="twitter:card" content="summary_large_image" />
<meta name="twitter:label1" content="Tiempo de lectura" />
	<meta name="twitter:data1" content="3 minutos" />
<script type="application/ld+json" class="yoast-schema-graph">{"@context":"https://schema.org","@graph":[{"@type":"WebPage","@id":"https://ticsalutsocial.atoom.space/es/event/comfortage-apoyando-a-las-personas-con-demencia-y-a-sus-cuidadores-opciones-politicas-e-iniciativas-publicas-innovadoras/","url":"https://ticsalutsocial.atoom.space/es/event/comfortage-apoyando-a-las-personas-con-demencia-y-a-sus-cuidadores-opciones-politicas-e-iniciativas-publicas-innovadoras/","name":"COMFORTage | Apoyando a las personas con demencia y a sus cuidadores: opciones políticas e iniciativas públicas innovadoras - Fundació TIC Salut i Social","isPartOf":{"@id":"https://ticsalutsocial.atoom.space/es/#website"},"datePublished":"2025-09-17T09:50:15+00:00","dateModified":"2025-09-17T09:54:23+00:00","breadcrumb":{"@id":"https://ticsalutsocial.atoom.space/es/event/comfortage-apoyando-a-las-personas-con-demencia-y-a-sus-cuidadores-opciones-politicas-e-iniciativas-publicas-innovadoras/#breadcrumb"},"inLanguage":"es","potentialAction":[{"@type":"ReadAction","target":["https://ticsalutsocial.atoom.space/es/event/comfortage-apoyando-a-las-personas-con-demencia-y-a-sus-cuidadores-opciones-politicas-e-iniciativas-publicas-innovadoras/"]}]},{"@type":"BreadcrumbList","@id":"https://ticsalutsocial.atoom.space/es/event/comfortage-apoyando-a-las-personas-con-demencia-y-a-sus-cuidadores-opciones-politicas-e-iniciativas-publicas-innovadoras/#breadcrumb","itemListElement":[{"@type":"ListItem","position":1,"name":"Inici","item":"https://ticsalutsocial.atoom.space/es/"},{"@type":"ListItem","position":2,"name":"COMFORTage | Apoyando a las personas con demencia y a sus cuidadores: opciones políticas e iniciativas públicas innovadoras"}]},{"@type":"WebSite","@id":"https://ticsalutsocial.atoom.space/es/#website","url":"https://ticsalutsocial.atoom.space/es/","name":"Fundació TIC Salut i Social","description":"","potentialAction":[{"@type":"SearchAction","target":{"@type":"EntryPoint","urlTemplate":"https://ticsalutsocial.atoom.space/es/?s={search_term_string}"},"query-input":{"@type":"PropertyValueSpecification","valueRequired":true,"valueName":"search_term_string"}}],"inLanguage":"es"}]}</script>
<!-- / Yoast SEO plugin. -->

COMFORTage | Apoyando a las personas con demencia y a sus cuidadores: opciones políticas e iniciativas públicas innovadoras - Fundació TIC Salut i Social

El tercer seminario web del COMFORTage Community Forum dedicado a los Modelos de Prestación de Servicios para pacientes con demencia y sus cuidadores. Esta serie de seminarios web explora cómo se está apoyando actualmente a las personas que viven con demencia y qué oportunidades a corto y medio plazo —incluyendo el uso de tecnologías digitales— [&hellip;]

Fundació TIC Salut i Social
