
{"id":33513,"date":"2025-09-18T12:09:11","date_gmt":"2025-09-18T10:09:11","guid":{"rendered":"https:\/\/ticsalutsocial.atoom.space\/event\/jornada-salut-cluster-tic-catalunya-sud\/"},"modified":"2025-09-18T12:23:02","modified_gmt":"2025-09-18T10:23:02","slug":"jornada-salut-cluster-tic-catalunya-sud","status":"publish","type":"event","link":"https:\/\/ticsalutsocial.atoom.space\/es\/event\/jornada-salut-cluster-tic-catalunya-sud\/","title":{"rendered":"Jornada Salud &#8211; Cluster TIC Catalu\u00f1a Sur"},"content":{"rendered":"<p>Las Regiones Sanitarias de Tarragona y de Teerras del Ebro, con el suporte de la Direcci\u00f3n de Sistemas d&#8217;Informaci\u00f3n del Servicio Catal\u00e1n de la Salud, organizan el pr\u00f3ximo 3 de octubre esta jornada.<\/p>\n<p>Consulta el programa e inscr\u00edbete<\/p>\n<p><img loading=\"lazy\" decoding=\"async\" class=\"alignnone wp-image-33509 size-full\" src=\"https:\/\/ticsalutsocial.atoom.space\/wp-content\/uploads\/2025\/09\/Jornada-Salut-Cluster-TIC-CAT-Sud.jpg\" alt=\"\" width=\"1240\" height=\"1748\" srcset=\"https:\/\/ticsalutsocial.atoom.space\/wp-content\/uploads\/2025\/09\/Jornada-Salut-Cluster-TIC-CAT-Sud.jpg 1240w, https:\/\/ticsalutsocial.atoom.space\/wp-content\/uploads\/2025\/09\/Jornada-Salut-Cluster-TIC-CAT-Sud-213x300.jpg 213w, https:\/\/ticsalutsocial.atoom.space\/wp-content\/uploads\/2025\/09\/Jornada-Salut-Cluster-TIC-CAT-Sud-726x1024.jpg 726w, https:\/\/ticsalutsocial.atoom.space\/wp-content\/uploads\/2025\/09\/Jornada-Salut-Cluster-TIC-CAT-Sud-768x1083.jpg 768w, https:\/\/ticsalutsocial.atoom.space\/wp-content\/uploads\/2025\/09\/Jornada-Salut-Cluster-TIC-CAT-Sud-1090x1536.jpg 1090w\" sizes=\"auto, (max-width: 1240px) 100vw, 1240px\" \/><\/p>\n","protected":false},"featured_media":33508,"menu_order":0,"template":"","meta":{"_acf_changed":false,"inline_featured_image":false},"tipus":[],"topic":[117],"class_list":["post-33513","event","type-event","status-publish","has-post-thumbnail","hentry","topic-jornadas"],"acf":{"informacio":{"ubicacio":"FiraReus Events - Tecnoparc","data":"03\/10\/2025","hora":"De 9:30 a 11:30","preu":"Gratuito previa inscripci\u00f3n","inscripcions":"https:\/\/assistentsactes.salut.gencat.cat\/agenda\/detall\/204"},"programa":{"titol":"","items":false},"documents":false},"yoast_head":"<!-- This site is optimized with the Yoast SEO plugin v27.1.1 - https:\/\/yoast.com\/product\/yoast-seo-wordpress\/ -->\n<title>Jornada Salud - Cluster TIC Catalu\u00f1a Sur - Fundaci\u00f3 TIC Salut i Social<\/title>\n<meta name=\"robots\" content=\"index, follow, max-snippet:-1, max-image-preview:large, max-video-preview:-1\" \/>\n<link rel=\"canonical\" href=\"https:\/\/ticsalutsocial.atoom.space\/es\/event\/jornada-salut-cluster-tic-catalunya-sud\/\" \/>\n<meta property=\"og:locale\" content=\"es_ES\" \/>\n<meta property=\"og:type\" content=\"article\" \/>\n<meta property=\"og:title\" content=\"Jornada Salud - Cluster TIC Catalu\u00f1a Sur - Fundaci\u00f3 TIC Salut i Social\" \/>\n<meta property=\"og:description\" content=\"Las Regiones Sanitarias de Tarragona y de Teerras del Ebro, con el suporte de la Direcci\u00f3n de Sistemas d&#8217;Informaci\u00f3n del Servicio Catal\u00e1n de la Salud, organizan el pr\u00f3ximo 3 de octubre esta jornada. Consulta el programa e inscr\u00edbete\" \/>\n<meta property=\"og:url\" content=\"https:\/\/ticsalutsocial.atoom.space\/es\/event\/jornada-salut-cluster-tic-catalunya-sud\/\" \/>\n<meta property=\"og:site_name\" content=\"Fundaci\u00f3 TIC Salut i Social\" \/>\n<meta property=\"article:modified_time\" content=\"2025-09-18T10:23:02+00:00\" \/>\n<meta property=\"og:image\" content=\"https:\/\/ticsalutsocial.atoom.space\/wp-content\/uploads\/2025\/09\/Captura-de-pantalla-2025-09-18-a-les-12.06.26.png\" \/>\n\t<meta property=\"og:image:width\" content=\"1316\" \/>\n\t<meta property=\"og:image:height\" content=\"356\" \/>\n\t<meta property=\"og:image:type\" content=\"image\/png\" \/>\n<meta name=\"twitter:card\" content=\"summary_large_image\" \/>\n<meta name=\"twitter:label1\" content=\"Tiempo de lectura\" \/>\n\t<meta name=\"twitter:data1\" content=\"1 minuto\" \/>\n<script type=\"application\/ld+json\" class=\"yoast-schema-graph\">{\"@context\":\"https:\/\/schema.org\",\"@graph\":[{\"@type\":\"WebPage\",\"@id\":\"https:\/\/ticsalutsocial.atoom.space\/es\/event\/jornada-salut-cluster-tic-catalunya-sud\/\",\"url\":\"https:\/\/ticsalutsocial.atoom.space\/es\/event\/jornada-salut-cluster-tic-catalunya-sud\/\",\"name\":\"Jornada Salud - Cluster TIC Catalu\u00f1a Sur - Fundaci\u00f3 TIC Salut i Social\",\"isPartOf\":{\"@id\":\"https:\/\/ticsalutsocial.atoom.space\/es\/#website\"},\"primaryImageOfPage\":{\"@id\":\"https:\/\/ticsalutsocial.atoom.space\/es\/event\/jornada-salut-cluster-tic-catalunya-sud\/#primaryimage\"},\"image\":{\"@id\":\"https:\/\/ticsalutsocial.atoom.space\/es\/event\/jornada-salut-cluster-tic-catalunya-sud\/#primaryimage\"},\"thumbnailUrl\":\"https:\/\/ticsalutsocial.atoom.space\/wp-content\/uploads\/2025\/09\/Captura-de-pantalla-2025-09-18-a-les-12.06.26.png\",\"datePublished\":\"2025-09-18T10:09:11+00:00\",\"dateModified\":\"2025-09-18T10:23:02+00:00\",\"breadcrumb\":{\"@id\":\"https:\/\/ticsalutsocial.atoom.space\/es\/event\/jornada-salut-cluster-tic-catalunya-sud\/#breadcrumb\"},\"inLanguage\":\"es\",\"potentialAction\":[{\"@type\":\"ReadAction\",\"target\":[\"https:\/\/ticsalutsocial.atoom.space\/es\/event\/jornada-salut-cluster-tic-catalunya-sud\/\"]}]},{\"@type\":\"ImageObject\",\"inLanguage\":\"es\",\"@id\":\"https:\/\/ticsalutsocial.atoom.space\/es\/event\/jornada-salut-cluster-tic-catalunya-sud\/#primaryimage\",\"url\":\"https:\/\/ticsalutsocial.atoom.space\/wp-content\/uploads\/2025\/09\/Captura-de-pantalla-2025-09-18-a-les-12.06.26.png\",\"contentUrl\":\"https:\/\/ticsalutsocial.atoom.space\/wp-content\/uploads\/2025\/09\/Captura-de-pantalla-2025-09-18-a-les-12.06.26.png\",\"width\":1316,\"height\":356},{\"@type\":\"BreadcrumbList\",\"@id\":\"https:\/\/ticsalutsocial.atoom.space\/es\/event\/jornada-salut-cluster-tic-catalunya-sud\/#breadcrumb\",\"itemListElement\":[{\"@type\":\"ListItem\",\"position\":1,\"name\":\"Inici\",\"item\":\"https:\/\/ticsalutsocial.atoom.space\/es\/\"},{\"@type\":\"ListItem\",\"position\":2,\"name\":\"Jornada Salud &#8211; Cluster TIC Catalu\u00f1a Sur\"}]},{\"@type\":\"WebSite\",\"@id\":\"https:\/\/ticsalutsocial.atoom.space\/es\/#website\",\"url\":\"https:\/\/ticsalutsocial.atoom.space\/es\/\",\"name\":\"Fundaci\u00f3 TIC Salut i Social\",\"description\":\"\",\"potentialAction\":[{\"@type\":\"SearchAction\",\"target\":{\"@type\":\"EntryPoint\",\"urlTemplate\":\"https:\/\/ticsalutsocial.atoom.space\/es\/?s={search_term_string}\"},\"query-input\":{\"@type\":\"PropertyValueSpecification\",\"valueRequired\":true,\"valueName\":\"search_term_string\"}}],\"inLanguage\":\"es\"}]}<\/script>\n<!-- \/ Yoast SEO plugin. -->","yoast_head_json":{"title":"Jornada Salud - Cluster TIC Catalu\u00f1a Sur - Fundaci\u00f3 TIC Salut i Social","robots":{"index":"index","follow":"follow","max-snippet":"max-snippet:-1","max-image-preview":"max-image-preview:large","max-video-preview":"max-video-preview:-1"},"canonical":"https:\/\/ticsalutsocial.atoom.space\/es\/event\/jornada-salut-cluster-tic-catalunya-sud\/","og_locale":"es_ES","og_type":"article","og_title":"Jornada Salud - Cluster TIC Catalu\u00f1a Sur - Fundaci\u00f3 TIC Salut i Social","og_description":"Las Regiones Sanitarias de Tarragona y de Teerras del Ebro, con el suporte de la Direcci\u00f3n de Sistemas d&#8217;Informaci\u00f3n del Servicio Catal\u00e1n de la Salud, organizan el pr\u00f3ximo 3 de octubre esta jornada. Consulta el programa e inscr\u00edbete","og_url":"https:\/\/ticsalutsocial.atoom.space\/es\/event\/jornada-salut-cluster-tic-catalunya-sud\/","og_site_name":"Fundaci\u00f3 TIC Salut i Social","article_modified_time":"2025-09-18T10:23:02+00:00","og_image":[{"width":1316,"height":356,"url":"https:\/\/ticsalutsocial.atoom.space\/wp-content\/uploads\/2025\/09\/Captura-de-pantalla-2025-09-18-a-les-12.06.26.png","type":"image\/png"}],"twitter_card":"summary_large_image","twitter_misc":{"Tiempo de lectura":"1 minuto"},"schema":{"@context":"https:\/\/schema.org","@graph":[{"@type":"WebPage","@id":"https:\/\/ticsalutsocial.atoom.space\/es\/event\/jornada-salut-cluster-tic-catalunya-sud\/","url":"https:\/\/ticsalutsocial.atoom.space\/es\/event\/jornada-salut-cluster-tic-catalunya-sud\/","name":"Jornada Salud - Cluster TIC Catalu\u00f1a Sur - Fundaci\u00f3 TIC Salut i Social","isPartOf":{"@id":"https:\/\/ticsalutsocial.atoom.space\/es\/#website"},"primaryImageOfPage":{"@id":"https:\/\/ticsalutsocial.atoom.space\/es\/event\/jornada-salut-cluster-tic-catalunya-sud\/#primaryimage"},"image":{"@id":"https:\/\/ticsalutsocial.atoom.space\/es\/event\/jornada-salut-cluster-tic-catalunya-sud\/#primaryimage"},"thumbnailUrl":"https:\/\/ticsalutsocial.atoom.space\/wp-content\/uploads\/2025\/09\/Captura-de-pantalla-2025-09-18-a-les-12.06.26.png","datePublished":"2025-09-18T10:09:11+00:00","dateModified":"2025-09-18T10:23:02+00:00","breadcrumb":{"@id":"https:\/\/ticsalutsocial.atoom.space\/es\/event\/jornada-salut-cluster-tic-catalunya-sud\/#breadcrumb"},"inLanguage":"es","potentialAction":[{"@type":"ReadAction","target":["https:\/\/ticsalutsocial.atoom.space\/es\/event\/jornada-salut-cluster-tic-catalunya-sud\/"]}]},{"@type":"ImageObject","inLanguage":"es","@id":"https:\/\/ticsalutsocial.atoom.space\/es\/event\/jornada-salut-cluster-tic-catalunya-sud\/#primaryimage","url":"https:\/\/ticsalutsocial.atoom.space\/wp-content\/uploads\/2025\/09\/Captura-de-pantalla-2025-09-18-a-les-12.06.26.png","contentUrl":"https:\/\/ticsalutsocial.atoom.space\/wp-content\/uploads\/2025\/09\/Captura-de-pantalla-2025-09-18-a-les-12.06.26.png","width":1316,"height":356},{"@type":"BreadcrumbList","@id":"https:\/\/ticsalutsocial.atoom.space\/es\/event\/jornada-salut-cluster-tic-catalunya-sud\/#breadcrumb","itemListElement":[{"@type":"ListItem","position":1,"name":"Inici","item":"https:\/\/ticsalutsocial.atoom.space\/es\/"},{"@type":"ListItem","position":2,"name":"Jornada Salud &#8211; Cluster TIC Catalu\u00f1a Sur"}]},{"@type":"WebSite","@id":"https:\/\/ticsalutsocial.atoom.space\/es\/#website","url":"https:\/\/ticsalutsocial.atoom.space\/es\/","name":"Fundaci\u00f3 TIC Salut i Social","description":"","potentialAction":[{"@type":"SearchAction","target":{"@type":"EntryPoint","urlTemplate":"https:\/\/ticsalutsocial.atoom.space\/es\/?s={search_term_string}"},"query-input":{"@type":"PropertyValueSpecification","valueRequired":true,"valueName":"search_term_string"}}],"inLanguage":"es"}]}},"_links":{"self":[{"href":"https:\/\/ticsalutsocial.atoom.space\/es\/wp-json\/wp\/v2\/event\/33513","targetHints":{"allow":["GET"]}}],"collection":[{"href":"https:\/\/ticsalutsocial.atoom.space\/es\/wp-json\/wp\/v2\/event"}],"about":[{"href":"https:\/\/ticsalutsocial.atoom.space\/es\/wp-json\/wp\/v2\/types\/event"}],"wp:featuredmedia":[{"embeddable":true,"href":"https:\/\/ticsalutsocial.atoom.space\/es\/wp-json\/wp\/v2\/media\/33508"}],"wp:attachment":[{"href":"https:\/\/ticsalutsocial.atoom.space\/es\/wp-json\/wp\/v2\/media?parent=33513"}],"wp:term":[{"taxonomy":"tipus","embeddable":true,"href":"https:\/\/ticsalutsocial.atoom.space\/es\/wp-json\/wp\/v2\/tipus?post=33513"},{"taxonomy":"topic","embeddable":true,"href":"https:\/\/ticsalutsocial.atoom.space\/es\/wp-json\/wp\/v2\/topic?post=33513"}],"curies":[{"name":"wp","href":"https:\/\/api.w.org\/{rel}","templated":true}]}}

Jornada Salud &#8211; Cluster TIC Cataluña Sur

<p>Las Regiones Sanitarias de Tarragona y de Teerras del Ebro, con el suporte de la Dirección de Sistemas d&#8217;Información del Servicio Catalán de la Salud, organizan el próximo 3 de octubre esta jornada.</p>
<p>Consulta el programa e inscríbete</p>
<p><img loading="lazy" decoding="async" class="alignnone wp-image-33509 size-full" src="https://ticsalutsocial.atoom.space/wp-content/uploads/2025/09/Jornada-Salut-Cluster-TIC-CAT-Sud.jpg" alt="" width="1240" height="1748" srcset="https://ticsalutsocial.atoom.space/wp-content/uploads/2025/09/Jornada-Salut-Cluster-TIC-CAT-Sud.jpg 1240w, https://ticsalutsocial.atoom.space/wp-content/uploads/2025/09/Jornada-Salut-Cluster-TIC-CAT-Sud-213x300.jpg 213w, https://ticsalutsocial.atoom.space/wp-content/uploads/2025/09/Jornada-Salut-Cluster-TIC-CAT-Sud-726x1024.jpg 726w, https://ticsalutsocial.atoom.space/wp-content/uploads/2025/09/Jornada-Salut-Cluster-TIC-CAT-Sud-768x1083.jpg 768w, https://ticsalutsocial.atoom.space/wp-content/uploads/2025/09/Jornada-Salut-Cluster-TIC-CAT-Sud-1090x1536.jpg 1090w" sizes="auto, (max-width: 1240px) 100vw, 1240px" /></p>

Gratuito previa inscripción

<!-- This site is optimized with the Yoast SEO plugin v27.1.1 - https://yoast.com/product/yoast-seo-wordpress/ -->
<title>Jornada Salud - Cluster TIC Cataluña Sur - Fundació TIC Salut i Social</title>
<meta name="robots" content="index, follow, max-snippet:-1, max-image-preview:large, max-video-preview:-1" />
<link rel="canonical" href="https://ticsalutsocial.atoom.space/es/event/jornada-salut-cluster-tic-catalunya-sud/" />
<meta property="og:locale" content="es_ES" />
<meta property="og:type" content="article" />
<meta property="og:title" content="Jornada Salud - Cluster TIC Cataluña Sur - Fundació TIC Salut i Social" />
<meta property="og:description" content="Las Regiones Sanitarias de Tarragona y de Teerras del Ebro, con el suporte de la Dirección de Sistemas d&#8217;Información del Servicio Catalán de la Salud, organizan el próximo 3 de octubre esta jornada. Consulta el programa e inscríbete" />
<meta property="og:url" content="https://ticsalutsocial.atoom.space/es/event/jornada-salut-cluster-tic-catalunya-sud/" />
<meta property="og:site_name" content="Fundació TIC Salut i Social" />
<meta property="article:modified_time" content="2025-09-18T10:23:02+00:00" />
<meta property="og:image" content="https://ticsalutsocial.atoom.space/wp-content/uploads/2025/09/Captura-de-pantalla-2025-09-18-a-les-12.06.26.png" />
	<meta property="og:image:width" content="1316" />
	<meta property="og:image:height" content="356" />
	<meta property="og:image:type" content="image/png" />
<meta name="twitter:card" content="summary_large_image" />
<meta name="twitter:label1" content="Tiempo de lectura" />
	<meta name="twitter:data1" content="1 minuto" />
<script type="application/ld+json" class="yoast-schema-graph">{"@context":"https://schema.org","@graph":[{"@type":"WebPage","@id":"https://ticsalutsocial.atoom.space/es/event/jornada-salut-cluster-tic-catalunya-sud/","url":"https://ticsalutsocial.atoom.space/es/event/jornada-salut-cluster-tic-catalunya-sud/","name":"Jornada Salud - Cluster TIC Cataluña Sur - Fundació TIC Salut i Social","isPartOf":{"@id":"https://ticsalutsocial.atoom.space/es/#website"},"primaryImageOfPage":{"@id":"https://ticsalutsocial.atoom.space/es/event/jornada-salut-cluster-tic-catalunya-sud/#primaryimage"},"image":{"@id":"https://ticsalutsocial.atoom.space/es/event/jornada-salut-cluster-tic-catalunya-sud/#primaryimage"},"thumbnailUrl":"https://ticsalutsocial.atoom.space/wp-content/uploads/2025/09/Captura-de-pantalla-2025-09-18-a-les-12.06.26.png","datePublished":"2025-09-18T10:09:11+00:00","dateModified":"2025-09-18T10:23:02+00:00","breadcrumb":{"@id":"https://ticsalutsocial.atoom.space/es/event/jornada-salut-cluster-tic-catalunya-sud/#breadcrumb"},"inLanguage":"es","potentialAction":[{"@type":"ReadAction","target":["https://ticsalutsocial.atoom.space/es/event/jornada-salut-cluster-tic-catalunya-sud/"]}]},{"@type":"ImageObject","inLanguage":"es","@id":"https://ticsalutsocial.atoom.space/es/event/jornada-salut-cluster-tic-catalunya-sud/#primaryimage","url":"https://ticsalutsocial.atoom.space/wp-content/uploads/2025/09/Captura-de-pantalla-2025-09-18-a-les-12.06.26.png","contentUrl":"https://ticsalutsocial.atoom.space/wp-content/uploads/2025/09/Captura-de-pantalla-2025-09-18-a-les-12.06.26.png","width":1316,"height":356},{"@type":"BreadcrumbList","@id":"https://ticsalutsocial.atoom.space/es/event/jornada-salut-cluster-tic-catalunya-sud/#breadcrumb","itemListElement":[{"@type":"ListItem","position":1,"name":"Inici","item":"https://ticsalutsocial.atoom.space/es/"},{"@type":"ListItem","position":2,"name":"Jornada Salud &#8211; Cluster TIC Cataluña Sur"}]},{"@type":"WebSite","@id":"https://ticsalutsocial.atoom.space/es/#website","url":"https://ticsalutsocial.atoom.space/es/","name":"Fundació TIC Salut i Social","description":"","potentialAction":[{"@type":"SearchAction","target":{"@type":"EntryPoint","urlTemplate":"https://ticsalutsocial.atoom.space/es/?s={search_term_string}"},"query-input":{"@type":"PropertyValueSpecification","valueRequired":true,"valueName":"search_term_string"}}],"inLanguage":"es"}]}</script>
<!-- / Yoast SEO plugin. -->

Jornada Salud - Cluster TIC Cataluña Sur - Fundació TIC Salut i Social

Las Regiones Sanitarias de Tarragona y de Teerras del Ebro, con el suporte de la Dirección de Sistemas d&#8217;Información del Servicio Catalán de la Salud, organizan el próximo 3 de octubre esta jornada. Consulta el programa e inscríbete

Fundació TIC Salut i Social
