
{"id":33715,"date":"2025-09-29T13:39:15","date_gmt":"2025-09-29T11:39:15","guid":{"rendered":"https:\/\/ticsalutsocial.atoom.space\/event\/european-language-data-space-workshop\/"},"modified":"2025-09-29T14:19:55","modified_gmt":"2025-09-29T12:19:55","slug":"european-language-data-space-workshop","status":"publish","type":"event","link":"https:\/\/ticsalutsocial.atoom.space\/es\/event\/european-language-data-space-workshop\/","title":{"rendered":"European Language Data Space Workshop"},"content":{"rendered":"\n<p>El European Language Data Space y el Barcelona Supercomputing Center re\u00fanen a expertos de la industria, la Administraci\u00f3n P\u00fablica y la investigaci\u00f3n en Espa\u00f1a para debatir la importancia de los datos ling\u00fc\u00edsticos para el desarrollo de Tecnolog\u00edas del Lenguaje y herramientas basadas en inteligencia artificial.<br>El Director de la Fundaci\u00f3 TIC Salut i Social, Joan Guanyabens, participar\u00e1 en la mesa redonda <em>\u201c<\/em>Language data production, management, and market development: overcoming obstacles<em>\u201d<\/em>.<\/p>\n\n\n\n<p><a href=\"https:\/\/language-data-space.ec.europa.eu\/events\/lds-country-workshop-spain-2025-10-14_en\" target=\"_blank\" rel=\"noreferrer noopener\">M\u00e1s informaci\u00f3n<\/a><\/p>\n\n\n\n<p><\/p>\n","protected":false},"featured_media":0,"menu_order":0,"template":"","meta":{"_acf_changed":false,"inline_featured_image":false},"tipus":[],"topic":[117],"class_list":["post-33715","event","type-event","status-publish","hentry","topic-jornadas"],"acf":{"imatge":33713,"informacio":{"ubicacio":"Edifici V\u00e8rtex, Barcelona","data":"14\/10\/2025","hora":"","preu":"","inscripcions":"https:\/\/ec.europa.eu\/eusurvey\/runner\/LDS_WS1-ES"},"programa":{"titol":"","items":false},"documents":false},"yoast_head":"<!-- This site is optimized with the Yoast SEO plugin v27.1.1 - https:\/\/yoast.com\/product\/yoast-seo-wordpress\/ -->\n<title>European Language Data Space Workshop - Fundaci\u00f3 TIC Salut i Social<\/title>\n<meta name=\"robots\" content=\"index, follow, max-snippet:-1, max-image-preview:large, max-video-preview:-1\" \/>\n<link rel=\"canonical\" href=\"https:\/\/ticsalutsocial.atoom.space\/es\/event\/european-language-data-space-workshop\/\" \/>\n<meta property=\"og:locale\" content=\"es_ES\" \/>\n<meta property=\"og:type\" content=\"article\" \/>\n<meta property=\"og:title\" content=\"European Language Data Space Workshop - Fundaci\u00f3 TIC Salut i Social\" \/>\n<meta property=\"og:description\" content=\"El European Language Data Space y el Barcelona Supercomputing Center re\u00fanen a expertos de la industria, la Administraci\u00f3n P\u00fablica y la investigaci\u00f3n en Espa\u00f1a para debatir la importancia de los datos ling\u00fc\u00edsticos para el desarrollo de Tecnolog\u00edas del Lenguaje y herramientas basadas en inteligencia artificial.El Director de la Fundaci\u00f3 TIC Salut i Social, Joan Guanyabens, [&hellip;]\" \/>\n<meta property=\"og:url\" content=\"https:\/\/ticsalutsocial.atoom.space\/es\/event\/european-language-data-space-workshop\/\" \/>\n<meta property=\"og:site_name\" content=\"Fundaci\u00f3 TIC Salut i Social\" \/>\n<meta property=\"article:modified_time\" content=\"2025-09-29T12:19:55+00:00\" \/>\n<meta name=\"twitter:card\" content=\"summary_large_image\" \/>\n<meta name=\"twitter:label1\" content=\"Tiempo de lectura\" \/>\n\t<meta name=\"twitter:data1\" content=\"1 minuto\" \/>\n<script type=\"application\/ld+json\" class=\"yoast-schema-graph\">{\"@context\":\"https:\/\/schema.org\",\"@graph\":[{\"@type\":\"WebPage\",\"@id\":\"https:\/\/ticsalutsocial.atoom.space\/es\/event\/european-language-data-space-workshop\/\",\"url\":\"https:\/\/ticsalutsocial.atoom.space\/es\/event\/european-language-data-space-workshop\/\",\"name\":\"European Language Data Space Workshop - Fundaci\u00f3 TIC Salut i Social\",\"isPartOf\":{\"@id\":\"https:\/\/ticsalutsocial.atoom.space\/es\/#website\"},\"datePublished\":\"2025-09-29T11:39:15+00:00\",\"dateModified\":\"2025-09-29T12:19:55+00:00\",\"breadcrumb\":{\"@id\":\"https:\/\/ticsalutsocial.atoom.space\/es\/event\/european-language-data-space-workshop\/#breadcrumb\"},\"inLanguage\":\"es\",\"potentialAction\":[{\"@type\":\"ReadAction\",\"target\":[\"https:\/\/ticsalutsocial.atoom.space\/es\/event\/european-language-data-space-workshop\/\"]}]},{\"@type\":\"BreadcrumbList\",\"@id\":\"https:\/\/ticsalutsocial.atoom.space\/es\/event\/european-language-data-space-workshop\/#breadcrumb\",\"itemListElement\":[{\"@type\":\"ListItem\",\"position\":1,\"name\":\"Inici\",\"item\":\"https:\/\/ticsalutsocial.atoom.space\/es\/\"},{\"@type\":\"ListItem\",\"position\":2,\"name\":\"European Language Data Space Workshop\"}]},{\"@type\":\"WebSite\",\"@id\":\"https:\/\/ticsalutsocial.atoom.space\/es\/#website\",\"url\":\"https:\/\/ticsalutsocial.atoom.space\/es\/\",\"name\":\"Fundaci\u00f3 TIC Salut i Social\",\"description\":\"\",\"potentialAction\":[{\"@type\":\"SearchAction\",\"target\":{\"@type\":\"EntryPoint\",\"urlTemplate\":\"https:\/\/ticsalutsocial.atoom.space\/es\/?s={search_term_string}\"},\"query-input\":{\"@type\":\"PropertyValueSpecification\",\"valueRequired\":true,\"valueName\":\"search_term_string\"}}],\"inLanguage\":\"es\"}]}<\/script>\n<!-- \/ Yoast SEO plugin. -->","yoast_head_json":{"title":"European Language Data Space Workshop - Fundaci\u00f3 TIC Salut i Social","robots":{"index":"index","follow":"follow","max-snippet":"max-snippet:-1","max-image-preview":"max-image-preview:large","max-video-preview":"max-video-preview:-1"},"canonical":"https:\/\/ticsalutsocial.atoom.space\/es\/event\/european-language-data-space-workshop\/","og_locale":"es_ES","og_type":"article","og_title":"European Language Data Space Workshop - Fundaci\u00f3 TIC Salut i Social","og_description":"El European Language Data Space y el Barcelona Supercomputing Center re\u00fanen a expertos de la industria, la Administraci\u00f3n P\u00fablica y la investigaci\u00f3n en Espa\u00f1a para debatir la importancia de los datos ling\u00fc\u00edsticos para el desarrollo de Tecnolog\u00edas del Lenguaje y herramientas basadas en inteligencia artificial.El Director de la Fundaci\u00f3 TIC Salut i Social, Joan Guanyabens, [&hellip;]","og_url":"https:\/\/ticsalutsocial.atoom.space\/es\/event\/european-language-data-space-workshop\/","og_site_name":"Fundaci\u00f3 TIC Salut i Social","article_modified_time":"2025-09-29T12:19:55+00:00","twitter_card":"summary_large_image","twitter_misc":{"Tiempo de lectura":"1 minuto"},"schema":{"@context":"https:\/\/schema.org","@graph":[{"@type":"WebPage","@id":"https:\/\/ticsalutsocial.atoom.space\/es\/event\/european-language-data-space-workshop\/","url":"https:\/\/ticsalutsocial.atoom.space\/es\/event\/european-language-data-space-workshop\/","name":"European Language Data Space Workshop - Fundaci\u00f3 TIC Salut i Social","isPartOf":{"@id":"https:\/\/ticsalutsocial.atoom.space\/es\/#website"},"datePublished":"2025-09-29T11:39:15+00:00","dateModified":"2025-09-29T12:19:55+00:00","breadcrumb":{"@id":"https:\/\/ticsalutsocial.atoom.space\/es\/event\/european-language-data-space-workshop\/#breadcrumb"},"inLanguage":"es","potentialAction":[{"@type":"ReadAction","target":["https:\/\/ticsalutsocial.atoom.space\/es\/event\/european-language-data-space-workshop\/"]}]},{"@type":"BreadcrumbList","@id":"https:\/\/ticsalutsocial.atoom.space\/es\/event\/european-language-data-space-workshop\/#breadcrumb","itemListElement":[{"@type":"ListItem","position":1,"name":"Inici","item":"https:\/\/ticsalutsocial.atoom.space\/es\/"},{"@type":"ListItem","position":2,"name":"European Language Data Space Workshop"}]},{"@type":"WebSite","@id":"https:\/\/ticsalutsocial.atoom.space\/es\/#website","url":"https:\/\/ticsalutsocial.atoom.space\/es\/","name":"Fundaci\u00f3 TIC Salut i Social","description":"","potentialAction":[{"@type":"SearchAction","target":{"@type":"EntryPoint","urlTemplate":"https:\/\/ticsalutsocial.atoom.space\/es\/?s={search_term_string}"},"query-input":{"@type":"PropertyValueSpecification","valueRequired":true,"valueName":"search_term_string"}}],"inLanguage":"es"}]}},"_links":{"self":[{"href":"https:\/\/ticsalutsocial.atoom.space\/es\/wp-json\/wp\/v2\/event\/33715","targetHints":{"allow":["GET"]}}],"collection":[{"href":"https:\/\/ticsalutsocial.atoom.space\/es\/wp-json\/wp\/v2\/event"}],"about":[{"href":"https:\/\/ticsalutsocial.atoom.space\/es\/wp-json\/wp\/v2\/types\/event"}],"wp:attachment":[{"href":"https:\/\/ticsalutsocial.atoom.space\/es\/wp-json\/wp\/v2\/media?parent=33715"}],"wp:term":[{"taxonomy":"tipus","embeddable":true,"href":"https:\/\/ticsalutsocial.atoom.space\/es\/wp-json\/wp\/v2\/tipus?post=33715"},{"taxonomy":"topic","embeddable":true,"href":"https:\/\/ticsalutsocial.atoom.space\/es\/wp-json\/wp\/v2\/topic?post=33715"}],"curies":[{"name":"wp","href":"https:\/\/api.w.org\/{rel}","templated":true}]}}

<p>El European Language Data Space y el Barcelona Supercomputing Center reúnen a expertos de la industria, la Administración Pública y la investigación en España para debatir la importancia de los datos lingüísticos para el desarrollo de Tecnologías del Lenguaje y herramientas basadas en inteligencia artificial.<br>El Director de la Fundació TIC Salut i Social, Joan Guanyabens, participará en la mesa redonda <em>“</em>Language data production, management, and market development: overcoming obstacles<em>”</em>.</p>



<p><a href="https://language-data-space.ec.europa.eu/events/lds-country-workshop-spain-2025-10-14_en" target="_blank" rel="noreferrer noopener">Más información</a></p>



<p></p>

Edifici Vèrtex, Barcelona

<!-- This site is optimized with the Yoast SEO plugin v27.1.1 - https://yoast.com/product/yoast-seo-wordpress/ -->
<title>European Language Data Space Workshop - Fundació TIC Salut i Social</title>
<meta name="robots" content="index, follow, max-snippet:-1, max-image-preview:large, max-video-preview:-1" />
<link rel="canonical" href="https://ticsalutsocial.atoom.space/es/event/european-language-data-space-workshop/" />
<meta property="og:locale" content="es_ES" />
<meta property="og:type" content="article" />
<meta property="og:title" content="European Language Data Space Workshop - Fundació TIC Salut i Social" />
<meta property="og:description" content="El European Language Data Space y el Barcelona Supercomputing Center reúnen a expertos de la industria, la Administración Pública y la investigación en España para debatir la importancia de los datos lingüísticos para el desarrollo de Tecnologías del Lenguaje y herramientas basadas en inteligencia artificial.El Director de la Fundació TIC Salut i Social, Joan Guanyabens, [&hellip;]" />
<meta property="og:url" content="https://ticsalutsocial.atoom.space/es/event/european-language-data-space-workshop/" />
<meta property="og:site_name" content="Fundació TIC Salut i Social" />
<meta property="article:modified_time" content="2025-09-29T12:19:55+00:00" />
<meta name="twitter:card" content="summary_large_image" />
<meta name="twitter:label1" content="Tiempo de lectura" />
	<meta name="twitter:data1" content="1 minuto" />
<script type="application/ld+json" class="yoast-schema-graph">{"@context":"https://schema.org","@graph":[{"@type":"WebPage","@id":"https://ticsalutsocial.atoom.space/es/event/european-language-data-space-workshop/","url":"https://ticsalutsocial.atoom.space/es/event/european-language-data-space-workshop/","name":"European Language Data Space Workshop - Fundació TIC Salut i Social","isPartOf":{"@id":"https://ticsalutsocial.atoom.space/es/#website"},"datePublished":"2025-09-29T11:39:15+00:00","dateModified":"2025-09-29T12:19:55+00:00","breadcrumb":{"@id":"https://ticsalutsocial.atoom.space/es/event/european-language-data-space-workshop/#breadcrumb"},"inLanguage":"es","potentialAction":[{"@type":"ReadAction","target":["https://ticsalutsocial.atoom.space/es/event/european-language-data-space-workshop/"]}]},{"@type":"BreadcrumbList","@id":"https://ticsalutsocial.atoom.space/es/event/european-language-data-space-workshop/#breadcrumb","itemListElement":[{"@type":"ListItem","position":1,"name":"Inici","item":"https://ticsalutsocial.atoom.space/es/"},{"@type":"ListItem","position":2,"name":"European Language Data Space Workshop"}]},{"@type":"WebSite","@id":"https://ticsalutsocial.atoom.space/es/#website","url":"https://ticsalutsocial.atoom.space/es/","name":"Fundació TIC Salut i Social","description":"","potentialAction":[{"@type":"SearchAction","target":{"@type":"EntryPoint","urlTemplate":"https://ticsalutsocial.atoom.space/es/?s={search_term_string}"},"query-input":{"@type":"PropertyValueSpecification","valueRequired":true,"valueName":"search_term_string"}}],"inLanguage":"es"}]}</script>
<!-- / Yoast SEO plugin. -->

European Language Data Space Workshop - Fundació TIC Salut i Social

El European Language Data Space y el Barcelona Supercomputing Center reúnen a expertos de la industria, la Administración Pública y la investigación en España para debatir la importancia de los datos lingüísticos para el desarrollo de Tecnologías del Lenguaje y herramientas basadas en inteligencia artificial.El Director de la Fundació TIC Salut i Social, Joan Guanyabens, [&hellip;]

Fundació TIC Salut i Social
