
{"id":33792,"date":"2025-10-06T10:13:13","date_gmt":"2025-10-06T08:13:13","guid":{"rendered":"https:\/\/ticsalutsocial.atoom.space\/event\/congres-de-compliance-i-salut-dascom\/"},"modified":"2025-10-06T12:12:57","modified_gmt":"2025-10-06T10:12:57","slug":"congres-de-compliance-i-salut-dascom","status":"publish","type":"event","link":"https:\/\/ticsalutsocial.atoom.space\/es\/event\/congres-de-compliance-i-salut-dascom\/","title":{"rendered":"Congreso de compliance y salud de ASCOM"},"content":{"rendered":"\n<p>Los profesionales de Compliance en el \u00e1mbito de la salud se reunir\u00e1n en Barcelona el pr\u00f3ximo d\u00eda 23 de octubre de 2025 para tratar los temas de mayor actualidad e inter\u00e9s en el Congreso de Compliance y Salud que organiza la Asociaci\u00f3n Espa\u00f1ola de Compliance a trav\u00e9s de su Grupo ASCOM Compliance en el Sector Farmac\u00e9utico.<\/p>\n\n\n\n<p>La integridad y la \u00e9tica son pilares fundamentales en el \u00e1mbito de la salud, donde el bienestar de los pacientes y la calidad de los servicios tambi\u00e9n dependen de un riguroso cumplimiento de normativas y est\u00e1ndares. En un sector tan delicado y crucial como la salud, el Compliance no es solo una obligaci\u00f3n legal, sino una responsabilidad moral y profesional.<\/p>\n\n\n\n<p>El Compliance en este sector no solo asegura que las organizaciones y profesionales act\u00faen en conformidad con la legislaci\u00f3n, las regulaciones y las pol\u00edticas internas, sino tambi\u00e9n promueven la transparencia y la \u00e9tica. Desde la correcta gesti\u00f3n de datos personales y la seguridad del paciente, hasta la prevenci\u00f3n del fraude y la corrupci\u00f3n, el Compliance es esencial para mantener la confianza y la credibilidad en los servicios del sector.<\/p>\n\n\n\n<p>El responsable de IA de la Fundaci\u00f3 TIC Salut i Social, Antoni Berenguer, participar\u00e1 en la mesa redonda \u2018Salud Inteligente \u2013 aplicaciones pr\u00e1cticas de la IA en la Salud P\u00fablica\u2019, en la que hablar\u00e1 sobre el Programa Salut\/IA.<\/p>\n\n\n\n<p><a href=\"https:\/\/salud.asociacioncompliance.com\/\" target=\"_blank\" rel=\"noreferrer noopener\">M\u00e1s informaci\u00f3n<\/a><\/p>\n","protected":false},"featured_media":33787,"menu_order":0,"template":"","meta":{"_acf_changed":false,"inline_featured_image":false},"tipus":[879],"topic":[117],"class_list":["post-33792","event","type-event","status-publish","has-post-thumbnail","hentry","tipus-inteligencia-artificial","topic-jornadas"],"acf":{"imatge":33787,"informacio":{"ubicacio":"LIV Student Barcelona Sarri\u00e1","data":"23\/10\/2025","hora":"","preu":"","inscripcions":"https:\/\/salud.asociacioncompliance.com\/"},"programa":{"titol":"","items":false},"documents":false},"yoast_head":"<!-- This site is optimized with the Yoast SEO plugin v27.1.1 - https:\/\/yoast.com\/product\/yoast-seo-wordpress\/ -->\n<title>Congreso de compliance y salud de ASCOM - Fundaci\u00f3 TIC Salut i Social<\/title>\n<meta name=\"robots\" content=\"index, follow, max-snippet:-1, max-image-preview:large, max-video-preview:-1\" \/>\n<link rel=\"canonical\" href=\"https:\/\/ticsalutsocial.atoom.space\/es\/event\/congres-de-compliance-i-salut-dascom\/\" \/>\n<meta property=\"og:locale\" content=\"es_ES\" \/>\n<meta property=\"og:type\" content=\"article\" \/>\n<meta property=\"og:title\" content=\"Congreso de compliance y salud de ASCOM - Fundaci\u00f3 TIC Salut i Social\" \/>\n<meta property=\"og:description\" content=\"Los profesionales de Compliance en el \u00e1mbito de la salud se reunir\u00e1n en Barcelona el pr\u00f3ximo d\u00eda 23 de octubre de 2025 para tratar los temas de mayor actualidad e inter\u00e9s en el Congreso de Compliance y Salud que organiza la Asociaci\u00f3n Espa\u00f1ola de Compliance a trav\u00e9s de su Grupo ASCOM Compliance en el Sector [&hellip;]\" \/>\n<meta property=\"og:url\" content=\"https:\/\/ticsalutsocial.atoom.space\/es\/event\/congres-de-compliance-i-salut-dascom\/\" \/>\n<meta property=\"og:site_name\" content=\"Fundaci\u00f3 TIC Salut i Social\" \/>\n<meta property=\"article:modified_time\" content=\"2025-10-06T10:12:57+00:00\" \/>\n<meta property=\"og:image\" content=\"https:\/\/ticsalutsocial.atoom.space\/wp-content\/uploads\/2025\/10\/Congreso-ascom-23-oct.png\" \/>\n\t<meta property=\"og:image:width\" content=\"1804\" \/>\n\t<meta property=\"og:image:height\" content=\"941\" \/>\n\t<meta property=\"og:image:type\" content=\"image\/png\" \/>\n<meta name=\"twitter:card\" content=\"summary_large_image\" \/>\n<meta name=\"twitter:label1\" content=\"Tiempo de lectura\" \/>\n\t<meta name=\"twitter:data1\" content=\"2 minutos\" \/>\n<script type=\"application\/ld+json\" class=\"yoast-schema-graph\">{\"@context\":\"https:\/\/schema.org\",\"@graph\":[{\"@type\":\"WebPage\",\"@id\":\"https:\/\/ticsalutsocial.atoom.space\/es\/event\/congres-de-compliance-i-salut-dascom\/\",\"url\":\"https:\/\/ticsalutsocial.atoom.space\/es\/event\/congres-de-compliance-i-salut-dascom\/\",\"name\":\"Congreso de compliance y salud de ASCOM - Fundaci\u00f3 TIC Salut i Social\",\"isPartOf\":{\"@id\":\"https:\/\/ticsalutsocial.atoom.space\/es\/#website\"},\"primaryImageOfPage\":{\"@id\":\"https:\/\/ticsalutsocial.atoom.space\/es\/event\/congres-de-compliance-i-salut-dascom\/#primaryimage\"},\"image\":{\"@id\":\"https:\/\/ticsalutsocial.atoom.space\/es\/event\/congres-de-compliance-i-salut-dascom\/#primaryimage\"},\"thumbnailUrl\":\"https:\/\/ticsalutsocial.atoom.space\/wp-content\/uploads\/2025\/10\/Congreso-ascom-23-oct.png\",\"datePublished\":\"2025-10-06T08:13:13+00:00\",\"dateModified\":\"2025-10-06T10:12:57+00:00\",\"breadcrumb\":{\"@id\":\"https:\/\/ticsalutsocial.atoom.space\/es\/event\/congres-de-compliance-i-salut-dascom\/#breadcrumb\"},\"inLanguage\":\"es\",\"potentialAction\":[{\"@type\":\"ReadAction\",\"target\":[\"https:\/\/ticsalutsocial.atoom.space\/es\/event\/congres-de-compliance-i-salut-dascom\/\"]}]},{\"@type\":\"ImageObject\",\"inLanguage\":\"es\",\"@id\":\"https:\/\/ticsalutsocial.atoom.space\/es\/event\/congres-de-compliance-i-salut-dascom\/#primaryimage\",\"url\":\"https:\/\/ticsalutsocial.atoom.space\/wp-content\/uploads\/2025\/10\/Congreso-ascom-23-oct.png\",\"contentUrl\":\"https:\/\/ticsalutsocial.atoom.space\/wp-content\/uploads\/2025\/10\/Congreso-ascom-23-oct.png\",\"width\":1804,\"height\":941},{\"@type\":\"BreadcrumbList\",\"@id\":\"https:\/\/ticsalutsocial.atoom.space\/es\/event\/congres-de-compliance-i-salut-dascom\/#breadcrumb\",\"itemListElement\":[{\"@type\":\"ListItem\",\"position\":1,\"name\":\"Inici\",\"item\":\"https:\/\/ticsalutsocial.atoom.space\/es\/\"},{\"@type\":\"ListItem\",\"position\":2,\"name\":\"Congreso de compliance y salud de ASCOM\"}]},{\"@type\":\"WebSite\",\"@id\":\"https:\/\/ticsalutsocial.atoom.space\/es\/#website\",\"url\":\"https:\/\/ticsalutsocial.atoom.space\/es\/\",\"name\":\"Fundaci\u00f3 TIC Salut i Social\",\"description\":\"\",\"potentialAction\":[{\"@type\":\"SearchAction\",\"target\":{\"@type\":\"EntryPoint\",\"urlTemplate\":\"https:\/\/ticsalutsocial.atoom.space\/es\/?s={search_term_string}\"},\"query-input\":{\"@type\":\"PropertyValueSpecification\",\"valueRequired\":true,\"valueName\":\"search_term_string\"}}],\"inLanguage\":\"es\"}]}<\/script>\n<!-- \/ Yoast SEO plugin. -->","yoast_head_json":{"title":"Congreso de compliance y salud de ASCOM - Fundaci\u00f3 TIC Salut i Social","robots":{"index":"index","follow":"follow","max-snippet":"max-snippet:-1","max-image-preview":"max-image-preview:large","max-video-preview":"max-video-preview:-1"},"canonical":"https:\/\/ticsalutsocial.atoom.space\/es\/event\/congres-de-compliance-i-salut-dascom\/","og_locale":"es_ES","og_type":"article","og_title":"Congreso de compliance y salud de ASCOM - Fundaci\u00f3 TIC Salut i Social","og_description":"Los profesionales de Compliance en el \u00e1mbito de la salud se reunir\u00e1n en Barcelona el pr\u00f3ximo d\u00eda 23 de octubre de 2025 para tratar los temas de mayor actualidad e inter\u00e9s en el Congreso de Compliance y Salud que organiza la Asociaci\u00f3n Espa\u00f1ola de Compliance a trav\u00e9s de su Grupo ASCOM Compliance en el Sector [&hellip;]","og_url":"https:\/\/ticsalutsocial.atoom.space\/es\/event\/congres-de-compliance-i-salut-dascom\/","og_site_name":"Fundaci\u00f3 TIC Salut i Social","article_modified_time":"2025-10-06T10:12:57+00:00","og_image":[{"width":1804,"height":941,"url":"https:\/\/ticsalutsocial.atoom.space\/wp-content\/uploads\/2025\/10\/Congreso-ascom-23-oct.png","type":"image\/png"}],"twitter_card":"summary_large_image","twitter_misc":{"Tiempo de lectura":"2 minutos"},"schema":{"@context":"https:\/\/schema.org","@graph":[{"@type":"WebPage","@id":"https:\/\/ticsalutsocial.atoom.space\/es\/event\/congres-de-compliance-i-salut-dascom\/","url":"https:\/\/ticsalutsocial.atoom.space\/es\/event\/congres-de-compliance-i-salut-dascom\/","name":"Congreso de compliance y salud de ASCOM - Fundaci\u00f3 TIC Salut i Social","isPartOf":{"@id":"https:\/\/ticsalutsocial.atoom.space\/es\/#website"},"primaryImageOfPage":{"@id":"https:\/\/ticsalutsocial.atoom.space\/es\/event\/congres-de-compliance-i-salut-dascom\/#primaryimage"},"image":{"@id":"https:\/\/ticsalutsocial.atoom.space\/es\/event\/congres-de-compliance-i-salut-dascom\/#primaryimage"},"thumbnailUrl":"https:\/\/ticsalutsocial.atoom.space\/wp-content\/uploads\/2025\/10\/Congreso-ascom-23-oct.png","datePublished":"2025-10-06T08:13:13+00:00","dateModified":"2025-10-06T10:12:57+00:00","breadcrumb":{"@id":"https:\/\/ticsalutsocial.atoom.space\/es\/event\/congres-de-compliance-i-salut-dascom\/#breadcrumb"},"inLanguage":"es","potentialAction":[{"@type":"ReadAction","target":["https:\/\/ticsalutsocial.atoom.space\/es\/event\/congres-de-compliance-i-salut-dascom\/"]}]},{"@type":"ImageObject","inLanguage":"es","@id":"https:\/\/ticsalutsocial.atoom.space\/es\/event\/congres-de-compliance-i-salut-dascom\/#primaryimage","url":"https:\/\/ticsalutsocial.atoom.space\/wp-content\/uploads\/2025\/10\/Congreso-ascom-23-oct.png","contentUrl":"https:\/\/ticsalutsocial.atoom.space\/wp-content\/uploads\/2025\/10\/Congreso-ascom-23-oct.png","width":1804,"height":941},{"@type":"BreadcrumbList","@id":"https:\/\/ticsalutsocial.atoom.space\/es\/event\/congres-de-compliance-i-salut-dascom\/#breadcrumb","itemListElement":[{"@type":"ListItem","position":1,"name":"Inici","item":"https:\/\/ticsalutsocial.atoom.space\/es\/"},{"@type":"ListItem","position":2,"name":"Congreso de compliance y salud de ASCOM"}]},{"@type":"WebSite","@id":"https:\/\/ticsalutsocial.atoom.space\/es\/#website","url":"https:\/\/ticsalutsocial.atoom.space\/es\/","name":"Fundaci\u00f3 TIC Salut i Social","description":"","potentialAction":[{"@type":"SearchAction","target":{"@type":"EntryPoint","urlTemplate":"https:\/\/ticsalutsocial.atoom.space\/es\/?s={search_term_string}"},"query-input":{"@type":"PropertyValueSpecification","valueRequired":true,"valueName":"search_term_string"}}],"inLanguage":"es"}]}},"_links":{"self":[{"href":"https:\/\/ticsalutsocial.atoom.space\/es\/wp-json\/wp\/v2\/event\/33792","targetHints":{"allow":["GET"]}}],"collection":[{"href":"https:\/\/ticsalutsocial.atoom.space\/es\/wp-json\/wp\/v2\/event"}],"about":[{"href":"https:\/\/ticsalutsocial.atoom.space\/es\/wp-json\/wp\/v2\/types\/event"}],"wp:featuredmedia":[{"embeddable":true,"href":"https:\/\/ticsalutsocial.atoom.space\/es\/wp-json\/wp\/v2\/media\/33787"}],"wp:attachment":[{"href":"https:\/\/ticsalutsocial.atoom.space\/es\/wp-json\/wp\/v2\/media?parent=33792"}],"wp:term":[{"taxonomy":"tipus","embeddable":true,"href":"https:\/\/ticsalutsocial.atoom.space\/es\/wp-json\/wp\/v2\/tipus?post=33792"},{"taxonomy":"topic","embeddable":true,"href":"https:\/\/ticsalutsocial.atoom.space\/es\/wp-json\/wp\/v2\/topic?post=33792"}],"curies":[{"name":"wp","href":"https:\/\/api.w.org\/{rel}","templated":true}]}}

<p>Los profesionales de Compliance en el ámbito de la salud se reunirán en Barcelona el próximo día 23 de octubre de 2025 para tratar los temas de mayor actualidad e interés en el Congreso de Compliance y Salud que organiza la Asociación Española de Compliance a través de su Grupo ASCOM Compliance en el Sector Farmacéutico.</p>



<p>La integridad y la ética son pilares fundamentales en el ámbito de la salud, donde el bienestar de los pacientes y la calidad de los servicios también dependen de un riguroso cumplimiento de normativas y estándares. En un sector tan delicado y crucial como la salud, el Compliance no es solo una obligación legal, sino una responsabilidad moral y profesional.</p>



<p>El Compliance en este sector no solo asegura que las organizaciones y profesionales actúen en conformidad con la legislación, las regulaciones y las políticas internas, sino también promueven la transparencia y la ética. Desde la correcta gestión de datos personales y la seguridad del paciente, hasta la prevención del fraude y la corrupción, el Compliance es esencial para mantener la confianza y la credibilidad en los servicios del sector.</p>



<p>El responsable de IA de la Fundació TIC Salut i Social, Antoni Berenguer, participará en la mesa redonda ‘Salud Inteligente – aplicaciones prácticas de la IA en la Salud Pública’, en la que hablará sobre el Programa Salut/IA.</p>



<p><a href="https://salud.asociacioncompliance.com/" target="_blank" rel="noreferrer noopener">Más información</a></p>

LIV Student Barcelona Sarriá

<!-- This site is optimized with the Yoast SEO plugin v27.1.1 - https://yoast.com/product/yoast-seo-wordpress/ -->
<title>Congreso de compliance y salud de ASCOM - Fundació TIC Salut i Social</title>
<meta name="robots" content="index, follow, max-snippet:-1, max-image-preview:large, max-video-preview:-1" />
<link rel="canonical" href="https://ticsalutsocial.atoom.space/es/event/congres-de-compliance-i-salut-dascom/" />
<meta property="og:locale" content="es_ES" />
<meta property="og:type" content="article" />
<meta property="og:title" content="Congreso de compliance y salud de ASCOM - Fundació TIC Salut i Social" />
<meta property="og:description" content="Los profesionales de Compliance en el ámbito de la salud se reunirán en Barcelona el próximo día 23 de octubre de 2025 para tratar los temas de mayor actualidad e interés en el Congreso de Compliance y Salud que organiza la Asociación Española de Compliance a través de su Grupo ASCOM Compliance en el Sector [&hellip;]" />
<meta property="og:url" content="https://ticsalutsocial.atoom.space/es/event/congres-de-compliance-i-salut-dascom/" />
<meta property="og:site_name" content="Fundació TIC Salut i Social" />
<meta property="article:modified_time" content="2025-10-06T10:12:57+00:00" />
<meta property="og:image" content="https://ticsalutsocial.atoom.space/wp-content/uploads/2025/10/Congreso-ascom-23-oct.png" />
	<meta property="og:image:width" content="1804" />
	<meta property="og:image:height" content="941" />
	<meta property="og:image:type" content="image/png" />
<meta name="twitter:card" content="summary_large_image" />
<meta name="twitter:label1" content="Tiempo de lectura" />
	<meta name="twitter:data1" content="2 minutos" />
<script type="application/ld+json" class="yoast-schema-graph">{"@context":"https://schema.org","@graph":[{"@type":"WebPage","@id":"https://ticsalutsocial.atoom.space/es/event/congres-de-compliance-i-salut-dascom/","url":"https://ticsalutsocial.atoom.space/es/event/congres-de-compliance-i-salut-dascom/","name":"Congreso de compliance y salud de ASCOM - Fundació TIC Salut i Social","isPartOf":{"@id":"https://ticsalutsocial.atoom.space/es/#website"},"primaryImageOfPage":{"@id":"https://ticsalutsocial.atoom.space/es/event/congres-de-compliance-i-salut-dascom/#primaryimage"},"image":{"@id":"https://ticsalutsocial.atoom.space/es/event/congres-de-compliance-i-salut-dascom/#primaryimage"},"thumbnailUrl":"https://ticsalutsocial.atoom.space/wp-content/uploads/2025/10/Congreso-ascom-23-oct.png","datePublished":"2025-10-06T08:13:13+00:00","dateModified":"2025-10-06T10:12:57+00:00","breadcrumb":{"@id":"https://ticsalutsocial.atoom.space/es/event/congres-de-compliance-i-salut-dascom/#breadcrumb"},"inLanguage":"es","potentialAction":[{"@type":"ReadAction","target":["https://ticsalutsocial.atoom.space/es/event/congres-de-compliance-i-salut-dascom/"]}]},{"@type":"ImageObject","inLanguage":"es","@id":"https://ticsalutsocial.atoom.space/es/event/congres-de-compliance-i-salut-dascom/#primaryimage","url":"https://ticsalutsocial.atoom.space/wp-content/uploads/2025/10/Congreso-ascom-23-oct.png","contentUrl":"https://ticsalutsocial.atoom.space/wp-content/uploads/2025/10/Congreso-ascom-23-oct.png","width":1804,"height":941},{"@type":"BreadcrumbList","@id":"https://ticsalutsocial.atoom.space/es/event/congres-de-compliance-i-salut-dascom/#breadcrumb","itemListElement":[{"@type":"ListItem","position":1,"name":"Inici","item":"https://ticsalutsocial.atoom.space/es/"},{"@type":"ListItem","position":2,"name":"Congreso de compliance y salud de ASCOM"}]},{"@type":"WebSite","@id":"https://ticsalutsocial.atoom.space/es/#website","url":"https://ticsalutsocial.atoom.space/es/","name":"Fundació TIC Salut i Social","description":"","potentialAction":[{"@type":"SearchAction","target":{"@type":"EntryPoint","urlTemplate":"https://ticsalutsocial.atoom.space/es/?s={search_term_string}"},"query-input":{"@type":"PropertyValueSpecification","valueRequired":true,"valueName":"search_term_string"}}],"inLanguage":"es"}]}</script>
<!-- / Yoast SEO plugin. -->

Congreso de compliance y salud de ASCOM - Fundació TIC Salut i Social

Los profesionales de Compliance en el ámbito de la salud se reunirán en Barcelona el próximo día 23 de octubre de 2025 para tratar los temas de mayor actualidad e interés en el Congreso de Compliance y Salud que organiza la Asociación Española de Compliance a través de su Grupo ASCOM Compliance en el Sector [&hellip;]

Fundació TIC Salut i Social
