
{"id":33998,"date":"2025-10-22T15:38:54","date_gmt":"2025-10-22T13:38:54","guid":{"rendered":"https:\/\/ticsalutsocial.atoom.space\/event\/ii-congres-de-ciberseguretat\/"},"modified":"2025-10-22T15:47:22","modified_gmt":"2025-10-22T13:47:22","slug":"ii-congres-de-ciberseguretat","status":"publish","type":"event","link":"https:\/\/ticsalutsocial.atoom.space\/es\/event\/ii-congres-de-ciberseguretat\/","title":{"rendered":"II Congreso de CIberseguridad"},"content":{"rendered":"<p class=\"p1\">La Oficina del DPD participa en esta sesi\u00f3n de ponencias y debates organizados en la Val d\u2019Aran.<\/p>\n<hr \/>\n<h3><b>PROGRAMA<\/b><\/h3>\n<p class=\"p4\"><b>9:30 h \u2013 \u201cLa ciberseguridad en los conflictos armados\u201d<\/b><\/p>\n<p class=\"p1\">Carles Fragoso \u2013 Experto en ciberseguridad geopol\u00edtica.<\/p>\n<p class=\"p4\"><b>10:15 h \u2013 \u201cLa actualidad de la criptograf\u00eda post-cu\u00e1ntica\u201d<\/b><\/p>\n<p class=\"p1\">Dr. Oriol Farr\u00e0s Ventura \u2013 Profesor en la Universidad Rovira i Virgili.<\/p>\n<p class=\"p4\"><b>10:45 h \u2013 Pausa caf\u00e9.<\/b><\/p>\n<p class=\"p4\"><b>11:15 h \u2013 \u201cEl estado actual de la ciberseguridad\u201d<\/b><\/p>\n<p class=\"p1\">Modera: Karina Gibert \u2013 Directora del centro de investigaci\u00f3n Intelligent Data Science &amp; Artificial Intelligence (IDEAI-UPC)<\/p>\n<p class=\"p1\">Participan:<\/p>\n<ul>\n<li>\n<p class=\"p1\">Agencia de Ciberseguridad de Catalu\u00f1a (ACC)<\/p>\n<\/li>\n<li>\n<p class=\"p1\">Agencia Nacional de Ciberseguridad de Andorra (ANC-AD)<\/p>\n<\/li>\n<li>\n<p class=\"p1\">Instituto Nacional de Ciberseguridad (INCIBE)<\/p>\n<\/li>\n<\/ul>\n<p class=\"p4\"><b>12:00 h \u2013 \u201cLa ciberseguridad del futuro\u201d<\/b><\/p>\n<p class=\"p1\">Modera: Gon\u00e7al Bonhomme \u2013 Presidente de la Asociaci\u00f3n Telecos.cat<\/p>\n<p class=\"p1\">Participan:<\/p>\n<ul>\n<li>\n<p class=\"p1\">Rosa Ortu\u00f1o \u2013 CEO de OptimumTIC<\/p>\n<\/li>\n<li>\n<p class=\"p1\">Josep Pegueroles Vall\u00e8s \u2013 Dr. Ingeniero de Telecomunicaciones en la UPC<\/p>\n<\/li>\n<\/ul>\n<p class=\"p4\"><b>12:45 h \u2013 \u201cCiberseguridad en el \u00e1mbito de la salud\u201d<\/b><\/p>\n<p class=\"p1\">Modera: Sergio L\u00f3pez \u2013 Jefe de sistemas de informaci\u00f3n de Aran Salut<\/p>\n<p class=\"p1\">Participan:<\/p>\n<ul>\n<li>\n<p class=\"p1\">Olga Le\u00f3n \u2013 Profesora de la C\u00e1tedra Carism\u00e1tica de la UPC<\/p>\n<\/li>\n<li>\n<p class=\"p1\">Eva Jorquera \u2013 Responsable de seguridad de la informaci\u00f3n en la Agencia de Ciberseguridad de Catalu\u00f1a<\/p>\n<\/li>\n<li>\n<p class=\"p1\">Arantxa Gab\u00e1s \u2013 Experta en protecci\u00f3n de datos en el \u00e1mbito de la salud en la Oficina del Delegado de Protecci\u00f3n de Datos de la Fundaci\u00f3n TIC Salut i Social<\/p>\n<\/li>\n<\/ul>\n<p class=\"p4\"><b>13:30 h \u2013 \u201cLa Inteligencia Artificial aplicada a la Ciberseguridad\u201d<\/b><\/p>\n<p class=\"p1\">Karina Gibert \u2013 Directora del centro de investigaci\u00f3n Intelligent Data Science &amp; Artificial Intelligence (IDEAI-UPC)<\/p>\n<p class=\"p4\"><b>14:00 h \u2013 Clausura institucional y almuerzo de networking.<\/b><\/p>\n","protected":false},"featured_media":0,"menu_order":0,"template":"","meta":{"_acf_changed":false,"inline_featured_image":false},"tipus":[],"topic":[121],"class_list":["post-33998","event","type-event","status-publish","hentry","topic-dpd-es"],"acf":{"informacio":{"ubicacio":"Era Audiovisuau. Vielha, Val d'Aran.","data":"23\/10\/2025","hora":"De 9:30 a 14:00","preu":"Sold out","inscripcions":"Sold out"},"programa":{"titol":"","items":false},"documents":false},"yoast_head":"<!-- This site is optimized with the Yoast SEO plugin v27.1.1 - https:\/\/yoast.com\/product\/yoast-seo-wordpress\/ -->\n<title>II Congreso de CIberseguridad - Fundaci\u00f3 TIC Salut i Social<\/title>\n<meta name=\"robots\" content=\"index, follow, max-snippet:-1, max-image-preview:large, max-video-preview:-1\" \/>\n<link rel=\"canonical\" href=\"https:\/\/ticsalutsocial.atoom.space\/es\/event\/ii-congres-de-ciberseguretat\/\" \/>\n<meta property=\"og:locale\" content=\"es_ES\" \/>\n<meta property=\"og:type\" content=\"article\" \/>\n<meta property=\"og:title\" content=\"II Congreso de CIberseguridad - Fundaci\u00f3 TIC Salut i Social\" \/>\n<meta property=\"og:description\" content=\"La Oficina del DPD participa en esta sesi\u00f3n de ponencias y debates organizados en la Val d\u2019Aran. PROGRAMA 9:30 h \u2013 \u201cLa ciberseguridad en los conflictos armados\u201d Carles Fragoso \u2013 Experto en ciberseguridad geopol\u00edtica. 10:15 h \u2013 \u201cLa actualidad de la criptograf\u00eda post-cu\u00e1ntica\u201d Dr. Oriol Farr\u00e0s Ventura \u2013 Profesor en la Universidad Rovira i Virgili. [&hellip;]\" \/>\n<meta property=\"og:url\" content=\"https:\/\/ticsalutsocial.atoom.space\/es\/event\/ii-congres-de-ciberseguretat\/\" \/>\n<meta property=\"og:site_name\" content=\"Fundaci\u00f3 TIC Salut i Social\" \/>\n<meta property=\"article:modified_time\" content=\"2025-10-22T13:47:22+00:00\" \/>\n<meta name=\"twitter:card\" content=\"summary_large_image\" \/>\n<meta name=\"twitter:label1\" content=\"Tiempo de lectura\" \/>\n\t<meta name=\"twitter:data1\" content=\"2 minutos\" \/>\n<script type=\"application\/ld+json\" class=\"yoast-schema-graph\">{\"@context\":\"https:\/\/schema.org\",\"@graph\":[{\"@type\":\"WebPage\",\"@id\":\"https:\/\/ticsalutsocial.atoom.space\/es\/event\/ii-congres-de-ciberseguretat\/\",\"url\":\"https:\/\/ticsalutsocial.atoom.space\/es\/event\/ii-congres-de-ciberseguretat\/\",\"name\":\"II Congreso de CIberseguridad - Fundaci\u00f3 TIC Salut i Social\",\"isPartOf\":{\"@id\":\"https:\/\/ticsalutsocial.atoom.space\/es\/#website\"},\"datePublished\":\"2025-10-22T13:38:54+00:00\",\"dateModified\":\"2025-10-22T13:47:22+00:00\",\"breadcrumb\":{\"@id\":\"https:\/\/ticsalutsocial.atoom.space\/es\/event\/ii-congres-de-ciberseguretat\/#breadcrumb\"},\"inLanguage\":\"es\",\"potentialAction\":[{\"@type\":\"ReadAction\",\"target\":[\"https:\/\/ticsalutsocial.atoom.space\/es\/event\/ii-congres-de-ciberseguretat\/\"]}]},{\"@type\":\"BreadcrumbList\",\"@id\":\"https:\/\/ticsalutsocial.atoom.space\/es\/event\/ii-congres-de-ciberseguretat\/#breadcrumb\",\"itemListElement\":[{\"@type\":\"ListItem\",\"position\":1,\"name\":\"Inici\",\"item\":\"https:\/\/ticsalutsocial.atoom.space\/es\/\"},{\"@type\":\"ListItem\",\"position\":2,\"name\":\"II Congreso de CIberseguridad\"}]},{\"@type\":\"WebSite\",\"@id\":\"https:\/\/ticsalutsocial.atoom.space\/es\/#website\",\"url\":\"https:\/\/ticsalutsocial.atoom.space\/es\/\",\"name\":\"Fundaci\u00f3 TIC Salut i Social\",\"description\":\"\",\"potentialAction\":[{\"@type\":\"SearchAction\",\"target\":{\"@type\":\"EntryPoint\",\"urlTemplate\":\"https:\/\/ticsalutsocial.atoom.space\/es\/?s={search_term_string}\"},\"query-input\":{\"@type\":\"PropertyValueSpecification\",\"valueRequired\":true,\"valueName\":\"search_term_string\"}}],\"inLanguage\":\"es\"}]}<\/script>\n<!-- \/ Yoast SEO plugin. -->","yoast_head_json":{"title":"II Congreso de CIberseguridad - Fundaci\u00f3 TIC Salut i Social","robots":{"index":"index","follow":"follow","max-snippet":"max-snippet:-1","max-image-preview":"max-image-preview:large","max-video-preview":"max-video-preview:-1"},"canonical":"https:\/\/ticsalutsocial.atoom.space\/es\/event\/ii-congres-de-ciberseguretat\/","og_locale":"es_ES","og_type":"article","og_title":"II Congreso de CIberseguridad - Fundaci\u00f3 TIC Salut i Social","og_description":"La Oficina del DPD participa en esta sesi\u00f3n de ponencias y debates organizados en la Val d\u2019Aran. PROGRAMA 9:30 h \u2013 \u201cLa ciberseguridad en los conflictos armados\u201d Carles Fragoso \u2013 Experto en ciberseguridad geopol\u00edtica. 10:15 h \u2013 \u201cLa actualidad de la criptograf\u00eda post-cu\u00e1ntica\u201d Dr. Oriol Farr\u00e0s Ventura \u2013 Profesor en la Universidad Rovira i Virgili. [&hellip;]","og_url":"https:\/\/ticsalutsocial.atoom.space\/es\/event\/ii-congres-de-ciberseguretat\/","og_site_name":"Fundaci\u00f3 TIC Salut i Social","article_modified_time":"2025-10-22T13:47:22+00:00","twitter_card":"summary_large_image","twitter_misc":{"Tiempo de lectura":"2 minutos"},"schema":{"@context":"https:\/\/schema.org","@graph":[{"@type":"WebPage","@id":"https:\/\/ticsalutsocial.atoom.space\/es\/event\/ii-congres-de-ciberseguretat\/","url":"https:\/\/ticsalutsocial.atoom.space\/es\/event\/ii-congres-de-ciberseguretat\/","name":"II Congreso de CIberseguridad - Fundaci\u00f3 TIC Salut i Social","isPartOf":{"@id":"https:\/\/ticsalutsocial.atoom.space\/es\/#website"},"datePublished":"2025-10-22T13:38:54+00:00","dateModified":"2025-10-22T13:47:22+00:00","breadcrumb":{"@id":"https:\/\/ticsalutsocial.atoom.space\/es\/event\/ii-congres-de-ciberseguretat\/#breadcrumb"},"inLanguage":"es","potentialAction":[{"@type":"ReadAction","target":["https:\/\/ticsalutsocial.atoom.space\/es\/event\/ii-congres-de-ciberseguretat\/"]}]},{"@type":"BreadcrumbList","@id":"https:\/\/ticsalutsocial.atoom.space\/es\/event\/ii-congres-de-ciberseguretat\/#breadcrumb","itemListElement":[{"@type":"ListItem","position":1,"name":"Inici","item":"https:\/\/ticsalutsocial.atoom.space\/es\/"},{"@type":"ListItem","position":2,"name":"II Congreso de CIberseguridad"}]},{"@type":"WebSite","@id":"https:\/\/ticsalutsocial.atoom.space\/es\/#website","url":"https:\/\/ticsalutsocial.atoom.space\/es\/","name":"Fundaci\u00f3 TIC Salut i Social","description":"","potentialAction":[{"@type":"SearchAction","target":{"@type":"EntryPoint","urlTemplate":"https:\/\/ticsalutsocial.atoom.space\/es\/?s={search_term_string}"},"query-input":{"@type":"PropertyValueSpecification","valueRequired":true,"valueName":"search_term_string"}}],"inLanguage":"es"}]}},"_links":{"self":[{"href":"https:\/\/ticsalutsocial.atoom.space\/es\/wp-json\/wp\/v2\/event\/33998","targetHints":{"allow":["GET"]}}],"collection":[{"href":"https:\/\/ticsalutsocial.atoom.space\/es\/wp-json\/wp\/v2\/event"}],"about":[{"href":"https:\/\/ticsalutsocial.atoom.space\/es\/wp-json\/wp\/v2\/types\/event"}],"wp:attachment":[{"href":"https:\/\/ticsalutsocial.atoom.space\/es\/wp-json\/wp\/v2\/media?parent=33998"}],"wp:term":[{"taxonomy":"tipus","embeddable":true,"href":"https:\/\/ticsalutsocial.atoom.space\/es\/wp-json\/wp\/v2\/tipus?post=33998"},{"taxonomy":"topic","embeddable":true,"href":"https:\/\/ticsalutsocial.atoom.space\/es\/wp-json\/wp\/v2\/topic?post=33998"}],"curies":[{"name":"wp","href":"https:\/\/api.w.org\/{rel}","templated":true}]}}

<p class="p1">La Oficina del DPD participa en esta sesión de ponencias y debates organizados en la Val d’Aran.</p>
<hr />
<h3><b>PROGRAMA</b></h3>
<p class="p4"><b>9:30 h – “La ciberseguridad en los conflictos armados”</b></p>
<p class="p1">Carles Fragoso – Experto en ciberseguridad geopolítica.</p>
<p class="p4"><b>10:15 h – “La actualidad de la criptografía post-cuántica”</b></p>
<p class="p1">Dr. Oriol Farràs Ventura – Profesor en la Universidad Rovira i Virgili.</p>
<p class="p4"><b>10:45 h – Pausa café.</b></p>
<p class="p4"><b>11:15 h – “El estado actual de la ciberseguridad”</b></p>
<p class="p1">Modera: Karina Gibert – Directora del centro de investigación Intelligent Data Science &amp; Artificial Intelligence (IDEAI-UPC)</p>
<p class="p1">Participan:</p>
<ul>
<li>
<p class="p1">Agencia de Ciberseguridad de Cataluña (ACC)</p>
</li>
<li>
<p class="p1">Agencia Nacional de Ciberseguridad de Andorra (ANC-AD)</p>
</li>
<li>
<p class="p1">Instituto Nacional de Ciberseguridad (INCIBE)</p>
</li>
</ul>
<p class="p4"><b>12:00 h – “La ciberseguridad del futuro”</b></p>
<p class="p1">Modera: Gonçal Bonhomme – Presidente de la Asociación Telecos.cat</p>
<p class="p1">Participan:</p>
<ul>
<li>
<p class="p1">Rosa Ortuño – CEO de OptimumTIC</p>
</li>
<li>
<p class="p1">Josep Pegueroles Vallès – Dr. Ingeniero de Telecomunicaciones en la UPC</p>
</li>
</ul>
<p class="p4"><b>12:45 h – “Ciberseguridad en el ámbito de la salud”</b></p>
<p class="p1">Modera: Sergio López – Jefe de sistemas de información de Aran Salut</p>
<p class="p1">Participan:</p>
<ul>
<li>
<p class="p1">Olga León – Profesora de la Cátedra Carismática de la UPC</p>
</li>
<li>
<p class="p1">Eva Jorquera – Responsable de seguridad de la información en la Agencia de Ciberseguridad de Cataluña</p>
</li>
<li>
<p class="p1">Arantxa Gabás – Experta en protección de datos en el ámbito de la salud en la Oficina del Delegado de Protección de Datos de la Fundación TIC Salut i Social</p>
</li>
</ul>
<p class="p4"><b>13:30 h – “La Inteligencia Artificial aplicada a la Ciberseguridad”</b></p>
<p class="p1">Karina Gibert – Directora del centro de investigación Intelligent Data Science &amp; Artificial Intelligence (IDEAI-UPC)</p>
<p class="p4"><b>14:00 h – Clausura institucional y almuerzo de networking.</b></p>

<!-- This site is optimized with the Yoast SEO plugin v27.1.1 - https://yoast.com/product/yoast-seo-wordpress/ -->
<title>II Congreso de CIberseguridad - Fundació TIC Salut i Social</title>
<meta name="robots" content="index, follow, max-snippet:-1, max-image-preview:large, max-video-preview:-1" />
<link rel="canonical" href="https://ticsalutsocial.atoom.space/es/event/ii-congres-de-ciberseguretat/" />
<meta property="og:locale" content="es_ES" />
<meta property="og:type" content="article" />
<meta property="og:title" content="II Congreso de CIberseguridad - Fundació TIC Salut i Social" />
<meta property="og:description" content="La Oficina del DPD participa en esta sesión de ponencias y debates organizados en la Val d’Aran. PROGRAMA 9:30 h – “La ciberseguridad en los conflictos armados” Carles Fragoso – Experto en ciberseguridad geopolítica. 10:15 h – “La actualidad de la criptografía post-cuántica” Dr. Oriol Farràs Ventura – Profesor en la Universidad Rovira i Virgili. [&hellip;]" />
<meta property="og:url" content="https://ticsalutsocial.atoom.space/es/event/ii-congres-de-ciberseguretat/" />
<meta property="og:site_name" content="Fundació TIC Salut i Social" />
<meta property="article:modified_time" content="2025-10-22T13:47:22+00:00" />
<meta name="twitter:card" content="summary_large_image" />
<meta name="twitter:label1" content="Tiempo de lectura" />
	<meta name="twitter:data1" content="2 minutos" />
<script type="application/ld+json" class="yoast-schema-graph">{"@context":"https://schema.org","@graph":[{"@type":"WebPage","@id":"https://ticsalutsocial.atoom.space/es/event/ii-congres-de-ciberseguretat/","url":"https://ticsalutsocial.atoom.space/es/event/ii-congres-de-ciberseguretat/","name":"II Congreso de CIberseguridad - Fundació TIC Salut i Social","isPartOf":{"@id":"https://ticsalutsocial.atoom.space/es/#website"},"datePublished":"2025-10-22T13:38:54+00:00","dateModified":"2025-10-22T13:47:22+00:00","breadcrumb":{"@id":"https://ticsalutsocial.atoom.space/es/event/ii-congres-de-ciberseguretat/#breadcrumb"},"inLanguage":"es","potentialAction":[{"@type":"ReadAction","target":["https://ticsalutsocial.atoom.space/es/event/ii-congres-de-ciberseguretat/"]}]},{"@type":"BreadcrumbList","@id":"https://ticsalutsocial.atoom.space/es/event/ii-congres-de-ciberseguretat/#breadcrumb","itemListElement":[{"@type":"ListItem","position":1,"name":"Inici","item":"https://ticsalutsocial.atoom.space/es/"},{"@type":"ListItem","position":2,"name":"II Congreso de CIberseguridad"}]},{"@type":"WebSite","@id":"https://ticsalutsocial.atoom.space/es/#website","url":"https://ticsalutsocial.atoom.space/es/","name":"Fundació TIC Salut i Social","description":"","potentialAction":[{"@type":"SearchAction","target":{"@type":"EntryPoint","urlTemplate":"https://ticsalutsocial.atoom.space/es/?s={search_term_string}"},"query-input":{"@type":"PropertyValueSpecification","valueRequired":true,"valueName":"search_term_string"}}],"inLanguage":"es"}]}</script>
<!-- / Yoast SEO plugin. -->

II Congreso de CIberseguridad - Fundació TIC Salut i Social

La Oficina del DPD participa en esta sesión de ponencias y debates organizados en la Val d’Aran. PROGRAMA 9:30 h – “La ciberseguridad en los conflictos armados” Carles Fragoso – Experto en ciberseguridad geopolítica. 10:15 h – “La actualidad de la criptografía post-cuántica” Dr. Oriol Farràs Ventura – Profesor en la Universidad Rovira i Virgili. [&hellip;]

Fundació TIC Salut i Social
