
{"id":34151,"date":"2025-11-03T12:21:58","date_gmt":"2025-11-03T10:21:58","guid":{"rendered":"https:\/\/ticsalutsocial.atoom.space\/event\/seminari-web-perspectiva-de-genere-i-salut\/"},"modified":"2025-11-03T12:35:46","modified_gmt":"2025-11-03T10:35:46","slug":"seminari-web-perspectiva-de-genere-i-salut","status":"publish","type":"event","link":"https:\/\/ticsalutsocial.atoom.space\/es\/event\/seminari-web-perspectiva-de-genere-i-salut\/","title":{"rendered":"Webinario: Perspectiva de g\u00e9nero y salud"},"content":{"rendered":"\n<p>La <a href=\"https:\/\/canalsalut.gencat.cat\/ca\/sistema-salut\/escola-salut-catalana\/index.html\" target=\"_blank\" rel=\"noreferrer noopener\">Escuela de Salud Catalana<\/a> organiza el seminario web <strong>\u201cPerspectiva de g\u00e9nero y salud\u201d<\/strong>, que tendr\u00e1 lugar el <strong>lunes 10 de noviembre de 2025<\/strong>, de <strong>16:30 a 18:00 horas<\/strong>.<\/p>\n\n\n\n<p>El seminario pretende reflexionar sobre la relevancia de la perspectiva de g\u00e9nero en la salud y dar a conocer las consecuencias de su ausencia, especialmente en la salud f\u00edsica y mental de las ni\u00f1as y las mujeres. La Escuela de Salud Catalana es un <strong>espacio para la ciudadan\u00eda<\/strong> donde se pueden adquirir habilidades y conocimientos para mantener, potenciar y mejorar la salud, con el fin de <strong>tomar decisiones informadas<\/strong> sobre esta y aumentar el bienestar.<\/p>\n\n\n\n<p><strong>Programa completo:<\/strong><a href=\"https:\/\/canalsalut.gencat.cat\/web\/.content\/_Sistema_de_salut\/escola-salut-catalana\/espai-condicions-salut\/entrades\/entrades-formeu-vos\/taller-linia-perspectiva-genere-salut.pdf\" target=\"_blank\" rel=\"noreferrer noopener\"> Consulta el programa en PDF<\/a><br><strong>Inscripciones abiertas hasta el 9 de noviembre:<\/strong> <a href=\"https:\/\/forms.office.com\/pages\/responsepage.aspx?id=3CeUOw7TvEOMBv9yU2dv7AbP2CoWPSpGgqCnHvYekXJUQTdCQjFKTUw3TTBKQlA2TUlDSUkxUUFQNCQlQCN0PWcu&amp;route=shorturl\" target=\"_blank\" rel=\"noreferrer noopener\">Formulario de inscripci\u00f3n<\/a><\/p>\n\n\n\n<p><strong>Docente:<\/strong> Mar\u00eda Flores Rodero, bi\u00f3loga molecular y bioinform\u00e1tica con formaci\u00f3n en ciencias de la salud de la mujer y de la reproducci\u00f3n, doctoranda en la Universidad de Valencia e investigadora visitante en el Barcelona Supercomputing Center (BSC), donde forma parte del comit\u00e9 Bioinfo4Women.<\/p>\n\n\n\n<p><strong>Caracter\u00edsticas del seminario:<\/strong><\/p>\n\n\n\n<ul class=\"wp-block-list\">\n<li><strong>Modalidad:<\/strong> en l\u00ednea (Zoom). El enlace se enviar\u00e1 30 minutos antes del inicio de la sesi\u00f3n.<\/li>\n\n\n\n<li><strong>Duraci\u00f3n:<\/strong> 1 hora y 30 minutos (incluye un turno abierto de preguntas).<\/li>\n\n\n\n<li><strong>Destinatarios:<\/strong> cualquier persona interesada en conocer las consecuencias en salud de la falta de perspectiva de g\u00e9nero.<\/li>\n\n\n\n<li><strong>Coste:<\/strong> actividad gratuita.<\/li>\n\n\n\n<li><strong>Certificaci\u00f3n:<\/strong> las personas conectadas al menos al 80 % de la sesi\u00f3n recibir\u00e1n un certificado de participaci\u00f3n emitido por la Escuela de Salud Catalana.<\/li>\n<\/ul>\n","protected":false},"featured_media":0,"menu_order":0,"template":"","meta":{"_acf_changed":false,"inline_featured_image":false},"tipus":[],"topic":[117],"class_list":["post-34151","event","type-event","status-publish","hentry","topic-jornadas"],"acf":{"informacio":{"ubicacio":"Webinar","data":"10\/11\/2025","hora":"16:30-18:00","preu":"","inscripcions":"https:\/\/forms.office.com\/pages\/responsepage.aspx?id=3CeUOw7TvEOMBv9yU2dv7AbP2CoWPSpGgqCnHvYekXJUQTdCQjFKTUw3TTBKQlA2TUlDSUkxUUFQNCQlQCN0PWcu&route=shorturl"},"programa":{"titol":"","items":false},"documents":false},"yoast_head":"<!-- This site is optimized with the Yoast SEO plugin v27.1.1 - https:\/\/yoast.com\/product\/yoast-seo-wordpress\/ -->\n<title>Webinario: Perspectiva de g\u00e9nero y salud - Fundaci\u00f3 TIC Salut i Social<\/title>\n<meta name=\"robots\" content=\"index, follow, max-snippet:-1, max-image-preview:large, max-video-preview:-1\" \/>\n<link rel=\"canonical\" href=\"https:\/\/ticsalutsocial.atoom.space\/es\/event\/seminari-web-perspectiva-de-genere-i-salut\/\" \/>\n<meta property=\"og:locale\" content=\"es_ES\" \/>\n<meta property=\"og:type\" content=\"article\" \/>\n<meta property=\"og:title\" content=\"Webinario: Perspectiva de g\u00e9nero y salud - Fundaci\u00f3 TIC Salut i Social\" \/>\n<meta property=\"og:description\" content=\"La Escuela de Salud Catalana organiza el seminario web \u201cPerspectiva de g\u00e9nero y salud\u201d, que tendr\u00e1 lugar el lunes 10 de noviembre de 2025, de 16:30 a 18:00 horas. El seminario pretende reflexionar sobre la relevancia de la perspectiva de g\u00e9nero en la salud y dar a conocer las consecuencias de su ausencia, especialmente en [&hellip;]\" \/>\n<meta property=\"og:url\" content=\"https:\/\/ticsalutsocial.atoom.space\/es\/event\/seminari-web-perspectiva-de-genere-i-salut\/\" \/>\n<meta property=\"og:site_name\" content=\"Fundaci\u00f3 TIC Salut i Social\" \/>\n<meta property=\"article:modified_time\" content=\"2025-11-03T10:35:46+00:00\" \/>\n<meta name=\"twitter:card\" content=\"summary_large_image\" \/>\n<meta name=\"twitter:label1\" content=\"Tiempo de lectura\" \/>\n\t<meta name=\"twitter:data1\" content=\"2 minutos\" \/>\n<script type=\"application\/ld+json\" class=\"yoast-schema-graph\">{\"@context\":\"https:\/\/schema.org\",\"@graph\":[{\"@type\":\"WebPage\",\"@id\":\"https:\/\/ticsalutsocial.atoom.space\/es\/event\/seminari-web-perspectiva-de-genere-i-salut\/\",\"url\":\"https:\/\/ticsalutsocial.atoom.space\/es\/event\/seminari-web-perspectiva-de-genere-i-salut\/\",\"name\":\"Webinario: Perspectiva de g\u00e9nero y salud - Fundaci\u00f3 TIC Salut i Social\",\"isPartOf\":{\"@id\":\"https:\/\/ticsalutsocial.atoom.space\/es\/#website\"},\"datePublished\":\"2025-11-03T10:21:58+00:00\",\"dateModified\":\"2025-11-03T10:35:46+00:00\",\"breadcrumb\":{\"@id\":\"https:\/\/ticsalutsocial.atoom.space\/es\/event\/seminari-web-perspectiva-de-genere-i-salut\/#breadcrumb\"},\"inLanguage\":\"es\",\"potentialAction\":[{\"@type\":\"ReadAction\",\"target\":[\"https:\/\/ticsalutsocial.atoom.space\/es\/event\/seminari-web-perspectiva-de-genere-i-salut\/\"]}]},{\"@type\":\"BreadcrumbList\",\"@id\":\"https:\/\/ticsalutsocial.atoom.space\/es\/event\/seminari-web-perspectiva-de-genere-i-salut\/#breadcrumb\",\"itemListElement\":[{\"@type\":\"ListItem\",\"position\":1,\"name\":\"Inici\",\"item\":\"https:\/\/ticsalutsocial.atoom.space\/es\/\"},{\"@type\":\"ListItem\",\"position\":2,\"name\":\"Webinario: Perspectiva de g\u00e9nero y salud\"}]},{\"@type\":\"WebSite\",\"@id\":\"https:\/\/ticsalutsocial.atoom.space\/es\/#website\",\"url\":\"https:\/\/ticsalutsocial.atoom.space\/es\/\",\"name\":\"Fundaci\u00f3 TIC Salut i Social\",\"description\":\"\",\"potentialAction\":[{\"@type\":\"SearchAction\",\"target\":{\"@type\":\"EntryPoint\",\"urlTemplate\":\"https:\/\/ticsalutsocial.atoom.space\/es\/?s={search_term_string}\"},\"query-input\":{\"@type\":\"PropertyValueSpecification\",\"valueRequired\":true,\"valueName\":\"search_term_string\"}}],\"inLanguage\":\"es\"}]}<\/script>\n<!-- \/ Yoast SEO plugin. -->","yoast_head_json":{"title":"Webinario: Perspectiva de g\u00e9nero y salud - Fundaci\u00f3 TIC Salut i Social","robots":{"index":"index","follow":"follow","max-snippet":"max-snippet:-1","max-image-preview":"max-image-preview:large","max-video-preview":"max-video-preview:-1"},"canonical":"https:\/\/ticsalutsocial.atoom.space\/es\/event\/seminari-web-perspectiva-de-genere-i-salut\/","og_locale":"es_ES","og_type":"article","og_title":"Webinario: Perspectiva de g\u00e9nero y salud - Fundaci\u00f3 TIC Salut i Social","og_description":"La Escuela de Salud Catalana organiza el seminario web \u201cPerspectiva de g\u00e9nero y salud\u201d, que tendr\u00e1 lugar el lunes 10 de noviembre de 2025, de 16:30 a 18:00 horas. El seminario pretende reflexionar sobre la relevancia de la perspectiva de g\u00e9nero en la salud y dar a conocer las consecuencias de su ausencia, especialmente en [&hellip;]","og_url":"https:\/\/ticsalutsocial.atoom.space\/es\/event\/seminari-web-perspectiva-de-genere-i-salut\/","og_site_name":"Fundaci\u00f3 TIC Salut i Social","article_modified_time":"2025-11-03T10:35:46+00:00","twitter_card":"summary_large_image","twitter_misc":{"Tiempo de lectura":"2 minutos"},"schema":{"@context":"https:\/\/schema.org","@graph":[{"@type":"WebPage","@id":"https:\/\/ticsalutsocial.atoom.space\/es\/event\/seminari-web-perspectiva-de-genere-i-salut\/","url":"https:\/\/ticsalutsocial.atoom.space\/es\/event\/seminari-web-perspectiva-de-genere-i-salut\/","name":"Webinario: Perspectiva de g\u00e9nero y salud - Fundaci\u00f3 TIC Salut i Social","isPartOf":{"@id":"https:\/\/ticsalutsocial.atoom.space\/es\/#website"},"datePublished":"2025-11-03T10:21:58+00:00","dateModified":"2025-11-03T10:35:46+00:00","breadcrumb":{"@id":"https:\/\/ticsalutsocial.atoom.space\/es\/event\/seminari-web-perspectiva-de-genere-i-salut\/#breadcrumb"},"inLanguage":"es","potentialAction":[{"@type":"ReadAction","target":["https:\/\/ticsalutsocial.atoom.space\/es\/event\/seminari-web-perspectiva-de-genere-i-salut\/"]}]},{"@type":"BreadcrumbList","@id":"https:\/\/ticsalutsocial.atoom.space\/es\/event\/seminari-web-perspectiva-de-genere-i-salut\/#breadcrumb","itemListElement":[{"@type":"ListItem","position":1,"name":"Inici","item":"https:\/\/ticsalutsocial.atoom.space\/es\/"},{"@type":"ListItem","position":2,"name":"Webinario: Perspectiva de g\u00e9nero y salud"}]},{"@type":"WebSite","@id":"https:\/\/ticsalutsocial.atoom.space\/es\/#website","url":"https:\/\/ticsalutsocial.atoom.space\/es\/","name":"Fundaci\u00f3 TIC Salut i Social","description":"","potentialAction":[{"@type":"SearchAction","target":{"@type":"EntryPoint","urlTemplate":"https:\/\/ticsalutsocial.atoom.space\/es\/?s={search_term_string}"},"query-input":{"@type":"PropertyValueSpecification","valueRequired":true,"valueName":"search_term_string"}}],"inLanguage":"es"}]}},"_links":{"self":[{"href":"https:\/\/ticsalutsocial.atoom.space\/es\/wp-json\/wp\/v2\/event\/34151","targetHints":{"allow":["GET"]}}],"collection":[{"href":"https:\/\/ticsalutsocial.atoom.space\/es\/wp-json\/wp\/v2\/event"}],"about":[{"href":"https:\/\/ticsalutsocial.atoom.space\/es\/wp-json\/wp\/v2\/types\/event"}],"wp:attachment":[{"href":"https:\/\/ticsalutsocial.atoom.space\/es\/wp-json\/wp\/v2\/media?parent=34151"}],"wp:term":[{"taxonomy":"tipus","embeddable":true,"href":"https:\/\/ticsalutsocial.atoom.space\/es\/wp-json\/wp\/v2\/tipus?post=34151"},{"taxonomy":"topic","embeddable":true,"href":"https:\/\/ticsalutsocial.atoom.space\/es\/wp-json\/wp\/v2\/topic?post=34151"}],"curies":[{"name":"wp","href":"https:\/\/api.w.org\/{rel}","templated":true}]}}

Webinario: Perspectiva de género y salud

<p>La <a href="https://canalsalut.gencat.cat/ca/sistema-salut/escola-salut-catalana/index.html" target="_blank" rel="noreferrer noopener">Escuela de Salud Catalana</a> organiza el seminario web <strong>“Perspectiva de género y salud”</strong>, que tendrá lugar el <strong>lunes 10 de noviembre de 2025</strong>, de <strong>16:30 a 18:00 horas</strong>.</p>



<p>El seminario pretende reflexionar sobre la relevancia de la perspectiva de género en la salud y dar a conocer las consecuencias de su ausencia, especialmente en la salud física y mental de las niñas y las mujeres. La Escuela de Salud Catalana es un <strong>espacio para la ciudadanía</strong> donde se pueden adquirir habilidades y conocimientos para mantener, potenciar y mejorar la salud, con el fin de <strong>tomar decisiones informadas</strong> sobre esta y aumentar el bienestar.</p>



<p><strong>Programa completo:</strong><a href="https://canalsalut.gencat.cat/web/.content/_Sistema_de_salut/escola-salut-catalana/espai-condicions-salut/entrades/entrades-formeu-vos/taller-linia-perspectiva-genere-salut.pdf" target="_blank" rel="noreferrer noopener"> Consulta el programa en PDF</a><br><strong>Inscripciones abiertas hasta el 9 de noviembre:</strong> <a href="https://forms.office.com/pages/responsepage.aspx?id=3CeUOw7TvEOMBv9yU2dv7AbP2CoWPSpGgqCnHvYekXJUQTdCQjFKTUw3TTBKQlA2TUlDSUkxUUFQNCQlQCN0PWcu&amp;route=shorturl" target="_blank" rel="noreferrer noopener">Formulario de inscripción</a></p>



<p><strong>Docente:</strong> María Flores Rodero, bióloga molecular y bioinformática con formación en ciencias de la salud de la mujer y de la reproducción, doctoranda en la Universidad de Valencia e investigadora visitante en el Barcelona Supercomputing Center (BSC), donde forma parte del comité Bioinfo4Women.</p>



<p><strong>Características del seminario:</strong></p>



<ul class="wp-block-list">
<li><strong>Modalidad:</strong> en línea (Zoom). El enlace se enviará 30 minutos antes del inicio de la sesión.</li>



<li><strong>Duración:</strong> 1 hora y 30 minutos (incluye un turno abierto de preguntas).</li>



<li><strong>Destinatarios:</strong> cualquier persona interesada en conocer las consecuencias en salud de la falta de perspectiva de género.</li>



<li><strong>Coste:</strong> actividad gratuita.</li>



<li><strong>Certificación:</strong> las personas conectadas al menos al 80 % de la sesión recibirán un certificado de participación emitido por la Escuela de Salud Catalana.</li>
</ul>

<!-- This site is optimized with the Yoast SEO plugin v27.1.1 - https://yoast.com/product/yoast-seo-wordpress/ -->
<title>Webinario: Perspectiva de género y salud - Fundació TIC Salut i Social</title>
<meta name="robots" content="index, follow, max-snippet:-1, max-image-preview:large, max-video-preview:-1" />
<link rel="canonical" href="https://ticsalutsocial.atoom.space/es/event/seminari-web-perspectiva-de-genere-i-salut/" />
<meta property="og:locale" content="es_ES" />
<meta property="og:type" content="article" />
<meta property="og:title" content="Webinario: Perspectiva de género y salud - Fundació TIC Salut i Social" />
<meta property="og:description" content="La Escuela de Salud Catalana organiza el seminario web “Perspectiva de género y salud”, que tendrá lugar el lunes 10 de noviembre de 2025, de 16:30 a 18:00 horas. El seminario pretende reflexionar sobre la relevancia de la perspectiva de género en la salud y dar a conocer las consecuencias de su ausencia, especialmente en [&hellip;]" />
<meta property="og:url" content="https://ticsalutsocial.atoom.space/es/event/seminari-web-perspectiva-de-genere-i-salut/" />
<meta property="og:site_name" content="Fundació TIC Salut i Social" />
<meta property="article:modified_time" content="2025-11-03T10:35:46+00:00" />
<meta name="twitter:card" content="summary_large_image" />
<meta name="twitter:label1" content="Tiempo de lectura" />
	<meta name="twitter:data1" content="2 minutos" />
<script type="application/ld+json" class="yoast-schema-graph">{"@context":"https://schema.org","@graph":[{"@type":"WebPage","@id":"https://ticsalutsocial.atoom.space/es/event/seminari-web-perspectiva-de-genere-i-salut/","url":"https://ticsalutsocial.atoom.space/es/event/seminari-web-perspectiva-de-genere-i-salut/","name":"Webinario: Perspectiva de género y salud - Fundació TIC Salut i Social","isPartOf":{"@id":"https://ticsalutsocial.atoom.space/es/#website"},"datePublished":"2025-11-03T10:21:58+00:00","dateModified":"2025-11-03T10:35:46+00:00","breadcrumb":{"@id":"https://ticsalutsocial.atoom.space/es/event/seminari-web-perspectiva-de-genere-i-salut/#breadcrumb"},"inLanguage":"es","potentialAction":[{"@type":"ReadAction","target":["https://ticsalutsocial.atoom.space/es/event/seminari-web-perspectiva-de-genere-i-salut/"]}]},{"@type":"BreadcrumbList","@id":"https://ticsalutsocial.atoom.space/es/event/seminari-web-perspectiva-de-genere-i-salut/#breadcrumb","itemListElement":[{"@type":"ListItem","position":1,"name":"Inici","item":"https://ticsalutsocial.atoom.space/es/"},{"@type":"ListItem","position":2,"name":"Webinario: Perspectiva de género y salud"}]},{"@type":"WebSite","@id":"https://ticsalutsocial.atoom.space/es/#website","url":"https://ticsalutsocial.atoom.space/es/","name":"Fundació TIC Salut i Social","description":"","potentialAction":[{"@type":"SearchAction","target":{"@type":"EntryPoint","urlTemplate":"https://ticsalutsocial.atoom.space/es/?s={search_term_string}"},"query-input":{"@type":"PropertyValueSpecification","valueRequired":true,"valueName":"search_term_string"}}],"inLanguage":"es"}]}</script>
<!-- / Yoast SEO plugin. -->

Webinario: Perspectiva de género y salud - Fundació TIC Salut i Social

La Escuela de Salud Catalana organiza el seminario web “Perspectiva de género y salud”, que tendrá lugar el lunes 10 de noviembre de 2025, de 16:30 a 18:00 horas. El seminario pretende reflexionar sobre la relevancia de la perspectiva de género en la salud y dar a conocer las consecuencias de su ausencia, especialmente en [&hellip;]

Fundació TIC Salut i Social
