
{"id":34176,"date":"2025-11-05T16:34:55","date_gmt":"2025-11-05T14:34:55","guid":{"rendered":"https:\/\/ticsalutsocial.atoom.space\/event\/global-health-connector-digital-summit-2025\/"},"modified":"2025-11-05T16:38:55","modified_gmt":"2025-11-05T14:38:55","slug":"global-health-connector-digital-summit-2025","status":"publish","type":"event","link":"https:\/\/ticsalutsocial.atoom.space\/es\/event\/global-health-connector-digital-summit-2025\/","title":{"rendered":"Global Health Connector Digital Summit 2025"},"content":{"rendered":"<p class=\"p1\">Los pr\u00f3ximos <span class=\"s1\"><b>18 y 19 de noviembre de 2025<\/b><\/span> llega el <span class=\"s1\"><b>Global Health Connector Digital Summit 2025<\/b><\/span>. Impulsado en el marco de diferentes proyectos europeos como <span class=\"s1\"><b>xSHARE<\/b><\/span>, el evento se centra en temas tecnol\u00f3gicos como la <span class=\"s1\"><b>inteligencia artificial y los datos<\/b><\/span>, que est\u00e1n transformando los sistemas de salud, <span class=\"s1\"><b>e<\/b>mpoderando a la ciudadan\u00eda<\/span> y <span class=\"s1\">reforzando la eficiencia de los servicios asistenciales<\/span> a nivel global.<\/p>\n<p class=\"p1\">Este congreso internacional re\u00fane a ponentes de todo el mundo en una agenda que combina voces del ecosistema global de la salud en los \u00e1mbitos de:<\/p>\n<p class=\"p3\"><span class=\"s2\">\ud83d\udca1 <\/span>Investigaci\u00f3n e innovaci\u00f3n europeas e internacionales:<span class=\"s2\"> proyectos como <\/span>xShare, BeWell, Gravitate-Health, KEEPCARING<span class=\"s2\"> (del programa Horizon Europe).<\/span><\/p>\n<p class=\"p3\"><span class=\"s2\">\ud83c\udf93 <\/span>Universidades e instituciones acad\u00e9micas de referencia<span class=\"s2\"> como <\/span>Universitet i Oslo (UiO)<span class=\"s2\">, <\/span>Amsterdam UMC<span class=\"s2\">, <\/span>Iscte &#8211; Instituto Universit\u00e1rio de Lisboa<span class=\"s2\"> o el <\/span>National University Health System<span class=\"s2\">.<\/span><\/p>\n<p class=\"p3\"><span class=\"s2\">\ud83c\udfe2 <\/span>Empresas del tejido industrial y del sector privado<span class=\"s2\"> como <\/span>Pfizer<span class=\"s2\">, <\/span>OpenSky Data Systems<span class=\"s2\"> o <\/span>Imagine Wireless<span class=\"s2\">.<\/span><\/p>\n<p class=\"p3\"><span class=\"s2\">\ud83c\udf10 <\/span>Asociaciones y entidades sin \u00e1nimo de lucro<span class=\"s2\"> como <\/span>HealthAI \u2013 The Global Agency for Responsible AI in Health<span class=\"s2\">, <\/span>Fraunhofer Heinrich Hertz Institute (HHI)<span class=\"s2\">, <\/span>Tech Care for All (tc4a.com)<span class=\"s2\"> y <\/span>eHealth Africa<span class=\"s2\">.<\/span><\/p>\n<p class=\"p3\"><span class=\"s2\">\ud83c\udfdb\ufe0f <\/span>Organizaciones p\u00fablicas, gubernamentales e intergubernamentales<span class=\"s2\"> como <\/span>DG SANTE (Comisi\u00f3n Europea)<span class=\"s2\">, <\/span>OCDE<span class=\"s2\">, <\/span>West African Institute of Public Health<span class=\"s2\">, <\/span>HL7 Europe<span class=\"s2\"> y <\/span>Region Syddanmark<span class=\"s2\">.<\/span><\/p>\n<p class=\"p1\">\ud83d\udd17 Consulta m\u00e1s detalles y la agenda a trav\u00e9s del <a href=\"https:\/\/globalhealthconnector.com\/events\/featured-events\/global-health-connector-digital-summit-2025\/\" target=\"_blank\" rel=\"noopener\">siguiente enlace<\/a>.<\/p>\n<p>&nbsp;<\/p>\n","protected":false},"featured_media":0,"menu_order":0,"template":"","meta":{"_acf_changed":false,"inline_featured_image":false},"tipus":[],"topic":[119,127],"class_list":["post-34176","event","type-event","status-publish","hentry","topic-innovacion","topic-proyectos"],"acf":{"informacio":{"ubicacio":"Online","data":"18\/11\/2025","hora":"","preu":"Gratuito previa inscripci\u00f3n","inscripcions":"https:\/\/app.swapcard.com\/login\/en-US\/event\/global-health-connector-data-and-digital-summit-2025\/ticket\/VGlja2V0VHlwZV82NjU0Ng==\/page\/UmVnaXN0cmF0aW9uRm9ybV81NDY4Mw=="},"programa":{"titol":"","items":false},"documents":false},"yoast_head":"<!-- This site is optimized with the Yoast SEO plugin v27.1.1 - https:\/\/yoast.com\/product\/yoast-seo-wordpress\/ -->\n<title>Global Health Connector Digital Summit 2025 - Fundaci\u00f3 TIC Salut i Social<\/title>\n<meta name=\"robots\" content=\"index, follow, max-snippet:-1, max-image-preview:large, max-video-preview:-1\" \/>\n<link rel=\"canonical\" href=\"https:\/\/ticsalutsocial.atoom.space\/es\/event\/global-health-connector-digital-summit-2025\/\" \/>\n<meta property=\"og:locale\" content=\"es_ES\" \/>\n<meta property=\"og:type\" content=\"article\" \/>\n<meta property=\"og:title\" content=\"Global Health Connector Digital Summit 2025 - Fundaci\u00f3 TIC Salut i Social\" \/>\n<meta property=\"og:description\" content=\"Los pr\u00f3ximos 18 y 19 de noviembre de 2025 llega el Global Health Connector Digital Summit 2025. Impulsado en el marco de diferentes proyectos europeos como xSHARE, el evento se centra en temas tecnol\u00f3gicos como la inteligencia artificial y los datos, que est\u00e1n transformando los sistemas de salud, empoderando a la ciudadan\u00eda y reforzando la [&hellip;]\" \/>\n<meta property=\"og:url\" content=\"https:\/\/ticsalutsocial.atoom.space\/es\/event\/global-health-connector-digital-summit-2025\/\" \/>\n<meta property=\"og:site_name\" content=\"Fundaci\u00f3 TIC Salut i Social\" \/>\n<meta property=\"article:modified_time\" content=\"2025-11-05T14:38:55+00:00\" \/>\n<meta name=\"twitter:card\" content=\"summary_large_image\" \/>\n<meta name=\"twitter:label1\" content=\"Tiempo de lectura\" \/>\n\t<meta name=\"twitter:data1\" content=\"2 minutos\" \/>\n<script type=\"application\/ld+json\" class=\"yoast-schema-graph\">{\"@context\":\"https:\/\/schema.org\",\"@graph\":[{\"@type\":\"WebPage\",\"@id\":\"https:\/\/ticsalutsocial.atoom.space\/es\/event\/global-health-connector-digital-summit-2025\/\",\"url\":\"https:\/\/ticsalutsocial.atoom.space\/es\/event\/global-health-connector-digital-summit-2025\/\",\"name\":\"Global Health Connector Digital Summit 2025 - Fundaci\u00f3 TIC Salut i Social\",\"isPartOf\":{\"@id\":\"https:\/\/ticsalutsocial.atoom.space\/es\/#website\"},\"datePublished\":\"2025-11-05T14:34:55+00:00\",\"dateModified\":\"2025-11-05T14:38:55+00:00\",\"breadcrumb\":{\"@id\":\"https:\/\/ticsalutsocial.atoom.space\/es\/event\/global-health-connector-digital-summit-2025\/#breadcrumb\"},\"inLanguage\":\"es\",\"potentialAction\":[{\"@type\":\"ReadAction\",\"target\":[\"https:\/\/ticsalutsocial.atoom.space\/es\/event\/global-health-connector-digital-summit-2025\/\"]}]},{\"@type\":\"BreadcrumbList\",\"@id\":\"https:\/\/ticsalutsocial.atoom.space\/es\/event\/global-health-connector-digital-summit-2025\/#breadcrumb\",\"itemListElement\":[{\"@type\":\"ListItem\",\"position\":1,\"name\":\"Inici\",\"item\":\"https:\/\/ticsalutsocial.atoom.space\/es\/\"},{\"@type\":\"ListItem\",\"position\":2,\"name\":\"Global Health Connector Digital Summit 2025\"}]},{\"@type\":\"WebSite\",\"@id\":\"https:\/\/ticsalutsocial.atoom.space\/es\/#website\",\"url\":\"https:\/\/ticsalutsocial.atoom.space\/es\/\",\"name\":\"Fundaci\u00f3 TIC Salut i Social\",\"description\":\"\",\"potentialAction\":[{\"@type\":\"SearchAction\",\"target\":{\"@type\":\"EntryPoint\",\"urlTemplate\":\"https:\/\/ticsalutsocial.atoom.space\/es\/?s={search_term_string}\"},\"query-input\":{\"@type\":\"PropertyValueSpecification\",\"valueRequired\":true,\"valueName\":\"search_term_string\"}}],\"inLanguage\":\"es\"}]}<\/script>\n<!-- \/ Yoast SEO plugin. -->","yoast_head_json":{"title":"Global Health Connector Digital Summit 2025 - Fundaci\u00f3 TIC Salut i Social","robots":{"index":"index","follow":"follow","max-snippet":"max-snippet:-1","max-image-preview":"max-image-preview:large","max-video-preview":"max-video-preview:-1"},"canonical":"https:\/\/ticsalutsocial.atoom.space\/es\/event\/global-health-connector-digital-summit-2025\/","og_locale":"es_ES","og_type":"article","og_title":"Global Health Connector Digital Summit 2025 - Fundaci\u00f3 TIC Salut i Social","og_description":"Los pr\u00f3ximos 18 y 19 de noviembre de 2025 llega el Global Health Connector Digital Summit 2025. Impulsado en el marco de diferentes proyectos europeos como xSHARE, el evento se centra en temas tecnol\u00f3gicos como la inteligencia artificial y los datos, que est\u00e1n transformando los sistemas de salud, empoderando a la ciudadan\u00eda y reforzando la [&hellip;]","og_url":"https:\/\/ticsalutsocial.atoom.space\/es\/event\/global-health-connector-digital-summit-2025\/","og_site_name":"Fundaci\u00f3 TIC Salut i Social","article_modified_time":"2025-11-05T14:38:55+00:00","twitter_card":"summary_large_image","twitter_misc":{"Tiempo de lectura":"2 minutos"},"schema":{"@context":"https:\/\/schema.org","@graph":[{"@type":"WebPage","@id":"https:\/\/ticsalutsocial.atoom.space\/es\/event\/global-health-connector-digital-summit-2025\/","url":"https:\/\/ticsalutsocial.atoom.space\/es\/event\/global-health-connector-digital-summit-2025\/","name":"Global Health Connector Digital Summit 2025 - Fundaci\u00f3 TIC Salut i Social","isPartOf":{"@id":"https:\/\/ticsalutsocial.atoom.space\/es\/#website"},"datePublished":"2025-11-05T14:34:55+00:00","dateModified":"2025-11-05T14:38:55+00:00","breadcrumb":{"@id":"https:\/\/ticsalutsocial.atoom.space\/es\/event\/global-health-connector-digital-summit-2025\/#breadcrumb"},"inLanguage":"es","potentialAction":[{"@type":"ReadAction","target":["https:\/\/ticsalutsocial.atoom.space\/es\/event\/global-health-connector-digital-summit-2025\/"]}]},{"@type":"BreadcrumbList","@id":"https:\/\/ticsalutsocial.atoom.space\/es\/event\/global-health-connector-digital-summit-2025\/#breadcrumb","itemListElement":[{"@type":"ListItem","position":1,"name":"Inici","item":"https:\/\/ticsalutsocial.atoom.space\/es\/"},{"@type":"ListItem","position":2,"name":"Global Health Connector Digital Summit 2025"}]},{"@type":"WebSite","@id":"https:\/\/ticsalutsocial.atoom.space\/es\/#website","url":"https:\/\/ticsalutsocial.atoom.space\/es\/","name":"Fundaci\u00f3 TIC Salut i Social","description":"","potentialAction":[{"@type":"SearchAction","target":{"@type":"EntryPoint","urlTemplate":"https:\/\/ticsalutsocial.atoom.space\/es\/?s={search_term_string}"},"query-input":{"@type":"PropertyValueSpecification","valueRequired":true,"valueName":"search_term_string"}}],"inLanguage":"es"}]}},"_links":{"self":[{"href":"https:\/\/ticsalutsocial.atoom.space\/es\/wp-json\/wp\/v2\/event\/34176","targetHints":{"allow":["GET"]}}],"collection":[{"href":"https:\/\/ticsalutsocial.atoom.space\/es\/wp-json\/wp\/v2\/event"}],"about":[{"href":"https:\/\/ticsalutsocial.atoom.space\/es\/wp-json\/wp\/v2\/types\/event"}],"wp:attachment":[{"href":"https:\/\/ticsalutsocial.atoom.space\/es\/wp-json\/wp\/v2\/media?parent=34176"}],"wp:term":[{"taxonomy":"tipus","embeddable":true,"href":"https:\/\/ticsalutsocial.atoom.space\/es\/wp-json\/wp\/v2\/tipus?post=34176"},{"taxonomy":"topic","embeddable":true,"href":"https:\/\/ticsalutsocial.atoom.space\/es\/wp-json\/wp\/v2\/topic?post=34176"}],"curies":[{"name":"wp","href":"https:\/\/api.w.org\/{rel}","templated":true}]}}

<p class="p1">Los próximos <span class="s1"><b>18 y 19 de noviembre de 2025</b></span> llega el <span class="s1"><b>Global Health Connector Digital Summit 2025</b></span>. Impulsado en el marco de diferentes proyectos europeos como <span class="s1"><b>xSHARE</b></span>, el evento se centra en temas tecnológicos como la <span class="s1"><b>inteligencia artificial y los datos</b></span>, que están transformando los sistemas de salud, <span class="s1"><b>e</b>mpoderando a la ciudadanía</span> y <span class="s1">reforzando la eficiencia de los servicios asistenciales</span> a nivel global.</p>
<p class="p1">Este congreso internacional reúne a ponentes de todo el mundo en una agenda que combina voces del ecosistema global de la salud en los ámbitos de:</p>
<p class="p3"><span class="s2">💡 </span>Investigación e innovación europeas e internacionales:<span class="s2"> proyectos como </span>xShare, BeWell, Gravitate-Health, KEEPCARING<span class="s2"> (del programa Horizon Europe).</span></p>
<p class="p3"><span class="s2">🎓 </span>Universidades e instituciones académicas de referencia<span class="s2"> como </span>Universitet i Oslo (UiO)<span class="s2">, </span>Amsterdam UMC<span class="s2">, </span>Iscte &#8211; Instituto Universitário de Lisboa<span class="s2"> o el </span>National University Health System<span class="s2">.</span></p>
<p class="p3"><span class="s2">🏢 </span>Empresas del tejido industrial y del sector privado<span class="s2"> como </span>Pfizer<span class="s2">, </span>OpenSky Data Systems<span class="s2"> o </span>Imagine Wireless<span class="s2">.</span></p>
<p class="p3"><span class="s2">🌐 </span>Asociaciones y entidades sin ánimo de lucro<span class="s2"> como </span>HealthAI – The Global Agency for Responsible AI in Health<span class="s2">, </span>Fraunhofer Heinrich Hertz Institute (HHI)<span class="s2">, </span>Tech Care for All (tc4a.com)<span class="s2"> y </span>eHealth Africa<span class="s2">.</span></p>
<p class="p3"><span class="s2">🏛️ </span>Organizaciones públicas, gubernamentales e intergubernamentales<span class="s2"> como </span>DG SANTE (Comisión Europea)<span class="s2">, </span>OCDE<span class="s2">, </span>West African Institute of Public Health<span class="s2">, </span>HL7 Europe<span class="s2"> y </span>Region Syddanmark<span class="s2">.</span></p>
<p class="p1">🔗 Consulta más detalles y la agenda a través del <a href="https://globalhealthconnector.com/events/featured-events/global-health-connector-digital-summit-2025/" target="_blank" rel="noopener">siguiente enlace</a>.</p>
<p>&nbsp;</p>

Gratuito previa inscripción

<!-- This site is optimized with the Yoast SEO plugin v27.1.1 - https://yoast.com/product/yoast-seo-wordpress/ -->
<title>Global Health Connector Digital Summit 2025 - Fundació TIC Salut i Social</title>
<meta name="robots" content="index, follow, max-snippet:-1, max-image-preview:large, max-video-preview:-1" />
<link rel="canonical" href="https://ticsalutsocial.atoom.space/es/event/global-health-connector-digital-summit-2025/" />
<meta property="og:locale" content="es_ES" />
<meta property="og:type" content="article" />
<meta property="og:title" content="Global Health Connector Digital Summit 2025 - Fundació TIC Salut i Social" />
<meta property="og:description" content="Los próximos 18 y 19 de noviembre de 2025 llega el Global Health Connector Digital Summit 2025. Impulsado en el marco de diferentes proyectos europeos como xSHARE, el evento se centra en temas tecnológicos como la inteligencia artificial y los datos, que están transformando los sistemas de salud, empoderando a la ciudadanía y reforzando la [&hellip;]" />
<meta property="og:url" content="https://ticsalutsocial.atoom.space/es/event/global-health-connector-digital-summit-2025/" />
<meta property="og:site_name" content="Fundació TIC Salut i Social" />
<meta property="article:modified_time" content="2025-11-05T14:38:55+00:00" />
<meta name="twitter:card" content="summary_large_image" />
<meta name="twitter:label1" content="Tiempo de lectura" />
	<meta name="twitter:data1" content="2 minutos" />
<script type="application/ld+json" class="yoast-schema-graph">{"@context":"https://schema.org","@graph":[{"@type":"WebPage","@id":"https://ticsalutsocial.atoom.space/es/event/global-health-connector-digital-summit-2025/","url":"https://ticsalutsocial.atoom.space/es/event/global-health-connector-digital-summit-2025/","name":"Global Health Connector Digital Summit 2025 - Fundació TIC Salut i Social","isPartOf":{"@id":"https://ticsalutsocial.atoom.space/es/#website"},"datePublished":"2025-11-05T14:34:55+00:00","dateModified":"2025-11-05T14:38:55+00:00","breadcrumb":{"@id":"https://ticsalutsocial.atoom.space/es/event/global-health-connector-digital-summit-2025/#breadcrumb"},"inLanguage":"es","potentialAction":[{"@type":"ReadAction","target":["https://ticsalutsocial.atoom.space/es/event/global-health-connector-digital-summit-2025/"]}]},{"@type":"BreadcrumbList","@id":"https://ticsalutsocial.atoom.space/es/event/global-health-connector-digital-summit-2025/#breadcrumb","itemListElement":[{"@type":"ListItem","position":1,"name":"Inici","item":"https://ticsalutsocial.atoom.space/es/"},{"@type":"ListItem","position":2,"name":"Global Health Connector Digital Summit 2025"}]},{"@type":"WebSite","@id":"https://ticsalutsocial.atoom.space/es/#website","url":"https://ticsalutsocial.atoom.space/es/","name":"Fundació TIC Salut i Social","description":"","potentialAction":[{"@type":"SearchAction","target":{"@type":"EntryPoint","urlTemplate":"https://ticsalutsocial.atoom.space/es/?s={search_term_string}"},"query-input":{"@type":"PropertyValueSpecification","valueRequired":true,"valueName":"search_term_string"}}],"inLanguage":"es"}]}</script>
<!-- / Yoast SEO plugin. -->

Global Health Connector Digital Summit 2025 - Fundació TIC Salut i Social

Los próximos 18 y 19 de noviembre de 2025 llega el Global Health Connector Digital Summit 2025. Impulsado en el marco de diferentes proyectos europeos como xSHARE, el evento se centra en temas tecnológicos como la inteligencia artificial y los datos, que están transformando los sistemas de salud, empoderando a la ciudadanía y reforzando la [&hellip;]

Fundació TIC Salut i Social
