
{"id":34183,"date":"2025-11-06T10:00:21","date_gmt":"2025-11-06T08:00:21","guid":{"rendered":"https:\/\/ticsalutsocial.atoom.space\/event\/nou-debat-dinnovaciocsc-de-la-promesa-al-valor-real-el-futur-de-la-ia-en-els-sistemes-de-salut\/"},"modified":"2025-11-06T10:14:06","modified_gmt":"2025-11-06T08:14:06","slug":"nou-debat-dinnovaciocsc-de-la-promesa-al-valor-real-el-futur-de-la-ia-en-els-sistemes-de-salut","status":"publish","type":"event","link":"https:\/\/ticsalutsocial.atoom.space\/es\/event\/nou-debat-dinnovaciocsc-de-la-promesa-al-valor-real-el-futur-de-la-ia-en-els-sistemes-de-salut\/","title":{"rendered":"Nuevo debate de #iNNovaci\u00f3CSC \u00abDe la promesa al valor real: el futuro de la IA en los sistemas de salud\u00bb"},"content":{"rendered":"\n<p>El Consorci de Salut i Social de Catalunya (CSC) organiza un nuevo debate de #iNNovaci\u00f3CSC, \u201cDe la promesa al valor real: el futuro de la IA en los sistemas de salud\u201d, que tendr\u00e1 lugar el mi\u00e9rcoles 26 de noviembre, a las 12 h, en la sede de la entidad.<\/p>\n\n\n\n<p>El debate busca ofrecer un espacio cr\u00edtico y realista sobre el presente y el futuro de la IA en salud ante el exceso de expectativas que a menudo contrasta con las dificultades reales de implementaci\u00f3n y adopci\u00f3n en las organizaciones sanitarias. Durante la sesi\u00f3n, se debatir\u00e1n preguntas como \u201c\u00bfEn qu\u00e9 punto estamos exactamente dentro del ciclo del hype?\u201d, \u201c\u00bfEstamos preparados para una adopci\u00f3n sist\u00e9mica?\u201d o \u201c\u00bfA\u00fan nos falta madurez para extraer un valor real?\u201d, entre otras.<\/p>\n\n\n\n<p>En la jornada participar\u00e1n Paula Petrone, Digital Health Unit Leader del BSC; Marine Clea Renard, m\u00e9dica y responsable del \u00e1rea de IA del Hospital del Mar; Antoni Berenguer, responsable del \u00c1rea de IA de la Fundaci\u00f3 TIC Salut i Social; y Albert Sabater, director del Observatorio de \u00c9tica en Inteligencia Artificial de Catalu\u00f1a (OEIAC) de la Universidad de Girona.<\/p>\n\n\n\n<p>Para asistir, es necesario inscribirse<a href=\"https:\/\/crm.consorci.org\/form\/debatsinnovacio_261125\" target=\"_blank\" rel=\"noreferrer noopener\"> en este enlace<\/a>.<\/p>\n","protected":false},"featured_media":34181,"menu_order":0,"template":"","meta":{"_acf_changed":false,"inline_featured_image":false},"tipus":[879],"topic":[117],"class_list":["post-34183","event","type-event","status-publish","has-post-thumbnail","hentry","tipus-inteligencia-artificial","topic-jornadas"],"acf":{"imatge":34181,"informacio":{"ubicacio":"Av. Tibidabo, 21. 08022 Barcelona","data":"26\/11\/2025","hora":"12:00","preu":"","inscripcions":"https:\/\/crm.consorci.org\/form\/debatsinnovacio_261125"},"programa":{"titol":"","items":false},"documents":false},"yoast_head":"<!-- This site is optimized with the Yoast SEO plugin v27.1.1 - https:\/\/yoast.com\/product\/yoast-seo-wordpress\/ -->\n<title>Nuevo debate de #iNNovaci\u00f3CSC &quot;De la promesa al valor real: el futuro de la IA en los sistemas de salud&quot; - Fundaci\u00f3 TIC Salut i Social<\/title>\n<meta name=\"description\" content=\"Nou debat d&#039;#iNNovaci\u00f3CSC &quot;De la promesa al valor real: el futur de la IA en els sistemes de salut&quot;\" \/>\n<meta name=\"robots\" content=\"index, follow, max-snippet:-1, max-image-preview:large, max-video-preview:-1\" \/>\n<link rel=\"canonical\" href=\"https:\/\/ticsalutsocial.atoom.space\/es\/event\/nou-debat-dinnovaciocsc-de-la-promesa-al-valor-real-el-futur-de-la-ia-en-els-sistemes-de-salut\/\" \/>\n<meta property=\"og:locale\" content=\"es_ES\" \/>\n<meta property=\"og:type\" content=\"article\" \/>\n<meta property=\"og:title\" content=\"Nuevo debate de #iNNovaci\u00f3CSC &quot;De la promesa al valor real: el futuro de la IA en los sistemas de salud&quot; - Fundaci\u00f3 TIC Salut i Social\" \/>\n<meta property=\"og:description\" content=\"Nou debat d&#039;#iNNovaci\u00f3CSC &quot;De la promesa al valor real: el futur de la IA en els sistemes de salut&quot;\" \/>\n<meta property=\"og:url\" content=\"https:\/\/ticsalutsocial.atoom.space\/es\/event\/nou-debat-dinnovaciocsc-de-la-promesa-al-valor-real-el-futur-de-la-ia-en-els-sistemes-de-salut\/\" \/>\n<meta property=\"og:site_name\" content=\"Fundaci\u00f3 TIC Salut i Social\" \/>\n<meta property=\"article:modified_time\" content=\"2025-11-06T08:14:06+00:00\" \/>\n<meta property=\"og:image\" content=\"https:\/\/ticsalutsocial.atoom.space\/wp-content\/uploads\/2025\/11\/debats-innovacio-csc.png\" \/>\n\t<meta property=\"og:image:width\" content=\"1092\" \/>\n\t<meta property=\"og:image:height\" content=\"568\" \/>\n\t<meta property=\"og:image:type\" content=\"image\/png\" \/>\n<meta name=\"twitter:card\" content=\"summary_large_image\" \/>\n<meta name=\"twitter:label1\" content=\"Tiempo de lectura\" \/>\n\t<meta name=\"twitter:data1\" content=\"2 minutos\" \/>\n<script type=\"application\/ld+json\" class=\"yoast-schema-graph\">{\"@context\":\"https:\/\/schema.org\",\"@graph\":[{\"@type\":\"WebPage\",\"@id\":\"https:\/\/ticsalutsocial.atoom.space\/es\/event\/nou-debat-dinnovaciocsc-de-la-promesa-al-valor-real-el-futur-de-la-ia-en-els-sistemes-de-salut\/\",\"url\":\"https:\/\/ticsalutsocial.atoom.space\/es\/event\/nou-debat-dinnovaciocsc-de-la-promesa-al-valor-real-el-futur-de-la-ia-en-els-sistemes-de-salut\/\",\"name\":\"Nuevo debate de #iNNovaci\u00f3CSC \\\"De la promesa al valor real: el futuro de la IA en los sistemas de salud\\\" - Fundaci\u00f3 TIC Salut i Social\",\"isPartOf\":{\"@id\":\"https:\/\/ticsalutsocial.atoom.space\/es\/#website\"},\"primaryImageOfPage\":{\"@id\":\"https:\/\/ticsalutsocial.atoom.space\/es\/event\/nou-debat-dinnovaciocsc-de-la-promesa-al-valor-real-el-futur-de-la-ia-en-els-sistemes-de-salut\/#primaryimage\"},\"image\":{\"@id\":\"https:\/\/ticsalutsocial.atoom.space\/es\/event\/nou-debat-dinnovaciocsc-de-la-promesa-al-valor-real-el-futur-de-la-ia-en-els-sistemes-de-salut\/#primaryimage\"},\"thumbnailUrl\":\"https:\/\/ticsalutsocial.atoom.space\/wp-content\/uploads\/2025\/11\/debats-innovacio-csc.png\",\"datePublished\":\"2025-11-06T08:00:21+00:00\",\"dateModified\":\"2025-11-06T08:14:06+00:00\",\"description\":\"Nou debat d'#iNNovaci\u00f3CSC \\\"De la promesa al valor real: el futur de la IA en els sistemes de salut\\\"\",\"breadcrumb\":{\"@id\":\"https:\/\/ticsalutsocial.atoom.space\/es\/event\/nou-debat-dinnovaciocsc-de-la-promesa-al-valor-real-el-futur-de-la-ia-en-els-sistemes-de-salut\/#breadcrumb\"},\"inLanguage\":\"es\",\"potentialAction\":[{\"@type\":\"ReadAction\",\"target\":[\"https:\/\/ticsalutsocial.atoom.space\/es\/event\/nou-debat-dinnovaciocsc-de-la-promesa-al-valor-real-el-futur-de-la-ia-en-els-sistemes-de-salut\/\"]}]},{\"@type\":\"ImageObject\",\"inLanguage\":\"es\",\"@id\":\"https:\/\/ticsalutsocial.atoom.space\/es\/event\/nou-debat-dinnovaciocsc-de-la-promesa-al-valor-real-el-futur-de-la-ia-en-els-sistemes-de-salut\/#primaryimage\",\"url\":\"https:\/\/ticsalutsocial.atoom.space\/wp-content\/uploads\/2025\/11\/debats-innovacio-csc.png\",\"contentUrl\":\"https:\/\/ticsalutsocial.atoom.space\/wp-content\/uploads\/2025\/11\/debats-innovacio-csc.png\",\"width\":1092,\"height\":568},{\"@type\":\"BreadcrumbList\",\"@id\":\"https:\/\/ticsalutsocial.atoom.space\/es\/event\/nou-debat-dinnovaciocsc-de-la-promesa-al-valor-real-el-futur-de-la-ia-en-els-sistemes-de-salut\/#breadcrumb\",\"itemListElement\":[{\"@type\":\"ListItem\",\"position\":1,\"name\":\"Inici\",\"item\":\"https:\/\/ticsalutsocial.atoom.space\/es\/\"},{\"@type\":\"ListItem\",\"position\":2,\"name\":\"Nuevo debate de #iNNovaci\u00f3CSC &#8220;De la promesa al valor real: el futuro de la IA en los sistemas de salud&#8221;\"}]},{\"@type\":\"WebSite\",\"@id\":\"https:\/\/ticsalutsocial.atoom.space\/es\/#website\",\"url\":\"https:\/\/ticsalutsocial.atoom.space\/es\/\",\"name\":\"Fundaci\u00f3 TIC Salut i Social\",\"description\":\"\",\"potentialAction\":[{\"@type\":\"SearchAction\",\"target\":{\"@type\":\"EntryPoint\",\"urlTemplate\":\"https:\/\/ticsalutsocial.atoom.space\/es\/?s={search_term_string}\"},\"query-input\":{\"@type\":\"PropertyValueSpecification\",\"valueRequired\":true,\"valueName\":\"search_term_string\"}}],\"inLanguage\":\"es\"}]}<\/script>\n<!-- \/ Yoast SEO plugin. -->","yoast_head_json":{"title":"Nuevo debate de #iNNovaci\u00f3CSC \"De la promesa al valor real: el futuro de la IA en los sistemas de salud\" - Fundaci\u00f3 TIC Salut i Social","description":"Nou debat d'#iNNovaci\u00f3CSC \"De la promesa al valor real: el futur de la IA en els sistemes de salut\"","robots":{"index":"index","follow":"follow","max-snippet":"max-snippet:-1","max-image-preview":"max-image-preview:large","max-video-preview":"max-video-preview:-1"},"canonical":"https:\/\/ticsalutsocial.atoom.space\/es\/event\/nou-debat-dinnovaciocsc-de-la-promesa-al-valor-real-el-futur-de-la-ia-en-els-sistemes-de-salut\/","og_locale":"es_ES","og_type":"article","og_title":"Nuevo debate de #iNNovaci\u00f3CSC \"De la promesa al valor real: el futuro de la IA en los sistemas de salud\" - Fundaci\u00f3 TIC Salut i Social","og_description":"Nou debat d'#iNNovaci\u00f3CSC \"De la promesa al valor real: el futur de la IA en els sistemes de salut\"","og_url":"https:\/\/ticsalutsocial.atoom.space\/es\/event\/nou-debat-dinnovaciocsc-de-la-promesa-al-valor-real-el-futur-de-la-ia-en-els-sistemes-de-salut\/","og_site_name":"Fundaci\u00f3 TIC Salut i Social","article_modified_time":"2025-11-06T08:14:06+00:00","og_image":[{"width":1092,"height":568,"url":"https:\/\/ticsalutsocial.atoom.space\/wp-content\/uploads\/2025\/11\/debats-innovacio-csc.png","type":"image\/png"}],"twitter_card":"summary_large_image","twitter_misc":{"Tiempo de lectura":"2 minutos"},"schema":{"@context":"https:\/\/schema.org","@graph":[{"@type":"WebPage","@id":"https:\/\/ticsalutsocial.atoom.space\/es\/event\/nou-debat-dinnovaciocsc-de-la-promesa-al-valor-real-el-futur-de-la-ia-en-els-sistemes-de-salut\/","url":"https:\/\/ticsalutsocial.atoom.space\/es\/event\/nou-debat-dinnovaciocsc-de-la-promesa-al-valor-real-el-futur-de-la-ia-en-els-sistemes-de-salut\/","name":"Nuevo debate de #iNNovaci\u00f3CSC \"De la promesa al valor real: el futuro de la IA en los sistemas de salud\" - Fundaci\u00f3 TIC Salut i Social","isPartOf":{"@id":"https:\/\/ticsalutsocial.atoom.space\/es\/#website"},"primaryImageOfPage":{"@id":"https:\/\/ticsalutsocial.atoom.space\/es\/event\/nou-debat-dinnovaciocsc-de-la-promesa-al-valor-real-el-futur-de-la-ia-en-els-sistemes-de-salut\/#primaryimage"},"image":{"@id":"https:\/\/ticsalutsocial.atoom.space\/es\/event\/nou-debat-dinnovaciocsc-de-la-promesa-al-valor-real-el-futur-de-la-ia-en-els-sistemes-de-salut\/#primaryimage"},"thumbnailUrl":"https:\/\/ticsalutsocial.atoom.space\/wp-content\/uploads\/2025\/11\/debats-innovacio-csc.png","datePublished":"2025-11-06T08:00:21+00:00","dateModified":"2025-11-06T08:14:06+00:00","description":"Nou debat d'#iNNovaci\u00f3CSC \"De la promesa al valor real: el futur de la IA en els sistemes de salut\"","breadcrumb":{"@id":"https:\/\/ticsalutsocial.atoom.space\/es\/event\/nou-debat-dinnovaciocsc-de-la-promesa-al-valor-real-el-futur-de-la-ia-en-els-sistemes-de-salut\/#breadcrumb"},"inLanguage":"es","potentialAction":[{"@type":"ReadAction","target":["https:\/\/ticsalutsocial.atoom.space\/es\/event\/nou-debat-dinnovaciocsc-de-la-promesa-al-valor-real-el-futur-de-la-ia-en-els-sistemes-de-salut\/"]}]},{"@type":"ImageObject","inLanguage":"es","@id":"https:\/\/ticsalutsocial.atoom.space\/es\/event\/nou-debat-dinnovaciocsc-de-la-promesa-al-valor-real-el-futur-de-la-ia-en-els-sistemes-de-salut\/#primaryimage","url":"https:\/\/ticsalutsocial.atoom.space\/wp-content\/uploads\/2025\/11\/debats-innovacio-csc.png","contentUrl":"https:\/\/ticsalutsocial.atoom.space\/wp-content\/uploads\/2025\/11\/debats-innovacio-csc.png","width":1092,"height":568},{"@type":"BreadcrumbList","@id":"https:\/\/ticsalutsocial.atoom.space\/es\/event\/nou-debat-dinnovaciocsc-de-la-promesa-al-valor-real-el-futur-de-la-ia-en-els-sistemes-de-salut\/#breadcrumb","itemListElement":[{"@type":"ListItem","position":1,"name":"Inici","item":"https:\/\/ticsalutsocial.atoom.space\/es\/"},{"@type":"ListItem","position":2,"name":"Nuevo debate de #iNNovaci\u00f3CSC &#8220;De la promesa al valor real: el futuro de la IA en los sistemas de salud&#8221;"}]},{"@type":"WebSite","@id":"https:\/\/ticsalutsocial.atoom.space\/es\/#website","url":"https:\/\/ticsalutsocial.atoom.space\/es\/","name":"Fundaci\u00f3 TIC Salut i Social","description":"","potentialAction":[{"@type":"SearchAction","target":{"@type":"EntryPoint","urlTemplate":"https:\/\/ticsalutsocial.atoom.space\/es\/?s={search_term_string}"},"query-input":{"@type":"PropertyValueSpecification","valueRequired":true,"valueName":"search_term_string"}}],"inLanguage":"es"}]}},"_links":{"self":[{"href":"https:\/\/ticsalutsocial.atoom.space\/es\/wp-json\/wp\/v2\/event\/34183","targetHints":{"allow":["GET"]}}],"collection":[{"href":"https:\/\/ticsalutsocial.atoom.space\/es\/wp-json\/wp\/v2\/event"}],"about":[{"href":"https:\/\/ticsalutsocial.atoom.space\/es\/wp-json\/wp\/v2\/types\/event"}],"wp:featuredmedia":[{"embeddable":true,"href":"https:\/\/ticsalutsocial.atoom.space\/es\/wp-json\/wp\/v2\/media\/34181"}],"wp:attachment":[{"href":"https:\/\/ticsalutsocial.atoom.space\/es\/wp-json\/wp\/v2\/media?parent=34183"}],"wp:term":[{"taxonomy":"tipus","embeddable":true,"href":"https:\/\/ticsalutsocial.atoom.space\/es\/wp-json\/wp\/v2\/tipus?post=34183"},{"taxonomy":"topic","embeddable":true,"href":"https:\/\/ticsalutsocial.atoom.space\/es\/wp-json\/wp\/v2\/topic?post=34183"}],"curies":[{"name":"wp","href":"https:\/\/api.w.org\/{rel}","templated":true}]}}

Nuevo debate de #iNNovacióCSC «De la promesa al valor real: el futuro de la IA en los sistemas de salud»

<p>El Consorci de Salut i Social de Catalunya (CSC) organiza un nuevo debate de #iNNovacióCSC, “De la promesa al valor real: el futuro de la IA en los sistemas de salud”, que tendrá lugar el miércoles 26 de noviembre, a las 12 h, en la sede de la entidad.</p>



<p>El debate busca ofrecer un espacio crítico y realista sobre el presente y el futuro de la IA en salud ante el exceso de expectativas que a menudo contrasta con las dificultades reales de implementación y adopción en las organizaciones sanitarias. Durante la sesión, se debatirán preguntas como “¿En qué punto estamos exactamente dentro del ciclo del hype?”, “¿Estamos preparados para una adopción sistémica?” o “¿Aún nos falta madurez para extraer un valor real?”, entre otras.</p>



<p>En la jornada participarán Paula Petrone, Digital Health Unit Leader del BSC; Marine Clea Renard, médica y responsable del área de IA del Hospital del Mar; Antoni Berenguer, responsable del Área de IA de la Fundació TIC Salut i Social; y Albert Sabater, director del Observatorio de Ética en Inteligencia Artificial de Cataluña (OEIAC) de la Universidad de Girona.</p>



<p>Para asistir, es necesario inscribirse<a href="https://crm.consorci.org/form/debatsinnovacio_261125" target="_blank" rel="noreferrer noopener"> en este enlace</a>.</p>

<!-- This site is optimized with the Yoast SEO plugin v27.1.1 - https://yoast.com/product/yoast-seo-wordpress/ -->
<title>Nuevo debate de #iNNovacióCSC &quot;De la promesa al valor real: el futuro de la IA en los sistemas de salud&quot; - Fundació TIC Salut i Social</title>
<meta name="description" content="Nou debat d&#039;#iNNovacióCSC &quot;De la promesa al valor real: el futur de la IA en els sistemes de salut&quot;" />
<meta name="robots" content="index, follow, max-snippet:-1, max-image-preview:large, max-video-preview:-1" />
<link rel="canonical" href="https://ticsalutsocial.atoom.space/es/event/nou-debat-dinnovaciocsc-de-la-promesa-al-valor-real-el-futur-de-la-ia-en-els-sistemes-de-salut/" />
<meta property="og:locale" content="es_ES" />
<meta property="og:type" content="article" />
<meta property="og:title" content="Nuevo debate de #iNNovacióCSC &quot;De la promesa al valor real: el futuro de la IA en los sistemas de salud&quot; - Fundació TIC Salut i Social" />
<meta property="og:description" content="Nou debat d&#039;#iNNovacióCSC &quot;De la promesa al valor real: el futur de la IA en els sistemes de salut&quot;" />
<meta property="og:url" content="https://ticsalutsocial.atoom.space/es/event/nou-debat-dinnovaciocsc-de-la-promesa-al-valor-real-el-futur-de-la-ia-en-els-sistemes-de-salut/" />
<meta property="og:site_name" content="Fundació TIC Salut i Social" />
<meta property="article:modified_time" content="2025-11-06T08:14:06+00:00" />
<meta property="og:image" content="https://ticsalutsocial.atoom.space/wp-content/uploads/2025/11/debats-innovacio-csc.png" />
	<meta property="og:image:width" content="1092" />
	<meta property="og:image:height" content="568" />
	<meta property="og:image:type" content="image/png" />
<meta name="twitter:card" content="summary_large_image" />
<meta name="twitter:label1" content="Tiempo de lectura" />
	<meta name="twitter:data1" content="2 minutos" />
<script type="application/ld+json" class="yoast-schema-graph">{"@context":"https://schema.org","@graph":[{"@type":"WebPage","@id":"https://ticsalutsocial.atoom.space/es/event/nou-debat-dinnovaciocsc-de-la-promesa-al-valor-real-el-futur-de-la-ia-en-els-sistemes-de-salut/","url":"https://ticsalutsocial.atoom.space/es/event/nou-debat-dinnovaciocsc-de-la-promesa-al-valor-real-el-futur-de-la-ia-en-els-sistemes-de-salut/","name":"Nuevo debate de #iNNovacióCSC \"De la promesa al valor real: el futuro de la IA en los sistemas de salud\" - Fundació TIC Salut i Social","isPartOf":{"@id":"https://ticsalutsocial.atoom.space/es/#website"},"primaryImageOfPage":{"@id":"https://ticsalutsocial.atoom.space/es/event/nou-debat-dinnovaciocsc-de-la-promesa-al-valor-real-el-futur-de-la-ia-en-els-sistemes-de-salut/#primaryimage"},"image":{"@id":"https://ticsalutsocial.atoom.space/es/event/nou-debat-dinnovaciocsc-de-la-promesa-al-valor-real-el-futur-de-la-ia-en-els-sistemes-de-salut/#primaryimage"},"thumbnailUrl":"https://ticsalutsocial.atoom.space/wp-content/uploads/2025/11/debats-innovacio-csc.png","datePublished":"2025-11-06T08:00:21+00:00","dateModified":"2025-11-06T08:14:06+00:00","description":"Nou debat d'#iNNovacióCSC \"De la promesa al valor real: el futur de la IA en els sistemes de salut\"","breadcrumb":{"@id":"https://ticsalutsocial.atoom.space/es/event/nou-debat-dinnovaciocsc-de-la-promesa-al-valor-real-el-futur-de-la-ia-en-els-sistemes-de-salut/#breadcrumb"},"inLanguage":"es","potentialAction":[{"@type":"ReadAction","target":["https://ticsalutsocial.atoom.space/es/event/nou-debat-dinnovaciocsc-de-la-promesa-al-valor-real-el-futur-de-la-ia-en-els-sistemes-de-salut/"]}]},{"@type":"ImageObject","inLanguage":"es","@id":"https://ticsalutsocial.atoom.space/es/event/nou-debat-dinnovaciocsc-de-la-promesa-al-valor-real-el-futur-de-la-ia-en-els-sistemes-de-salut/#primaryimage","url":"https://ticsalutsocial.atoom.space/wp-content/uploads/2025/11/debats-innovacio-csc.png","contentUrl":"https://ticsalutsocial.atoom.space/wp-content/uploads/2025/11/debats-innovacio-csc.png","width":1092,"height":568},{"@type":"BreadcrumbList","@id":"https://ticsalutsocial.atoom.space/es/event/nou-debat-dinnovaciocsc-de-la-promesa-al-valor-real-el-futur-de-la-ia-en-els-sistemes-de-salut/#breadcrumb","itemListElement":[{"@type":"ListItem","position":1,"name":"Inici","item":"https://ticsalutsocial.atoom.space/es/"},{"@type":"ListItem","position":2,"name":"Nuevo debate de #iNNovacióCSC &#8220;De la promesa al valor real: el futuro de la IA en los sistemas de salud&#8221;"}]},{"@type":"WebSite","@id":"https://ticsalutsocial.atoom.space/es/#website","url":"https://ticsalutsocial.atoom.space/es/","name":"Fundació TIC Salut i Social","description":"","potentialAction":[{"@type":"SearchAction","target":{"@type":"EntryPoint","urlTemplate":"https://ticsalutsocial.atoom.space/es/?s={search_term_string}"},"query-input":{"@type":"PropertyValueSpecification","valueRequired":true,"valueName":"search_term_string"}}],"inLanguage":"es"}]}</script>
<!-- / Yoast SEO plugin. -->

Nuevo debate de #iNNovacióCSC "De la promesa al valor real: el futuro de la IA en los sistemas de salud" - Fundació TIC Salut i Social

Nou debat d'#iNNovacióCSC "De la promesa al valor real: el futur de la IA en els sistemes de salut"

Fundació TIC Salut i Social

Nuevo debate de #iNNovacióCSC &#8220;De la promesa al valor real: el futuro de la IA en los sistemas de salud&#8221;
